74.7.242.53 - - [25/Aug/2026:22:56:05 +0000] "GET /wp-content__437f113/uploads/panel.php?edit=%2Fhome%2Fgodaofbq%2Fmail%2F10xhyperbaric.com%2Fadmin%2Fnew%2F1756267054.M367509P3876868.nc-ph-2910.hyperbaricpros.com%2CS%3D1397%2CW%3D1433 HTTP/1.1" 404 277 "http://intensehyperbarics.com/wp-content__437f113/uploads/panel.php?path=%2Fhome%2Fgodaofbq%2Fmail%2F10xhyperbaric.com%2Fadmin%2Fnew" "Mozilla/5.0 AppleWebKit/537.36 (KHTML, like Gecko; compatible; GPTBot/1.4; +https://openai.com/gptbot)"
74.7.242.53 - - [25/Aug/2026:22:56:26 +0000] "GET /wp-content__437f113/uploads/panel.php?edit=%2Fhome%2Fgodaofbq%2Fmail%2F10xhyperbaric.com%2Fadmin%2Fnew%2F1773809208.M326165P859732.nc-ph-2910.hyperbaricpros.com%2CS%3D1969%2CW%3D2006 HTTP/1.1" 404 277 "http://intensehyperbarics.com/wp-content__437f113/uploads/panel.php?path=%2Fhome%2Fgodaofbq%2Fmail%2F10xhyperbaric.com%2Fadmin%2Fnew" "Mozilla/5.0 AppleWebKit/537.36 (KHTML, like Gecko; compatible; GPTBot/1.4; +https://openai.com/gptbot)"
74.7.242.53 - - [25/Aug/2026:22:56:48 +0000] "GET /wp-content__437f113/uploads/panel.php?rename=%2Fhome%2Fgodaofbq%2Fmail%2F10xhyperbaric.com%2Fadmin%2Fnew%2F1753646524.M881262P1482287.nc-ph-2910.hyperbaricpros.com%2CS%3D1407%2CW%3D1443 HTTP/1.1" 404 277 "http://intensehyperbarics.com/wp-content__437f113/uploads/panel.php?path=%2Fhome%2Fgodaofbq%2Fmail%2F10xhyperbaric.com%2Fadmin%2Fnew" "Mozilla/5.0 AppleWebKit/537.36 (KHTML, like Gecko; compatible; GPTBot/1.4; +https://openai.com/gptbot)"
74.7.242.53 - - [25/Aug/2026:22:57:08 +0000] "GET /wp-content__437f113/uploads/panel.php?path=%2Fhome%2Fgodaofbq%2Fmail%2F10xhyperbaric.com%2Fadmin%2Fnew%2F1747485196.M549746P914960.nc-ph-2910.hyperbaricpros.com%2CS%3D1412%2CW%3D1448 HTTP/1.1" 404 277 "http://intensehyperbarics.com/wp-content__437f113/uploads/panel.php?path=%2Fhome%2Fgodaofbq%2Fmail%2F10xhyperbaric.com%2Fadmin%2Fnew" "Mozilla/5.0 AppleWebKit/537.36 (KHTML, like Gecko; compatible; GPTBot/1.4; +https://openai.com/gptbot)"
74.7.242.53 - - [25/Aug/2026:22:57:29 +0000] "GET /wp-content__437f113/uploads/panel.php?rename=%2Fhome%2Fgodaofbq%2Fmail%2F10xhyperbaric.com%2Fadmin%2Fnew%2F1742521653.M547488P1161886.nc-ph-2910.hyperbaricpros.com%2CS%3D1403%2CW%3D1439 HTTP/1.1" 404 277 "http://intensehyperbarics.com/wp-content__437f113/uploads/panel.php?path=%2Fhome%2Fgodaofbq%2Fmail%2F10xhyperbaric.com%2Fadmin%2Fnew" "Mozilla/5.0 AppleWebKit/537.36 (KHTML, like Gecko; compatible; GPTBot/1.4; +https://openai.com/gptbot)"
74.7.242.53 - - [25/Aug/2026:22:57:49 +0000] "GET /wp-content__437f113/uploads/panel.php?edit=%2Fhome%2Fgodaofbq%2Fmail%2F10xhyperbaric.com%2Fadmin%2Fnew%2F1756697383.M598728P3619272.nc-ph-2910.hyperbaricpros.com%2CS%3D1412%2CW%3D1448 HTTP/1.1" 404 277 "http://intensehyperbarics.com/wp-content__437f113/uploads/panel.php?path=%2Fhome%2Fgodaofbq%2Fmail%2F10xhyperbaric.com%2Fadmin%2Fnew" "Mozilla/5.0 AppleWebKit/537.36 (KHTML, like Gecko; compatible; GPTBot/1.4; +https://openai.com/gptbot)"
74.7.242.53 - - [25/Aug/2026:22:58:09 +0000] "GET /wp-content__437f113/uploads/panel.php?edit=%2Fhome%2Fgodaofbq%2Fmail%2F10xhyperbaric.com%2Fadmin%2Fnew%2F1736517550.M677232P3029989.nc-ph-2910.hyperbaricpros.com%2CS%3D21072%2CW%3D21642 HTTP/1.1" 404 277 "http://intensehyperbarics.com/wp-content__437f113/uploads/panel.php?path=%2Fhome%2Fgodaofbq%2Fmail%2F10xhyperbaric.com%2Fadmin%2Fnew" "Mozilla/5.0 AppleWebKit/537.36 (KHTML, like Gecko; compatible; GPTBot/1.4; +https://openai.com/gptbot)"
74.7.242.53 - - [25/Aug/2026:22:58:29 +0000] "GET /wp-content__437f113/uploads/panel.php?edit=%2Fhome%2Fgodaofbq%2Fmail%2F10xhyperbaric.com%2Fadmin%2Fnew%2F1747055410.M538308P1624805.nc-ph-2910.hyperbaricpros.com%2CS%3D1403%2CW%3D1439 HTTP/1.1" 404 277 "http://intensehyperbarics.com/wp-content__437f113/uploads/panel.php?path=%2Fhome%2Fgodaofbq%2Fmail%2F10xhyperbaric.com%2Fadmin%2Fnew" "Mozilla/5.0 AppleWebKit/537.36 (KHTML, like Gecko; compatible; GPTBot/1.4; +https://openai.com/gptbot)"
74.7.242.53 - - [25/Aug/2026:22:58:50 +0000] "GET /wp-content__437f113/uploads/panel.php?rename=%2Fhome%2Fgodaofbq%2Fmail%2F10xhyperbaric.com%2Fadmin%2Fnew%2F1760706315.M336095P3464808.nc-ph-2910.hyperbaricpros.com%2CS%3D2192%2CW%3D2233 HTTP/1.1" 404 277 "http://intensehyperbarics.com/wp-content__437f113/uploads/panel.php?path=%2Fhome%2Fgodaofbq%2Fmail%2F10xhyperbaric.com%2Fadmin%2Fnew" "Mozilla/5.0 AppleWebKit/537.36 (KHTML, like Gecko; compatible; GPTBot/1.4; +https://openai.com/gptbot)"
74.7.242.53 - - [25/Aug/2026:22:59:12 +0000] "GET /wp-content__437f113/uploads/panel.php?path=%2Fhome%2Fgodaofbq%2Fmail%2F10xhyperbaric.com%2Fadmin%2Fnew%2F1751812039.M856814P257166.nc-ph-2910.hyperbaricpros.com%2CS%3D1402%2CW%3D1438 HTTP/1.1" 404 277 "http://intensehyperbarics.com/wp-content__437f113/uploads/panel.php?path=%2Fhome%2Fgodaofbq%2Fmail%2F10xhyperbaric.com%2Fadmin%2Fnew" "Mozilla/5.0 AppleWebKit/537.36 (KHTML, like Gecko; compatible; GPTBot/1.4; +https://openai.com/gptbot)"
104.153.66.100 - - [25/Aug/2026:22:59:31 +0000] "HEAD /WordPress HTTP/1.1" 404 0 "-" "Mozilla/5.0 (X11; Linux x86_64) AppleWebKit/537.36 (KHTML, like Gecko) Chrome/96.0.4664.45 Safari/537.36"
74.7.242.53 - - [25/Aug/2026:22:59:33 +0000] "GET /wp-content__437f113/uploads/panel.php?delete=%2Fhome%2Fgodaofbq%2Fmail%2F10xhyperbaric.com%2Fadmin%2Fnew%2F1734793596.M346927P2932614.nc-ph-2910.hyperbaricpros.com%2CS%3D1401%2CW%3D1437 HTTP/1.1" 404 277 "http://intensehyperbarics.com/wp-content__437f113/uploads/panel.php?path=%2Fhome%2Fgodaofbq%2Fmail%2F10xhyperbaric.com%2Fadmin%2Fnew" "Mozilla/5.0 AppleWebKit/537.36 (KHTML, like Gecko; compatible; GPTBot/1.4; +https://openai.com/gptbot)"
74.7.242.53 - - [25/Aug/2026:22:59:54 +0000] "GET /wp-content__437f113/uploads/panel.php?path=%2Fhome%2Fgodaofbq%2Fmail%2F10xhyperbaric.com%2Fadmin%2Fnew%2F1750561531.M907472P1432669.nc-ph-2910.hyperbaricpros.com%2CS%3D2480%2CW%3D2520 HTTP/1.1" 404 277 "http://intensehyperbarics.com/wp-content__437f113/uploads/panel.php?path=%2Fhome%2Fgodaofbq%2Fmail%2F10xhyperbaric.com%2Fadmin%2Fnew" "Mozilla/5.0 AppleWebKit/537.36 (KHTML, like Gecko; compatible; GPTBot/1.4; +https://openai.com/gptbot)"
74.7.242.53 - - [25/Aug/2026:23:00:15 +0000] "GET /wp-content__437f113/uploads/panel.php?delete=%2Fhome%2Fgodaofbq%2Fmail%2F10xhyperbaric.com%2Fadmin%2Fnew%2F1759706188.M247007P3846368.nc-ph-2910.hyperbaricpros.com%2CS%3D1929%2CW%3D1971 HTTP/1.1" 404 277 "http://intensehyperbarics.com/wp-content__437f113/uploads/panel.php?path=%2Fhome%2Fgodaofbq%2Fmail%2F10xhyperbaric.com%2Fadmin%2Fnew" "Mozilla/5.0 AppleWebKit/537.36 (KHTML, like Gecko; compatible; GPTBot/1.4; +https://openai.com/gptbot)"
74.7.242.53 - - [25/Aug/2026:23:00:36 +0000] "GET /wp-content__437f113/uploads/panel.php?rename=%2Fhome%2Fgodaofbq%2Fmail%2F10xhyperbaric.com%2Fadmin%2Fnew%2F1785443394.M940498P3710361.nc-ph-2910.hyperbaricpros.com%2CS%3D2207%2CW%3D2250 HTTP/1.1" 404 277 "http://intensehyperbarics.com/wp-content__437f113/uploads/panel.php?path=%2Fhome%2Fgodaofbq%2Fmail%2F10xhyperbaric.com%2Fadmin%2Fnew" "Mozilla/5.0 AppleWebKit/537.36 (KHTML, like Gecko; compatible; GPTBot/1.4; +https://openai.com/gptbot)"
74.7.242.53 - - [25/Aug/2026:23:00:57 +0000] "GET /wp-content__437f113/uploads/panel.php?delete=%2Fhome%2Fgodaofbq%2Fmail%2F10xhyperbaric.com%2Fadmin%2Fnew%2F1742829134.M792629P3857564.nc-ph-2910.hyperbaricpros.com%2CS%3D1659%2CW%3D1698 HTTP/1.1" 404 277 "http://intensehyperbarics.com/wp-content__437f113/uploads/panel.php?path=%2Fhome%2Fgodaofbq%2Fmail%2F10xhyperbaric.com%2Fadmin%2Fnew" "Mozilla/5.0 AppleWebKit/537.36 (KHTML, like Gecko; compatible; GPTBot/1.4; +https://openai.com/gptbot)"
74.7.242.53 - - [25/Aug/2026:23:01:18 +0000] "GET /wp-content__437f113/uploads/panel.php?delete=%2Fhome%2Fgodaofbq%2Fmail%2F10xhyperbaric.com%2Fadmin%2Fnew%2F1756523089.M667239P2035872.nc-ph-2910.hyperbaricpros.com%2CS%3D1402%2CW%3D1438 HTTP/1.1" 404 277 "http://intensehyperbarics.com/wp-content__437f113/uploads/panel.php?path=%2Fhome%2Fgodaofbq%2Fmail%2F10xhyperbaric.com%2Fadmin%2Fnew" "Mozilla/5.0 AppleWebKit/537.36 (KHTML, like Gecko; compatible; GPTBot/1.4; +https://openai.com/gptbot)"
74.7.242.53 - - [25/Aug/2026:23:01:39 +0000] "GET /wp-content__437f113/uploads/panel.php?edit=%2Fhome%2Fgodaofbq%2Fmail%2F10xhyperbaric.com%2Fadmin%2Fnew%2F1748730510.M337206P2875935.nc-ph-2910.hyperbaricpros.com%2CS%3D6303%2CW%3D6421 HTTP/1.1" 404 277 "http://intensehyperbarics.com/wp-content__437f113/uploads/panel.php?path=%2Fhome%2Fgodaofbq%2Fmail%2F10xhyperbaric.com%2Fadmin%2Fnew" "Mozilla/5.0 AppleWebKit/537.36 (KHTML, like Gecko; compatible; GPTBot/1.4; +https://openai.com/gptbot)"
74.7.242.53 - - [25/Aug/2026:23:02:00 +0000] "GET /wp-content__437f113/uploads/panel.php?delete=%2Fhome%2Fgodaofbq%2Fmail%2F10xhyperbaric.com%2Fadmin%2Fnew%2F1764704832.M524386P1871090.nc-ph-2910.hyperbaricpros.com%2CS%3D1515%2CW%3D1553 HTTP/1.1" 404 277 "http://intensehyperbarics.com/wp-content__437f113/uploads/panel.php?path=%2Fhome%2Fgodaofbq%2Fmail%2F10xhyperbaric.com%2Fadmin%2Fnew" "Mozilla/5.0 AppleWebKit/537.36 (KHTML, like Gecko; compatible; GPTBot/1.4; +https://openai.com/gptbot)"
74.7.242.53 - - [25/Aug/2026:23:02:21 +0000] "GET /wp-content__437f113/uploads/panel.php?path=%2Fhome%2Fgodaofbq%2Fmail%2F10xhyperbaric.com%2Fadmin%2Fnew%2F1757880381.M608465P1166941.nc-ph-2910.hyperbaricpros.com%2CS%3D1403%2CW%3D1439 HTTP/1.1" 404 277 "http://intensehyperbarics.com/wp-content__437f113/uploads/panel.php?path=%2Fhome%2Fgodaofbq%2Fmail%2F10xhyperbaric.com%2Fadmin%2Fnew" "Mozilla/5.0 AppleWebKit/537.36 (KHTML, like Gecko; compatible; GPTBot/1.4; +https://openai.com/gptbot)"
74.7.242.53 - - [25/Aug/2026:23:02:43 +0000] "GET /wp-content__437f113/uploads/panel.php?path=%2Fhome%2Fgodaofbq%2Fmail%2F10xhyperbaric.com%2Fadmin%2Fnew%2F1783718674.M895481P1120551.nc-ph-2910.hyperbaricpros.com%2CS%3D23957%2CW%3D24321 HTTP/1.1" 404 277 "http://intensehyperbarics.com/wp-content__437f113/uploads/panel.php?path=%2Fhome%2Fgodaofbq%2Fmail%2F10xhyperbaric.com%2Fadmin%2Fnew" "Mozilla/5.0 AppleWebKit/537.36 (KHTML, like Gecko; compatible; GPTBot/1.4; +https://openai.com/gptbot)"
74.7.242.53 - - [25/Aug/2026:23:03:03 +0000] "GET /wp-content__437f113/uploads/panel.php?delete=%2Fhome%2Fgodaofbq%2Fmail%2F10xhyperbaric.com%2Fadmin%2Fnew%2F1763629478.M133290P1654568.nc-ph-2910.hyperbaricpros.com%2CS%3D12693%2CW%3D12896 HTTP/1.1" 404 277 "http://intensehyperbarics.com/wp-content__437f113/uploads/panel.php?path=%2Fhome%2Fgodaofbq%2Fmail%2F10xhyperbaric.com%2Fadmin%2Fnew" "Mozilla/5.0 AppleWebKit/537.36 (KHTML, like Gecko; compatible; GPTBot/1.4; +https://openai.com/gptbot)"
74.7.242.53 - - [25/Aug/2026:23:03:24 +0000] "GET /wp-content__437f113/uploads/panel.php?path=%2Fhome%2Fgodaofbq%2Fmail%2F10xhyperbaric.com%2Fadmin%2Fnew%2F1750690793.M380913P2505042.nc-ph-2910.hyperbaricpros.com%2CS%3D1417%2CW%3D1453 HTTP/1.1" 404 277 "http://intensehyperbarics.com/wp-content__437f113/uploads/panel.php?path=%2Fhome%2Fgodaofbq%2Fmail%2F10xhyperbaric.com%2Fadmin%2Fnew" "Mozilla/5.0 AppleWebKit/537.36 (KHTML, like Gecko; compatible; GPTBot/1.4; +https://openai.com/gptbot)"
74.7.242.53 - - [25/Aug/2026:23:03:46 +0000] "GET /wp-content__437f113/uploads/panel.php?edit=%2Fhome%2Fgodaofbq%2Fmail%2F10xhyperbaric.com%2Fadmin%2Fnew%2F1752095573.M736684P3230407.nc-ph-2910.hyperbaricpros.com%2CS%3D1390%2CW%3D1426 HTTP/1.1" 404 277 "http://intensehyperbarics.com/wp-content__437f113/uploads/panel.php?path=%2Fhome%2Fgodaofbq%2Fmail%2F10xhyperbaric.com%2Fadmin%2Fnew" "Mozilla/5.0 AppleWebKit/537.36 (KHTML, like Gecko; compatible; GPTBot/1.4; +https://openai.com/gptbot)"
74.7.242.53 - - [25/Aug/2026:23:04:08 +0000] "GET /wp-content__437f113/uploads/panel.php?rename=%2Fhome%2Fgodaofbq%2Fmail%2F10xhyperbaric.com%2Fadmin%2Fnew%2F1772466801.M818925P1921758.nc-ph-2910.hyperbaricpros.com%2CS%3D1838%2CW%3D1886 HTTP/1.1" 404 277 "http://intensehyperbarics.com/wp-content__437f113/uploads/panel.php?path=%2Fhome%2Fgodaofbq%2Fmail%2F10xhyperbaric.com%2Fadmin%2Fnew" "Mozilla/5.0 AppleWebKit/537.36 (KHTML, like Gecko; compatible; GPTBot/1.4; +https://openai.com/gptbot)"
74.7.242.53 - - [25/Aug/2026:23:04:29 +0000] "GET /wp-content__437f113/uploads/panel.php?rename=%2Fhome%2Fgodaofbq%2Fmail%2F10xhyperbaric.com%2Fadmin%2Fnew%2F1752476851.M226506P2912125.nc-ph-2910.hyperbaricpros.com%2CS%3D1498%2CW%3D1535 HTTP/1.1" 404 277 "http://intensehyperbarics.com/wp-content__437f113/uploads/panel.php?path=%2Fhome%2Fgodaofbq%2Fmail%2F10xhyperbaric.com%2Fadmin%2Fnew" "Mozilla/5.0 AppleWebKit/537.36 (KHTML, like Gecko; compatible; GPTBot/1.4; +https://openai.com/gptbot)"
74.7.242.53 - - [25/Aug/2026:23:04:50 +0000] "GET /wp-content__437f113/uploads/panel.php?path=%2Fhome%2Fgodaofbq%2Fmail%2F10xhyperbaric.com%2Fadmin%2Fnew%2F1753428328.M302204P3695435.nc-ph-2910.hyperbaricpros.com%2CS%3D1390%2CW%3D1426 HTTP/1.1" 404 277 "http://intensehyperbarics.com/wp-content__437f113/uploads/panel.php?path=%2Fhome%2Fgodaofbq%2Fmail%2F10xhyperbaric.com%2Fadmin%2Fnew" "Mozilla/5.0 AppleWebKit/537.36 (KHTML, like Gecko; compatible; GPTBot/1.4; +https://openai.com/gptbot)"
93.123.109.53 - - [25/Aug/2026:23:04:57 +0000] "GET /wp-json/gravitysmtp/v1/tests/mock-data?page=gravitysmtp-settings HTTP/1.1" 404 277 "-" "Mozilla/5.0 (compatible; SecurityResearch/1.0; )"
74.7.242.53 - - [25/Aug/2026:23:05:11 +0000] "GET /wp-content__437f113/uploads/panel.php?edit=%2Fhome%2Fgodaofbq%2Fmail%2F10xhyperbaric.com%2Fadmin%2Fnew%2F1753978664.M886047P530416.nc-ph-2910.hyperbaricpros.com%2CS%3D1399%2CW%3D1435 HTTP/1.1" 404 277 "http://intensehyperbarics.com/wp-content__437f113/uploads/panel.php?path=%2Fhome%2Fgodaofbq%2Fmail%2F10xhyperbaric.com%2Fadmin%2Fnew" "Mozilla/5.0 AppleWebKit/537.36 (KHTML, like Gecko; compatible; GPTBot/1.4; +https://openai.com/gptbot)"
74.7.242.53 - - [25/Aug/2026:23:05:32 +0000] "GET /wp-content__437f113/uploads/panel.php?delete=%2Fhome%2Fgodaofbq%2Fmail%2F10xhyperbaric.com%2Fadmin%2Fnew%2F1759141884.M620688P3380230.nc-ph-2910.hyperbaricpros.com%2CS%3D1414%2CW%3D1450 HTTP/1.1" 404 277 "http://intensehyperbarics.com/wp-content__437f113/uploads/panel.php?path=%2Fhome%2Fgodaofbq%2Fmail%2F10xhyperbaric.com%2Fadmin%2Fnew" "Mozilla/5.0 AppleWebKit/537.36 (KHTML, like Gecko; compatible; GPTBot/1.4; +https://openai.com/gptbot)"
74.7.242.53 - - [25/Aug/2026:23:05:53 +0000] "GET /wp-content__437f113/uploads/panel.php?edit=%2Fhome%2Fgodaofbq%2Fmail%2F10xhyperbaric.com%2Fadmin%2Fnew%2F1761500288.M39397P1428779.nc-ph-2910.hyperbaricpros.com%2CS%3D2200%2CW%3D2242 HTTP/1.1" 404 277 "http://intensehyperbarics.com/wp-content__437f113/uploads/panel.php?path=%2Fhome%2Fgodaofbq%2Fmail%2F10xhyperbaric.com%2Fadmin%2Fnew" "Mozilla/5.0 AppleWebKit/537.36 (KHTML, like Gecko; compatible; GPTBot/1.4; +https://openai.com/gptbot)"
104.153.66.100 - - [25/Aug/2026:23:05:58 +0000] "HEAD /wp HTTP/1.1" 404 0 "-" "Mozilla/5.0 (X11; Linux x86_64) AppleWebKit/537.36 (KHTML, like Gecko) Chrome/96.0.4664.45 Safari/537.36"
74.7.242.53 - - [25/Aug/2026:23:06:13 +0000] "GET /wp-content__437f113/uploads/panel.php?rename=%2Fhome%2Fgodaofbq%2Fmail%2F10xhyperbaric.com%2Fadmin%2Fnew%2F1760706307.M791440P3464808.nc-ph-2910.hyperbaricpros.com%2CS%3D2191%2CW%3D2232 HTTP/1.1" 404 277 "http://intensehyperbarics.com/wp-content__437f113/uploads/panel.php?path=%2Fhome%2Fgodaofbq%2Fmail%2F10xhyperbaric.com%2Fadmin%2Fnew" "Mozilla/5.0 AppleWebKit/537.36 (KHTML, like Gecko; compatible; GPTBot/1.4; +https://openai.com/gptbot)"
74.7.242.53 - - [25/Aug/2026:23:06:35 +0000] "GET /wp-content__437f113/uploads/panel.php?delete=%2Fhome%2Fgodaofbq%2Fmail%2F10xhyperbaric.com%2Fadmin%2Fnew%2F1755692079.M291161P2835388.nc-ph-2910.hyperbaricpros.com%2CS%3D1822%2CW%3D1860 HTTP/1.1" 404 277 "http://intensehyperbarics.com/wp-content__437f113/uploads/panel.php?path=%2Fhome%2Fgodaofbq%2Fmail%2F10xhyperbaric.com%2Fadmin%2Fnew" "Mozilla/5.0 AppleWebKit/537.36 (KHTML, like Gecko; compatible; GPTBot/1.4; +https://openai.com/gptbot)"
74.7.242.53 - - [25/Aug/2026:23:06:57 +0000] "GET /wp-content__437f113/uploads/panel.php?edit=%2Fhome%2Fgodaofbq%2Fmail%2F10xhyperbaric.com%2Fadmin%2Fnew%2F1782305124.M156531P650638.nc-ph-2910.hyperbaricpros.com%2CS%3D2234%2CW%3D2277 HTTP/1.1" 404 277 "http://intensehyperbarics.com/wp-content__437f113/uploads/panel.php?path=%2Fhome%2Fgodaofbq%2Fmail%2F10xhyperbaric.com%2Fadmin%2Fnew" "Mozilla/5.0 AppleWebKit/537.36 (KHTML, like Gecko; compatible; GPTBot/1.4; +https://openai.com/gptbot)"
74.7.242.53 - - [25/Aug/2026:23:07:17 +0000] "GET /wp-content__437f113/uploads/panel.php?edit=%2Fhome%2Fgodaofbq%2Fmail%2F10xhyperbaric.com%2Fadmin%2Fnew%2F1761802462.M352535P3828271.nc-ph-2910.hyperbaricpros.com%2CS%3D2262%2CW%3D2304 HTTP/1.1" 404 277 "http://intensehyperbarics.com/wp-content__437f113/uploads/panel.php?path=%2Fhome%2Fgodaofbq%2Fmail%2F10xhyperbaric.com%2Fadmin%2Fnew" "Mozilla/5.0 AppleWebKit/537.36 (KHTML, like Gecko; compatible; GPTBot/1.4; +https://openai.com/gptbot)"
74.7.242.53 - - [25/Aug/2026:23:07:38 +0000] "GET /wp-content__437f113/uploads/panel.php?rename=%2Fhome%2Fgodaofbq%2Fmail%2F10xhyperbaric.com%2Fadmin%2Fnew%2F1764334976.M273357P3128869.nc-ph-2910.hyperbaricpros.com%2CS%3D2146%2CW%3D2185 HTTP/1.1" 404 277 "http://intensehyperbarics.com/wp-content__437f113/uploads/panel.php?path=%2Fhome%2Fgodaofbq%2Fmail%2F10xhyperbaric.com%2Fadmin%2Fnew" "Mozilla/5.0 AppleWebKit/537.36 (KHTML, like Gecko; compatible; GPTBot/1.4; +https://openai.com/gptbot)"
104.153.66.100 - - [25/Aug/2026:23:07:46 +0000] "HEAD /Wp HTTP/1.1" 404 0 "-" "Mozilla/5.0 (X11; Linux x86_64) AppleWebKit/537.36 (KHTML, like Gecko) Chrome/96.0.4664.45 Safari/537.36"
74.7.242.53 - - [25/Aug/2026:23:07:58 +0000] "GET /wp-content__437f113/uploads/panel.php?delete=%2Fhome%2Fgodaofbq%2Fmail%2F10xhyperbaric.com%2Fadmin%2Fnew%2F1749863761.M432403P3967591.nc-ph-2910.hyperbaricpros.com%2CS%3D1398%2CW%3D1434 HTTP/1.1" 404 277 "http://intensehyperbarics.com/wp-content__437f113/uploads/panel.php?path=%2Fhome%2Fgodaofbq%2Fmail%2F10xhyperbaric.com%2Fadmin%2Fnew" "Mozilla/5.0 AppleWebKit/537.36 (KHTML, like Gecko; compatible; GPTBot/1.4; +https://openai.com/gptbot)"
74.7.242.53 - - [25/Aug/2026:23:08:19 +0000] "GET /wp-content__437f113/uploads/panel.php?path=%2Fhome%2Fgodaofbq%2Fmail%2F10xhyperbaric.com%2Fadmin%2Fnew%2F1776407129.M894167P2208587.nc-ph-2910.hyperbaricpros.com%2CS%3D1863%2CW%3D1901 HTTP/1.1" 404 277 "http://intensehyperbarics.com/wp-content__437f113/uploads/panel.php?path=%2Fhome%2Fgodaofbq%2Fmail%2F10xhyperbaric.com%2Fadmin%2Fnew" "Mozilla/5.0 AppleWebKit/537.36 (KHTML, like Gecko; compatible; GPTBot/1.4; +https://openai.com/gptbot)"
74.7.242.53 - - [25/Aug/2026:23:08:40 +0000] "GET /wp-content__437f113/uploads/panel.php?path=%2Fhome%2Fgodaofbq%2Fmail%2F10xhyperbaric.com%2Fadmin%2Fnew%2F1754397854.M31569P4180414.nc-ph-2910.hyperbaricpros.com%2CS%3D1392%2CW%3D1428 HTTP/1.1" 404 277 "http://intensehyperbarics.com/wp-content__437f113/uploads/panel.php?path=%2Fhome%2Fgodaofbq%2Fmail%2F10xhyperbaric.com%2Fadmin%2Fnew" "Mozilla/5.0 AppleWebKit/537.36 (KHTML, like Gecko; compatible; GPTBot/1.4; +https://openai.com/gptbot)"
74.7.242.53 - - [25/Aug/2026:23:09:01 +0000] "GET /wp-content__437f113/uploads/panel.php?edit=%2Fhome%2Fgodaofbq%2Fmail%2F10xhyperbaric.com%2Fadmin%2Fnew%2F1750350398.M978500P3770929.nc-ph-2910.hyperbaricpros.com%2CS%3D1570%2CW%3D1608 HTTP/1.1" 404 277 "http://intensehyperbarics.com/wp-content__437f113/uploads/panel.php?path=%2Fhome%2Fgodaofbq%2Fmail%2F10xhyperbaric.com%2Fadmin%2Fnew" "Mozilla/5.0 AppleWebKit/537.36 (KHTML, like Gecko; compatible; GPTBot/1.4; +https://openai.com/gptbot)"
74.7.242.53 - - [25/Aug/2026:23:09:23 +0000] "GET /wp-content__437f113/uploads/panel.php?path=%2Fhome%2Fgodaofbq%2Fmail%2F10xhyperbaric.com%2Fadmin%2Fnew%2F1786080760.M575510P1106167.nc-ph-2910.hyperbaricpros.com%2CS%3D16227%2CW%3D16493 HTTP/1.1" 404 277 "http://intensehyperbarics.com/wp-content__437f113/uploads/panel.php?path=%2Fhome%2Fgodaofbq%2Fmail%2F10xhyperbaric.com%2Fadmin%2Fnew" "Mozilla/5.0 AppleWebKit/537.36 (KHTML, like Gecko; compatible; GPTBot/1.4; +https://openai.com/gptbot)"
74.7.242.53 - - [25/Aug/2026:23:09:45 +0000] "GET /wp-content__437f113/uploads/panel.php?path=%2Fhome%2Fgodaofbq%2Fmail%2F10xhyperbaric.com%2Fadmin%2Fnew%2F1776250660.M244752P824712.nc-ph-2910.hyperbaricpros.com%2CS%3D17867%2CW%3D18170 HTTP/1.1" 404 277 "http://intensehyperbarics.com/wp-content__437f113/uploads/panel.php?path=%2Fhome%2Fgodaofbq%2Fmail%2F10xhyperbaric.com%2Fadmin%2Fnew" "Mozilla/5.0 AppleWebKit/537.36 (KHTML, like Gecko; compatible; GPTBot/1.4; +https://openai.com/gptbot)"
74.7.242.53 - - [25/Aug/2026:23:10:05 +0000] "GET /wp-content__437f113/uploads/panel.php?edit=%2Fhome%2Fgodaofbq%2Fmail%2F10xhyperbaric.com%2Fadmin%2Fnew%2F1752508468.M518853P3226218.nc-ph-2910.hyperbaricpros.com%2CS%3D1396%2CW%3D1432 HTTP/1.1" 404 277 "http://intensehyperbarics.com/wp-content__437f113/uploads/panel.php?path=%2Fhome%2Fgodaofbq%2Fmail%2F10xhyperbaric.com%2Fadmin%2Fnew" "Mozilla/5.0 AppleWebKit/537.36 (KHTML, like Gecko; compatible; GPTBot/1.4; +https://openai.com/gptbot)"
74.7.242.53 - - [25/Aug/2026:23:10:26 +0000] "GET /wp-content__437f113/uploads/panel.php?rename=%2Fhome%2Fgodaofbq%2Fmail%2F10xhyperbaric.com%2Fadmin%2Fnew%2F1755209769.M439092P2918506.nc-ph-2910.hyperbaricpros.com%2CS%3D1407%2CW%3D1443 HTTP/1.1" 404 277 "http://intensehyperbarics.com/wp-content__437f113/uploads/panel.php?path=%2Fhome%2Fgodaofbq%2Fmail%2F10xhyperbaric.com%2Fadmin%2Fnew" "Mozilla/5.0 AppleWebKit/537.36 (KHTML, like Gecko; compatible; GPTBot/1.4; +https://openai.com/gptbot)"
74.7.242.53 - - [25/Aug/2026:23:10:48 +0000] "GET /wp-content__437f113/uploads/panel.php?edit=%2Fhome%2Fgodaofbq%2Fmail%2F10xhyperbaric.com%2Fadmin%2Fnew%2F1783523394.M175120P3567587.nc-ph-2910.hyperbaricpros.com%2CS%3D2192%2CW%3D2235 HTTP/1.1" 404 277 "http://intensehyperbarics.com/wp-content__437f113/uploads/panel.php?path=%2Fhome%2Fgodaofbq%2Fmail%2F10xhyperbaric.com%2Fadmin%2Fnew" "Mozilla/5.0 AppleWebKit/537.36 (KHTML, like Gecko; compatible; GPTBot/1.4; +https://openai.com/gptbot)"
74.7.242.53 - - [25/Aug/2026:23:11:08 +0000] "GET /wp-content__437f113/uploads/panel.php?rename=%2Fhome%2Fgodaofbq%2Fmail%2F10xhyperbaric.com%2Fadmin%2Fnew%2F1739828231.M826157P1973262.nc-ph-2910.hyperbaricpros.com%2CS%3D1844%2CW%3D1892 HTTP/1.1" 404 277 "http://intensehyperbarics.com/wp-content__437f113/uploads/panel.php?path=%2Fhome%2Fgodaofbq%2Fmail%2F10xhyperbaric.com%2Fadmin%2Fnew" "Mozilla/5.0 AppleWebKit/537.36 (KHTML, like Gecko; compatible; GPTBot/1.4; +https://openai.com/gptbot)"
74.7.242.53 - - [25/Aug/2026:23:11:29 +0000] "GET /wp-content__437f113/uploads/panel.php?delete=%2Fhome%2Fgodaofbq%2Fmail%2F10xhyperbaric.com%2Fadmin%2Fnew%2F1751282530.M969496P3592168.nc-ph-2910.hyperbaricpros.com%2CS%3D1399%2CW%3D1435 HTTP/1.1" 404 277 "http://intensehyperbarics.com/wp-content__437f113/uploads/panel.php?path=%2Fhome%2Fgodaofbq%2Fmail%2F10xhyperbaric.com%2Fadmin%2Fnew" "Mozilla/5.0 AppleWebKit/537.36 (KHTML, like Gecko; compatible; GPTBot/1.4; +https://openai.com/gptbot)"
74.7.242.53 - - [25/Aug/2026:23:11:50 +0000] "GET /wp-content__437f113/uploads/panel.php?delete=%2Fhome%2Fgodaofbq%2Fmail%2F10xhyperbaric.com%2Fadmin%2Fnew%2F1738514575.M639606P3374867.nc-ph-2910.hyperbaricpros.com%2CS%3D1628%2CW%3D1665 HTTP/1.1" 404 277 "http://intensehyperbarics.com/wp-content__437f113/uploads/panel.php?path=%2Fhome%2Fgodaofbq%2Fmail%2F10xhyperbaric.com%2Fadmin%2Fnew" "Mozilla/5.0 AppleWebKit/537.36 (KHTML, like Gecko; compatible; GPTBot/1.4; +https://openai.com/gptbot)"
74.7.242.53 - - [25/Aug/2026:23:12:12 +0000] "GET /wp-content__437f113/uploads/panel.php?rename=%2Fhome%2Fgodaofbq%2Fmail%2F10xhyperbaric.com%2Fadmin%2Fnew%2F1738328232.M946440P1824418.nc-ph-2910.hyperbaricpros.com%2CS%3D1971%2CW%3D2012 HTTP/1.1" 404 277 "http://intensehyperbarics.com/wp-content__437f113/uploads/panel.php?path=%2Fhome%2Fgodaofbq%2Fmail%2F10xhyperbaric.com%2Fadmin%2Fnew" "Mozilla/5.0 AppleWebKit/537.36 (KHTML, like Gecko; compatible; GPTBot/1.4; +https://openai.com/gptbot)"
74.7.242.53 - - [25/Aug/2026:23:12:33 +0000] "GET /wp-content__437f113/uploads/panel.php?edit=%2Fhome%2Fgodaofbq%2Fmail%2F10xhyperbaric.com%2Fadmin%2Fnew%2F1745855911.M447068P101478.nc-ph-2910.hyperbaricpros.com%2CS%3D1412%2CW%3D1448 HTTP/1.1" 404 277 "http://intensehyperbarics.com/wp-content__437f113/uploads/panel.php?path=%2Fhome%2Fgodaofbq%2Fmail%2F10xhyperbaric.com%2Fadmin%2Fnew" "Mozilla/5.0 AppleWebKit/537.36 (KHTML, like Gecko; compatible; GPTBot/1.4; +https://openai.com/gptbot)"
74.7.242.53 - - [25/Aug/2026:23:12:55 +0000] "GET /wp-content__437f113/uploads/panel.php?delete=%2Fhome%2Fgodaofbq%2Fmail%2F10xhyperbaric.com%2Fadmin%2Fnew%2F1765195855.M565538P2016717.nc-ph-2910.hyperbaricpros.com%2CS%3D2131%2CW%3D2174 HTTP/1.1" 404 277 "http://intensehyperbarics.com/wp-content__437f113/uploads/panel.php?path=%2Fhome%2Fgodaofbq%2Fmail%2F10xhyperbaric.com%2Fadmin%2Fnew" "Mozilla/5.0 AppleWebKit/537.36 (KHTML, like Gecko; compatible; GPTBot/1.4; +https://openai.com/gptbot)"
74.7.242.53 - - [25/Aug/2026:23:13:17 +0000] "GET /wp-content__437f113/uploads/panel.php?edit=%2Fhome%2Fgodaofbq%2Fmail%2F10xhyperbaric.com%2Fadmin%2Fnew%2F1776459034.M872377P2656932.nc-ph-2910.hyperbaricpros.com%2CS%3D1452%2CW%3D1488 HTTP/1.1" 404 277 "http://intensehyperbarics.com/wp-content__437f113/uploads/panel.php?path=%2Fhome%2Fgodaofbq%2Fmail%2F10xhyperbaric.com%2Fadmin%2Fnew" "Mozilla/5.0 AppleWebKit/537.36 (KHTML, like Gecko; compatible; GPTBot/1.4; +https://openai.com/gptbot)"
74.7.242.53 - - [25/Aug/2026:23:13:38 +0000] "GET /wp-content__437f113/uploads/panel.php?rename=%2Fhome%2Fgodaofbq%2Fmail%2F10xhyperbaric.com%2Fadmin%2Fnew%2F1755692079.M291161P2835388.nc-ph-2910.hyperbaricpros.com%2CS%3D1822%2CW%3D1860 HTTP/1.1" 404 277 "http://intensehyperbarics.com/wp-content__437f113/uploads/panel.php?path=%2Fhome%2Fgodaofbq%2Fmail%2F10xhyperbaric.com%2Fadmin%2Fnew" "Mozilla/5.0 AppleWebKit/537.36 (KHTML, like Gecko; compatible; GPTBot/1.4; +https://openai.com/gptbot)"
74.7.242.53 - - [25/Aug/2026:23:13:58 +0000] "GET /wp-content__437f113/uploads/panel.php?edit=%2Fhome%2Fgodaofbq%2Fmail%2F10xhyperbaric.com%2Fadmin%2Fnew%2F1757236568.M609350P3964863.nc-ph-2910.hyperbaricpros.com%2CS%3D1402%2CW%3D1438 HTTP/1.1" 404 277 "http://intensehyperbarics.com/wp-content__437f113/uploads/panel.php?path=%2Fhome%2Fgodaofbq%2Fmail%2F10xhyperbaric.com%2Fadmin%2Fnew" "Mozilla/5.0 AppleWebKit/537.36 (KHTML, like Gecko; compatible; GPTBot/1.4; +https://openai.com/gptbot)"
74.7.242.53 - - [25/Aug/2026:23:14:19 +0000] "GET /wp-content__437f113/uploads/panel.php?path=%2Fhome%2Fgodaofbq%2Fmail%2F10xhyperbaric.com%2Fadmin%2Fnew%2F1744696695.M374382P2584516.nc-ph-2910.hyperbaricpros.com%2CS%3D1407%2CW%3D1443 HTTP/1.1" 404 277 "http://intensehyperbarics.com/wp-content__437f113/uploads/panel.php?path=%2Fhome%2Fgodaofbq%2Fmail%2F10xhyperbaric.com%2Fadmin%2Fnew" "Mozilla/5.0 AppleWebKit/537.36 (KHTML, like Gecko; compatible; GPTBot/1.4; +https://openai.com/gptbot)"
74.7.242.53 - - [25/Aug/2026:23:14:40 +0000] "GET /wp-content__437f113/uploads/panel.php?edit=%2Fhome%2Fgodaofbq%2Fmail%2F10xhyperbaric.com%2Fadmin%2Fnew%2F1776633180.M769683P4188425.nc-ph-2910.hyperbaricpros.com%2CS%3D1773%2CW%3D1811 HTTP/1.1" 404 277 "http://intensehyperbarics.com/wp-content__437f113/uploads/panel.php?path=%2Fhome%2Fgodaofbq%2Fmail%2F10xhyperbaric.com%2Fadmin%2Fnew" "Mozilla/5.0 AppleWebKit/537.36 (KHTML, like Gecko; compatible; GPTBot/1.4; +https://openai.com/gptbot)"
74.7.242.53 - - [25/Aug/2026:23:15:02 +0000] "GET /wp-content__437f113/uploads/panel.php?delete=%2Fhome%2Fgodaofbq%2Fmail%2F10xhyperbaric.com%2Fadmin%2Fnew%2F1735099735.M459563P1914033.nc-ph-2910.hyperbaricpros.com%2CS%3D1410%2CW%3D1446 HTTP/1.1" 404 277 "http://intensehyperbarics.com/wp-content__437f113/uploads/panel.php?path=%2Fhome%2Fgodaofbq%2Fmail%2F10xhyperbaric.com%2Fadmin%2Fnew" "Mozilla/5.0 AppleWebKit/537.36 (KHTML, like Gecko; compatible; GPTBot/1.4; +https://openai.com/gptbot)"
74.7.242.53 - - [25/Aug/2026:23:15:22 +0000] "GET /wp-content__437f113/uploads/panel.php?rename=%2Fhome%2Fgodaofbq%2Fmail%2F10xhyperbaric.com%2Fadmin%2Fnew%2F1757667151.M620664P3571260.nc-ph-2910.hyperbaricpros.com%2CS%3D1396%2CW%3D1432 HTTP/1.1" 404 277 "http://intensehyperbarics.com/wp-content__437f113/uploads/panel.php?path=%2Fhome%2Fgodaofbq%2Fmail%2F10xhyperbaric.com%2Fadmin%2Fnew" "Mozilla/5.0 AppleWebKit/537.36 (KHTML, like Gecko; compatible; GPTBot/1.4; +https://openai.com/gptbot)"
74.7.242.53 - - [25/Aug/2026:23:15:43 +0000] "GET /wp-content__437f113/uploads/panel.php?delete=%2Fhome%2Fgodaofbq%2Fmail%2F10xhyperbaric.com%2Fadmin%2Fnew%2F1753919160.M942384P4155434.nc-ph-2910.hyperbaricpros.com%2CS%3D1389%2CW%3D1425 HTTP/1.1" 404 277 "http://intensehyperbarics.com/wp-content__437f113/uploads/panel.php?path=%2Fhome%2Fgodaofbq%2Fmail%2F10xhyperbaric.com%2Fadmin%2Fnew" "Mozilla/5.0 AppleWebKit/537.36 (KHTML, like Gecko; compatible; GPTBot/1.4; +https://openai.com/gptbot)"
74.7.242.53 - - [25/Aug/2026:23:16:03 +0000] "GET /wp-content__437f113/uploads/panel.php?rename=%2Fhome%2Fgodaofbq%2Fmail%2F10xhyperbaric.com%2Fadmin%2Fnew%2F1764940161.M229755P3862580.nc-ph-2910.hyperbaricpros.com%2CS%3D2119%2CW%3D2159 HTTP/1.1" 404 277 "http://intensehyperbarics.com/wp-content__437f113/uploads/panel.php?path=%2Fhome%2Fgodaofbq%2Fmail%2F10xhyperbaric.com%2Fadmin%2Fnew" "Mozilla/5.0 AppleWebKit/537.36 (KHTML, like Gecko; compatible; GPTBot/1.4; +https://openai.com/gptbot)"
74.7.242.53 - - [25/Aug/2026:23:16:24 +0000] "GET /wp-content__437f113/uploads/panel.php?delete=%2Fhome%2Fgodaofbq%2Fmail%2F10xhyperbaric.com%2Fadmin%2Fnew%2F1747668382.M281027P2321542.nc-ph-2910.hyperbaricpros.com%2CS%3D1407%2CW%3D1443 HTTP/1.1" 404 277 "http://intensehyperbarics.com/wp-content__437f113/uploads/panel.php?path=%2Fhome%2Fgodaofbq%2Fmail%2F10xhyperbaric.com%2Fadmin%2Fnew" "Mozilla/5.0 AppleWebKit/537.36 (KHTML, like Gecko; compatible; GPTBot/1.4; +https://openai.com/gptbot)"
74.7.242.53 - - [25/Aug/2026:23:16:44 +0000] "GET /wp-content__437f113/uploads/panel.php?rename=%2Fhome%2Fgodaofbq%2Fmail%2F10xhyperbaric.com%2Fadmin%2Fnew%2F1744372269.M175634P4134991.nc-ph-2910.hyperbaricpros.com%2CS%3D2312%2CW%3D2356 HTTP/1.1" 404 277 "http://intensehyperbarics.com/wp-content__437f113/uploads/panel.php?path=%2Fhome%2Fgodaofbq%2Fmail%2F10xhyperbaric.com%2Fadmin%2Fnew" "Mozilla/5.0 AppleWebKit/537.36 (KHTML, like Gecko; compatible; GPTBot/1.4; +https://openai.com/gptbot)"
74.7.242.53 - - [25/Aug/2026:23:17:06 +0000] "GET /wp-content__437f113/uploads/panel.php?rename=%2Fhome%2Fgodaofbq%2Fmail%2F10xhyperbaric.com%2Fadmin%2Fnew%2F1783938867.M649506P2659511.nc-ph-2910.hyperbaricpros.com%2CS%3D2250%2CW%3D2293 HTTP/1.1" 404 277 "http://intensehyperbarics.com/wp-content__437f113/uploads/panel.php?path=%2Fhome%2Fgodaofbq%2Fmail%2F10xhyperbaric.com%2Fadmin%2Fnew" "Mozilla/5.0 AppleWebKit/537.36 (KHTML, like Gecko; compatible; GPTBot/1.4; +https://openai.com/gptbot)"
74.7.242.53 - - [25/Aug/2026:23:17:27 +0000] "GET /wp-content__437f113/uploads/panel.php?path=%2Fhome%2Fgodaofbq%2Fmail%2F10xhyperbaric.com%2Fadmin%2Fnew%2F1753768969.M839123P2697785.nc-ph-2910.hyperbaricpros.com%2CS%3D1405%2CW%3D1441 HTTP/1.1" 404 277 "http://intensehyperbarics.com/wp-content__437f113/uploads/panel.php?path=%2Fhome%2Fgodaofbq%2Fmail%2F10xhyperbaric.com%2Fadmin%2Fnew" "Mozilla/5.0 AppleWebKit/537.36 (KHTML, like Gecko; compatible; GPTBot/1.4; +https://openai.com/gptbot)"
74.7.242.53 - - [25/Aug/2026:23:17:49 +0000] "GET /wp-content__437f113/uploads/panel.php?edit=%2Fhome%2Fgodaofbq%2Fmail%2F10xhyperbaric.com%2Fadmin%2Fnew%2F1760172359.M40548P3408478.nc-ph-2910.hyperbaricpros.com%2CS%3D2097%2CW%3D2143 HTTP/1.1" 404 277 "http://intensehyperbarics.com/wp-content__437f113/uploads/panel.php?path=%2Fhome%2Fgodaofbq%2Fmail%2F10xhyperbaric.com%2Fadmin%2Fnew" "Mozilla/5.0 AppleWebKit/537.36 (KHTML, like Gecko; compatible; GPTBot/1.4; +https://openai.com/gptbot)"
104.153.66.100 - - [25/Aug/2026:23:17:51 +0000] "HEAD /WP HTTP/1.1" 404 0 "-" "Mozilla/5.0 (X11; Linux x86_64) AppleWebKit/537.36 (KHTML, like Gecko) Chrome/96.0.4664.45 Safari/537.36"
74.7.242.53 - - [25/Aug/2026:23:18:10 +0000] "GET /wp-content__437f113/uploads/panel.php?edit=%2Fhome%2Fgodaofbq%2Fmail%2F10xhyperbaric.com%2Fadmin%2Fnew%2F1732356417.M119045P3637588.nc-ph-2910.hyperbaricpros.com%2CS%3D1588%2CW%3D1626 HTTP/1.1" 404 277 "http://intensehyperbarics.com/wp-content__437f113/uploads/panel.php?path=%2Fhome%2Fgodaofbq%2Fmail%2F10xhyperbaric.com%2Fadmin%2Fnew" "Mozilla/5.0 AppleWebKit/537.36 (KHTML, like Gecko; compatible; GPTBot/1.4; +https://openai.com/gptbot)"
74.7.242.53 - - [25/Aug/2026:23:18:32 +0000] "GET /wp-content__437f113/uploads/panel.php?path=%2Fhome%2Fgodaofbq%2Fmail%2F10xhyperbaric.com%2Fadmin%2Fnew%2F1775794655.M350246P1087598.nc-ph-2910.hyperbaricpros.com%2CS%3D1686%2CW%3D1724 HTTP/1.1" 404 277 "http://intensehyperbarics.com/wp-content__437f113/uploads/panel.php?path=%2Fhome%2Fgodaofbq%2Fmail%2F10xhyperbaric.com%2Fadmin%2Fnew" "Mozilla/5.0 AppleWebKit/537.36 (KHTML, like Gecko; compatible; GPTBot/1.4; +https://openai.com/gptbot)"
74.7.242.53 - - [25/Aug/2026:23:18:52 +0000] "GET /wp-content__437f113/uploads/panel.php?edit=%2Fhome%2Fgodaofbq%2Fmail%2F10xhyperbaric.com%2Fadmin%2Fnew%2F1734257372.M484745P1817965.nc-ph-2910.hyperbaricpros.com%2CS%3D1390%2CW%3D1426 HTTP/1.1" 404 277 "http://intensehyperbarics.com/wp-content__437f113/uploads/panel.php?path=%2Fhome%2Fgodaofbq%2Fmail%2F10xhyperbaric.com%2Fadmin%2Fnew" "Mozilla/5.0 AppleWebKit/537.36 (KHTML, like Gecko; compatible; GPTBot/1.4; +https://openai.com/gptbot)"
104.153.66.100 - - [25/Aug/2026:23:19:07 +0000] "HEAD /old HTTP/1.1" 404 0 "-" "Mozilla/5.0 (X11; Linux x86_64) AppleWebKit/537.36 (KHTML, like Gecko) Chrome/96.0.4664.45 Safari/537.36"
74.7.242.53 - - [25/Aug/2026:23:19:12 +0000] "GET /wp-content__437f113/uploads/panel.php?edit=%2Fhome%2Fgodaofbq%2Fmail%2F10xhyperbaric.com%2Fadmin%2Fnew%2F1782757332.M110129P4186849.nc-ph-2910.hyperbaricpros.com%2CS%3D2272%2CW%3D2316 HTTP/1.1" 404 277 "http://intensehyperbarics.com/wp-content__437f113/uploads/panel.php?path=%2Fhome%2Fgodaofbq%2Fmail%2F10xhyperbaric.com%2Fadmin%2Fnew" "Mozilla/5.0 AppleWebKit/537.36 (KHTML, like Gecko; compatible; GPTBot/1.4; +https://openai.com/gptbot)"
74.7.242.53 - - [25/Aug/2026:23:19:33 +0000] "GET /wp-content__437f113/uploads/panel.php?rename=%2Fhome%2Fgodaofbq%2Fmail%2F10xhyperbaric.com%2Fadmin%2Fnew%2F1760599232.M224562P2621157.nc-ph-2910.hyperbaricpros.com%2CS%3D2192%2CW%3D2233 HTTP/1.1" 404 277 "http://intensehyperbarics.com/wp-content__437f113/uploads/panel.php?path=%2Fhome%2Fgodaofbq%2Fmail%2F10xhyperbaric.com%2Fadmin%2Fnew" "Mozilla/5.0 AppleWebKit/537.36 (KHTML, like Gecko; compatible; GPTBot/1.4; +https://openai.com/gptbot)"
74.7.242.53 - - [25/Aug/2026:23:19:55 +0000] "GET /wp-content__437f113/uploads/panel.php?path=%2Fhome%2Fgodaofbq%2Fmail%2F10xhyperbaric.com%2Fadmin%2Fnew%2F1772694859.M302132P3846389.nc-ph-2910.hyperbaricpros.com%2CS%3D2162%2CW%3D2201 HTTP/1.1" 404 277 "http://intensehyperbarics.com/wp-content__437f113/uploads/panel.php?path=%2Fhome%2Fgodaofbq%2Fmail%2F10xhyperbaric.com%2Fadmin%2Fnew" "Mozilla/5.0 AppleWebKit/537.36 (KHTML, like Gecko; compatible; GPTBot/1.4; +https://openai.com/gptbot)"
74.7.242.53 - - [25/Aug/2026:23:20:16 +0000] "GET /wp-content__437f113/uploads/panel.php?delete=%2Fhome%2Fgodaofbq%2Fmail%2F10xhyperbaric.com%2Fadmin%2Fnew%2F1761737126.M520081P3300331.nc-ph-2910.hyperbaricpros.com%2CS%3D2056%2CW%3D2096 HTTP/1.1" 404 277 "http://intensehyperbarics.com/wp-content__437f113/uploads/panel.php?path=%2Fhome%2Fgodaofbq%2Fmail%2F10xhyperbaric.com%2Fadmin%2Fnew" "Mozilla/5.0 AppleWebKit/537.36 (KHTML, like Gecko; compatible; GPTBot/1.4; +https://openai.com/gptbot)"
74.7.242.53 - - [25/Aug/2026:23:20:37 +0000] "GET /wp-content__437f113/uploads/panel.php?edit=%2Fhome%2Fgodaofbq%2Fmail%2F10xhyperbaric.com%2Fadmin%2Fnew%2F1765715032.M762288P2833903.nc-ph-2910.hyperbaricpros.com%2CS%3D2087%2CW%3D2133 HTTP/1.1" 404 277 "http://intensehyperbarics.com/wp-content__437f113/uploads/panel.php?path=%2Fhome%2Fgodaofbq%2Fmail%2F10xhyperbaric.com%2Fadmin%2Fnew" "Mozilla/5.0 AppleWebKit/537.36 (KHTML, like Gecko; compatible; GPTBot/1.4; +https://openai.com/gptbot)"
74.7.242.53 - - [25/Aug/2026:23:20:58 +0000] "GET /wp-content__437f113/uploads/panel.php?delete=%2Fhome%2Fgodaofbq%2Fmail%2F10xhyperbaric.com%2Fadmin%2Fnew%2F1760706307.M791440P3464808.nc-ph-2910.hyperbaricpros.com%2CS%3D2191%2CW%3D2232 HTTP/1.1" 404 277 "http://intensehyperbarics.com/wp-content__437f113/uploads/panel.php?path=%2Fhome%2Fgodaofbq%2Fmail%2F10xhyperbaric.com%2Fadmin%2Fnew" "Mozilla/5.0 AppleWebKit/537.36 (KHTML, like Gecko; compatible; GPTBot/1.4; +https://openai.com/gptbot)"
74.7.242.53 - - [25/Aug/2026:23:21:19 +0000] "GET /wp-content__437f113/uploads/panel.php?path=%2Fhome%2Fgodaofbq%2Fmail%2F10xhyperbaric.com%2Fadmin%2Fnew%2F1755910297.M501667P590068.nc-ph-2910.hyperbaricpros.com%2CS%3D1402%2CW%3D1438 HTTP/1.1" 404 277 "http://intensehyperbarics.com/wp-content__437f113/uploads/panel.php?path=%2Fhome%2Fgodaofbq%2Fmail%2F10xhyperbaric.com%2Fadmin%2Fnew" "Mozilla/5.0 AppleWebKit/537.36 (KHTML, like Gecko; compatible; GPTBot/1.4; +https://openai.com/gptbot)"
74.7.242.53 - - [25/Aug/2026:23:21:41 +0000] "GET /wp-content__437f113/uploads/panel.php?edit=%2Fhome%2Fgodaofbq%2Fmail%2F10xhyperbaric.com%2Fadmin%2Fnew%2F1762662306.M55309P2337344.nc-ph-2910.hyperbaricpros.com%2CS%3D2143%2CW%3D2185 HTTP/1.1" 404 277 "http://intensehyperbarics.com/wp-content__437f113/uploads/panel.php?path=%2Fhome%2Fgodaofbq%2Fmail%2F10xhyperbaric.com%2Fadmin%2Fnew" "Mozilla/5.0 AppleWebKit/537.36 (KHTML, like Gecko; compatible; GPTBot/1.4; +https://openai.com/gptbot)"
74.7.242.53 - - [25/Aug/2026:23:22:03 +0000] "GET /wp-content__437f113/uploads/panel.php?rename=%2Fhome%2Fgodaofbq%2Fmail%2F10xhyperbaric.com%2Fadmin%2Fnew%2F1776779543.M753676P1267080.nc-ph-2910.hyperbaricpros.com%2CS%3D1496%2CW%3D1532 HTTP/1.1" 404 277 "http://intensehyperbarics.com/wp-content__437f113/uploads/panel.php?path=%2Fhome%2Fgodaofbq%2Fmail%2F10xhyperbaric.com%2Fadmin%2Fnew" "Mozilla/5.0 AppleWebKit/537.36 (KHTML, like Gecko; compatible; GPTBot/1.4; +https://openai.com/gptbot)"
74.7.242.53 - - [25/Aug/2026:23:22:24 +0000] "GET /wp-content__437f113/uploads/panel.php?edit=%2Fhome%2Fgodaofbq%2Fmail%2F10xhyperbaric.com%2Fadmin%2Fnew%2F1763604039.M125386P1462698.nc-ph-2910.hyperbaricpros.com%2CS%3D2205%2CW%3D2247 HTTP/1.1" 404 277 "http://intensehyperbarics.com/wp-content__437f113/uploads/panel.php?path=%2Fhome%2Fgodaofbq%2Fmail%2F10xhyperbaric.com%2Fadmin%2Fnew" "Mozilla/5.0 AppleWebKit/537.36 (KHTML, like Gecko; compatible; GPTBot/1.4; +https://openai.com/gptbot)"
74.7.242.53 - - [25/Aug/2026:23:22:46 +0000] "GET /wp-content__437f113/uploads/panel.php?delete=%2Fhome%2Fgodaofbq%2Fmail%2F10xhyperbaric.com%2Fadmin%2Fnew%2F1772535106.M944300P2499212.nc-ph-2910.hyperbaricpros.com%2CS%3D1851%2CW%3D1887 HTTP/1.1" 404 277 "http://intensehyperbarics.com/wp-content__437f113/uploads/panel.php?path=%2Fhome%2Fgodaofbq%2Fmail%2F10xhyperbaric.com%2Fadmin%2Fnew" "Mozilla/5.0 AppleWebKit/537.36 (KHTML, like Gecko; compatible; GPTBot/1.4; +https://openai.com/gptbot)"
74.7.242.53 - - [25/Aug/2026:23:23:08 +0000] "GET /wp-content__437f113/uploads/panel.php?edit=%2Fhome%2Fgodaofbq%2Fmail%2F10xhyperbaric.com%2Fadmin%2Fnew%2F1746778484.M543622P3630802.nc-ph-2910.hyperbaricpros.com%2CS%3D1694%2CW%3D1734 HTTP/1.1" 404 277 "http://intensehyperbarics.com/wp-content__437f113/uploads/panel.php?path=%2Fhome%2Fgodaofbq%2Fmail%2F10xhyperbaric.com%2Fadmin%2Fnew" "Mozilla/5.0 AppleWebKit/537.36 (KHTML, like Gecko; compatible; GPTBot/1.4; +https://openai.com/gptbot)"
74.7.242.53 - - [25/Aug/2026:23:23:28 +0000] "GET /wp-content__437f113/uploads/panel.php?edit=%2Fhome%2Fgodaofbq%2Fmail%2F10xhyperbaric.com%2Fadmin%2Fnew%2F1782046849.M884329P454144.nc-ph-2910.hyperbaricpros.com%2CS%3D2276%2CW%3D2320 HTTP/1.1" 404 277 "http://intensehyperbarics.com/wp-content__437f113/uploads/panel.php?path=%2Fhome%2Fgodaofbq%2Fmail%2F10xhyperbaric.com%2Fadmin%2Fnew" "Mozilla/5.0 AppleWebKit/537.36 (KHTML, like Gecko; compatible; GPTBot/1.4; +https://openai.com/gptbot)"
74.7.242.53 - - [25/Aug/2026:23:23:49 +0000] "GET /wp-content__437f113/uploads/panel.php?delete=%2Fhome%2Fgodaofbq%2Fmail%2F10xhyperbaric.com%2Fadmin%2Fnew%2F1756561323.M209087P2372243.nc-ph-2910.hyperbaricpros.com%2CS%3D2091%2CW%3D2134 HTTP/1.1" 404 277 "http://intensehyperbarics.com/wp-content__437f113/uploads/panel.php?path=%2Fhome%2Fgodaofbq%2Fmail%2F10xhyperbaric.com%2Fadmin%2Fnew" "Mozilla/5.0 AppleWebKit/537.36 (KHTML, like Gecko; compatible; GPTBot/1.4; +https://openai.com/gptbot)"
74.7.242.53 - - [25/Aug/2026:23:24:10 +0000] "GET /wp-content__437f113/uploads/panel.php?path=%2Fhome%2Fgodaofbq%2Fmail%2F10xhyperbaric.com%2Fadmin%2Fnew%2F1756965081.M862142P1661727.nc-ph-2910.hyperbaricpros.com%2CS%3D1396%2CW%3D1432 HTTP/1.1" 404 277 "http://intensehyperbarics.com/wp-content__437f113/uploads/panel.php?path=%2Fhome%2Fgodaofbq%2Fmail%2F10xhyperbaric.com%2Fadmin%2Fnew" "Mozilla/5.0 AppleWebKit/537.36 (KHTML, like Gecko; compatible; GPTBot/1.4; +https://openai.com/gptbot)"
74.7.242.53 - - [25/Aug/2026:23:24:31 +0000] "GET /wp-content__437f113/uploads/panel.php?delete=%2Fhome%2Fgodaofbq%2Fmail%2F10xhyperbaric.com%2Fadmin%2Fnew%2F1741775587.M190492P2988749.nc-ph-2910.hyperbaricpros.com%2CS%3D1867%2CW%3D1913 HTTP/1.1" 404 277 "http://intensehyperbarics.com/wp-content__437f113/uploads/panel.php?path=%2Fhome%2Fgodaofbq%2Fmail%2F10xhyperbaric.com%2Fadmin%2Fnew" "Mozilla/5.0 AppleWebKit/537.36 (KHTML, like Gecko; compatible; GPTBot/1.4; +https://openai.com/gptbot)"
74.7.242.53 - - [25/Aug/2026:23:24:52 +0000] "GET /wp-content__437f113/uploads/panel.php?edit=%2Fhome%2Fgodaofbq%2Fmail%2F10xhyperbaric.com%2Fadmin%2Fnew%2F1729682347.M732183P1408593.nc-ph-2910.hyperbaricpros.com%2CS%3D1726%2CW%3D1764 HTTP/1.1" 404 277 "http://intensehyperbarics.com/wp-content__437f113/uploads/panel.php?path=%2Fhome%2Fgodaofbq%2Fmail%2F10xhyperbaric.com%2Fadmin%2Fnew" "Mozilla/5.0 AppleWebKit/537.36 (KHTML, like Gecko; compatible; GPTBot/1.4; +https://openai.com/gptbot)"
74.7.242.53 - - [25/Aug/2026:23:25:12 +0000] "GET /wp-content__437f113/uploads/panel.php?edit=%2Fhome%2Fgodaofbq%2Fmail%2F10xhyperbaric.com%2Fadmin%2Fnew%2F1754631909.M640667P2215471.nc-ph-2910.hyperbaricpros.com%2CS%3D1396%2CW%3D1432 HTTP/1.1" 404 277 "http://intensehyperbarics.com/wp-content__437f113/uploads/panel.php?path=%2Fhome%2Fgodaofbq%2Fmail%2F10xhyperbaric.com%2Fadmin%2Fnew" "Mozilla/5.0 AppleWebKit/537.36 (KHTML, like Gecko; compatible; GPTBot/1.4; +https://openai.com/gptbot)"
74.7.242.53 - - [25/Aug/2026:23:25:34 +0000] "GET /wp-content__437f113/uploads/panel.php?delete=%2Fhome%2Fgodaofbq%2Fmail%2F10xhyperbaric.com%2Fadmin%2Fnew%2F1763584081.M133500P1282193.nc-ph-2910.hyperbaricpros.com%2CS%3D1799%2CW%3D1839 HTTP/1.1" 404 277 "http://intensehyperbarics.com/wp-content__437f113/uploads/panel.php?path=%2Fhome%2Fgodaofbq%2Fmail%2F10xhyperbaric.com%2Fadmin%2Fnew" "Mozilla/5.0 AppleWebKit/537.36 (KHTML, like Gecko; compatible; GPTBot/1.4; +https://openai.com/gptbot)"
74.7.242.53 - - [25/Aug/2026:23:25:55 +0000] "GET /wp-content__437f113/uploads/panel.php?edit=%2Fhome%2Fgodaofbq%2Fmail%2F10xhyperbaric.com%2Fadmin%2Fnew%2F1762661034.M589071P2328947.nc-ph-2910.hyperbaricpros.com%2CS%3D1952%2CW%3D1997 HTTP/1.1" 404 277 "http://intensehyperbarics.com/wp-content__437f113/uploads/panel.php?path=%2Fhome%2Fgodaofbq%2Fmail%2F10xhyperbaric.com%2Fadmin%2Fnew" "Mozilla/5.0 AppleWebKit/537.36 (KHTML, like Gecko; compatible; GPTBot/1.4; +https://openai.com/gptbot)"
74.7.242.53 - - [25/Aug/2026:23:26:16 +0000] "GET /wp-content__437f113/uploads/panel.php?delete=%2Fhome%2Fgodaofbq%2Fmail%2F10xhyperbaric.com%2Fadmin%2Fnew%2F1756766353.M847453P4190788.nc-ph-2910.hyperbaricpros.com%2CS%3D1394%2CW%3D1430 HTTP/1.1" 404 277 "http://intensehyperbarics.com/wp-content__437f113/uploads/panel.php?path=%2Fhome%2Fgodaofbq%2Fmail%2F10xhyperbaric.com%2Fadmin%2Fnew" "Mozilla/5.0 AppleWebKit/537.36 (KHTML, like Gecko; compatible; GPTBot/1.4; +https://openai.com/gptbot)"
74.7.242.53 - - [25/Aug/2026:23:26:37 +0000] "GET /wp-content__437f113/uploads/panel.php?edit=%2Fhome%2Fgodaofbq%2Fmail%2F10xhyperbaric.com%2Fadmin%2Fnew%2F1761917725.M711406P541739.nc-ph-2910.hyperbaricpros.com%2CS%3D2022%2CW%3D2061 HTTP/1.1" 404 277 "http://intensehyperbarics.com/wp-content__437f113/uploads/panel.php?path=%2Fhome%2Fgodaofbq%2Fmail%2F10xhyperbaric.com%2Fadmin%2Fnew" "Mozilla/5.0 AppleWebKit/537.36 (KHTML, like Gecko; compatible; GPTBot/1.4; +https://openai.com/gptbot)"
74.7.242.53 - - [25/Aug/2026:23:26:59 +0000] "GET /wp-content__437f113/uploads/panel.php?edit=%2Fhome%2Fgodaofbq%2Fmail%2F10xhyperbaric.com%2Fadmin%2Fnew%2F1776687337.M212243P478848.nc-ph-2910.hyperbaricpros.com%2CS%3D1451%2CW%3D1487 HTTP/1.1" 404 277 "http://intensehyperbarics.com/wp-content__437f113/uploads/panel.php?path=%2Fhome%2Fgodaofbq%2Fmail%2F10xhyperbaric.com%2Fadmin%2Fnew" "Mozilla/5.0 AppleWebKit/537.36 (KHTML, like Gecko; compatible; GPTBot/1.4; +https://openai.com/gptbot)"
104.153.66.100 - - [25/Aug/2026:23:27:16 +0000] "HEAD /Old HTTP/1.1" 404 0 "-" "Mozilla/5.0 (X11; Linux x86_64) AppleWebKit/537.36 (KHTML, like Gecko) Chrome/96.0.4664.45 Safari/537.36"
74.7.242.53 - - [25/Aug/2026:23:27:20 +0000] "GET /wp-content__437f113/uploads/panel.php?rename=%2Fhome%2Fgodaofbq%2Fmail%2F10xhyperbaric.com%2Fadmin%2Fnew%2F1754254820.M989717P2908765.nc-ph-2910.hyperbaricpros.com%2CS%3D1398%2CW%3D1434 HTTP/1.1" 404 277 "http://intensehyperbarics.com/wp-content__437f113/uploads/panel.php?path=%2Fhome%2Fgodaofbq%2Fmail%2F10xhyperbaric.com%2Fadmin%2Fnew" "Mozilla/5.0 AppleWebKit/537.36 (KHTML, like Gecko; compatible; GPTBot/1.4; +https://openai.com/gptbot)"
74.7.242.53 - - [25/Aug/2026:23:27:41 +0000] "GET /wp-content__437f113/uploads/panel.php?rename=%2Fhome%2Fgodaofbq%2Fmail%2F10xhyperbaric.com%2Fadmin%2Fnew%2F1773068148.M787429P2835719.nc-ph-2910.hyperbaricpros.com%2CS%3D2136%2CW%3D2176 HTTP/1.1" 404 277 "http://intensehyperbarics.com/wp-content__437f113/uploads/panel.php?path=%2Fhome%2Fgodaofbq%2Fmail%2F10xhyperbaric.com%2Fadmin%2Fnew" "Mozilla/5.0 AppleWebKit/537.36 (KHTML, like Gecko; compatible; GPTBot/1.4; +https://openai.com/gptbot)"
74.7.242.53 - - [25/Aug/2026:23:28:03 +0000] "GET /wp-content__437f113/uploads/panel.php?path=%2Fhome%2Fgodaofbq%2Fmail%2F10xhyperbaric.com%2Fadmin%2Fnew%2F1751592683.M58874P2207834.nc-ph-2910.hyperbaricpros.com%2CS%3D2411%2CW%3D2459 HTTP/1.1" 404 277 "http://intensehyperbarics.com/wp-content__437f113/uploads/panel.php?path=%2Fhome%2Fgodaofbq%2Fmail%2F10xhyperbaric.com%2Fadmin%2Fnew" "Mozilla/5.0 AppleWebKit/537.36 (KHTML, like Gecko; compatible; GPTBot/1.4; +https://openai.com/gptbot)"
74.7.242.53 - - [25/Aug/2026:23:28:24 +0000] "GET /wp-content__437f113/uploads/panel.php?edit=%2Fhome%2Fgodaofbq%2Fmail%2F10xhyperbaric.com%2Fadmin%2Fnew%2F1755813153.M826706P3900226.nc-ph-2910.hyperbaricpros.com%2CS%3D1400%2CW%3D1436 HTTP/1.1" 404 277 "http://intensehyperbarics.com/wp-content__437f113/uploads/panel.php?path=%2Fhome%2Fgodaofbq%2Fmail%2F10xhyperbaric.com%2Fadmin%2Fnew" "Mozilla/5.0 AppleWebKit/537.36 (KHTML, like Gecko; compatible; GPTBot/1.4; +https://openai.com/gptbot)"
74.7.242.53 - - [25/Aug/2026:23:28:44 +0000] "GET /wp-content__437f113/uploads/panel.php?path=%2Fhome%2Fgodaofbq%2Fmail%2F10xhyperbaric.com%2Fadmin%2Fnew%2F1774787693.M293181P789040.nc-ph-2910.hyperbaricpros.com%2CS%3D2116%2CW%3D2157 HTTP/1.1" 404 277 "http://intensehyperbarics.com/wp-content__437f113/uploads/panel.php?path=%2Fhome%2Fgodaofbq%2Fmail%2F10xhyperbaric.com%2Fadmin%2Fnew" "Mozilla/5.0 AppleWebKit/537.36 (KHTML, like Gecko; compatible; GPTBot/1.4; +https://openai.com/gptbot)"
74.7.242.53 - - [25/Aug/2026:23:29:06 +0000] "GET /wp-content__437f113/uploads/panel.php?path=%2Fhome%2Fgodaofbq%2Fmail%2F10xhyperbaric.com%2Fadmin%2Fnew%2F1753882251.M731069P3799560.nc-ph-2910.hyperbaricpros.com%2CS%3D1396%2CW%3D1432 HTTP/1.1" 404 277 "http://intensehyperbarics.com/wp-content__437f113/uploads/panel.php?path=%2Fhome%2Fgodaofbq%2Fmail%2F10xhyperbaric.com%2Fadmin%2Fnew" "Mozilla/5.0 AppleWebKit/537.36 (KHTML, like Gecko; compatible; GPTBot/1.4; +https://openai.com/gptbot)"
104.153.66.100 - - [25/Aug/2026:23:29:24 +0000] "HEAD /OLD HTTP/1.1" 404 0 "-" "Mozilla/5.0 (X11; Linux x86_64) AppleWebKit/537.36 (KHTML, like Gecko) Chrome/96.0.4664.45 Safari/537.36"
74.7.242.53 - - [25/Aug/2026:23:29:28 +0000] "GET /wp-content__437f113/uploads/panel.php?edit=%2Fhome%2Fgodaofbq%2Fmail%2F10xhyperbaric.com%2Fadmin%2Fnew%2F1762085361.M221879P1907844.nc-ph-2910.hyperbaricpros.com%2CS%3D1658%2CW%3D1697 HTTP/1.1" 404 277 "http://intensehyperbarics.com/wp-content__437f113/uploads/panel.php?path=%2Fhome%2Fgodaofbq%2Fmail%2F10xhyperbaric.com%2Fadmin%2Fnew" "Mozilla/5.0 AppleWebKit/537.36 (KHTML, like Gecko; compatible; GPTBot/1.4; +https://openai.com/gptbot)"
74.7.242.53 - - [25/Aug/2026:23:29:50 +0000] "GET /wp-content__437f113/uploads/panel.php?edit=%2Fhome%2Fgodaofbq%2Fmail%2F10xhyperbaric.com%2Fadmin%2Fnew%2F1759381670.M49441P1208562.nc-ph-2910.hyperbaricpros.com%2CS%3D2199%2CW%3D2240 HTTP/1.1" 404 277 "http://intensehyperbarics.com/wp-content__437f113/uploads/panel.php?path=%2Fhome%2Fgodaofbq%2Fmail%2F10xhyperbaric.com%2Fadmin%2Fnew" "Mozilla/5.0 AppleWebKit/537.36 (KHTML, like Gecko; compatible; GPTBot/1.4; +https://openai.com/gptbot)"
74.7.242.53 - - [25/Aug/2026:23:30:11 +0000] "GET /wp-content__437f113/uploads/panel.php?rename=%2Fhome%2Fgodaofbq%2Fmail%2F10xhyperbaric.com%2Fadmin%2Fnew%2F1756473810.M802125P1559264.nc-ph-2910.hyperbaricpros.com%2CS%3D2150%2CW%3D2191 HTTP/1.1" 404 277 "http://intensehyperbarics.com/wp-content__437f113/uploads/panel.php?path=%2Fhome%2Fgodaofbq%2Fmail%2F10xhyperbaric.com%2Fadmin%2Fnew" "Mozilla/5.0 AppleWebKit/537.36 (KHTML, like Gecko; compatible; GPTBot/1.4; +https://openai.com/gptbot)"
