74.7.242.53 - - [25/Aug/2026:22:24:17 +0000] "GET /wp-content__437f113/uploads/panel.php?delete=%2Fhome%2Fgodaofbq%2Fmail%2F10xhyperbaric.com%2Fadmin%2Fnew%2F1756588720.M984094P2614882.nc-ph-2910.hyperbaricpros.com%2CS%3D1390%2CW%3D1426 HTTP/1.1" 404 277 "http://intensehyperbarics.com/wp-content__437f113/uploads/panel.php?path=%2Fhome%2Fgodaofbq%2Fmail%2F10xhyperbaric.com%2Fadmin%2Fnew" "Mozilla/5.0 AppleWebKit/537.36 (KHTML, like Gecko; compatible; GPTBot/1.4; +https://openai.com/gptbot)"
74.7.242.53 - - [25/Aug/2026:22:24:39 +0000] "GET /wp-content__437f113/uploads/panel.php?delete=%2Fhome%2Fgodaofbq%2Fmail%2F10xhyperbaric.com%2Fadmin%2Fnew%2F1760208417.M842175P3690746.nc-ph-2910.hyperbaricpros.com%2CS%3D1816%2CW%3D1861 HTTP/1.1" 404 277 "http://intensehyperbarics.com/wp-content__437f113/uploads/panel.php?path=%2Fhome%2Fgodaofbq%2Fmail%2F10xhyperbaric.com%2Fadmin%2Fnew" "Mozilla/5.0 AppleWebKit/537.36 (KHTML, like Gecko; compatible; GPTBot/1.4; +https://openai.com/gptbot)"
74.7.242.53 - - [25/Aug/2026:22:25:01 +0000] "GET /wp-content__437f113/uploads/panel.php?rename=%2Fhome%2Fgodaofbq%2Fmail%2F10xhyperbaric.com%2Fadmin%2Fnew%2F1737842393.M292876P2042513.nc-ph-2910.hyperbaricpros.com%2CS%3D1622%2CW%3D1663 HTTP/1.1" 404 277 "http://intensehyperbarics.com/wp-content__437f113/uploads/panel.php?path=%2Fhome%2Fgodaofbq%2Fmail%2F10xhyperbaric.com%2Fadmin%2Fnew" "Mozilla/5.0 AppleWebKit/537.36 (KHTML, like Gecko; compatible; GPTBot/1.4; +https://openai.com/gptbot)"
74.7.242.53 - - [25/Aug/2026:22:25:21 +0000] "GET /wp-content__437f113/uploads/panel.php?path=%2Fhome%2Fgodaofbq%2Fmail%2F10xhyperbaric.com%2Fadmin%2Fnew%2F1762828871.M836095P3649150.nc-ph-2910.hyperbaricpros.com%2CS%3D1940%2CW%3D1983 HTTP/1.1" 404 277 "http://intensehyperbarics.com/wp-content__437f113/uploads/panel.php?path=%2Fhome%2Fgodaofbq%2Fmail%2F10xhyperbaric.com%2Fadmin%2Fnew" "Mozilla/5.0 AppleWebKit/537.36 (KHTML, like Gecko; compatible; GPTBot/1.4; +https://openai.com/gptbot)"
74.7.242.53 - - [25/Aug/2026:22:25:41 +0000] "GET /wp-content__437f113/uploads/panel.php?path=%2Fhome%2Fgodaofbq%2Fmail%2F10xhyperbaric.com%2Fadmin%2Fnew%2F1745268935.M120690P3459388.nc-ph-2910.hyperbaricpros.com%2CS%3D1821%2CW%3D1866 HTTP/1.1" 404 277 "http://intensehyperbarics.com/wp-content__437f113/uploads/panel.php?path=%2Fhome%2Fgodaofbq%2Fmail%2F10xhyperbaric.com%2Fadmin%2Fnew" "Mozilla/5.0 AppleWebKit/537.36 (KHTML, like Gecko; compatible; GPTBot/1.4; +https://openai.com/gptbot)"
74.7.242.53 - - [25/Aug/2026:22:26:02 +0000] "GET /wp-content__437f113/uploads/panel.php?edit=%2Fhome%2Fgodaofbq%2Fmail%2F10xhyperbaric.com%2Fadmin%2Fnew%2F1754397854.M31569P4180414.nc-ph-2910.hyperbaricpros.com%2CS%3D1392%2CW%3D1428 HTTP/1.1" 404 277 "http://intensehyperbarics.com/wp-content__437f113/uploads/panel.php?path=%2Fhome%2Fgodaofbq%2Fmail%2F10xhyperbaric.com%2Fadmin%2Fnew" "Mozilla/5.0 AppleWebKit/537.36 (KHTML, like Gecko; compatible; GPTBot/1.4; +https://openai.com/gptbot)"
74.7.242.53 - - [25/Aug/2026:22:26:23 +0000] "GET /wp-content__437f113/uploads/panel.php?delete=%2Fhome%2Fgodaofbq%2Fmail%2F10xhyperbaric.com%2Fadmin%2Fnew%2F1731816181.M498763P3343793.nc-ph-2910.hyperbaricpros.com%2CS%3D1865%2CW%3D1903 HTTP/1.1" 404 277 "http://intensehyperbarics.com/wp-content__437f113/uploads/panel.php?path=%2Fhome%2Fgodaofbq%2Fmail%2F10xhyperbaric.com%2Fadmin%2Fnew" "Mozilla/5.0 AppleWebKit/537.36 (KHTML, like Gecko; compatible; GPTBot/1.4; +https://openai.com/gptbot)"
74.7.242.53 - - [25/Aug/2026:22:26:43 +0000] "GET /wp-content__437f113/uploads/panel.php?delete=%2Fhome%2Fgodaofbq%2Fmail%2F10xhyperbaric.com%2Fadmin%2Fnew%2F1739799196.M786934P1728285.nc-ph-2910.hyperbaricpros.com%2CS%3D1397%2CW%3D1433 HTTP/1.1" 404 277 "http://intensehyperbarics.com/wp-content__437f113/uploads/panel.php?path=%2Fhome%2Fgodaofbq%2Fmail%2F10xhyperbaric.com%2Fadmin%2Fnew" "Mozilla/5.0 AppleWebKit/537.36 (KHTML, like Gecko; compatible; GPTBot/1.4; +https://openai.com/gptbot)"
74.7.242.53 - - [25/Aug/2026:22:27:05 +0000] "GET /wp-content__437f113/uploads/panel.php?edit=%2Fhome%2Fgodaofbq%2Fmail%2F10xhyperbaric.com%2Fadmin%2Fnew%2F1773135254.M20798P3421897.nc-ph-2910.hyperbaricpros.com%2CS%3D1820%2CW%3D1859 HTTP/1.1" 404 277 "http://intensehyperbarics.com/wp-content__437f113/uploads/panel.php?path=%2Fhome%2Fgodaofbq%2Fmail%2F10xhyperbaric.com%2Fadmin%2Fnew" "Mozilla/5.0 AppleWebKit/537.36 (KHTML, like Gecko; compatible; GPTBot/1.4; +https://openai.com/gptbot)"
74.7.242.53 - - [25/Aug/2026:22:27:25 +0000] "GET /wp-content__437f113/uploads/panel.php?delete=%2Fhome%2Fgodaofbq%2Fmail%2F10xhyperbaric.com%2Fadmin%2Fnew%2F1755209761.M500396P2918506.nc-ph-2910.hyperbaricpros.com%2CS%3D1411%2CW%3D1447 HTTP/1.1" 404 277 "http://intensehyperbarics.com/wp-content__437f113/uploads/panel.php?path=%2Fhome%2Fgodaofbq%2Fmail%2F10xhyperbaric.com%2Fadmin%2Fnew" "Mozilla/5.0 AppleWebKit/537.36 (KHTML, like Gecko; compatible; GPTBot/1.4; +https://openai.com/gptbot)"
74.7.242.53 - - [25/Aug/2026:22:27:47 +0000] "GET /wp-content__437f113/uploads/panel.php?edit=%2Fhome%2Fgodaofbq%2Fmail%2F10xhyperbaric.com%2Fadmin%2Fnew%2F1785736823.M343229P4055981.nc-ph-2910.hyperbaricpros.com%2CS%3D2280%2CW%3D2324 HTTP/1.1" 404 277 "http://intensehyperbarics.com/wp-content__437f113/uploads/panel.php?path=%2Fhome%2Fgodaofbq%2Fmail%2F10xhyperbaric.com%2Fadmin%2Fnew" "Mozilla/5.0 AppleWebKit/537.36 (KHTML, like Gecko; compatible; GPTBot/1.4; +https://openai.com/gptbot)"
74.7.242.53 - - [25/Aug/2026:22:28:07 +0000] "GET /wp-content__437f113/uploads/panel.php?rename=%2Fhome%2Fgodaofbq%2Fmail%2F10xhyperbaric.com%2Fadmin%2Fnew%2F1751198370.M591985P2849436.nc-ph-2910.hyperbaricpros.com%2CS%3D1982%2CW%3D2026 HTTP/1.1" 404 277 "http://intensehyperbarics.com/wp-content__437f113/uploads/panel.php?path=%2Fhome%2Fgodaofbq%2Fmail%2F10xhyperbaric.com%2Fadmin%2Fnew" "Mozilla/5.0 AppleWebKit/537.36 (KHTML, like Gecko; compatible; GPTBot/1.4; +https://openai.com/gptbot)"
74.7.242.53 - - [25/Aug/2026:22:28:28 +0000] "GET /wp-content__437f113/uploads/panel.php?delete=%2Fhome%2Fgodaofbq%2Fmail%2F10xhyperbaric.com%2Fadmin%2Fnew%2F1775572423.M993235P3356125.nc-ph-2910.hyperbaricpros.com%2CS%3D1627%2CW%3D1664 HTTP/1.1" 404 277 "http://intensehyperbarics.com/wp-content__437f113/uploads/panel.php?path=%2Fhome%2Fgodaofbq%2Fmail%2F10xhyperbaric.com%2Fadmin%2Fnew" "Mozilla/5.0 AppleWebKit/537.36 (KHTML, like Gecko; compatible; GPTBot/1.4; +https://openai.com/gptbot)"
74.7.242.53 - - [25/Aug/2026:22:28:49 +0000] "GET /wp-content__437f113/uploads/panel.php?edit=%2Fhome%2Fgodaofbq%2Fmail%2F10xhyperbaric.com%2Fadmin%2Fnew%2F1771937791.M368697P1687725.nc-ph-2910.hyperbaricpros.com%2CS%3D2091%2CW%3D2135 HTTP/1.1" 404 277 "http://intensehyperbarics.com/wp-content__437f113/uploads/panel.php?path=%2Fhome%2Fgodaofbq%2Fmail%2F10xhyperbaric.com%2Fadmin%2Fnew" "Mozilla/5.0 AppleWebKit/537.36 (KHTML, like Gecko; compatible; GPTBot/1.4; +https://openai.com/gptbot)"
74.7.242.53 - - [25/Aug/2026:22:29:10 +0000] "GET /wp-content__437f113/uploads/panel.php?path=%2Fhome%2Fgodaofbq%2Fmail%2F10xhyperbaric.com%2Fadmin%2Fnew%2F1757075578.M869647P2577013.nc-ph-2910.hyperbaricpros.com%2CS%3D1395%2CW%3D1431 HTTP/1.1" 404 277 "http://intensehyperbarics.com/wp-content__437f113/uploads/panel.php?path=%2Fhome%2Fgodaofbq%2Fmail%2F10xhyperbaric.com%2Fadmin%2Fnew" "Mozilla/5.0 AppleWebKit/537.36 (KHTML, like Gecko; compatible; GPTBot/1.4; +https://openai.com/gptbot)"
74.7.242.53 - - [25/Aug/2026:22:29:32 +0000] "GET /wp-content__437f113/uploads/panel.php?edit=%2Fhome%2Fgodaofbq%2Fmail%2F10xhyperbaric.com%2Fadmin%2Fnew%2F1775505749.M353495P2782317.nc-ph-2910.hyperbaricpros.com%2CS%3D1832%2CW%3D1869 HTTP/1.1" 404 277 "http://intensehyperbarics.com/wp-content__437f113/uploads/panel.php?path=%2Fhome%2Fgodaofbq%2Fmail%2F10xhyperbaric.com%2Fadmin%2Fnew" "Mozilla/5.0 AppleWebKit/537.36 (KHTML, like Gecko; compatible; GPTBot/1.4; +https://openai.com/gptbot)"
74.7.242.53 - - [25/Aug/2026:22:29:54 +0000] "GET /wp-content__437f113/uploads/panel.php?edit=%2Fhome%2Fgodaofbq%2Fmail%2F10xhyperbaric.com%2Fadmin%2Fnew%2F1740694970.M429870P1952976.nc-ph-2910.hyperbaricpros.com%2CS%3D1399%2CW%3D1435 HTTP/1.1" 404 277 "http://intensehyperbarics.com/wp-content__437f113/uploads/panel.php?path=%2Fhome%2Fgodaofbq%2Fmail%2F10xhyperbaric.com%2Fadmin%2Fnew" "Mozilla/5.0 AppleWebKit/537.36 (KHTML, like Gecko; compatible; GPTBot/1.4; +https://openai.com/gptbot)"
74.7.242.53 - - [25/Aug/2026:22:30:14 +0000] "GET /wp-content__437f113/uploads/panel.php?rename=%2Fhome%2Fgodaofbq%2Fmail%2F10xhyperbaric.com%2Fadmin%2Fnew%2F1754285387.M506788P3185019.nc-ph-2910.hyperbaricpros.com%2CS%3D1640%2CW%3D1679 HTTP/1.1" 404 277 "http://intensehyperbarics.com/wp-content__437f113/uploads/panel.php?path=%2Fhome%2Fgodaofbq%2Fmail%2F10xhyperbaric.com%2Fadmin%2Fnew" "Mozilla/5.0 AppleWebKit/537.36 (KHTML, like Gecko; compatible; GPTBot/1.4; +https://openai.com/gptbot)"
74.7.242.53 - - [25/Aug/2026:22:30:35 +0000] "GET /wp-content__437f113/uploads/panel.php?delete=%2Fhome%2Fgodaofbq%2Fmail%2F10xhyperbaric.com%2Fadmin%2Fnew%2F1783645661.M791337P3094601.nc-ph-2910.hyperbaricpros.com%2CS%3D2273%2CW%3D2317 HTTP/1.1" 404 277 "http://intensehyperbarics.com/wp-content__437f113/uploads/panel.php?path=%2Fhome%2Fgodaofbq%2Fmail%2F10xhyperbaric.com%2Fadmin%2Fnew" "Mozilla/5.0 AppleWebKit/537.36 (KHTML, like Gecko; compatible; GPTBot/1.4; +https://openai.com/gptbot)"
74.7.242.53 - - [25/Aug/2026:22:30:55 +0000] "GET /wp-content__437f113/uploads/panel.php?path=%2Fhome%2Fgodaofbq%2Fmail%2F10xhyperbaric.com%2Fadmin%2Fnew%2F1762651858.M410886P2237846.nc-ph-2910.hyperbaricpros.com%2CS%3D1887%2CW%3D1941 HTTP/1.1" 404 277 "http://intensehyperbarics.com/wp-content__437f113/uploads/panel.php?path=%2Fhome%2Fgodaofbq%2Fmail%2F10xhyperbaric.com%2Fadmin%2Fnew" "Mozilla/5.0 AppleWebKit/537.36 (KHTML, like Gecko; compatible; GPTBot/1.4; +https://openai.com/gptbot)"
2a03:2880:f806:8:: - - [25/Aug/2026:22:31:17 +0000] "GET /wp-content__437f113/wp-mail.php?delete=%2Fusr%2Flib%2Fpython3.9%2Fsite-packages%2Fdnf%2Flock.py HTTP/1.1" 302 0 "-" "Mozilla/5.0 (Macintosh; Intel Mac OS X 10_15_7) AppleWebKit/537.36 (KHTML, like Gecko) Chrome/145.0.0.0 Safari/537.36 (compatible; meta-externalagent/1.1 (+https://developers.facebook.com/docs/sharing/webmasters/crawler))"
74.7.242.53 - - [25/Aug/2026:22:31:17 +0000] "GET /wp-content__437f113/uploads/panel.php?path=%2Fhome%2Fgodaofbq%2Fmail%2F10xhyperbaric.com%2Fadmin%2Fnew%2F1771939974.M651944P1708036.nc-ph-2910.hyperbaricpros.com%2CS%3D2283%2CW%3D2324 HTTP/1.1" 404 277 "http://intensehyperbarics.com/wp-content__437f113/uploads/panel.php?path=%2Fhome%2Fgodaofbq%2Fmail%2F10xhyperbaric.com%2Fadmin%2Fnew" "Mozilla/5.0 AppleWebKit/537.36 (KHTML, like Gecko; compatible; GPTBot/1.4; +https://openai.com/gptbot)"
2a03:2880:f806:8:: - - [25/Aug/2026:22:31:17 +0000] "GET /wp-content__437f113/wp-mail.php?path=%2Fusr%2Flib%2Fpython3.9%2Fsite-packages%2Fdnf HTTP/1.1" 200 2567 "-" "Mozilla/5.0 (Macintosh; Intel Mac OS X 10_15_7) AppleWebKit/537.36 (KHTML, like Gecko) Chrome/145.0.0.0 Safari/537.36 (compatible; meta-externalagent/1.1 (+https://developers.facebook.com/docs/sharing/webmasters/crawler))"
2a03:2880:f806:2b:: - - [25/Aug/2026:22:31:37 +0000] "GET /wp-content__437f113/null HTTP/1.1" 404 277 "http://mail.intensehyperbarics.com/wp-content__437f113/wp-mail.php?path=%2Fusr%2Flib%2Fpython3.9%2Fsite-packages%2Fdnf" "Mozilla/5.0 (Macintosh; Intel Mac OS X 10_15_7) AppleWebKit/537.36 (KHTML, like Gecko) Chrome/145.0.0.0 Safari/537.36 (compatible; meta-externalagent/1.1 (+https://developers.facebook.com/docs/sharing/webmasters/crawler))"
74.7.242.53 - - [25/Aug/2026:22:31:38 +0000] "GET /wp-content__437f113/uploads/panel.php?delete=%2Fhome%2Fgodaofbq%2Fmail%2F10xhyperbaric.com%2Fadmin%2Fnew%2F1781591102.M650984P4094266.nc-ph-2910.hyperbaricpros.com%2CS%3D2260%2CW%3D2304 HTTP/1.1" 404 277 "http://intensehyperbarics.com/wp-content__437f113/uploads/panel.php?path=%2Fhome%2Fgodaofbq%2Fmail%2F10xhyperbaric.com%2Fadmin%2Fnew" "Mozilla/5.0 AppleWebKit/537.36 (KHTML, like Gecko; compatible; GPTBot/1.4; +https://openai.com/gptbot)"
74.7.242.53 - - [25/Aug/2026:22:32:00 +0000] "GET /wp-content__437f113/uploads/panel.php?edit=%2Fhome%2Fgodaofbq%2Fmail%2F10xhyperbaric.com%2Fadmin%2Fnew%2F1754716701.M904865P2961369.nc-ph-2910.hyperbaricpros.com%2CS%3D2321%2CW%3D2362 HTTP/1.1" 404 277 "http://intensehyperbarics.com/wp-content__437f113/uploads/panel.php?path=%2Fhome%2Fgodaofbq%2Fmail%2F10xhyperbaric.com%2Fadmin%2Fnew" "Mozilla/5.0 AppleWebKit/537.36 (KHTML, like Gecko; compatible; GPTBot/1.4; +https://openai.com/gptbot)"
74.7.242.53 - - [25/Aug/2026:22:32:20 +0000] "GET /wp-content__437f113/uploads/panel.php?path=%2Fhome%2Fgodaofbq%2Fmail%2F10xhyperbaric.com%2Fadmin%2Fnew%2F1763544072.M536924P984944.nc-ph-2910.hyperbaricpros.com%2CS%3D2212%2CW%3D2252 HTTP/1.1" 404 277 "http://intensehyperbarics.com/wp-content__437f113/uploads/panel.php?path=%2Fhome%2Fgodaofbq%2Fmail%2F10xhyperbaric.com%2Fadmin%2Fnew" "Mozilla/5.0 AppleWebKit/537.36 (KHTML, like Gecko; compatible; GPTBot/1.4; +https://openai.com/gptbot)"
74.7.242.53 - - [25/Aug/2026:22:32:42 +0000] "GET /wp-content__437f113/uploads/panel.php?rename=%2Fhome%2Fgodaofbq%2Fmail%2F10xhyperbaric.com%2Fadmin%2Fnew%2F1747800859.M605823P3449619.nc-ph-2910.hyperbaricpros.com%2CS%3D1404%2CW%3D1440 HTTP/1.1" 404 277 "http://intensehyperbarics.com/wp-content__437f113/uploads/panel.php?path=%2Fhome%2Fgodaofbq%2Fmail%2F10xhyperbaric.com%2Fadmin%2Fnew" "Mozilla/5.0 AppleWebKit/537.36 (KHTML, like Gecko; compatible; GPTBot/1.4; +https://openai.com/gptbot)"
74.7.242.53 - - [25/Aug/2026:22:33:03 +0000] "GET /wp-content__437f113/uploads/panel.php?path=%2Fhome%2Fgodaofbq%2Fmail%2F10xhyperbaric.com%2Fadmin%2Fnew%2F1763803097.M19622P3030636.nc-ph-2910.hyperbaricpros.com%2CS%3D1607%2CW%3D1644 HTTP/1.1" 404 277 "http://intensehyperbarics.com/wp-content__437f113/uploads/panel.php?path=%2Fhome%2Fgodaofbq%2Fmail%2F10xhyperbaric.com%2Fadmin%2Fnew" "Mozilla/5.0 AppleWebKit/537.36 (KHTML, like Gecko; compatible; GPTBot/1.4; +https://openai.com/gptbot)"
74.7.242.53 - - [25/Aug/2026:22:33:24 +0000] "GET /wp-content__437f113/uploads/panel.php?rename=%2Fhome%2Fgodaofbq%2Fmail%2F10xhyperbaric.com%2Fadmin%2Fnew%2F1761262750.M301945P3656849.nc-ph-2910.hyperbaricpros.com%2CS%3D2275%2CW%3D2315 HTTP/1.1" 404 277 "http://intensehyperbarics.com/wp-content__437f113/uploads/panel.php?path=%2Fhome%2Fgodaofbq%2Fmail%2F10xhyperbaric.com%2Fadmin%2Fnew" "Mozilla/5.0 AppleWebKit/537.36 (KHTML, like Gecko; compatible; GPTBot/1.4; +https://openai.com/gptbot)"
74.7.242.53 - - [25/Aug/2026:22:33:45 +0000] "GET /wp-content__437f113/uploads/panel.php?rename=%2Fhome%2Fgodaofbq%2Fmail%2F10xhyperbaric.com%2Fadmin%2Fnew%2F1782154451.M903977P4056133.nc-ph-2910.hyperbaricpros.com%2CS%3D2283%2CW%3D2326 HTTP/1.1" 404 277 "http://intensehyperbarics.com/wp-content__437f113/uploads/panel.php?path=%2Fhome%2Fgodaofbq%2Fmail%2F10xhyperbaric.com%2Fadmin%2Fnew" "Mozilla/5.0 AppleWebKit/537.36 (KHTML, like Gecko; compatible; GPTBot/1.4; +https://openai.com/gptbot)"
74.7.242.53 - - [25/Aug/2026:22:34:05 +0000] "GET /wp-content__437f113/uploads/panel.php?rename=%2Fhome%2Fgodaofbq%2Fmail%2F10xhyperbaric.com%2Fadmin%2Fnew%2F1735987990.M608201P2169348.nc-ph-2910.hyperbaricpros.com%2CS%3D1393%2CW%3D1429 HTTP/1.1" 404 277 "http://intensehyperbarics.com/wp-content__437f113/uploads/panel.php?path=%2Fhome%2Fgodaofbq%2Fmail%2F10xhyperbaric.com%2Fadmin%2Fnew" "Mozilla/5.0 AppleWebKit/537.36 (KHTML, like Gecko; compatible; GPTBot/1.4; +https://openai.com/gptbot)"
74.7.242.53 - - [25/Aug/2026:22:34:26 +0000] "GET /wp-content__437f113/uploads/panel.php?edit=%2Fhome%2Fgodaofbq%2Fmail%2F10xhyperbaric.com%2Fadmin%2Fnew%2F1775620078.M800908P3778535.nc-ph-2910.hyperbaricpros.com%2CS%3D1829%2CW%3D1871 HTTP/1.1" 404 277 "http://intensehyperbarics.com/wp-content__437f113/uploads/panel.php?path=%2Fhome%2Fgodaofbq%2Fmail%2F10xhyperbaric.com%2Fadmin%2Fnew" "Mozilla/5.0 AppleWebKit/537.36 (KHTML, like Gecko; compatible; GPTBot/1.4; +https://openai.com/gptbot)"
74.7.242.53 - - [25/Aug/2026:22:34:47 +0000] "GET /wp-content__437f113/uploads/panel.php?edit=%2Fhome%2Fgodaofbq%2Fmail%2F10xhyperbaric.com%2Fadmin%2Fnew%2F1761561883.M88357P1915108.nc-ph-2910.hyperbaricpros.com%2CS%3D2085%2CW%3D2130 HTTP/1.1" 404 277 "http://intensehyperbarics.com/wp-content__437f113/uploads/panel.php?path=%2Fhome%2Fgodaofbq%2Fmail%2F10xhyperbaric.com%2Fadmin%2Fnew" "Mozilla/5.0 AppleWebKit/537.36 (KHTML, like Gecko; compatible; GPTBot/1.4; +https://openai.com/gptbot)"
74.7.242.53 - - [25/Aug/2026:22:35:07 +0000] "GET /wp-content__437f113/uploads/panel.php?path=%2Fhome%2Fgodaofbq%2Fmail%2F10xhyperbaric.com%2Fadmin%2Fnew%2F1776349978.M299572P1683820.nc-ph-2910.hyperbaricpros.com%2CS%3D1597%2CW%3D1635 HTTP/1.1" 404 277 "http://intensehyperbarics.com/wp-content__437f113/uploads/panel.php?path=%2Fhome%2Fgodaofbq%2Fmail%2F10xhyperbaric.com%2Fadmin%2Fnew" "Mozilla/5.0 AppleWebKit/537.36 (KHTML, like Gecko; compatible; GPTBot/1.4; +https://openai.com/gptbot)"
74.7.242.53 - - [25/Aug/2026:22:35:29 +0000] "GET /wp-content__437f113/uploads/panel.php?path=%2Fhome%2Fgodaofbq%2Fmail%2F10xhyperbaric.com%2Fadmin%2Fnew%2F1760022304.M311958P2201008.nc-ph-2910.hyperbaricpros.com%2CS%3D1897%2CW%3D1939 HTTP/1.1" 404 277 "http://intensehyperbarics.com/wp-content__437f113/uploads/panel.php?path=%2Fhome%2Fgodaofbq%2Fmail%2F10xhyperbaric.com%2Fadmin%2Fnew" "Mozilla/5.0 AppleWebKit/537.36 (KHTML, like Gecko; compatible; GPTBot/1.4; +https://openai.com/gptbot)"
74.7.242.53 - - [25/Aug/2026:22:35:50 +0000] "GET /wp-content__437f113/uploads/panel.php?rename=%2Fhome%2Fgodaofbq%2Fmail%2F10xhyperbaric.com%2Fadmin%2Fnew%2F1785209467.M984230P910892.nc-ph-2910.hyperbaricpros.com%2CS%3D22655%2CW%3D23004 HTTP/1.1" 404 277 "http://intensehyperbarics.com/wp-content__437f113/uploads/panel.php?path=%2Fhome%2Fgodaofbq%2Fmail%2F10xhyperbaric.com%2Fadmin%2Fnew" "Mozilla/5.0 AppleWebKit/537.36 (KHTML, like Gecko; compatible; GPTBot/1.4; +https://openai.com/gptbot)"
74.7.242.53 - - [25/Aug/2026:22:36:11 +0000] "GET /wp-content__437f113/uploads/panel.php?path=%2Fhome%2Fgodaofbq%2Fmail%2F10xhyperbaric.com%2Fadmin%2Fnew%2F1771329618.M809920P712454.nc-ph-2910.hyperbaricpros.com%2CS%3D2195%2CW%3D2233 HTTP/1.1" 404 277 "http://intensehyperbarics.com/wp-content__437f113/uploads/panel.php?path=%2Fhome%2Fgodaofbq%2Fmail%2F10xhyperbaric.com%2Fadmin%2Fnew" "Mozilla/5.0 AppleWebKit/537.36 (KHTML, like Gecko; compatible; GPTBot/1.4; +https://openai.com/gptbot)"
74.7.242.53 - - [25/Aug/2026:22:36:32 +0000] "GET /wp-content__437f113/uploads/panel.php?edit=%2Fhome%2Fgodaofbq%2Fmail%2F10xhyperbaric.com%2Fadmin%2Fnew%2F1764578838.M939297P872542.nc-ph-2910.hyperbaricpros.com%2CS%3D1936%2CW%3D1980 HTTP/1.1" 404 277 "http://intensehyperbarics.com/wp-content__437f113/uploads/panel.php?path=%2Fhome%2Fgodaofbq%2Fmail%2F10xhyperbaric.com%2Fadmin%2Fnew" "Mozilla/5.0 AppleWebKit/537.36 (KHTML, like Gecko; compatible; GPTBot/1.4; +https://openai.com/gptbot)"
74.7.242.53 - - [25/Aug/2026:22:36:53 +0000] "GET /wp-content__437f113/uploads/panel.php?rename=%2Fhome%2Fgodaofbq%2Fmail%2F10xhyperbaric.com%2Fadmin%2Fnew%2F1731622843.M698613P1776545.nc-ph-2910.hyperbaricpros.com%2CS%3D1391%2CW%3D1427 HTTP/1.1" 404 277 "http://intensehyperbarics.com/wp-content__437f113/uploads/panel.php?path=%2Fhome%2Fgodaofbq%2Fmail%2F10xhyperbaric.com%2Fadmin%2Fnew" "Mozilla/5.0 AppleWebKit/537.36 (KHTML, like Gecko; compatible; GPTBot/1.4; +https://openai.com/gptbot)"
104.153.66.100 - - [25/Aug/2026:22:37:03 +0000] "HEAD / HTTP/1.1" 200 0 "-" "Mozilla/5.0 (X11; Linux x86_64) AppleWebKit/537.36 (KHTML, like Gecko) Chrome/96.0.4664.45 Safari/537.36"
74.7.242.53 - - [25/Aug/2026:22:37:14 +0000] "GET /wp-content__437f113/uploads/panel.php?rename=%2Fhome%2Fgodaofbq%2Fmail%2F10xhyperbaric.com%2Fadmin%2Fnew%2F1774377928.M117613P1472780.nc-ph-2910.hyperbaricpros.com%2CS%3D2165%2CW%3D2204 HTTP/1.1" 404 277 "http://intensehyperbarics.com/wp-content__437f113/uploads/panel.php?path=%2Fhome%2Fgodaofbq%2Fmail%2F10xhyperbaric.com%2Fadmin%2Fnew" "Mozilla/5.0 AppleWebKit/537.36 (KHTML, like Gecko; compatible; GPTBot/1.4; +https://openai.com/gptbot)"
74.7.242.53 - - [25/Aug/2026:22:37:36 +0000] "GET /wp-content__437f113/uploads/panel.php?edit=%2Fhome%2Fgodaofbq%2Fmail%2F10xhyperbaric.com%2Fadmin%2Fnew%2F1748153659.M300909P2144643.nc-ph-2910.hyperbaricpros.com%2CS%3D1391%2CW%3D1427 HTTP/1.1" 404 277 "http://intensehyperbarics.com/wp-content__437f113/uploads/panel.php?path=%2Fhome%2Fgodaofbq%2Fmail%2F10xhyperbaric.com%2Fadmin%2Fnew" "Mozilla/5.0 AppleWebKit/537.36 (KHTML, like Gecko; compatible; GPTBot/1.4; +https://openai.com/gptbot)"
74.7.242.53 - - [25/Aug/2026:22:37:58 +0000] "GET /wp-content__437f113/uploads/panel.php?delete=%2Fhome%2Fgodaofbq%2Fmail%2F10xhyperbaric.com%2Fadmin%2Fnew%2F1773164076.M817931P3658442.nc-ph-2910.hyperbaricpros.com%2CS%3D2038%2CW%3D2081 HTTP/1.1" 404 277 "http://intensehyperbarics.com/wp-content__437f113/uploads/panel.php?path=%2Fhome%2Fgodaofbq%2Fmail%2F10xhyperbaric.com%2Fadmin%2Fnew" "Mozilla/5.0 AppleWebKit/537.36 (KHTML, like Gecko; compatible; GPTBot/1.4; +https://openai.com/gptbot)"
74.7.242.53 - - [25/Aug/2026:22:38:19 +0000] "GET /wp-content__437f113/uploads/panel.php?delete=%2Fhome%2Fgodaofbq%2Fmail%2F10xhyperbaric.com%2Fadmin%2Fnew%2F1772522402.M514784P2393736.nc-ph-2910.hyperbaricpros.com%2CS%3D1669%2CW%3D1706 HTTP/1.1" 404 277 "http://intensehyperbarics.com/wp-content__437f113/uploads/panel.php?path=%2Fhome%2Fgodaofbq%2Fmail%2F10xhyperbaric.com%2Fadmin%2Fnew" "Mozilla/5.0 AppleWebKit/537.36 (KHTML, like Gecko; compatible; GPTBot/1.4; +https://openai.com/gptbot)"
74.7.242.53 - - [25/Aug/2026:22:38:39 +0000] "GET /wp-content__437f113/uploads/panel.php?delete=%2Fhome%2Fgodaofbq%2Fmail%2F10xhyperbaric.com%2Fadmin%2Fnew%2F1760012321.M591894P2126230.nc-ph-2910.hyperbaricpros.com%2CS%3D1488%2CW%3D1525 HTTP/1.1" 404 277 "http://intensehyperbarics.com/wp-content__437f113/uploads/panel.php?path=%2Fhome%2Fgodaofbq%2Fmail%2F10xhyperbaric.com%2Fadmin%2Fnew" "Mozilla/5.0 AppleWebKit/537.36 (KHTML, like Gecko; compatible; GPTBot/1.4; +https://openai.com/gptbot)"
74.7.242.53 - - [25/Aug/2026:22:39:01 +0000] "GET /wp-content__437f113/uploads/panel.php?delete=%2Fhome%2Fgodaofbq%2Fmail%2F10xhyperbaric.com%2Fadmin%2Fnew%2F1781386706.M523699P2437406.nc-ph-2910.hyperbaricpros.com%2CS%3D2284%2CW%3D2329 HTTP/1.1" 404 277 "http://intensehyperbarics.com/wp-content__437f113/uploads/panel.php?path=%2Fhome%2Fgodaofbq%2Fmail%2F10xhyperbaric.com%2Fadmin%2Fnew" "Mozilla/5.0 AppleWebKit/537.36 (KHTML, like Gecko; compatible; GPTBot/1.4; +https://openai.com/gptbot)"
74.7.242.53 - - [25/Aug/2026:22:39:21 +0000] "GET /wp-content__437f113/uploads/panel.php?rename=%2Fhome%2Fgodaofbq%2Fmail%2F10xhyperbaric.com%2Fadmin%2Fnew%2F1775549955.M645275P3168308.nc-ph-2910.hyperbaricpros.com%2CS%3D1685%2CW%3D1723 HTTP/1.1" 404 277 "http://intensehyperbarics.com/wp-content__437f113/uploads/panel.php?path=%2Fhome%2Fgodaofbq%2Fmail%2F10xhyperbaric.com%2Fadmin%2Fnew" "Mozilla/5.0 AppleWebKit/537.36 (KHTML, like Gecko; compatible; GPTBot/1.4; +https://openai.com/gptbot)"
74.7.244.44 - - [25/Aug/2026:22:39:22 +0000] "GET /robots.txt HTTP/1.1" 404 277 "-" "Mozilla/5.0 (Macintosh; Intel Mac OS X 10_15_7) AppleWebKit/537.36 (KHTML, like Gecko) Chrome/131.0.0.0 Safari/537.36; compatible; OAI-SearchBot/1.4; robots.txt; +https://openai.com/searchbot"
2a03:2880:f806:b:: - - [25/Aug/2026:22:39:28 +0000] "GET /wp-content__437f113/wp-mail.php?delete=%2Fhome%2Fgodaofbq%2Fintensehyperbarics.com%2Fwp-content__437f113%2Fuploads%2Fslider%2Fcache%2F9f008c75e4076084e3a2f1936a344194%2Foxyma-hyperbaric_shutterstock_518094412-e1730124510210.jpg HTTP/1.1" 200 1663 "-" "Mozilla/5.0 (Windows NT 10.0; Win64; x64) AppleWebKit/537.36 (KHTML, like Gecko) Chrome/145.0.0.0 Safari/537.36 (compatible; meta-externalagent/1.1 (+https://developers.facebook.com/docs/sharing/webmasters/crawler))"
2a03:2880:f806:32:: - - [25/Aug/2026:22:39:40 +0000] "GET /wp-content__437f113/null HTTP/1.1" 404 277 "http://mail.intensehyperbarics.com/wp-content__437f113/wp-mail.php?delete=%2Fhome%2Fgodaofbq%2Fintensehyperbarics.com%2Fwp-content__437f113%2Fuploads%2Fslider%2Fcache%2F9f008c75e4076084e3a2f1936a344194%2Foxyma-hyperbaric_shutterstock_518094412-e1730124510210.jpg" "Mozilla/5.0 (Windows NT 10.0; Win64; x64) AppleWebKit/537.36 (KHTML, like Gecko) Chrome/145.0.0.0 Safari/537.36 (compatible; meta-externalagent/1.1 (+https://developers.facebook.com/docs/sharing/webmasters/crawler))"
74.7.242.53 - - [25/Aug/2026:22:39:43 +0000] "GET /wp-content__437f113/uploads/panel.php?delete=%2Fhome%2Fgodaofbq%2Fmail%2F10xhyperbaric.com%2Fadmin%2Fnew%2F1775519962.M617454P2891405.nc-ph-2910.hyperbaricpros.com%2CS%3D1832%2CW%3D1871 HTTP/1.1" 404 277 "http://intensehyperbarics.com/wp-content__437f113/uploads/panel.php?path=%2Fhome%2Fgodaofbq%2Fmail%2F10xhyperbaric.com%2Fadmin%2Fnew" "Mozilla/5.0 AppleWebKit/537.36 (KHTML, like Gecko; compatible; GPTBot/1.4; +https://openai.com/gptbot)"
74.7.242.53 - - [25/Aug/2026:22:40:04 +0000] "GET /wp-content__437f113/uploads/panel.php?delete=%2Fhome%2Fgodaofbq%2Fmail%2F10xhyperbaric.com%2Fadmin%2Fnew%2F1735948361.M315869P1788984.nc-ph-2910.hyperbaricpros.com%2CS%3D1570%2CW%3D1608 HTTP/1.1" 404 277 "http://intensehyperbarics.com/wp-content__437f113/uploads/panel.php?path=%2Fhome%2Fgodaofbq%2Fmail%2F10xhyperbaric.com%2Fadmin%2Fnew" "Mozilla/5.0 AppleWebKit/537.36 (KHTML, like Gecko; compatible; GPTBot/1.4; +https://openai.com/gptbot)"
74.7.242.53 - - [25/Aug/2026:22:40:25 +0000] "GET /wp-content__437f113/uploads/panel.php?rename=%2Fhome%2Fgodaofbq%2Fmail%2F10xhyperbaric.com%2Fadmin%2Fnew%2F1764791781.M511329P2599851.nc-ph-2910.hyperbaricpros.com%2CS%3D2157%2CW%3D2199 HTTP/1.1" 404 277 "http://intensehyperbarics.com/wp-content__437f113/uploads/panel.php?path=%2Fhome%2Fgodaofbq%2Fmail%2F10xhyperbaric.com%2Fadmin%2Fnew" "Mozilla/5.0 AppleWebKit/537.36 (KHTML, like Gecko; compatible; GPTBot/1.4; +https://openai.com/gptbot)"
74.7.242.53 - - [25/Aug/2026:22:40:45 +0000] "GET /wp-content__437f113/uploads/panel.php?edit=%2Fhome%2Fgodaofbq%2Fmail%2F10xhyperbaric.com%2Fadmin%2Fnew%2F1763453702.M886684P283385.nc-ph-2910.hyperbaricpros.com%2CS%3D2258%2CW%3D2299 HTTP/1.1" 404 277 "http://intensehyperbarics.com/wp-content__437f113/uploads/panel.php?path=%2Fhome%2Fgodaofbq%2Fmail%2F10xhyperbaric.com%2Fadmin%2Fnew" "Mozilla/5.0 AppleWebKit/537.36 (KHTML, like Gecko; compatible; GPTBot/1.4; +https://openai.com/gptbot)"
74.7.242.53 - - [25/Aug/2026:22:41:05 +0000] "GET /wp-content__437f113/uploads/panel.php?rename=%2Fhome%2Fgodaofbq%2Fmail%2F10xhyperbaric.com%2Fadmin%2Fnew%2F1786508225.M562039P1850445.nc-ph-2910.hyperbaricpros.com%2CS%3D4492%2CW%3D4596 HTTP/1.1" 404 277 "http://intensehyperbarics.com/wp-content__437f113/uploads/panel.php?path=%2Fhome%2Fgodaofbq%2Fmail%2F10xhyperbaric.com%2Fadmin%2Fnew" "Mozilla/5.0 AppleWebKit/537.36 (KHTML, like Gecko; compatible; GPTBot/1.4; +https://openai.com/gptbot)"
74.7.242.53 - - [25/Aug/2026:22:41:25 +0000] "GET /wp-content__437f113/uploads/panel.php?rename=%2Fhome%2Fgodaofbq%2Fmail%2F10xhyperbaric.com%2Fadmin%2Fnew%2F1756473807.M703563P1559264.nc-ph-2910.hyperbaricpros.com%2CS%3D1982%2CW%3D2029 HTTP/1.1" 404 277 "http://intensehyperbarics.com/wp-content__437f113/uploads/panel.php?path=%2Fhome%2Fgodaofbq%2Fmail%2F10xhyperbaric.com%2Fadmin%2Fnew" "Mozilla/5.0 AppleWebKit/537.36 (KHTML, like Gecko; compatible; GPTBot/1.4; +https://openai.com/gptbot)"
74.7.242.53 - - [25/Aug/2026:22:41:46 +0000] "GET /wp-content__437f113/uploads/panel.php?path=%2Fhome%2Fgodaofbq%2Fmail%2F10xhyperbaric.com%2Fadmin%2Fnew%2F1750908769.M939391P263791.nc-ph-2910.hyperbaricpros.com%2CS%3D1405%2CW%3D1441 HTTP/1.1" 404 277 "http://intensehyperbarics.com/wp-content__437f113/uploads/panel.php?path=%2Fhome%2Fgodaofbq%2Fmail%2F10xhyperbaric.com%2Fadmin%2Fnew" "Mozilla/5.0 AppleWebKit/537.36 (KHTML, like Gecko; compatible; GPTBot/1.4; +https://openai.com/gptbot)"
74.7.242.53 - - [25/Aug/2026:22:42:07 +0000] "GET /wp-content__437f113/uploads/panel.php?delete=%2Fhome%2Fgodaofbq%2Fmail%2F10xhyperbaric.com%2Fadmin%2Fnew%2F1772564234.M154896P2740202.nc-ph-2910.hyperbaricpros.com%2CS%3D2265%2CW%3D2308 HTTP/1.1" 404 277 "http://intensehyperbarics.com/wp-content__437f113/uploads/panel.php?path=%2Fhome%2Fgodaofbq%2Fmail%2F10xhyperbaric.com%2Fadmin%2Fnew" "Mozilla/5.0 AppleWebKit/537.36 (KHTML, like Gecko; compatible; GPTBot/1.4; +https://openai.com/gptbot)"
74.7.242.53 - - [25/Aug/2026:22:42:27 +0000] "GET /wp-content__437f113/uploads/panel.php?edit=%2Fhome%2Fgodaofbq%2Fmail%2F10xhyperbaric.com%2Fadmin%2Fnew%2F1742454833.M768971P563429.nc-ph-2910.hyperbaricpros.com%2CS%3D1911%2CW%3D1958 HTTP/1.1" 404 277 "http://intensehyperbarics.com/wp-content__437f113/uploads/panel.php?path=%2Fhome%2Fgodaofbq%2Fmail%2F10xhyperbaric.com%2Fadmin%2Fnew" "Mozilla/5.0 AppleWebKit/537.36 (KHTML, like Gecko; compatible; GPTBot/1.4; +https://openai.com/gptbot)"
74.7.242.53 - - [25/Aug/2026:22:42:48 +0000] "GET /wp-content__437f113/uploads/panel.php?delete=%2Fhome%2Fgodaofbq%2Fmail%2F10xhyperbaric.com%2Fadmin%2Fnew%2F1776528462.M312456P3275698.nc-ph-2910.hyperbaricpros.com%2CS%3D1738%2CW%3D1776 HTTP/1.1" 404 277 "http://intensehyperbarics.com/wp-content__437f113/uploads/panel.php?path=%2Fhome%2Fgodaofbq%2Fmail%2F10xhyperbaric.com%2Fadmin%2Fnew" "Mozilla/5.0 AppleWebKit/537.36 (KHTML, like Gecko; compatible; GPTBot/1.4; +https://openai.com/gptbot)"
104.153.66.100 - - [25/Aug/2026:22:42:58 +0000] "HEAD /wordpress HTTP/1.1" 404 0 "-" "Mozilla/5.0 (X11; Linux x86_64) AppleWebKit/537.36 (KHTML, like Gecko) Chrome/96.0.4664.45 Safari/537.36"
74.7.242.53 - - [25/Aug/2026:22:43:09 +0000] "GET /wp-content__437f113/uploads/panel.php?path=%2Fhome%2Fgodaofbq%2Fmail%2F10xhyperbaric.com%2Fadmin%2Fnew%2F1760875375.M543751P602372.nc-ph-2910.hyperbaricpros.com%2CS%3D2149%2CW%3D2187 HTTP/1.1" 404 277 "http://intensehyperbarics.com/wp-content__437f113/uploads/panel.php?path=%2Fhome%2Fgodaofbq%2Fmail%2F10xhyperbaric.com%2Fadmin%2Fnew" "Mozilla/5.0 AppleWebKit/537.36 (KHTML, like Gecko; compatible; GPTBot/1.4; +https://openai.com/gptbot)"
74.7.242.53 - - [25/Aug/2026:22:43:31 +0000] "GET /wp-content__437f113/uploads/panel.php?edit=%2Fhome%2Fgodaofbq%2Fmail%2F10xhyperbaric.com%2Fadmin%2Fnew%2F1736474091.M207947P2663355.nc-ph-2910.hyperbaricpros.com%2CS%3D1398%2CW%3D1434 HTTP/1.1" 404 277 "http://intensehyperbarics.com/wp-content__437f113/uploads/panel.php?path=%2Fhome%2Fgodaofbq%2Fmail%2F10xhyperbaric.com%2Fadmin%2Fnew" "Mozilla/5.0 AppleWebKit/537.36 (KHTML, like Gecko; compatible; GPTBot/1.4; +https://openai.com/gptbot)"
74.7.242.53 - - [25/Aug/2026:22:43:53 +0000] "GET /wp-content__437f113/uploads/panel.php?delete=%2Fhome%2Fgodaofbq%2Fmail%2F10xhyperbaric.com%2Fadmin%2Fnew%2F1765547747.M473400P1244342.nc-ph-2910.hyperbaricpros.com%2CS%3D2083%2CW%3D2125 HTTP/1.1" 404 277 "http://intensehyperbarics.com/wp-content__437f113/uploads/panel.php?path=%2Fhome%2Fgodaofbq%2Fmail%2F10xhyperbaric.com%2Fadmin%2Fnew" "Mozilla/5.0 AppleWebKit/537.36 (KHTML, like Gecko; compatible; GPTBot/1.4; +https://openai.com/gptbot)"
74.7.242.53 - - [25/Aug/2026:22:44:13 +0000] "GET /wp-content__437f113/uploads/panel.php?path=%2Fhome%2Fgodaofbq%2Fmail%2F10xhyperbaric.com%2Fadmin%2Fnew%2F1753882245.M24838P3799560.nc-ph-2910.hyperbaricpros.com%2CS%3D1391%2CW%3D1427 HTTP/1.1" 404 277 "http://intensehyperbarics.com/wp-content__437f113/uploads/panel.php?path=%2Fhome%2Fgodaofbq%2Fmail%2F10xhyperbaric.com%2Fadmin%2Fnew" "Mozilla/5.0 AppleWebKit/537.36 (KHTML, like Gecko; compatible; GPTBot/1.4; +https://openai.com/gptbot)"
74.7.242.53 - - [25/Aug/2026:22:44:34 +0000] "GET /wp-content__437f113/uploads/panel.php?rename=%2Fhome%2Fgodaofbq%2Fmail%2F10xhyperbaric.com%2Fadmin%2Fnew%2F1765709847.M421125P2783156.nc-ph-2910.hyperbaricpros.com%2CS%3D2098%2CW%3D2143 HTTP/1.1" 404 277 "http://intensehyperbarics.com/wp-content__437f113/uploads/panel.php?path=%2Fhome%2Fgodaofbq%2Fmail%2F10xhyperbaric.com%2Fadmin%2Fnew" "Mozilla/5.0 AppleWebKit/537.36 (KHTML, like Gecko; compatible; GPTBot/1.4; +https://openai.com/gptbot)"
74.7.242.53 - - [25/Aug/2026:22:44:55 +0000] "GET /wp-content__437f113/uploads/panel.php?edit=%2Fhome%2Fgodaofbq%2Fmail%2F10xhyperbaric.com%2Fadmin%2Fnew%2F1754665782.M70751P2504806.nc-ph-2910.hyperbaricpros.com%2CS%3D2263%2CW%3D2309 HTTP/1.1" 404 277 "http://intensehyperbarics.com/wp-content__437f113/uploads/panel.php?path=%2Fhome%2Fgodaofbq%2Fmail%2F10xhyperbaric.com%2Fadmin%2Fnew" "Mozilla/5.0 AppleWebKit/537.36 (KHTML, like Gecko; compatible; GPTBot/1.4; +https://openai.com/gptbot)"
74.7.242.53 - - [25/Aug/2026:22:45:17 +0000] "GET /wp-content__437f113/uploads/panel.php?delete=%2Fhome%2Fgodaofbq%2Fmail%2F10xhyperbaric.com%2Fadmin%2Fnew%2F1742369155.M820735P4004289.nc-ph-2910.hyperbaricpros.com%2CS%3D1837%2CW%3D1891 HTTP/1.1" 404 277 "http://intensehyperbarics.com/wp-content__437f113/uploads/panel.php?path=%2Fhome%2Fgodaofbq%2Fmail%2F10xhyperbaric.com%2Fadmin%2Fnew" "Mozilla/5.0 AppleWebKit/537.36 (KHTML, like Gecko; compatible; GPTBot/1.4; +https://openai.com/gptbot)"
74.7.242.53 - - [25/Aug/2026:22:45:38 +0000] "GET /wp-content__437f113/uploads/panel.php?rename=%2Fhome%2Fgodaofbq%2Fmail%2F10xhyperbaric.com%2Fadmin%2Fnew%2F1755260137.M793901P3382732.nc-ph-2910.hyperbaricpros.com%2CS%3D1397%2CW%3D1433 HTTP/1.1" 404 277 "http://intensehyperbarics.com/wp-content__437f113/uploads/panel.php?path=%2Fhome%2Fgodaofbq%2Fmail%2F10xhyperbaric.com%2Fadmin%2Fnew" "Mozilla/5.0 AppleWebKit/537.36 (KHTML, like Gecko; compatible; GPTBot/1.4; +https://openai.com/gptbot)"
74.7.242.53 - - [25/Aug/2026:22:46:00 +0000] "GET /wp-content__437f113/uploads/panel.php?edit=%2Fhome%2Fgodaofbq%2Fmail%2F10xhyperbaric.com%2Fadmin%2Fnew%2F1754485858.M384749P819971.nc-ph-2910.hyperbaricpros.com%2CS%3D1394%2CW%3D1430 HTTP/1.1" 404 277 "http://intensehyperbarics.com/wp-content__437f113/uploads/panel.php?path=%2Fhome%2Fgodaofbq%2Fmail%2F10xhyperbaric.com%2Fadmin%2Fnew" "Mozilla/5.0 AppleWebKit/537.36 (KHTML, like Gecko; compatible; GPTBot/1.4; +https://openai.com/gptbot)"
74.7.242.53 - - [25/Aug/2026:22:46:21 +0000] "GET /wp-content__437f113/uploads/panel.php?path=%2Fhome%2Fgodaofbq%2Fmail%2F10xhyperbaric.com%2Fadmin%2Fnew%2F1753520027.M809525P315603.nc-ph-2910.hyperbaricpros.com%2CS%3D1552%2CW%3D1590 HTTP/1.1" 404 277 "http://intensehyperbarics.com/wp-content__437f113/uploads/panel.php?path=%2Fhome%2Fgodaofbq%2Fmail%2F10xhyperbaric.com%2Fadmin%2Fnew" "Mozilla/5.0 AppleWebKit/537.36 (KHTML, like Gecko; compatible; GPTBot/1.4; +https://openai.com/gptbot)"
74.7.242.53 - - [25/Aug/2026:22:46:42 +0000] "GET /wp-content__437f113/uploads/panel.php?delete=%2Fhome%2Fgodaofbq%2Fmail%2F10xhyperbaric.com%2Fadmin%2Fnew%2F1735168956.M497748P2590803.nc-ph-2910.hyperbaricpros.com%2CS%3D1396%2CW%3D1432 HTTP/1.1" 404 277 "http://intensehyperbarics.com/wp-content__437f113/uploads/panel.php?path=%2Fhome%2Fgodaofbq%2Fmail%2F10xhyperbaric.com%2Fadmin%2Fnew" "Mozilla/5.0 AppleWebKit/537.36 (KHTML, like Gecko; compatible; GPTBot/1.4; +https://openai.com/gptbot)"
74.7.242.53 - - [25/Aug/2026:22:47:04 +0000] "GET /wp-content__437f113/uploads/panel.php?rename=%2Fhome%2Fgodaofbq%2Fmail%2F10xhyperbaric.com%2Fadmin%2Fnew%2F1781565492.M559602P2362643.nc-ph-2910.hyperbaricpros.com%2CS%3D2359%2CW%3D2402 HTTP/1.1" 404 277 "http://intensehyperbarics.com/wp-content__437f113/uploads/panel.php?path=%2Fhome%2Fgodaofbq%2Fmail%2F10xhyperbaric.com%2Fadmin%2Fnew" "Mozilla/5.0 AppleWebKit/537.36 (KHTML, like Gecko; compatible; GPTBot/1.4; +https://openai.com/gptbot)"
74.7.242.53 - - [25/Aug/2026:22:47:24 +0000] "GET /wp-content__437f113/uploads/panel.php?edit=%2Fhome%2Fgodaofbq%2Fmail%2F10xhyperbaric.com%2Fadmin%2Fnew%2F1751897597.M561231P1128627.nc-ph-2910.hyperbaricpros.com%2CS%3D1399%2CW%3D1435 HTTP/1.1" 404 277 "http://intensehyperbarics.com/wp-content__437f113/uploads/panel.php?path=%2Fhome%2Fgodaofbq%2Fmail%2F10xhyperbaric.com%2Fadmin%2Fnew" "Mozilla/5.0 AppleWebKit/537.36 (KHTML, like Gecko; compatible; GPTBot/1.4; +https://openai.com/gptbot)"
74.7.242.53 - - [25/Aug/2026:22:47:45 +0000] "GET /wp-content__437f113/uploads/panel.php?delete=%2Fhome%2Fgodaofbq%2Fmail%2F10xhyperbaric.com%2Fadmin%2Fnew%2F1757055152.M540126P2406054.nc-ph-2910.hyperbaricpros.com%2CS%3D2209%2CW%3D2251 HTTP/1.1" 404 277 "http://intensehyperbarics.com/wp-content__437f113/uploads/panel.php?path=%2Fhome%2Fgodaofbq%2Fmail%2F10xhyperbaric.com%2Fadmin%2Fnew" "Mozilla/5.0 AppleWebKit/537.36 (KHTML, like Gecko; compatible; GPTBot/1.4; +https://openai.com/gptbot)"
74.7.242.53 - - [25/Aug/2026:22:48:05 +0000] "GET /wp-content__437f113/uploads/panel.php?rename=%2Fhome%2Fgodaofbq%2Fmail%2F10xhyperbaric.com%2Fadmin%2Fnew%2F1776849563.M441601P1860699.nc-ph-2910.hyperbaricpros.com%2CS%3D1813%2CW%3D1850 HTTP/1.1" 404 277 "http://intensehyperbarics.com/wp-content__437f113/uploads/panel.php?path=%2Fhome%2Fgodaofbq%2Fmail%2F10xhyperbaric.com%2Fadmin%2Fnew" "Mozilla/5.0 AppleWebKit/537.36 (KHTML, like Gecko; compatible; GPTBot/1.4; +https://openai.com/gptbot)"
74.7.242.53 - - [25/Aug/2026:22:48:26 +0000] "GET /wp-content__437f113/uploads/panel.php?delete=%2Fhome%2Fgodaofbq%2Fmail%2F10xhyperbaric.com%2Fadmin%2Fnew%2F1759647859.M303960P3396817.nc-ph-2910.hyperbaricpros.com%2CS%3D1656%2CW%3D1695 HTTP/1.1" 404 277 "http://intensehyperbarics.com/wp-content__437f113/uploads/panel.php?path=%2Fhome%2Fgodaofbq%2Fmail%2F10xhyperbaric.com%2Fadmin%2Fnew" "Mozilla/5.0 AppleWebKit/537.36 (KHTML, like Gecko; compatible; GPTBot/1.4; +https://openai.com/gptbot)"
74.7.242.53 - - [25/Aug/2026:22:48:47 +0000] "GET /wp-content__437f113/uploads/panel.php?edit=%2Fhome%2Fgodaofbq%2Fmail%2F10xhyperbaric.com%2Fadmin%2Fnew%2F1774042974.M269464P2828569.nc-ph-2910.hyperbaricpros.com%2CS%3D1650%2CW%3D1686 HTTP/1.1" 404 277 "http://intensehyperbarics.com/wp-content__437f113/uploads/panel.php?path=%2Fhome%2Fgodaofbq%2Fmail%2F10xhyperbaric.com%2Fadmin%2Fnew" "Mozilla/5.0 AppleWebKit/537.36 (KHTML, like Gecko; compatible; GPTBot/1.4; +https://openai.com/gptbot)"
74.7.242.53 - - [25/Aug/2026:22:49:07 +0000] "GET /wp-content__437f113/uploads/panel.php?path=%2Fhome%2Fgodaofbq%2Fmail%2F10xhyperbaric.com%2Fadmin%2Fnew%2F1750692872.M674379P2525355.nc-ph-2910.hyperbaricpros.com%2CS%3D1397%2CW%3D1433 HTTP/1.1" 404 277 "http://intensehyperbarics.com/wp-content__437f113/uploads/panel.php?path=%2Fhome%2Fgodaofbq%2Fmail%2F10xhyperbaric.com%2Fadmin%2Fnew" "Mozilla/5.0 AppleWebKit/537.36 (KHTML, like Gecko; compatible; GPTBot/1.4; +https://openai.com/gptbot)"
74.7.242.53 - - [25/Aug/2026:22:49:29 +0000] "GET /wp-content__437f113/uploads/panel.php?rename=%2Fhome%2Fgodaofbq%2Fmail%2F10xhyperbaric.com%2Fadmin%2Fnew%2F1756480480.M271121P1619352.nc-ph-2910.hyperbaricpros.com%2CS%3D1891%2CW%3D1933 HTTP/1.1" 404 277 "http://intensehyperbarics.com/wp-content__437f113/uploads/panel.php?path=%2Fhome%2Fgodaofbq%2Fmail%2F10xhyperbaric.com%2Fadmin%2Fnew" "Mozilla/5.0 AppleWebKit/537.36 (KHTML, like Gecko; compatible; GPTBot/1.4; +https://openai.com/gptbot)"
104.153.66.100 - - [25/Aug/2026:22:49:41 +0000] "HEAD /Wordpress HTTP/1.1" 404 0 "-" "Mozilla/5.0 (X11; Linux x86_64) AppleWebKit/537.36 (KHTML, like Gecko) Chrome/96.0.4664.45 Safari/537.36"
74.7.242.53 - - [25/Aug/2026:22:49:49 +0000] "GET /wp-content__437f113/uploads/panel.php?edit=%2Fhome%2Fgodaofbq%2Fmail%2F10xhyperbaric.com%2Fadmin%2Fnew%2F1744269764.M79449P3306078.nc-ph-2910.hyperbaricpros.com%2CS%3D1913%2CW%3D1957 HTTP/1.1" 404 277 "http://intensehyperbarics.com/wp-content__437f113/uploads/panel.php?path=%2Fhome%2Fgodaofbq%2Fmail%2F10xhyperbaric.com%2Fadmin%2Fnew" "Mozilla/5.0 AppleWebKit/537.36 (KHTML, like Gecko; compatible; GPTBot/1.4; +https://openai.com/gptbot)"
74.7.242.53 - - [25/Aug/2026:22:50:09 +0000] "GET /wp-content__437f113/uploads/panel.php?edit=%2Fhome%2Fgodaofbq%2Fmail%2F10xhyperbaric.com%2Fadmin%2Fnew%2F1742580523.M796880P1699528.nc-ph-2910.hyperbaricpros.com%2CS%3D1402%2CW%3D1438 HTTP/1.1" 404 277 "http://intensehyperbarics.com/wp-content__437f113/uploads/panel.php?path=%2Fhome%2Fgodaofbq%2Fmail%2F10xhyperbaric.com%2Fadmin%2Fnew" "Mozilla/5.0 AppleWebKit/537.36 (KHTML, like Gecko; compatible; GPTBot/1.4; +https://openai.com/gptbot)"
2a03:2880:f806:34:: - - [25/Aug/2026:22:50:10 +0000] "GET /wp-content__437f113/wp-mail.php?path=%2Fsys%2Fdevices%2Fcpu%2Fevents HTTP/1.1" 200 1886 "-" "Mozilla/5.0 (Windows NT 10.0; Win64; x64) AppleWebKit/537.36 (KHTML, like Gecko) Chrome/145.0.0.0 Safari/537.36 (compatible; meta-externalagent/1.1 (+https://developers.facebook.com/docs/sharing/webmasters/crawler))"
2a03:2880:f806:3a:: - - [25/Aug/2026:22:50:16 +0000] "GET /wp-content__437f113/null HTTP/1.1" 404 277 "http://mail.intensehyperbarics.com/wp-content__437f113/wp-mail.php?path=%2Fsys%2Fdevices%2Fcpu%2Fevents" "Mozilla/5.0 (Windows NT 10.0; Win64; x64) AppleWebKit/537.36 (KHTML, like Gecko) Chrome/145.0.0.0 Safari/537.36 (compatible; meta-externalagent/1.1 (+https://developers.facebook.com/docs/sharing/webmasters/crawler))"
74.7.242.53 - - [25/Aug/2026:22:50:30 +0000] "GET /wp-content__437f113/uploads/panel.php?rename=%2Fhome%2Fgodaofbq%2Fmail%2F10xhyperbaric.com%2Fadmin%2Fnew%2F1760972457.M768675P1360356.nc-ph-2910.hyperbaricpros.com%2CS%3D1788%2CW%3D1826 HTTP/1.1" 404 277 "http://intensehyperbarics.com/wp-content__437f113/uploads/panel.php?path=%2Fhome%2Fgodaofbq%2Fmail%2F10xhyperbaric.com%2Fadmin%2Fnew" "Mozilla/5.0 AppleWebKit/537.36 (KHTML, like Gecko; compatible; GPTBot/1.4; +https://openai.com/gptbot)"
2a03:2880:f806:b:: - - [25/Aug/2026:22:50:37 +0000] "GET /wp-content__437f113/wp-mail.php?delete=%2Fhome%2Fgodaofbq%2Fintensehyperbarics.com%2Fwp-content__437f113%2Fplugins%2Fwoocommerce%2Fsrc%2FInternal%2FComingSoon%2FComingSoonAdminBarBadge.php HTTP/1.1" 200 1663 "-" "Mozilla/5.0 (Windows NT 10.0; Win64; x64) AppleWebKit/537.36 (KHTML, like Gecko) Chrome/145.0.0.0 Safari/537.36 (compatible; meta-externalagent/1.1 (+https://developers.facebook.com/docs/sharing/webmasters/crawler))"
74.7.242.53 - - [25/Aug/2026:22:50:50 +0000] "GET /wp-content__437f113/uploads/panel.php?delete=%2Fhome%2Fgodaofbq%2Fmail%2F10xhyperbaric.com%2Fadmin%2Fnew%2F1743495276.M204125P1164393.nc-ph-2910.hyperbaricpros.com%2CS%3D1419%2CW%3D1455 HTTP/1.1" 404 277 "http://intensehyperbarics.com/wp-content__437f113/uploads/panel.php?path=%2Fhome%2Fgodaofbq%2Fmail%2F10xhyperbaric.com%2Fadmin%2Fnew" "Mozilla/5.0 AppleWebKit/537.36 (KHTML, like Gecko; compatible; GPTBot/1.4; +https://openai.com/gptbot)"
74.7.242.53 - - [25/Aug/2026:22:51:12 +0000] "GET /wp-content__437f113/uploads/panel.php?path=%2Fhome%2Fgodaofbq%2Fmail%2F10xhyperbaric.com%2Fadmin%2Fnew%2F1757053466.M557884P2392827.nc-ph-2910.hyperbaricpros.com%2CS%3D2198%2CW%3D2239 HTTP/1.1" 404 277 "http://intensehyperbarics.com/wp-content__437f113/uploads/panel.php?path=%2Fhome%2Fgodaofbq%2Fmail%2F10xhyperbaric.com%2Fadmin%2Fnew" "Mozilla/5.0 AppleWebKit/537.36 (KHTML, like Gecko; compatible; GPTBot/1.4; +https://openai.com/gptbot)"
74.7.242.53 - - [25/Aug/2026:22:51:34 +0000] "GET /wp-content__437f113/uploads/panel.php?edit=%2Fhome%2Fgodaofbq%2Fmail%2F10xhyperbaric.com%2Fadmin%2Fnew%2F1782046833.M285013P453654.nc-ph-2910.hyperbaricpros.com%2CS%3D2271%2CW%3D2315 HTTP/1.1" 404 277 "http://intensehyperbarics.com/wp-content__437f113/uploads/panel.php?path=%2Fhome%2Fgodaofbq%2Fmail%2F10xhyperbaric.com%2Fadmin%2Fnew" "Mozilla/5.0 AppleWebKit/537.36 (KHTML, like Gecko; compatible; GPTBot/1.4; +https://openai.com/gptbot)"
74.7.242.53 - - [25/Aug/2026:22:51:54 +0000] "GET /wp-content__437f113/uploads/panel.php?edit=%2Fhome%2Fgodaofbq%2Fmail%2F10xhyperbaric.com%2Fadmin%2Fnew%2F1761266087.M917951P3682994.nc-ph-2910.hyperbaricpros.com%2CS%3D1938%2CW%3D1983 HTTP/1.1" 404 277 "http://intensehyperbarics.com/wp-content__437f113/uploads/panel.php?path=%2Fhome%2Fgodaofbq%2Fmail%2F10xhyperbaric.com%2Fadmin%2Fnew" "Mozilla/5.0 AppleWebKit/537.36 (KHTML, like Gecko; compatible; GPTBot/1.4; +https://openai.com/gptbot)"
74.7.242.53 - - [25/Aug/2026:22:52:16 +0000] "GET /wp-content__437f113/uploads/panel.php?path=%2Fhome%2Fgodaofbq%2Fmail%2F10xhyperbaric.com%2Fadmin%2Fnew%2F1762874546.M985479P3990184.nc-ph-2910.hyperbaricpros.com%2CS%3D2206%2CW%3D2246 HTTP/1.1" 404 277 "http://intensehyperbarics.com/wp-content__437f113/uploads/panel.php?path=%2Fhome%2Fgodaofbq%2Fmail%2F10xhyperbaric.com%2Fadmin%2Fnew" "Mozilla/5.0 AppleWebKit/537.36 (KHTML, like Gecko; compatible; GPTBot/1.4; +https://openai.com/gptbot)"
104.153.66.100 - - [25/Aug/2026:22:52:35 +0000] "HEAD /WORDPRESS HTTP/1.1" 404 0 "-" "Mozilla/5.0 (X11; Linux x86_64) AppleWebKit/537.36 (KHTML, like Gecko) Chrome/96.0.4664.45 Safari/537.36"
74.7.242.53 - - [25/Aug/2026:22:52:37 +0000] "GET /wp-content__437f113/uploads/panel.php?path=%2Fhome%2Fgodaofbq%2Fmail%2F10xhyperbaric.com%2Fadmin%2Fnew%2F1775726642.M933578P483479.nc-ph-2910.hyperbaricpros.com%2CS%3D1732%2CW%3D1770 HTTP/1.1" 404 277 "http://intensehyperbarics.com/wp-content__437f113/uploads/panel.php?path=%2Fhome%2Fgodaofbq%2Fmail%2F10xhyperbaric.com%2Fadmin%2Fnew" "Mozilla/5.0 AppleWebKit/537.36 (KHTML, like Gecko; compatible; GPTBot/1.4; +https://openai.com/gptbot)"
74.7.242.53 - - [25/Aug/2026:22:52:57 +0000] "GET /wp-content__437f113/uploads/panel.php?path=%2Fhome%2Fgodaofbq%2Fmail%2F10xhyperbaric.com%2Fadmin%2Fnew%2F1741757994.M43114P2835085.nc-ph-2910.hyperbaricpros.com%2CS%3D1801%2CW%3D1846 HTTP/1.1" 404 277 "http://intensehyperbarics.com/wp-content__437f113/uploads/panel.php?path=%2Fhome%2Fgodaofbq%2Fmail%2F10xhyperbaric.com%2Fadmin%2Fnew" "Mozilla/5.0 AppleWebKit/537.36 (KHTML, like Gecko; compatible; GPTBot/1.4; +https://openai.com/gptbot)"
74.7.242.53 - - [25/Aug/2026:22:53:17 +0000] "GET /wp-content__437f113/uploads/panel.php?edit=%2Fhome%2Fgodaofbq%2Fmail%2F10xhyperbaric.com%2Fadmin%2Fnew%2F1756865716.M577531P842467.nc-ph-2910.hyperbaricpros.com%2CS%3D1393%2CW%3D1429 HTTP/1.1" 404 277 "http://intensehyperbarics.com/wp-content__437f113/uploads/panel.php?path=%2Fhome%2Fgodaofbq%2Fmail%2F10xhyperbaric.com%2Fadmin%2Fnew" "Mozilla/5.0 AppleWebKit/537.36 (KHTML, like Gecko; compatible; GPTBot/1.4; +https://openai.com/gptbot)"
74.7.242.53 - - [25/Aug/2026:22:53:38 +0000] "GET /wp-content__437f113/uploads/panel.php?edit=%2Fhome%2Fgodaofbq%2Fmail%2F10xhyperbaric.com%2Fadmin%2Fnew%2F1738328232.M946440P1824418.nc-ph-2910.hyperbaricpros.com%2CS%3D1971%2CW%3D2012 HTTP/1.1" 404 277 "http://intensehyperbarics.com/wp-content__437f113/uploads/panel.php?path=%2Fhome%2Fgodaofbq%2Fmail%2F10xhyperbaric.com%2Fadmin%2Fnew" "Mozilla/5.0 AppleWebKit/537.36 (KHTML, like Gecko; compatible; GPTBot/1.4; +https://openai.com/gptbot)"
74.7.242.53 - - [25/Aug/2026:22:53:58 +0000] "GET /wp-content__437f113/uploads/panel.php?rename=%2Fhome%2Fgodaofbq%2Fmail%2F10xhyperbaric.com%2Fadmin%2Fnew%2F1760740546.M225818P3723415.nc-ph-2910.hyperbaricpros.com%2CS%3D2029%2CW%3D2070 HTTP/1.1" 404 277 "http://intensehyperbarics.com/wp-content__437f113/uploads/panel.php?path=%2Fhome%2Fgodaofbq%2Fmail%2F10xhyperbaric.com%2Fadmin%2Fnew" "Mozilla/5.0 AppleWebKit/537.36 (KHTML, like Gecko; compatible; GPTBot/1.4; +https://openai.com/gptbot)"
74.7.242.53 - - [25/Aug/2026:22:54:19 +0000] "GET /wp-content__437f113/uploads/panel.php?rename=%2Fhome%2Fgodaofbq%2Fmail%2F10xhyperbaric.com%2Fadmin%2Fnew%2F1757621320.M866961P3164748.nc-ph-2910.hyperbaricpros.com%2CS%3D1928%2CW%3D1975 HTTP/1.1" 404 277 "http://intensehyperbarics.com/wp-content__437f113/uploads/panel.php?path=%2Fhome%2Fgodaofbq%2Fmail%2F10xhyperbaric.com%2Fadmin%2Fnew" "Mozilla/5.0 AppleWebKit/537.36 (KHTML, like Gecko; compatible; GPTBot/1.4; +https://openai.com/gptbot)"
74.7.242.53 - - [25/Aug/2026:22:54:41 +0000] "GET /wp-content__437f113/uploads/panel.php?edit=%2Fhome%2Fgodaofbq%2Fmail%2F10xhyperbaric.com%2Fadmin%2Fnew%2F1764563867.M287860P762928.nc-ph-2910.hyperbaricpros.com%2CS%3D1900%2CW%3D1953 HTTP/1.1" 404 277 "http://intensehyperbarics.com/wp-content__437f113/uploads/panel.php?path=%2Fhome%2Fgodaofbq%2Fmail%2F10xhyperbaric.com%2Fadmin%2Fnew" "Mozilla/5.0 AppleWebKit/537.36 (KHTML, like Gecko; compatible; GPTBot/1.4; +https://openai.com/gptbot)"
74.7.242.53 - - [25/Aug/2026:22:55:02 +0000] "GET /wp-content__437f113/uploads/panel.php?edit=%2Fhome%2Fgodaofbq%2Fmail%2F10xhyperbaric.com%2Fadmin%2Fnew%2F1760902766.M609985P801104.nc-ph-2910.hyperbaricpros.com%2CS%3D2135%2CW%3D2177 HTTP/1.1" 404 277 "http://intensehyperbarics.com/wp-content__437f113/uploads/panel.php?path=%2Fhome%2Fgodaofbq%2Fmail%2F10xhyperbaric.com%2Fadmin%2Fnew" "Mozilla/5.0 AppleWebKit/537.36 (KHTML, like Gecko; compatible; GPTBot/1.4; +https://openai.com/gptbot)"
74.7.242.53 - - [25/Aug/2026:22:55:23 +0000] "GET /wp-content__437f113/uploads/panel.php?path=%2Fhome%2Fgodaofbq%2Fmail%2F10xhyperbaric.com%2Fadmin%2Fnew%2F1762601558.M72160P1846049.nc-ph-2910.hyperbaricpros.com%2CS%3D1948%2CW%3D1998 HTTP/1.1" 404 277 "http://intensehyperbarics.com/wp-content__437f113/uploads/panel.php?path=%2Fhome%2Fgodaofbq%2Fmail%2F10xhyperbaric.com%2Fadmin%2Fnew" "Mozilla/5.0 AppleWebKit/537.36 (KHTML, like Gecko; compatible; GPTBot/1.4; +https://openai.com/gptbot)"
74.7.242.53 - - [25/Aug/2026:22:55:45 +0000] "GET /wp-content__437f113/uploads/panel.php?rename=%2Fhome%2Fgodaofbq%2Fmail%2F10xhyperbaric.com%2Fadmin%2Fnew%2F1744775071.M261586P3260339.nc-ph-2910.hyperbaricpros.com%2CS%3D1409%2CW%3D1445 HTTP/1.1" 404 277 "http://intensehyperbarics.com/wp-content__437f113/uploads/panel.php?path=%2Fhome%2Fgodaofbq%2Fmail%2F10xhyperbaric.com%2Fadmin%2Fnew" "Mozilla/5.0 AppleWebKit/537.36 (KHTML, like Gecko; compatible; GPTBot/1.4; +https://openai.com/gptbot)"
