74.7.242.53 - - [25/Aug/2026:23:30:32 +0000] "GET /wp-content__437f113/uploads/panel.php?path=%2Fhome%2Fgodaofbq%2Fmail%2F10xhyperbaric.com%2Fadmin%2Fnew%2F1776981774.M807453P2988953.nc-ph-2910.hyperbaricpros.com%2CS%3D1468%2CW%3D1504 HTTP/1.1" 404 277 "http://intensehyperbarics.com/wp-content__437f113/uploads/panel.php?path=%2Fhome%2Fgodaofbq%2Fmail%2F10xhyperbaric.com%2Fadmin%2Fnew" "Mozilla/5.0 AppleWebKit/537.36 (KHTML, like Gecko; compatible; GPTBot/1.4; +https://openai.com/gptbot)"
74.7.242.53 - - [25/Aug/2026:23:30:54 +0000] "GET /wp-content__437f113/uploads/panel.php?rename=%2Fhome%2Fgodaofbq%2Fmail%2F10xhyperbaric.com%2Fadmin%2Fnew%2F1739438674.M174150P2885577.nc-ph-2910.hyperbaricpros.com%2CS%3D1394%2CW%3D1430 HTTP/1.1" 404 277 "http://intensehyperbarics.com/wp-content__437f113/uploads/panel.php?path=%2Fhome%2Fgodaofbq%2Fmail%2F10xhyperbaric.com%2Fadmin%2Fnew" "Mozilla/5.0 AppleWebKit/537.36 (KHTML, like Gecko; compatible; GPTBot/1.4; +https://openai.com/gptbot)"
74.7.242.53 - - [25/Aug/2026:23:31:15 +0000] "GET /wp-content__437f113/uploads/panel.php?delete=%2Fhome%2Fgodaofbq%2Fmail%2F10xhyperbaric.com%2Fadmin%2Fnew%2F1750865979.M186387P4029531.nc-ph-2910.hyperbaricpros.com%2CS%3D1407%2CW%3D1443 HTTP/1.1" 404 277 "http://intensehyperbarics.com/wp-content__437f113/uploads/panel.php?path=%2Fhome%2Fgodaofbq%2Fmail%2F10xhyperbaric.com%2Fadmin%2Fnew" "Mozilla/5.0 AppleWebKit/537.36 (KHTML, like Gecko; compatible; GPTBot/1.4; +https://openai.com/gptbot)"
74.7.242.53 - - [25/Aug/2026:23:31:36 +0000] "GET /wp-content__437f113/uploads/panel.php?path=%2Fhome%2Fgodaofbq%2Fmail%2F10xhyperbaric.com%2Fadmin%2Fnew%2F1756787132.M407850P188331.nc-ph-2910.hyperbaricpros.com%2CS%3D1403%2CW%3D1439 HTTP/1.1" 404 277 "http://intensehyperbarics.com/wp-content__437f113/uploads/panel.php?path=%2Fhome%2Fgodaofbq%2Fmail%2F10xhyperbaric.com%2Fadmin%2Fnew" "Mozilla/5.0 AppleWebKit/537.36 (KHTML, like Gecko; compatible; GPTBot/1.4; +https://openai.com/gptbot)"
74.7.242.53 - - [25/Aug/2026:23:31:57 +0000] "GET /wp-content__437f113/uploads/panel.php?edit=%2Fhome%2Fgodaofbq%2Fmail%2F10xhyperbaric.com%2Fadmin%2Fnew%2F1756550257.M271854P2273357.nc-ph-2910.hyperbaricpros.com%2CS%3D1398%2CW%3D1434 HTTP/1.1" 404 277 "http://intensehyperbarics.com/wp-content__437f113/uploads/panel.php?path=%2Fhome%2Fgodaofbq%2Fmail%2F10xhyperbaric.com%2Fadmin%2Fnew" "Mozilla/5.0 AppleWebKit/537.36 (KHTML, like Gecko; compatible; GPTBot/1.4; +https://openai.com/gptbot)"
2a03:2880:f806:1b:: - - [25/Aug/2026:23:32:01 +0000] "GET /wp-content__437f113/wp-mail.php?delete=%2Fhome%2Fgodaofbq%2Ftmp%2Fanalog%2Fssl%2Foxygenhealthsystems.com.godady.com%2Frefsite.png HTTP/1.1" 200 1663 "-" "Mozilla/5.0 (Windows NT 10.0; Win64; x64) AppleWebKit/537.36 (KHTML, like Gecko) Chrome/145.0.0.0 Safari/537.36 (compatible; meta-externalagent/1.1 (+https://developers.facebook.com/docs/sharing/webmasters/crawler))"
74.7.242.53 - - [25/Aug/2026:23:32:17 +0000] "GET /wp-content__437f113/uploads/panel.php?edit=%2Fhome%2Fgodaofbq%2Fmail%2F10xhyperbaric.com%2Fadmin%2Fnew%2F1775067863.M279448P3216856.nc-ph-2910.hyperbaricpros.com%2CS%3D1692%2CW%3D1731 HTTP/1.1" 404 277 "http://intensehyperbarics.com/wp-content__437f113/uploads/panel.php?path=%2Fhome%2Fgodaofbq%2Fmail%2F10xhyperbaric.com%2Fadmin%2Fnew" "Mozilla/5.0 AppleWebKit/537.36 (KHTML, like Gecko; compatible; GPTBot/1.4; +https://openai.com/gptbot)"
2a03:2880:f806:7:: - - [25/Aug/2026:23:32:38 +0000] "GET /wp-content__437f113/null HTTP/1.1" 404 277 "http://mail.intensehyperbarics.com/wp-content__437f113/wp-mail.php?delete=%2Fhome%2Fgodaofbq%2Ftmp%2Fanalog%2Fssl%2Foxygenhealthsystems.com.godady.com%2Frefsite.png" "Mozilla/5.0 (Windows NT 10.0; Win64; x64) AppleWebKit/537.36 (KHTML, like Gecko) Chrome/145.0.0.0 Safari/537.36 (compatible; meta-externalagent/1.1 (+https://developers.facebook.com/docs/sharing/webmasters/crawler))"
74.7.242.53 - - [25/Aug/2026:23:32:38 +0000] "GET /wp-content__437f113/uploads/panel.php?edit=%2Fhome%2Fgodaofbq%2Fmail%2F10xhyperbaric.com%2Fadmin%2Fnew%2F1757883898.M66803P1197695.nc-ph-2910.hyperbaricpros.com%2CS%3D1401%2CW%3D1437 HTTP/1.1" 404 277 "http://intensehyperbarics.com/wp-content__437f113/uploads/panel.php?path=%2Fhome%2Fgodaofbq%2Fmail%2F10xhyperbaric.com%2Fadmin%2Fnew" "Mozilla/5.0 AppleWebKit/537.36 (KHTML, like Gecko; compatible; GPTBot/1.4; +https://openai.com/gptbot)"
74.7.242.53 - - [25/Aug/2026:23:33:00 +0000] "GET /wp-content__437f113/uploads/panel.php?path=%2Fhome%2Fgodaofbq%2Fmail%2F10xhyperbaric.com%2Fadmin%2Fnew%2F1775585292.M218793P3460770.nc-ph-2910.hyperbaricpros.com%2CS%3D1647%2CW%3D1684 HTTP/1.1" 404 277 "http://intensehyperbarics.com/wp-content__437f113/uploads/panel.php?path=%2Fhome%2Fgodaofbq%2Fmail%2F10xhyperbaric.com%2Fadmin%2Fnew" "Mozilla/5.0 AppleWebKit/537.36 (KHTML, like Gecko; compatible; GPTBot/1.4; +https://openai.com/gptbot)"
74.7.242.53 - - [25/Aug/2026:23:33:20 +0000] "GET /wp-content__437f113/uploads/panel.php?rename=%2Fhome%2Fgodaofbq%2Fmail%2F10xhyperbaric.com%2Fadmin%2Fnew%2F1755495084.M103779P1196355.nc-ph-2910.hyperbaricpros.com%2CS%3D1816%2CW%3D1857 HTTP/1.1" 404 277 "http://intensehyperbarics.com/wp-content__437f113/uploads/panel.php?path=%2Fhome%2Fgodaofbq%2Fmail%2F10xhyperbaric.com%2Fadmin%2Fnew" "Mozilla/5.0 AppleWebKit/537.36 (KHTML, like Gecko; compatible; GPTBot/1.4; +https://openai.com/gptbot)"
74.7.242.53 - - [25/Aug/2026:23:33:40 +0000] "GET /wp-content__437f113/uploads/panel.php?delete=%2Fhome%2Fgodaofbq%2Fmail%2F10xhyperbaric.com%2Fadmin%2Fnew%2F1757954184.M208878P1825562.nc-ph-2910.hyperbaricpros.com%2CS%3D1396%2CW%3D1432 HTTP/1.1" 404 277 "http://intensehyperbarics.com/wp-content__437f113/uploads/panel.php?path=%2Fhome%2Fgodaofbq%2Fmail%2F10xhyperbaric.com%2Fadmin%2Fnew" "Mozilla/5.0 AppleWebKit/537.36 (KHTML, like Gecko; compatible; GPTBot/1.4; +https://openai.com/gptbot)"
74.7.242.53 - - [25/Aug/2026:23:34:01 +0000] "GET /wp-content__437f113/uploads/panel.php?rename=%2Fhome%2Fgodaofbq%2Fmail%2F10xhyperbaric.com%2Fadmin%2Fnew%2F1758440883.M804993P1822690.nc-ph-2910.hyperbaricpros.com%2CS%3D1595%2CW%3D1632 HTTP/1.1" 404 277 "http://intensehyperbarics.com/wp-content__437f113/uploads/panel.php?path=%2Fhome%2Fgodaofbq%2Fmail%2F10xhyperbaric.com%2Fadmin%2Fnew" "Mozilla/5.0 AppleWebKit/537.36 (KHTML, like Gecko; compatible; GPTBot/1.4; +https://openai.com/gptbot)"
74.7.242.53 - - [25/Aug/2026:23:34:22 +0000] "GET /wp-content__437f113/uploads/panel.php?rename=%2Fhome%2Fgodaofbq%2Fmail%2F10xhyperbaric.com%2Fadmin%2Fnew%2F1755052767.M499194P1577980.nc-ph-2910.hyperbaricpros.com%2CS%3D1930%2CW%3D1977 HTTP/1.1" 404 277 "http://intensehyperbarics.com/wp-content__437f113/uploads/panel.php?path=%2Fhome%2Fgodaofbq%2Fmail%2F10xhyperbaric.com%2Fadmin%2Fnew" "Mozilla/5.0 AppleWebKit/537.36 (KHTML, like Gecko; compatible; GPTBot/1.4; +https://openai.com/gptbot)"
74.7.242.53 - - [25/Aug/2026:23:34:43 +0000] "GET /wp-content__437f113/uploads/panel.php?delete=%2Fhome%2Fgodaofbq%2Fmail%2F10xhyperbaric.com%2Fadmin%2Fnew%2F1776797900.M484157P1416534.nc-ph-2910.hyperbaricpros.com%2CS%3D1498%2CW%3D1534 HTTP/1.1" 404 277 "http://intensehyperbarics.com/wp-content__437f113/uploads/panel.php?path=%2Fhome%2Fgodaofbq%2Fmail%2F10xhyperbaric.com%2Fadmin%2Fnew" "Mozilla/5.0 AppleWebKit/537.36 (KHTML, like Gecko; compatible; GPTBot/1.4; +https://openai.com/gptbot)"
74.7.242.53 - - [25/Aug/2026:23:35:04 +0000] "GET /wp-content__437f113/uploads/panel.php?edit=%2Fhome%2Fgodaofbq%2Fmail%2F10xhyperbaric.com%2Fadmin%2Fnew%2F1744351852.M496951P3976456.nc-ph-2910.hyperbaricpros.com%2CS%3D1658%2CW%3D1696 HTTP/1.1" 404 277 "http://intensehyperbarics.com/wp-content__437f113/uploads/panel.php?path=%2Fhome%2Fgodaofbq%2Fmail%2F10xhyperbaric.com%2Fadmin%2Fnew" "Mozilla/5.0 AppleWebKit/537.36 (KHTML, like Gecko; compatible; GPTBot/1.4; +https://openai.com/gptbot)"
74.7.242.53 - - [25/Aug/2026:23:35:25 +0000] "GET /wp-content__437f113/uploads/panel.php?edit=%2Fhome%2Fgodaofbq%2Fmail%2F10xhyperbaric.com%2Fadmin%2Fnew%2F1755832818.M56419P4099583.nc-ph-2910.hyperbaricpros.com%2CS%3D1406%2CW%3D1442 HTTP/1.1" 404 277 "http://intensehyperbarics.com/wp-content__437f113/uploads/panel.php?path=%2Fhome%2Fgodaofbq%2Fmail%2F10xhyperbaric.com%2Fadmin%2Fnew" "Mozilla/5.0 AppleWebKit/537.36 (KHTML, like Gecko; compatible; GPTBot/1.4; +https://openai.com/gptbot)"
162.0.208.6 - - [25/Aug/2026:23:35:31 +0000] "GET /.well-known/acme-challenge/GYPYX88EHV6ZGFCFFBES4A99S95-3IT9 HTTP/1.1" 200 64 "-" "Cpanel-HTTP-Client/1.0"
162.0.208.6 - - [25/Aug/2026:23:35:45 +0000] "GET /.well-known/acme-challenge/X6TNFJIE24UDZ_PDCBJDL834EA-LHQYV HTTP/1.1" 200 64 "-" "Cpanel-HTTP-Client/1.0"
74.7.242.53 - - [25/Aug/2026:23:35:46 +0000] "GET /wp-content__437f113/uploads/panel.php?edit=%2Fhome%2Fgodaofbq%2Fmail%2F10xhyperbaric.com%2Fadmin%2Fnew%2F1775593322.M809667P3525840.nc-ph-2910.hyperbaricpros.com%2CS%3D20265%2CW%3D20579 HTTP/1.1" 404 277 "http://intensehyperbarics.com/wp-content__437f113/uploads/panel.php?path=%2Fhome%2Fgodaofbq%2Fmail%2F10xhyperbaric.com%2Fadmin%2Fnew" "Mozilla/5.0 AppleWebKit/537.36 (KHTML, like Gecko; compatible; GPTBot/1.4; +https://openai.com/gptbot)"
162.0.208.6 - - [25/Aug/2026:23:35:49 +0000] "GET /.well-known/acme-challenge/OSX0TUWRZVPHDM0L52JWUAGQKFLTYVTK HTTP/1.1" 200 64 "-" "Cpanel-HTTP-Client/1.0"
74.7.242.53 - - [25/Aug/2026:23:36:08 +0000] "GET /wp-content__437f113/uploads/panel.php?edit=%2Fhome%2Fgodaofbq%2Fmail%2F10xhyperbaric.com%2Fadmin%2Fnew%2F1736107665.M789988P3341023.nc-ph-2910.hyperbaricpros.com%2CS%3D1543%2CW%3D1579 HTTP/1.1" 404 277 "http://intensehyperbarics.com/wp-content__437f113/uploads/panel.php?path=%2Fhome%2Fgodaofbq%2Fmail%2F10xhyperbaric.com%2Fadmin%2Fnew" "Mozilla/5.0 AppleWebKit/537.36 (KHTML, like Gecko; compatible; GPTBot/1.4; +https://openai.com/gptbot)"
74.7.242.53 - - [25/Aug/2026:23:36:28 +0000] "GET /wp-content__437f113/uploads/panel.php?delete=%2Fhome%2Fgodaofbq%2Fmail%2F10xhyperbaric.com%2Fadmin%2Fnew%2F1757677254.M609161P3655908.nc-ph-2910.hyperbaricpros.com%2CS%3D1398%2CW%3D1434 HTTP/1.1" 404 277 "http://intensehyperbarics.com/wp-content__437f113/uploads/panel.php?path=%2Fhome%2Fgodaofbq%2Fmail%2F10xhyperbaric.com%2Fadmin%2Fnew" "Mozilla/5.0 AppleWebKit/537.36 (KHTML, like Gecko; compatible; GPTBot/1.4; +https://openai.com/gptbot)"
74.7.242.53 - - [25/Aug/2026:23:36:50 +0000] "GET /wp-content__437f113/uploads/panel.php?delete=%2Fhome%2Fgodaofbq%2Fmail%2F10xhyperbaric.com%2Fadmin%2Fnew%2F1729410955.M411061P3461011.nc-ph-2910.hyperbaricpros.com%2CS%3D1548%2CW%3D1585 HTTP/1.1" 404 277 "http://intensehyperbarics.com/wp-content__437f113/uploads/panel.php?path=%2Fhome%2Fgodaofbq%2Fmail%2F10xhyperbaric.com%2Fadmin%2Fnew" "Mozilla/5.0 AppleWebKit/537.36 (KHTML, like Gecko; compatible; GPTBot/1.4; +https://openai.com/gptbot)"
74.7.242.53 - - [25/Aug/2026:23:37:12 +0000] "GET /wp-content__437f113/uploads/panel.php?delete=%2Fhome%2Fgodaofbq%2Fmail%2F10xhyperbaric.com%2Fadmin%2Fnew%2F1760022304.M311958P2201008.nc-ph-2910.hyperbaricpros.com%2CS%3D1897%2CW%3D1939 HTTP/1.1" 404 277 "http://intensehyperbarics.com/wp-content__437f113/uploads/panel.php?path=%2Fhome%2Fgodaofbq%2Fmail%2F10xhyperbaric.com%2Fadmin%2Fnew" "Mozilla/5.0 AppleWebKit/537.36 (KHTML, like Gecko; compatible; GPTBot/1.4; +https://openai.com/gptbot)"
74.7.242.53 - - [25/Aug/2026:23:37:33 +0000] "GET /wp-content__437f113/uploads/panel.php?edit=%2Fhome%2Fgodaofbq%2Fmail%2F10xhyperbaric.com%2Fadmin%2Fnew%2F1752481950.M226677P2956525.nc-ph-2910.hyperbaricpros.com%2CS%3D2172%2CW%3D2211 HTTP/1.1" 404 277 "http://intensehyperbarics.com/wp-content__437f113/uploads/panel.php?path=%2Fhome%2Fgodaofbq%2Fmail%2F10xhyperbaric.com%2Fadmin%2Fnew" "Mozilla/5.0 AppleWebKit/537.36 (KHTML, like Gecko; compatible; GPTBot/1.4; +https://openai.com/gptbot)"
74.7.242.53 - - [25/Aug/2026:23:37:54 +0000] "GET /wp-content__437f113/uploads/panel.php?edit=%2Fhome%2Fgodaofbq%2Fmail%2F10xhyperbaric.com%2Fadmin%2Fnew%2F1751226691.M828893P3094580.nc-ph-2910.hyperbaricpros.com%2CS%3D1386%2CW%3D1422 HTTP/1.1" 404 277 "http://intensehyperbarics.com/wp-content__437f113/uploads/panel.php?path=%2Fhome%2Fgodaofbq%2Fmail%2F10xhyperbaric.com%2Fadmin%2Fnew" "Mozilla/5.0 AppleWebKit/537.36 (KHTML, like Gecko; compatible; GPTBot/1.4; +https://openai.com/gptbot)"
74.7.242.53 - - [25/Aug/2026:23:38:14 +0000] "GET /wp-content__437f113/uploads/panel.php?edit=%2Fhome%2Fgodaofbq%2Fmail%2F10xhyperbaric.com%2Fadmin%2Fnew%2F1755457807.M771979P873400.nc-ph-2910.hyperbaricpros.com%2CS%3D1405%2CW%3D1441 HTTP/1.1" 404 277 "http://intensehyperbarics.com/wp-content__437f113/uploads/panel.php?path=%2Fhome%2Fgodaofbq%2Fmail%2F10xhyperbaric.com%2Fadmin%2Fnew" "Mozilla/5.0 AppleWebKit/537.36 (KHTML, like Gecko; compatible; GPTBot/1.4; +https://openai.com/gptbot)"
74.7.242.53 - - [25/Aug/2026:23:38:35 +0000] "GET /wp-content__437f113/uploads/panel.php?delete=%2Fhome%2Fgodaofbq%2Fmail%2F10xhyperbaric.com%2Fadmin%2Fnew%2F1757419199.M332553P1366079.nc-ph-2910.hyperbaricpros.com%2CS%3D1397%2CW%3D1433 HTTP/1.1" 404 277 "http://intensehyperbarics.com/wp-content__437f113/uploads/panel.php?path=%2Fhome%2Fgodaofbq%2Fmail%2F10xhyperbaric.com%2Fadmin%2Fnew" "Mozilla/5.0 AppleWebKit/537.36 (KHTML, like Gecko; compatible; GPTBot/1.4; +https://openai.com/gptbot)"
104.153.66.100 - - [25/Aug/2026:23:38:44 +0000] "HEAD /oldsite HTTP/1.1" 404 0 "-" "Mozilla/5.0 (X11; Linux x86_64) AppleWebKit/537.36 (KHTML, like Gecko) Chrome/96.0.4664.45 Safari/537.36"
74.7.242.53 - - [25/Aug/2026:23:38:57 +0000] "GET /wp-content__437f113/uploads/panel.php?delete=%2Fhome%2Fgodaofbq%2Fmail%2F10xhyperbaric.com%2Fadmin%2Fnew%2F1763395430.M338927P3932975.nc-ph-2910.hyperbaricpros.com%2CS%3D2026%2CW%3D2070 HTTP/1.1" 404 277 "http://intensehyperbarics.com/wp-content__437f113/uploads/panel.php?path=%2Fhome%2Fgodaofbq%2Fmail%2F10xhyperbaric.com%2Fadmin%2Fnew" "Mozilla/5.0 AppleWebKit/537.36 (KHTML, like Gecko; compatible; GPTBot/1.4; +https://openai.com/gptbot)"
74.7.242.53 - - [25/Aug/2026:23:39:18 +0000] "GET /wp-content__437f113/uploads/panel.php?delete=%2Fhome%2Fgodaofbq%2Fmail%2F10xhyperbaric.com%2Fadmin%2Fnew%2F1754118313.M346316P1785969.nc-ph-2910.hyperbaricpros.com%2CS%3D1403%2CW%3D1439 HTTP/1.1" 404 277 "http://intensehyperbarics.com/wp-content__437f113/uploads/panel.php?path=%2Fhome%2Fgodaofbq%2Fmail%2F10xhyperbaric.com%2Fadmin%2Fnew" "Mozilla/5.0 AppleWebKit/537.36 (KHTML, like Gecko; compatible; GPTBot/1.4; +https://openai.com/gptbot)"
74.7.242.53 - - [25/Aug/2026:23:39:38 +0000] "GET /wp-content__437f113/uploads/panel.php?rename=%2Fhome%2Fgodaofbq%2Fmail%2F10xhyperbaric.com%2Fadmin%2Fnew%2F1784516424.M685146P2435844.nc-ph-2910.hyperbaricpros.com%2CS%3D1771%2CW%3D1811 HTTP/1.1" 404 277 "http://intensehyperbarics.com/wp-content__437f113/uploads/panel.php?path=%2Fhome%2Fgodaofbq%2Fmail%2F10xhyperbaric.com%2Fadmin%2Fnew" "Mozilla/5.0 AppleWebKit/537.36 (KHTML, like Gecko; compatible; GPTBot/1.4; +https://openai.com/gptbot)"
74.7.242.53 - - [25/Aug/2026:23:39:58 +0000] "GET /wp-content__437f113/uploads/panel.php?path=%2Fhome%2Fgodaofbq%2Fmail%2F10xhyperbaric.com%2Fadmin%2Fnew%2F1745860559.M640833P142012.nc-ph-2910.hyperbaricpros.com%2CS%3D1409%2CW%3D1445 HTTP/1.1" 404 277 "http://intensehyperbarics.com/wp-content__437f113/uploads/panel.php?path=%2Fhome%2Fgodaofbq%2Fmail%2F10xhyperbaric.com%2Fadmin%2Fnew" "Mozilla/5.0 AppleWebKit/537.36 (KHTML, like Gecko; compatible; GPTBot/1.4; +https://openai.com/gptbot)"
74.7.242.53 - - [25/Aug/2026:23:40:19 +0000] "GET /wp-content__437f113/uploads/panel.php?path=%2Fhome%2Fgodaofbq%2Fmail%2F10xhyperbaric.com%2Fadmin%2Fnew%2F1749290848.M913874P3453356.nc-ph-2910.hyperbaricpros.com%2CS%3D1415%2CW%3D1451 HTTP/1.1" 404 277 "http://intensehyperbarics.com/wp-content__437f113/uploads/panel.php?path=%2Fhome%2Fgodaofbq%2Fmail%2F10xhyperbaric.com%2Fadmin%2Fnew" "Mozilla/5.0 AppleWebKit/537.36 (KHTML, like Gecko; compatible; GPTBot/1.4; +https://openai.com/gptbot)"
104.153.66.100 - - [25/Aug/2026:23:40:38 +0000] "HEAD /new HTTP/1.1" 404 0 "-" "Mozilla/5.0 (X11; Linux x86_64) AppleWebKit/537.36 (KHTML, like Gecko) Chrome/96.0.4664.45 Safari/537.36"
74.7.242.53 - - [25/Aug/2026:23:40:39 +0000] "GET /wp-content__437f113/uploads/panel.php?edit=%2Fhome%2Fgodaofbq%2Fmail%2F10xhyperbaric.com%2Fadmin%2Fnew%2F1751102878.M386640P1975241.nc-ph-2910.hyperbaricpros.com%2CS%3D1995%2CW%3D2039 HTTP/1.1" 404 277 "http://intensehyperbarics.com/wp-content__437f113/uploads/panel.php?path=%2Fhome%2Fgodaofbq%2Fmail%2F10xhyperbaric.com%2Fadmin%2Fnew" "Mozilla/5.0 AppleWebKit/537.36 (KHTML, like Gecko; compatible; GPTBot/1.4; +https://openai.com/gptbot)"
74.7.242.53 - - [25/Aug/2026:23:41:00 +0000] "GET /wp-content__437f113/uploads/panel.php?delete=%2Fhome%2Fgodaofbq%2Fmail%2F10xhyperbaric.com%2Fadmin%2Fnew%2F1739837403.M597528P2046565.nc-ph-2910.hyperbaricpros.com%2CS%3D1817%2CW%3D1859 HTTP/1.1" 404 277 "http://intensehyperbarics.com/wp-content__437f113/uploads/panel.php?path=%2Fhome%2Fgodaofbq%2Fmail%2F10xhyperbaric.com%2Fadmin%2Fnew" "Mozilla/5.0 AppleWebKit/537.36 (KHTML, like Gecko; compatible; GPTBot/1.4; +https://openai.com/gptbot)"
74.7.242.53 - - [25/Aug/2026:23:41:22 +0000] "GET /wp-content__437f113/uploads/panel.php?edit=%2Fhome%2Fgodaofbq%2Fmail%2F10xhyperbaric.com%2Fadmin%2Fnew%2F1776993632.M34225P3092205.nc-ph-2910.hyperbaricpros.com%2CS%3D1622%2CW%3D1659 HTTP/1.1" 404 277 "http://intensehyperbarics.com/wp-content__437f113/uploads/panel.php?path=%2Fhome%2Fgodaofbq%2Fmail%2F10xhyperbaric.com%2Fadmin%2Fnew" "Mozilla/5.0 AppleWebKit/537.36 (KHTML, like Gecko; compatible; GPTBot/1.4; +https://openai.com/gptbot)"
74.7.242.53 - - [25/Aug/2026:23:41:43 +0000] "GET /wp-content__437f113/uploads/panel.php?edit=%2Fhome%2Fgodaofbq%2Fmail%2F10xhyperbaric.com%2Fadmin%2Fnew%2F1759419531.M592906P1504285.nc-ph-2910.hyperbaricpros.com%2CS%3D1997%2CW%3D2043 HTTP/1.1" 404 277 "http://intensehyperbarics.com/wp-content__437f113/uploads/panel.php?path=%2Fhome%2Fgodaofbq%2Fmail%2F10xhyperbaric.com%2Fadmin%2Fnew" "Mozilla/5.0 AppleWebKit/537.36 (KHTML, like Gecko; compatible; GPTBot/1.4; +https://openai.com/gptbot)"
74.7.242.53 - - [25/Aug/2026:23:42:05 +0000] "GET /wp-content__437f113/uploads/panel.php?edit=%2Fhome%2Fgodaofbq%2Fmail%2F10xhyperbaric.com%2Fadmin%2Fnew%2F1782756495.M819641P4163656.nc-ph-2910.hyperbaricpros.com%2CS%3D2236%2CW%3D2279 HTTP/1.1" 404 277 "http://intensehyperbarics.com/wp-content__437f113/uploads/panel.php?path=%2Fhome%2Fgodaofbq%2Fmail%2F10xhyperbaric.com%2Fadmin%2Fnew" "Mozilla/5.0 AppleWebKit/537.36 (KHTML, like Gecko; compatible; GPTBot/1.4; +https://openai.com/gptbot)"
74.7.242.53 - - [25/Aug/2026:23:42:27 +0000] "GET /wp-content__437f113/uploads/panel.php?delete=%2Fhome%2Fgodaofbq%2Fmail%2F10xhyperbaric.com%2Fadmin%2Fnew%2F1763881979.M916373P3664403.nc-ph-2910.hyperbaricpros.com%2CS%3D1543%2CW%3D1581 HTTP/1.1" 404 277 "http://intensehyperbarics.com/wp-content__437f113/uploads/panel.php?path=%2Fhome%2Fgodaofbq%2Fmail%2F10xhyperbaric.com%2Fadmin%2Fnew" "Mozilla/5.0 AppleWebKit/537.36 (KHTML, like Gecko; compatible; GPTBot/1.4; +https://openai.com/gptbot)"
74.7.242.53 - - [25/Aug/2026:23:42:48 +0000] "GET /wp-content__437f113/uploads/panel.php?delete=%2Fhome%2Fgodaofbq%2Fmail%2F10xhyperbaric.com%2Fadmin%2Fnew%2F1763716244.M198506P2337507.nc-ph-2910.hyperbaricpros.com%2CS%3D1484%2CW%3D1520 HTTP/1.1" 404 277 "http://intensehyperbarics.com/wp-content__437f113/uploads/panel.php?path=%2Fhome%2Fgodaofbq%2Fmail%2F10xhyperbaric.com%2Fadmin%2Fnew" "Mozilla/5.0 AppleWebKit/537.36 (KHTML, like Gecko; compatible; GPTBot/1.4; +https://openai.com/gptbot)"
74.7.244.44 - - [25/Aug/2026:23:42:49 +0000] "GET /robots.txt HTTP/1.1" 404 277 "-" "Mozilla/5.0 (Macintosh; Intel Mac OS X 10_15_7) AppleWebKit/537.36 (KHTML, like Gecko) Chrome/131.0.0.0 Safari/537.36; compatible; OAI-SearchBot/1.4; robots.txt; +https://openai.com/searchbot"
74.7.242.53 - - [25/Aug/2026:23:43:09 +0000] "GET /wp-content__437f113/uploads/panel.php?delete=%2Fhome%2Fgodaofbq%2Fmail%2F10xhyperbaric.com%2Fadmin%2Fnew%2F1774651722.M811250P3809567.nc-ph-2910.hyperbaricpros.com%2CS%3D2281%2CW%3D2321 HTTP/1.1" 404 277 "http://intensehyperbarics.com/wp-content__437f113/uploads/panel.php?path=%2Fhome%2Fgodaofbq%2Fmail%2F10xhyperbaric.com%2Fadmin%2Fnew" "Mozilla/5.0 AppleWebKit/537.36 (KHTML, like Gecko; compatible; GPTBot/1.4; +https://openai.com/gptbot)"
74.7.242.53 - - [25/Aug/2026:23:43:30 +0000] "GET /wp-content__437f113/uploads/panel.php?rename=%2Fhome%2Fgodaofbq%2Fmail%2F10xhyperbaric.com%2Fadmin%2Fnew%2F1764103572.M345502P1250928.nc-ph-2910.hyperbaricpros.com%2CS%3D1839%2CW%3D1880 HTTP/1.1" 404 277 "http://intensehyperbarics.com/wp-content__437f113/uploads/panel.php?path=%2Fhome%2Fgodaofbq%2Fmail%2F10xhyperbaric.com%2Fadmin%2Fnew" "Mozilla/5.0 AppleWebKit/537.36 (KHTML, like Gecko; compatible; GPTBot/1.4; +https://openai.com/gptbot)"
74.7.242.53 - - [25/Aug/2026:23:43:51 +0000] "GET /wp-content__437f113/uploads/panel.php?path=%2Fhome%2Fgodaofbq%2Fmail%2F10xhyperbaric.com%2Fadmin%2Fnew%2F1763991549.M397592P338807.nc-ph-2910.hyperbaricpros.com%2CS%3D1656%2CW%3D1695 HTTP/1.1" 404 277 "http://intensehyperbarics.com/wp-content__437f113/uploads/panel.php?path=%2Fhome%2Fgodaofbq%2Fmail%2F10xhyperbaric.com%2Fadmin%2Fnew" "Mozilla/5.0 AppleWebKit/537.36 (KHTML, like Gecko; compatible; GPTBot/1.4; +https://openai.com/gptbot)"
74.7.242.53 - - [25/Aug/2026:23:44:12 +0000] "GET /wp-content__437f113/uploads/panel.php?delete=%2Fhome%2Fgodaofbq%2Fmail%2F10xhyperbaric.com%2Fadmin%2Fnew%2F1774608830.M283576P3457813.nc-ph-2910.hyperbaricpros.com%2CS%3D12599%2CW%3D12858 HTTP/1.1" 404 277 "http://intensehyperbarics.com/wp-content__437f113/uploads/panel.php?path=%2Fhome%2Fgodaofbq%2Fmail%2F10xhyperbaric.com%2Fadmin%2Fnew" "Mozilla/5.0 AppleWebKit/537.36 (KHTML, like Gecko; compatible; GPTBot/1.4; +https://openai.com/gptbot)"
74.7.242.53 - - [25/Aug/2026:23:44:33 +0000] "GET /wp-content__437f113/uploads/panel.php?rename=%2Fhome%2Fgodaofbq%2Fmail%2F10xhyperbaric.com%2Fadmin%2Fnew%2F1756523089.M667239P2035872.nc-ph-2910.hyperbaricpros.com%2CS%3D1402%2CW%3D1438 HTTP/1.1" 404 277 "http://intensehyperbarics.com/wp-content__437f113/uploads/panel.php?path=%2Fhome%2Fgodaofbq%2Fmail%2F10xhyperbaric.com%2Fadmin%2Fnew" "Mozilla/5.0 AppleWebKit/537.36 (KHTML, like Gecko; compatible; GPTBot/1.4; +https://openai.com/gptbot)"
74.7.242.53 - - [25/Aug/2026:23:44:53 +0000] "GET /wp-content__437f113/uploads/panel.php?edit=%2Fhome%2Fgodaofbq%2Fmail%2F10xhyperbaric.com%2Fadmin%2Fnew%2F1752937484.M623846P3254812.nc-ph-2910.hyperbaricpros.com%2CS%3D1403%2CW%3D1439 HTTP/1.1" 404 277 "http://intensehyperbarics.com/wp-content__437f113/uploads/panel.php?path=%2Fhome%2Fgodaofbq%2Fmail%2F10xhyperbaric.com%2Fadmin%2Fnew" "Mozilla/5.0 AppleWebKit/537.36 (KHTML, like Gecko; compatible; GPTBot/1.4; +https://openai.com/gptbot)"
74.7.242.53 - - [25/Aug/2026:23:45:15 +0000] "GET /wp-content__437f113/uploads/panel.php?delete=%2Fhome%2Fgodaofbq%2Fmail%2F10xhyperbaric.com%2Fadmin%2Fnew%2F1756729464.M403783P3893113.nc-ph-2910.hyperbaricpros.com%2CS%3D1995%2CW%3D2039 HTTP/1.1" 404 277 "http://intensehyperbarics.com/wp-content__437f113/uploads/panel.php?path=%2Fhome%2Fgodaofbq%2Fmail%2F10xhyperbaric.com%2Fadmin%2Fnew" "Mozilla/5.0 AppleWebKit/537.36 (KHTML, like Gecko; compatible; GPTBot/1.4; +https://openai.com/gptbot)"
74.7.242.53 - - [25/Aug/2026:23:45:37 +0000] "GET /wp-content__437f113/uploads/panel.php?edit=%2Fhome%2Fgodaofbq%2Fmail%2F10xhyperbaric.com%2Fadmin%2Fnew%2F1759485522.M613586P2057894.nc-ph-2910.hyperbaricpros.com%2CS%3D1688%2CW%3D1726 HTTP/1.1" 404 277 "http://intensehyperbarics.com/wp-content__437f113/uploads/panel.php?path=%2Fhome%2Fgodaofbq%2Fmail%2F10xhyperbaric.com%2Fadmin%2Fnew" "Mozilla/5.0 AppleWebKit/537.36 (KHTML, like Gecko; compatible; GPTBot/1.4; +https://openai.com/gptbot)"
74.7.242.53 - - [25/Aug/2026:23:45:58 +0000] "GET /wp-content__437f113/uploads/panel.php?delete=%2Fhome%2Fgodaofbq%2Fmail%2F10xhyperbaric.com%2Fadmin%2Fnew%2F1775301776.M584278P1037022.nc-ph-2910.hyperbaricpros.com%2CS%3D2202%2CW%3D2245 HTTP/1.1" 404 277 "http://intensehyperbarics.com/wp-content__437f113/uploads/panel.php?path=%2Fhome%2Fgodaofbq%2Fmail%2F10xhyperbaric.com%2Fadmin%2Fnew" "Mozilla/5.0 AppleWebKit/537.36 (KHTML, like Gecko; compatible; GPTBot/1.4; +https://openai.com/gptbot)"
74.7.242.53 - - [25/Aug/2026:23:46:18 +0000] "GET /wp-content__437f113/uploads/panel.php?edit=%2Fhome%2Fgodaofbq%2Fmail%2F10xhyperbaric.com%2Fadmin%2Fnew%2F1757962330.M454856P1897400.nc-ph-2910.hyperbaricpros.com%2CS%3D1397%2CW%3D1433 HTTP/1.1" 404 277 "http://intensehyperbarics.com/wp-content__437f113/uploads/panel.php?path=%2Fhome%2Fgodaofbq%2Fmail%2F10xhyperbaric.com%2Fadmin%2Fnew" "Mozilla/5.0 AppleWebKit/537.36 (KHTML, like Gecko; compatible; GPTBot/1.4; +https://openai.com/gptbot)"
74.7.242.53 - - [25/Aug/2026:23:46:40 +0000] "GET /wp-content__437f113/uploads/panel.php?path=%2Fhome%2Fgodaofbq%2Fmail%2F10xhyperbaric.com%2Fadmin%2Fnew%2F1775454469.M802731P2361380.nc-ph-2910.hyperbaricpros.com%2CS%3D1806%2CW%3D1847 HTTP/1.1" 404 277 "http://intensehyperbarics.com/wp-content__437f113/uploads/panel.php?path=%2Fhome%2Fgodaofbq%2Fmail%2F10xhyperbaric.com%2Fadmin%2Fnew" "Mozilla/5.0 AppleWebKit/537.36 (KHTML, like Gecko; compatible; GPTBot/1.4; +https://openai.com/gptbot)"
104.153.66.100 - - [25/Aug/2026:23:46:59 +0000] "HEAD /New HTTP/1.1" 404 0 "-" "Mozilla/5.0 (X11; Linux x86_64) AppleWebKit/537.36 (KHTML, like Gecko) Chrome/96.0.4664.45 Safari/537.36"
74.7.242.53 - - [25/Aug/2026:23:47:02 +0000] "GET /wp-content__437f113/uploads/panel.php?delete=%2Fhome%2Fgodaofbq%2Fmail%2F10xhyperbaric.com%2Fadmin%2Fnew%2F1754742998.M771568P3168430.nc-ph-2910.hyperbaricpros.com%2CS%3D1400%2CW%3D1436 HTTP/1.1" 404 277 "http://intensehyperbarics.com/wp-content__437f113/uploads/panel.php?path=%2Fhome%2Fgodaofbq%2Fmail%2F10xhyperbaric.com%2Fadmin%2Fnew" "Mozilla/5.0 AppleWebKit/537.36 (KHTML, like Gecko; compatible; GPTBot/1.4; +https://openai.com/gptbot)"
74.7.242.53 - - [25/Aug/2026:23:47:23 +0000] "GET /wp-content__437f113/uploads/panel.php?path=%2Fhome%2Fgodaofbq%2Fmail%2F10xhyperbaric.com%2Fadmin%2Fnew%2F1754971101.M968146P896624.nc-ph-2910.hyperbaricpros.com%2CS%3D1406%2CW%3D1442 HTTP/1.1" 404 277 "http://intensehyperbarics.com/wp-content__437f113/uploads/panel.php?path=%2Fhome%2Fgodaofbq%2Fmail%2F10xhyperbaric.com%2Fadmin%2Fnew" "Mozilla/5.0 AppleWebKit/537.36 (KHTML, like Gecko; compatible; GPTBot/1.4; +https://openai.com/gptbot)"
74.7.242.53 - - [25/Aug/2026:23:47:43 +0000] "GET /wp-content__437f113/uploads/panel.php?rename=%2Fhome%2Fgodaofbq%2Fmail%2F10xhyperbaric.com%2Fadmin%2Fnew%2F1784516372.M190751P2433599.nc-ph-2910.hyperbaricpros.com%2CS%3D2351%2CW%3D2395 HTTP/1.1" 404 277 "http://intensehyperbarics.com/wp-content__437f113/uploads/panel.php?path=%2Fhome%2Fgodaofbq%2Fmail%2F10xhyperbaric.com%2Fadmin%2Fnew" "Mozilla/5.0 AppleWebKit/537.36 (KHTML, like Gecko; compatible; GPTBot/1.4; +https://openai.com/gptbot)"
74.7.242.53 - - [25/Aug/2026:23:48:04 +0000] "GET /wp-content__437f113/uploads/panel.php?rename=%2Fhome%2Fgodaofbq%2Fmail%2F10xhyperbaric.com%2Fadmin%2Fnew%2F1784104908.M570487P1537845.nc-ph-2910.hyperbaricpros.com%2CS%3D2272%2CW%3D2316 HTTP/1.1" 404 277 "http://intensehyperbarics.com/wp-content__437f113/uploads/panel.php?path=%2Fhome%2Fgodaofbq%2Fmail%2F10xhyperbaric.com%2Fadmin%2Fnew" "Mozilla/5.0 AppleWebKit/537.36 (KHTML, like Gecko; compatible; GPTBot/1.4; +https://openai.com/gptbot)"
74.7.242.53 - - [25/Aug/2026:23:48:26 +0000] "GET /wp-content__437f113/uploads/panel.php?path=%2Fhome%2Fgodaofbq%2Fmail%2F10xhyperbaric.com%2Fadmin%2Fnew%2F1749395843.M278776P148508.nc-ph-2910.hyperbaricpros.com%2CS%3D1398%2CW%3D1434 HTTP/1.1" 404 277 "http://intensehyperbarics.com/wp-content__437f113/uploads/panel.php?path=%2Fhome%2Fgodaofbq%2Fmail%2F10xhyperbaric.com%2Fadmin%2Fnew" "Mozilla/5.0 AppleWebKit/537.36 (KHTML, like Gecko; compatible; GPTBot/1.4; +https://openai.com/gptbot)"
74.7.242.53 - - [25/Aug/2026:23:48:47 +0000] "GET /wp-content__437f113/uploads/panel.php?path=%2Fhome%2Fgodaofbq%2Fmail%2F10xhyperbaric.com%2Fadmin%2Fnew%2F1752643466.M213680P496049.nc-ph-2910.hyperbaricpros.com%2CS%3D1403%2CW%3D1439 HTTP/1.1" 404 277 "http://intensehyperbarics.com/wp-content__437f113/uploads/panel.php?path=%2Fhome%2Fgodaofbq%2Fmail%2F10xhyperbaric.com%2Fadmin%2Fnew" "Mozilla/5.0 AppleWebKit/537.36 (KHTML, like Gecko; compatible; GPTBot/1.4; +https://openai.com/gptbot)"
74.7.242.53 - - [25/Aug/2026:23:49:07 +0000] "GET /wp-content__437f113/uploads/panel.php?rename=%2Fhome%2Fgodaofbq%2Fmail%2F10xhyperbaric.com%2Fadmin%2Fnew%2F1740360082.M342387P3084498.nc-ph-2910.hyperbaricpros.com%2CS%3D1393%2CW%3D1429 HTTP/1.1" 404 277 "http://intensehyperbarics.com/wp-content__437f113/uploads/panel.php?path=%2Fhome%2Fgodaofbq%2Fmail%2F10xhyperbaric.com%2Fadmin%2Fnew" "Mozilla/5.0 AppleWebKit/537.36 (KHTML, like Gecko; compatible; GPTBot/1.4; +https://openai.com/gptbot)"
74.7.242.53 - - [25/Aug/2026:23:49:27 +0000] "GET /wp-content__437f113/uploads/panel.php?rename=%2Fhome%2Fgodaofbq%2Fmail%2F10xhyperbaric.com%2Fadmin%2Fnew%2F1774141713.M250712P3643802.nc-ph-2910.hyperbaricpros.com%2CS%3D1794%2CW%3D1838 HTTP/1.1" 404 277 "http://intensehyperbarics.com/wp-content__437f113/uploads/panel.php?path=%2Fhome%2Fgodaofbq%2Fmail%2F10xhyperbaric.com%2Fadmin%2Fnew" "Mozilla/5.0 AppleWebKit/537.36 (KHTML, like Gecko; compatible; GPTBot/1.4; +https://openai.com/gptbot)"
74.7.242.53 - - [25/Aug/2026:23:49:49 +0000] "GET /wp-content__437f113/uploads/panel.php?path=%2Fhome%2Fgodaofbq%2Fmail%2F10xhyperbaric.com%2Fadmin%2Fnew%2F1765283001.M790202P2853350.nc-ph-2910.hyperbaricpros.com%2CS%3D1429%2CW%3D1468 HTTP/1.1" 404 277 "http://intensehyperbarics.com/wp-content__437f113/uploads/panel.php?path=%2Fhome%2Fgodaofbq%2Fmail%2F10xhyperbaric.com%2Fadmin%2Fnew" "Mozilla/5.0 AppleWebKit/537.36 (KHTML, like Gecko; compatible; GPTBot/1.4; +https://openai.com/gptbot)"
74.7.242.53 - - [25/Aug/2026:23:50:11 +0000] "GET /wp-content__437f113/uploads/panel.php?delete=%2Fhome%2Fgodaofbq%2Fmail%2F10xhyperbaric.com%2Fadmin%2Fnew%2F1759206765.M833879P3940169.nc-ph-2910.hyperbaricpros.com%2CS%3D1409%2CW%3D1445 HTTP/1.1" 404 277 "http://intensehyperbarics.com/wp-content__437f113/uploads/panel.php?path=%2Fhome%2Fgodaofbq%2Fmail%2F10xhyperbaric.com%2Fadmin%2Fnew" "Mozilla/5.0 AppleWebKit/537.36 (KHTML, like Gecko; compatible; GPTBot/1.4; +https://openai.com/gptbot)"
74.7.242.53 - - [25/Aug/2026:23:50:31 +0000] "GET /wp-content__437f113/uploads/panel.php?edit=%2Fhome%2Fgodaofbq%2Fmail%2F10xhyperbaric.com%2Fadmin%2Fnew%2F1772078582.M202437P2854417.nc-ph-2910.hyperbaricpros.com%2CS%3D2105%2CW%3D2151 HTTP/1.1" 404 277 "http://intensehyperbarics.com/wp-content__437f113/uploads/panel.php?path=%2Fhome%2Fgodaofbq%2Fmail%2F10xhyperbaric.com%2Fadmin%2Fnew" "Mozilla/5.0 AppleWebKit/537.36 (KHTML, like Gecko; compatible; GPTBot/1.4; +https://openai.com/gptbot)"
74.7.242.53 - - [25/Aug/2026:23:50:53 +0000] "GET /wp-content__437f113/uploads/panel.php?delete=%2Fhome%2Fgodaofbq%2Fmail%2F10xhyperbaric.com%2Fadmin%2Fnew%2F1776143805.M724525P4119424.nc-ph-2910.hyperbaricpros.com%2CS%3D1864%2CW%3D1902 HTTP/1.1" 404 277 "http://intensehyperbarics.com/wp-content__437f113/uploads/panel.php?path=%2Fhome%2Fgodaofbq%2Fmail%2F10xhyperbaric.com%2Fadmin%2Fnew" "Mozilla/5.0 AppleWebKit/537.36 (KHTML, like Gecko; compatible; GPTBot/1.4; +https://openai.com/gptbot)"
74.7.242.53 - - [25/Aug/2026:23:51:13 +0000] "GET /wp-content__437f113/uploads/panel.php?delete=%2Fhome%2Fgodaofbq%2Fmail%2F10xhyperbaric.com%2Fadmin%2Fnew%2F1775396759.M160788P1862542.nc-ph-2910.hyperbaricpros.com%2CS%3D1728%2CW%3D1766 HTTP/1.1" 404 277 "http://intensehyperbarics.com/wp-content__437f113/uploads/panel.php?path=%2Fhome%2Fgodaofbq%2Fmail%2F10xhyperbaric.com%2Fadmin%2Fnew" "Mozilla/5.0 AppleWebKit/537.36 (KHTML, like Gecko; compatible; GPTBot/1.4; +https://openai.com/gptbot)"
74.7.242.53 - - [25/Aug/2026:23:51:33 +0000] "GET /wp-content__437f113/uploads/panel.php?delete=%2Fhome%2Fgodaofbq%2Fmail%2F10xhyperbaric.com%2Fadmin%2Fnew%2F1733617715.M759881P3669013.nc-ph-2910.hyperbaricpros.com%2CS%3D1962%2CW%3D2007 HTTP/1.1" 404 277 "http://intensehyperbarics.com/wp-content__437f113/uploads/panel.php?path=%2Fhome%2Fgodaofbq%2Fmail%2F10xhyperbaric.com%2Fadmin%2Fnew" "Mozilla/5.0 AppleWebKit/537.36 (KHTML, like Gecko; compatible; GPTBot/1.4; +https://openai.com/gptbot)"
74.7.242.53 - - [25/Aug/2026:23:51:54 +0000] "GET /wp-content__437f113/uploads/panel.php?path=%2Fhome%2Fgodaofbq%2Fmail%2F10xhyperbaric.com%2Fadmin%2Fnew%2F1763826996.M300431P3211487.nc-ph-2910.hyperbaricpros.com%2CS%3D2090%2CW%3D2130 HTTP/1.1" 404 277 "http://intensehyperbarics.com/wp-content__437f113/uploads/panel.php?path=%2Fhome%2Fgodaofbq%2Fmail%2F10xhyperbaric.com%2Fadmin%2Fnew" "Mozilla/5.0 AppleWebKit/537.36 (KHTML, like Gecko; compatible; GPTBot/1.4; +https://openai.com/gptbot)"
74.7.242.53 - - [25/Aug/2026:23:52:15 +0000] "GET /wp-content__437f113/uploads/panel.php?delete=%2Fhome%2Fgodaofbq%2Fmail%2F10xhyperbaric.com%2Fadmin%2Fnew%2F1758211312.M364164P4068813.nc-ph-2910.hyperbaricpros.com%2CS%3D1405%2CW%3D1441 HTTP/1.1" 404 277 "http://intensehyperbarics.com/wp-content__437f113/uploads/panel.php?path=%2Fhome%2Fgodaofbq%2Fmail%2F10xhyperbaric.com%2Fadmin%2Fnew" "Mozilla/5.0 AppleWebKit/537.36 (KHTML, like Gecko; compatible; GPTBot/1.4; +https://openai.com/gptbot)"
74.7.242.53 - - [25/Aug/2026:23:52:36 +0000] "GET /wp-content__437f113/uploads/panel.php?edit=%2Fhome%2Fgodaofbq%2Fmail%2F10xhyperbaric.com%2Fadmin%2Fnew%2F1753768969.M839123P2697785.nc-ph-2910.hyperbaricpros.com%2CS%3D1405%2CW%3D1441 HTTP/1.1" 404 277 "http://intensehyperbarics.com/wp-content__437f113/uploads/panel.php?path=%2Fhome%2Fgodaofbq%2Fmail%2F10xhyperbaric.com%2Fadmin%2Fnew" "Mozilla/5.0 AppleWebKit/537.36 (KHTML, like Gecko; compatible; GPTBot/1.4; +https://openai.com/gptbot)"
74.7.242.53 - - [25/Aug/2026:23:52:56 +0000] "GET /wp-content__437f113/uploads/panel.php?path=%2Fhome%2Fgodaofbq%2Fmail%2F10xhyperbaric.com%2Fadmin%2Fnew%2F1735641881.M329484P2990321.nc-ph-2910.hyperbaricpros.com%2CS%3D1548%2CW%3D1586 HTTP/1.1" 404 277 "http://intensehyperbarics.com/wp-content__437f113/uploads/panel.php?path=%2Fhome%2Fgodaofbq%2Fmail%2F10xhyperbaric.com%2Fadmin%2Fnew" "Mozilla/5.0 AppleWebKit/537.36 (KHTML, like Gecko; compatible; GPTBot/1.4; +https://openai.com/gptbot)"
104.153.66.100 - - [25/Aug/2026:23:53:09 +0000] "HEAD /NEW HTTP/1.1" 404 0 "-" "Mozilla/5.0 (X11; Linux x86_64) AppleWebKit/537.36 (KHTML, like Gecko) Chrome/96.0.4664.45 Safari/537.36"
74.7.242.53 - - [25/Aug/2026:23:53:16 +0000] "GET /wp-content__437f113/uploads/panel.php?path=%2Fhome%2Fgodaofbq%2Fmail%2F10xhyperbaric.com%2Fadmin%2Fnew%2F1762996651.M786740P754240.nc-ph-2910.hyperbaricpros.com%2CS%3D1587%2CW%3D1624 HTTP/1.1" 404 277 "http://intensehyperbarics.com/wp-content__437f113/uploads/panel.php?path=%2Fhome%2Fgodaofbq%2Fmail%2F10xhyperbaric.com%2Fadmin%2Fnew" "Mozilla/5.0 AppleWebKit/537.36 (KHTML, like Gecko; compatible; GPTBot/1.4; +https://openai.com/gptbot)"
74.7.242.53 - - [25/Aug/2026:23:53:37 +0000] "GET /wp-content__437f113/uploads/panel.php?rename=%2Fhome%2Fgodaofbq%2Fmail%2F10xhyperbaric.com%2Fadmin%2Fnew%2F1756002407.M477425P1460784.nc-ph-2910.hyperbaricpros.com%2CS%3D1908%2CW%3D1955 HTTP/1.1" 404 277 "http://intensehyperbarics.com/wp-content__437f113/uploads/panel.php?path=%2Fhome%2Fgodaofbq%2Fmail%2F10xhyperbaric.com%2Fadmin%2Fnew" "Mozilla/5.0 AppleWebKit/537.36 (KHTML, like Gecko; compatible; GPTBot/1.4; +https://openai.com/gptbot)"
74.7.242.53 - - [25/Aug/2026:23:53:58 +0000] "GET /wp-content__437f113/uploads/panel.php?path=%2Fhome%2Fgodaofbq%2Fmail%2F10xhyperbaric.com%2Fadmin%2Fnew%2F1760647013.M404468P2986289.nc-ph-2910.hyperbaricpros.com%2CS%3D1773%2CW%3D1817 HTTP/1.1" 404 277 "http://intensehyperbarics.com/wp-content__437f113/uploads/panel.php?path=%2Fhome%2Fgodaofbq%2Fmail%2F10xhyperbaric.com%2Fadmin%2Fnew" "Mozilla/5.0 AppleWebKit/537.36 (KHTML, like Gecko; compatible; GPTBot/1.4; +https://openai.com/gptbot)"
74.7.242.53 - - [25/Aug/2026:23:54:19 +0000] "GET /wp-content__437f113/uploads/panel.php?rename=%2Fhome%2Fgodaofbq%2Fmail%2F10xhyperbaric.com%2Fadmin%2Fnew%2F1747631619.M245644P2051254.nc-ph-2910.hyperbaricpros.com%2CS%3D1396%2CW%3D1432 HTTP/1.1" 404 277 "http://intensehyperbarics.com/wp-content__437f113/uploads/panel.php?path=%2Fhome%2Fgodaofbq%2Fmail%2F10xhyperbaric.com%2Fadmin%2Fnew" "Mozilla/5.0 AppleWebKit/537.36 (KHTML, like Gecko; compatible; GPTBot/1.4; +https://openai.com/gptbot)"
74.7.242.53 - - [25/Aug/2026:23:54:41 +0000] "GET /wp-content__437f113/uploads/panel.php?delete=%2Fhome%2Fgodaofbq%2Fmail%2F10xhyperbaric.com%2Fadmin%2Fnew%2F1783159112.M806972P3687122.nc-ph-2910.hyperbaricpros.com%2CS%3D2230%2CW%3D2273 HTTP/1.1" 404 277 "http://intensehyperbarics.com/wp-content__437f113/uploads/panel.php?path=%2Fhome%2Fgodaofbq%2Fmail%2F10xhyperbaric.com%2Fadmin%2Fnew" "Mozilla/5.0 AppleWebKit/537.36 (KHTML, like Gecko; compatible; GPTBot/1.4; +https://openai.com/gptbot)"
74.7.242.53 - - [25/Aug/2026:23:55:02 +0000] "GET /wp-content__437f113/uploads/panel.php?delete=%2Fhome%2Fgodaofbq%2Fmail%2F10xhyperbaric.com%2Fadmin%2Fnew%2F1759419592.M267096P1504285.nc-ph-2910.hyperbaricpros.com%2CS%3D2151%2CW%3D2190 HTTP/1.1" 404 277 "http://intensehyperbarics.com/wp-content__437f113/uploads/panel.php?path=%2Fhome%2Fgodaofbq%2Fmail%2F10xhyperbaric.com%2Fadmin%2Fnew" "Mozilla/5.0 AppleWebKit/537.36 (KHTML, like Gecko; compatible; GPTBot/1.4; +https://openai.com/gptbot)"
74.7.242.53 - - [25/Aug/2026:23:55:24 +0000] "GET /wp-content__437f113/uploads/panel.php?path=%2Fhome%2Fgodaofbq%2Fmail%2F10xhyperbaric.com%2Fadmin%2Fnew%2F1734551968.M544623P391850.nc-ph-2910.hyperbaricpros.com%2CS%3D1405%2CW%3D1441 HTTP/1.1" 404 277 "http://intensehyperbarics.com/wp-content__437f113/uploads/panel.php?path=%2Fhome%2Fgodaofbq%2Fmail%2F10xhyperbaric.com%2Fadmin%2Fnew" "Mozilla/5.0 AppleWebKit/537.36 (KHTML, like Gecko; compatible; GPTBot/1.4; +https://openai.com/gptbot)"
74.7.242.53 - - [25/Aug/2026:23:55:44 +0000] "GET /wp-content__437f113/uploads/panel.php?rename=%2Fhome%2Fgodaofbq%2Fmail%2F10xhyperbaric.com%2Fadmin%2Fnew%2F1773542468.M368277P2738378.nc-ph-2910.hyperbaricpros.com%2CS%3D2171%2CW%3D2215 HTTP/1.1" 404 277 "http://intensehyperbarics.com/wp-content__437f113/uploads/panel.php?path=%2Fhome%2Fgodaofbq%2Fmail%2F10xhyperbaric.com%2Fadmin%2Fnew" "Mozilla/5.0 AppleWebKit/537.36 (KHTML, like Gecko; compatible; GPTBot/1.4; +https://openai.com/gptbot)"
74.7.242.53 - - [25/Aug/2026:23:56:05 +0000] "GET /wp-content__437f113/uploads/panel.php?path=%2Fhome%2Fgodaofbq%2Fmail%2F10xhyperbaric.com%2Fadmin%2Fnew%2F1762139233.M148748P2345335.nc-ph-2910.hyperbaricpros.com%2CS%3D2080%2CW%3D2120 HTTP/1.1" 404 277 "http://intensehyperbarics.com/wp-content__437f113/uploads/panel.php?path=%2Fhome%2Fgodaofbq%2Fmail%2F10xhyperbaric.com%2Fadmin%2Fnew" "Mozilla/5.0 AppleWebKit/537.36 (KHTML, like Gecko; compatible; GPTBot/1.4; +https://openai.com/gptbot)"
74.7.242.53 - - [25/Aug/2026:23:56:25 +0000] "GET /wp-content__437f113/uploads/panel.php?delete=%2Fhome%2Fgodaofbq%2Fmail%2F10xhyperbaric.com%2Fadmin%2Fnew%2F1757865422.M688003P1040737.nc-ph-2910.hyperbaricpros.com%2CS%3D1406%2CW%3D1442 HTTP/1.1" 404 277 "http://intensehyperbarics.com/wp-content__437f113/uploads/panel.php?path=%2Fhome%2Fgodaofbq%2Fmail%2F10xhyperbaric.com%2Fadmin%2Fnew" "Mozilla/5.0 AppleWebKit/537.36 (KHTML, like Gecko; compatible; GPTBot/1.4; +https://openai.com/gptbot)"
74.7.242.53 - - [25/Aug/2026:23:56:46 +0000] "GET /wp-content__437f113/uploads/panel.php?path=%2Fhome%2Fgodaofbq%2Fmail%2F10xhyperbaric.com%2Fadmin%2Fnew%2F1735754471.M170539P4122027.nc-ph-2910.hyperbaricpros.com%2CS%3D1589%2CW%3D1626 HTTP/1.1" 404 277 "http://intensehyperbarics.com/wp-content__437f113/uploads/panel.php?path=%2Fhome%2Fgodaofbq%2Fmail%2F10xhyperbaric.com%2Fadmin%2Fnew" "Mozilla/5.0 AppleWebKit/537.36 (KHTML, like Gecko; compatible; GPTBot/1.4; +https://openai.com/gptbot)"
74.7.242.53 - - [25/Aug/2026:23:57:06 +0000] "GET /wp-content__437f113/uploads/panel.php?path=%2Fhome%2Fgodaofbq%2Fmail%2F10xhyperbaric.com%2Fadmin%2Fnew%2F1776004136.M227277P2911683.nc-ph-2910.hyperbaricpros.com%2CS%3D1767%2CW%3D1805 HTTP/1.1" 404 277 "http://intensehyperbarics.com/wp-content__437f113/uploads/panel.php?path=%2Fhome%2Fgodaofbq%2Fmail%2F10xhyperbaric.com%2Fadmin%2Fnew" "Mozilla/5.0 AppleWebKit/537.36 (KHTML, like Gecko; compatible; GPTBot/1.4; +https://openai.com/gptbot)"
74.7.242.53 - - [25/Aug/2026:23:57:27 +0000] "GET /wp-content__437f113/uploads/panel.php?rename=%2Fhome%2Fgodaofbq%2Fmail%2F10xhyperbaric.com%2Fadmin%2Fnew%2F1754989180.M467925P1038388.nc-ph-2910.hyperbaricpros.com%2CS%3D1402%2CW%3D1438 HTTP/1.1" 404 277 "http://intensehyperbarics.com/wp-content__437f113/uploads/panel.php?path=%2Fhome%2Fgodaofbq%2Fmail%2F10xhyperbaric.com%2Fadmin%2Fnew" "Mozilla/5.0 AppleWebKit/537.36 (KHTML, like Gecko; compatible; GPTBot/1.4; +https://openai.com/gptbot)"
74.7.242.53 - - [25/Aug/2026:23:57:49 +0000] "GET /wp-content__437f113/uploads/panel.php?delete=%2Fhome%2Fgodaofbq%2Fmail%2F10xhyperbaric.com%2Fadmin%2Fnew%2F1729682347.M732183P1408593.nc-ph-2910.hyperbaricpros.com%2CS%3D1726%2CW%3D1764 HTTP/1.1" 404 277 "http://intensehyperbarics.com/wp-content__437f113/uploads/panel.php?path=%2Fhome%2Fgodaofbq%2Fmail%2F10xhyperbaric.com%2Fadmin%2Fnew" "Mozilla/5.0 AppleWebKit/537.36 (KHTML, like Gecko; compatible; GPTBot/1.4; +https://openai.com/gptbot)"
74.7.242.53 - - [25/Aug/2026:23:58:10 +0000] "GET /wp-content__437f113/uploads/panel.php?rename=%2Fhome%2Fgodaofbq%2Fmail%2F10xhyperbaric.com%2Fadmin%2Fnew%2F1776987215.M858436P3034764.nc-ph-2910.hyperbaricpros.com%2CS%3D1470%2CW%3D1506 HTTP/1.1" 404 277 "http://intensehyperbarics.com/wp-content__437f113/uploads/panel.php?path=%2Fhome%2Fgodaofbq%2Fmail%2F10xhyperbaric.com%2Fadmin%2Fnew" "Mozilla/5.0 AppleWebKit/537.36 (KHTML, like Gecko; compatible; GPTBot/1.4; +https://openai.com/gptbot)"
45.148.10.74 - - [25/Aug/2026:23:58:20 +0000] "GET /wp-json/gravitysmtp/v1/tests/mock-data?page=gravitysmtp-settings HTTP/1.1" 404 277 "-" "Mozilla/5.0 (compatible; SecurityResearch/1.0; )"
74.7.242.53 - - [25/Aug/2026:23:58:31 +0000] "GET /wp-content__437f113/uploads/panel.php?edit=%2Fhome%2Fgodaofbq%2Fmail%2F10xhyperbaric.com%2Fadmin%2Fnew%2F1740140671.M162685P1141803.nc-ph-2910.hyperbaricpros.com%2CS%3D1398%2CW%3D1434 HTTP/1.1" 404 277 "http://intensehyperbarics.com/wp-content__437f113/uploads/panel.php?path=%2Fhome%2Fgodaofbq%2Fmail%2F10xhyperbaric.com%2Fadmin%2Fnew" "Mozilla/5.0 AppleWebKit/537.36 (KHTML, like Gecko; compatible; GPTBot/1.4; +https://openai.com/gptbot)"
74.7.242.53 - - [25/Aug/2026:23:58:52 +0000] "GET /wp-content__437f113/uploads/panel.php?path=%2Fhome%2Fgodaofbq%2Fmail%2F10xhyperbaric.com%2Fadmin%2Fnew%2F1752272485.M756761P798046.nc-ph-2910.hyperbaricpros.com%2CS%3D1399%2CW%3D1435 HTTP/1.1" 404 277 "http://intensehyperbarics.com/wp-content__437f113/uploads/panel.php?path=%2Fhome%2Fgodaofbq%2Fmail%2F10xhyperbaric.com%2Fadmin%2Fnew" "Mozilla/5.0 AppleWebKit/537.36 (KHTML, like Gecko; compatible; GPTBot/1.4; +https://openai.com/gptbot)"
74.7.242.53 - - [25/Aug/2026:23:59:14 +0000] "GET /wp-content__437f113/uploads/panel.php?path=%2Fhome%2Fgodaofbq%2Fmail%2F10xhyperbaric.com%2Fadmin%2Fnew%2F1752207573.M148526P169052.nc-ph-2910.hyperbaricpros.com%2CS%3D1715%2CW%3D1752 HTTP/1.1" 404 277 "http://intensehyperbarics.com/wp-content__437f113/uploads/panel.php?path=%2Fhome%2Fgodaofbq%2Fmail%2F10xhyperbaric.com%2Fadmin%2Fnew" "Mozilla/5.0 AppleWebKit/537.36 (KHTML, like Gecko; compatible; GPTBot/1.4; +https://openai.com/gptbot)"
74.7.242.53 - - [25/Aug/2026:23:59:34 +0000] "GET /wp-content__437f113/uploads/panel.php?edit=%2Fhome%2Fgodaofbq%2Fmail%2F10xhyperbaric.com%2Fadmin%2Fnew%2F1733994757.M439225P3547558.nc-ph-2910.hyperbaricpros.com%2CS%3D1683%2CW%3D1721 HTTP/1.1" 404 277 "http://intensehyperbarics.com/wp-content__437f113/uploads/panel.php?path=%2Fhome%2Fgodaofbq%2Fmail%2F10xhyperbaric.com%2Fadmin%2Fnew" "Mozilla/5.0 AppleWebKit/537.36 (KHTML, like Gecko; compatible; GPTBot/1.4; +https://openai.com/gptbot)"
74.7.242.53 - - [25/Aug/2026:23:59:55 +0000] "GET /wp-content__437f113/uploads/panel.php?delete=%2Fhome%2Fgodaofbq%2Fmail%2F10xhyperbaric.com%2Fadmin%2Fnew%2F1750226018.M764165P2768463.nc-ph-2910.hyperbaricpros.com%2CS%3D1771%2CW%3D1810 HTTP/1.1" 404 277 "http://intensehyperbarics.com/wp-content__437f113/uploads/panel.php?path=%2Fhome%2Fgodaofbq%2Fmail%2F10xhyperbaric.com%2Fadmin%2Fnew" "Mozilla/5.0 AppleWebKit/537.36 (KHTML, like Gecko; compatible; GPTBot/1.4; +https://openai.com/gptbot)"
104.153.66.100 - - [26/Aug/2026:00:00:13 +0000] "HEAD /wp-old HTTP/1.1" 404 0 "-" "Mozilla/5.0 (X11; Linux x86_64) AppleWebKit/537.36 (KHTML, like Gecko) Chrome/96.0.4664.45 Safari/537.36"
74.7.242.53 - - [26/Aug/2026:00:00:15 +0000] "GET /wp-content__437f113/uploads/panel.php?path=%2Fhome%2Fgodaofbq%2Fmail%2F10xhyperbaric.com%2Fadmin%2Fnew%2F1747243186.M63178P3105534.nc-ph-2910.hyperbaricpros.com%2CS%3D1393%2CW%3D1429 HTTP/1.1" 404 277 "http://intensehyperbarics.com/wp-content__437f113/uploads/panel.php?path=%2Fhome%2Fgodaofbq%2Fmail%2F10xhyperbaric.com%2Fadmin%2Fnew" "Mozilla/5.0 AppleWebKit/537.36 (KHTML, like Gecko; compatible; GPTBot/1.4; +https://openai.com/gptbot)"
2a03:2880:f806:31:: - - [26/Aug/2026:00:00:29 +0000] "GET /wp-content__437f113/null HTTP/1.1" 404 277 "http://mail.intensehyperbarics.com/wp-content__437f113/wp-mail.php?path=%2Fpython%2Finclude%2Fpython3.9%2Fcontext.h" "Mozilla/5.0 (Windows NT 10.0; Win64; x64) AppleWebKit/537.36 (KHTML, like Gecko) Chrome/145.0.0.0 Safari/537.36 (compatible; meta-externalagent/1.1 (+https://developers.facebook.com/docs/sharing/webmasters/crawler))"
74.7.242.53 - - [26/Aug/2026:00:00:36 +0000] "GET /wp-content__437f113/uploads/panel.php?path=%2Fhome%2Fgodaofbq%2Fmail%2F10xhyperbaric.com%2Fadmin%2Fnew%2F1751860981.M402359P786271.nc-ph-2910.hyperbaricpros.com%2CS%3D1853%2CW%3D1889 HTTP/1.1" 404 277 "http://intensehyperbarics.com/wp-content__437f113/uploads/panel.php?path=%2Fhome%2Fgodaofbq%2Fmail%2F10xhyperbaric.com%2Fadmin%2Fnew" "Mozilla/5.0 AppleWebKit/537.36 (KHTML, like Gecko; compatible; GPTBot/1.4; +https://openai.com/gptbot)"
74.7.242.53 - - [26/Aug/2026:00:00:57 +0000] "GET /wp-content__437f113/uploads/panel.php?edit=%2Fhome%2Fgodaofbq%2Fmail%2F10xhyperbaric.com%2Fadmin%2Fnew%2F1783104066.M183580P825622.nc-ph-2910.hyperbaricpros.com%2CS%3D2254%2CW%3D2298 HTTP/1.1" 404 277 "http://intensehyperbarics.com/wp-content__437f113/uploads/panel.php?path=%2Fhome%2Fgodaofbq%2Fmail%2F10xhyperbaric.com%2Fadmin%2Fnew" "Mozilla/5.0 AppleWebKit/537.36 (KHTML, like Gecko; compatible; GPTBot/1.4; +https://openai.com/gptbot)"
74.7.242.53 - - [26/Aug/2026:00:01:19 +0000] "GET /wp-content__437f113/uploads/panel.php?path=%2Fhome%2Fgodaofbq%2Fmail%2F10xhyperbaric.com%2Fadmin%2Fnew%2F1771451776.M499272P1717226.nc-ph-2910.hyperbaricpros.com%2CS%3D1816%2CW%3D1855 HTTP/1.1" 404 277 "http://intensehyperbarics.com/wp-content__437f113/uploads/panel.php?path=%2Fhome%2Fgodaofbq%2Fmail%2F10xhyperbaric.com%2Fadmin%2Fnew" "Mozilla/5.0 AppleWebKit/537.36 (KHTML, like Gecko; compatible; GPTBot/1.4; +https://openai.com/gptbot)"
162.14.81.106 - - [26/Aug/2026:00:01:25 +0000] "GET / HTTP/1.1" 200 525 "-" "Mozilla/5.0 (iPhone; CPU iPhone OS 13_2_3 like Mac OS X) AppleWebKit/605.1.15 (KHTML, like Gecko) Version/13.0.3 Mobile/15E148 Safari/604.1"
74.7.242.53 - - [26/Aug/2026:00:01:39 +0000] "GET /wp-content__437f113/uploads/panel.php?rename=%2Fhome%2Fgodaofbq%2Fmail%2F10xhyperbaric.com%2Fadmin%2Fnew%2F1751284715.M974204P3608495.nc-ph-2910.hyperbaricpros.com%2CS%3D1410%2CW%3D1446 HTTP/1.1" 404 277 "http://intensehyperbarics.com/wp-content__437f113/uploads/panel.php?path=%2Fhome%2Fgodaofbq%2Fmail%2F10xhyperbaric.com%2Fadmin%2Fnew" "Mozilla/5.0 AppleWebKit/537.36 (KHTML, like Gecko; compatible; GPTBot/1.4; +https://openai.com/gptbot)"
104.153.66.100 - - [26/Aug/2026:00:01:50 +0000] "HEAD /2022 HTTP/1.1" 404 0 "-" "Mozilla/5.0 (X11; Linux x86_64) AppleWebKit/537.36 (KHTML, like Gecko) Chrome/96.0.4664.45 Safari/537.36"
74.7.242.53 - - [26/Aug/2026:00:02:00 +0000] "GET /wp-content__437f113/uploads/panel.php?path=%2Fhome%2Fgodaofbq%2Fmail%2F10xhyperbaric.com%2Fadmin%2Fnew%2F1744933129.M219084P442905.nc-ph-2910.hyperbaricpros.com%2CS%3D1392%2CW%3D1428 HTTP/1.1" 404 277 "http://intensehyperbarics.com/wp-content__437f113/uploads/panel.php?path=%2Fhome%2Fgodaofbq%2Fmail%2F10xhyperbaric.com%2Fadmin%2Fnew" "Mozilla/5.0 AppleWebKit/537.36 (KHTML, like Gecko; compatible; GPTBot/1.4; +https://openai.com/gptbot)"
74.7.242.53 - - [26/Aug/2026:00:02:21 +0000] "GET /wp-content__437f113/uploads/panel.php?rename=%2Fhome%2Fgodaofbq%2Fmail%2F10xhyperbaric.com%2Fadmin%2Fnew%2F1751226705.M801961P3094580.nc-ph-2910.hyperbaricpros.com%2CS%3D1389%2CW%3D1425 HTTP/1.1" 404 277 "http://intensehyperbarics.com/wp-content__437f113/uploads/panel.php?path=%2Fhome%2Fgodaofbq%2Fmail%2F10xhyperbaric.com%2Fadmin%2Fnew" "Mozilla/5.0 AppleWebKit/537.36 (KHTML, like Gecko; compatible; GPTBot/1.4; +https://openai.com/gptbot)"
74.7.242.53 - - [26/Aug/2026:00:02:43 +0000] "GET /wp-content__437f113/uploads/panel.php?delete=%2Fhome%2Fgodaofbq%2Fmail%2F10xhyperbaric.com%2Fadmin%2Fnew%2F1735662838.M398562P3195698.nc-ph-2910.hyperbaricpros.com%2CS%3D1661%2CW%3D1697 HTTP/1.1" 404 277 "http://intensehyperbarics.com/wp-content__437f113/uploads/panel.php?path=%2Fhome%2Fgodaofbq%2Fmail%2F10xhyperbaric.com%2Fadmin%2Fnew" "Mozilla/5.0 AppleWebKit/537.36 (KHTML, like Gecko; compatible; GPTBot/1.4; +https://openai.com/gptbot)"
