2a03:2880:f806:1d:: - - [25/Aug/2026:13:23:20 +0000] "GET /wp-content/uploads/?edit=%2Fhome%2Fgodaofbq%2Fhardchamber.com%2Fwp-content%2Fai1wm-backups%2Fwww-hardchamber-com-20240226-143426-alpb6z.wpress HTTP/2.0" 200 0 "-" "Mozilla/5.0 (Macintosh; Intel Mac OS X 10_15_7) AppleWebKit/537.36 (KHTML, like Gecko) Chrome/145.0.0.0 Safari/537.36 (compatible; meta-externalagent/1.1 (+https://developers.facebook.com/docs/sharing/webmasters/crawler))"
2a03:2880:f806:14:: - - [25/Aug/2026:13:23:22 +0000] "GET /wp-content/uploads/?delete=%2Fhome%2Fgodaofbq%2Fhardchamber.com%2Fwp-includes%2Fblocks%2Fnavigation-submenu.php HTTP/2.0" 200 0 "-" "Mozilla/5.0 (Macintosh; Intel Mac OS X 10_15_7) AppleWebKit/537.36 (KHTML, like Gecko) Chrome/145.0.0.0 Safari/537.36 (compatible; meta-externalagent/1.1 (+https://developers.facebook.com/docs/sharing/webmasters/crawler))"
66.249.65.160 - - [25/Aug/2026:13:23:24 +0000] "GET /?a=194039262 HTTP/2.0" 200 38690 "-" "Mozilla/5.0 (Linux; Android 6.0.1; Nexus 5X Build/MMB29P) AppleWebKit/537.36 (KHTML, like Gecko) Chrome/151.0.7922.137 Mobile Safari/537.36 (compatible; Googlebot/2.1; +http://www.google.com/bot.html)"
66.249.65.160 - - [25/Aug/2026:13:23:26 +0000] "GET /?a=160435303 HTTP/2.0" 200 32606 "-" "Mozilla/5.0 (Linux; Android 6.0.1; Nexus 5X Build/MMB29P) AppleWebKit/537.36 (KHTML, like Gecko) Chrome/151.0.7922.137 Mobile Safari/537.36 (compatible; Googlebot/2.1; +http://www.google.com/bot.html)"
2a03:2880:f806:a:: - - [25/Aug/2026:13:23:27 +0000] "GET /wp-content/uploads/?delete=%2Fhome%2Fgodaofbq%2Fdev1.oxygenhealthsystems.com%2Fdev.oxygenhealthsystems.com%2Fwp-admin%2Fadmin-ajax.php HTTP/2.0" 200 0 "-" "Mozilla/5.0 (Windows NT 10.0; Win64; x64) AppleWebKit/537.36 (KHTML, like Gecko) Chrome/145.0.0.0 Safari/537.36 (compatible; meta-externalagent/1.1 (+https://developers.facebook.com/docs/sharing/webmasters/crawler))"
66.249.65.160 - - [25/Aug/2026:13:23:28 +0000] "GET /?a=127252414 HTTP/2.0" 200 23892 "-" "Mozilla/5.0 (Linux; Android 6.0.1; Nexus 5X Build/MMB29P) AppleWebKit/537.36 (KHTML, like Gecko) Chrome/151.0.7922.137 Mobile Safari/537.36 (compatible; Googlebot/2.1; +http://www.google.com/bot.html)"
2a03:2880:f806:43:: - - [25/Aug/2026:13:23:30 +0000] "GET /wp-content/uploads/?rename=%2Fhome%2Fgodaofbq%2Fautismdefeated.com%2Fwp-admin%2Fincludes%2Fnav-menu.php HTTP/2.0" 200 0 "-" "Mozilla/5.0 (Windows NT 10.0; Win64; x64) AppleWebKit/537.36 (KHTML, like Gecko) Chrome/145.0.0.0 Safari/537.36 (compatible; meta-externalagent/1.1 (+https://developers.facebook.com/docs/sharing/webmasters/crawler))"
2a03:2880:f806:2c:: - - [25/Aug/2026:13:23:31 +0000] "GET /wp-content/uploads/?path=%2Fhome%2Fgodaofbq%2Fmail%2Fhyperbaricrevolution.com%2Fadmin%2Fnew%2F1773290338.M575030P582330.nc-ph-2910.hyperbaricpros.com%2CS%3D2265%2CW%3D2307 HTTP/2.0" 200 0 "-" "Mozilla/5.0 (Windows NT 10.0; Win64; x64) AppleWebKit/537.36 (KHTML, like Gecko) Chrome/145.0.0.0 Safari/537.36 (compatible; meta-externalagent/1.1 (+https://developers.facebook.com/docs/sharing/webmasters/crawler))"
66.249.65.160 - - [25/Aug/2026:13:23:34 +0000] "GET /?a=134518777 HTTP/2.0" 200 32444 "-" "Mozilla/5.0 (Linux; Android 6.0.1; Nexus 5X Build/MMB29P) AppleWebKit/537.36 (KHTML, like Gecko) Chrome/151.0.7922.137 Mobile Safari/537.36 (compatible; Googlebot/2.1; +http://www.google.com/bot.html)"
2a03:2880:f806:42:: - - [25/Aug/2026:13:23:35 +0000] "GET /wp-content/uploads/?rename=%2Fhome%2Fgodaofbq%2Fhyperbaricforptsd.com%2Fwp-includes%2Ffunctions.wp-scripts.php HTTP/2.0" 200 0 "-" "Mozilla/5.0 (Macintosh; Intel Mac OS X 10_15_7) AppleWebKit/537.36 (KHTML, like Gecko) Chrome/145.0.0.0 Safari/537.36 (compatible; meta-externalagent/1.1 (+https://developers.facebook.com/docs/sharing/webmasters/crawler))"
2a03:2880:f806:2e:: - - [25/Aug/2026:13:23:37 +0000] "GET /2024/12/roulette-table-wheel/ HTTP/2.0" 200 0 "-" "Mozilla/5.0 (Windows NT 10.0; Win64; x64) AppleWebKit/537.36 (KHTML, like Gecko) Chrome/145.0.0.0 Safari/537.36 (compatible; meta-externalagent/1.1 (+https://developers.facebook.com/docs/sharing/webmasters/crawler))"
2a03:2880:f806:27:: - - [25/Aug/2026:13:23:38 +0000] "GET /wp-content/uploads/?delete=%2Fhome%2Fgodaofbq%2Fmail%2Fbesthyperbaricschamber.net%2Fadmin%2Fnew%2F1763262604.M858051P2885558.nc-ph-2910.hyperbaricpros.com%2CS%3D2140%2CW%3D2186 HTTP/2.0" 200 0 "-" "Mozilla/5.0 (Windows NT 10.0; Win64; x64) AppleWebKit/537.36 (KHTML, like Gecko) Chrome/145.0.0.0 Safari/537.36 (compatible; meta-externalagent/1.1 (+https://developers.facebook.com/docs/sharing/webmasters/crawler))"
2a03:2880:f806:16:: - - [25/Aug/2026:13:23:38 +0000] "GET /wp-content/uploads/?delete=%2Fhome%2Fgodaofbq%2Fmail%2Fhyperbaricrevolution.com%2Fadmin%2Fnew%2F1757913365.M368906P1478501.nc-ph-2910.hyperbaricpros.com%2CS%3D1990%2CW%3D2030 HTTP/2.0" 200 0 "-" "Mozilla/5.0 (Windows NT 10.0; Win64; x64) AppleWebKit/537.36 (KHTML, like Gecko) Chrome/145.0.0.0 Safari/537.36 (compatible; meta-externalagent/1.1 (+https://developers.facebook.com/docs/sharing/webmasters/crawler))"
2a03:2880:f806:7:: - - [25/Aug/2026:13:23:42 +0000] "GET /wp-content/uploads/?edit=%2Fhome%2Fgodaofbq%2Fhealinghyperbaric.com%2Fwp-includes%2FID3%2Fgetid3.php HTTP/2.0" 200 0 "-" "Mozilla/5.0 (X11; Linux x86_64) AppleWebKit/537.36 (KHTML, like Gecko) Chrome/145.0.0.0 Safari/537.36 (compatible; meta-externalagent/1.1 (+https://developers.facebook.com/docs/sharing/webmasters/crawler))"
66.249.65.160 - - [25/Aug/2026:13:23:46 +0000] "GET /?a=167281939 HTTP/2.0" 200 27969 "-" "Mozilla/5.0 (Linux; Android 6.0.1; Nexus 5X Build/MMB29P) AppleWebKit/537.36 (KHTML, like Gecko) Chrome/151.0.7922.137 Mobile Safari/537.36 (compatible; Googlebot/2.1; +http://www.google.com/bot.html)"
66.249.65.160 - - [25/Aug/2026:13:23:48 +0000] "GET /?a=169453282 HTTP/2.0" 200 31521 "-" "Mozilla/5.0 (Linux; Android 6.0.1; Nexus 5X Build/MMB29P) AppleWebKit/537.36 (KHTML, like Gecko) Chrome/151.0.7922.137 Mobile Safari/537.36 (compatible; Googlebot/2.1; +http://www.google.com/bot.html)"
2a03:2880:f806:2:: - - [25/Aug/2026:13:23:48 +0000] "GET /wp-content/uploads/?path=%2F%2Fhome%2Fgodaofbq%2Fbesthyperbaricschamber.net%2Fwp-includes%2Fpost-thumbnail-template.php HTTP/2.0" 200 0 "-" "Mozilla/5.0 (Macintosh; Intel Mac OS X 10_15_7) AppleWebKit/537.36 (KHTML, like Gecko) Chrome/145.0.0.0 Safari/537.36 (compatible; meta-externalagent/1.1 (+https://developers.facebook.com/docs/sharing/webmasters/crawler))"
66.249.65.160 - - [25/Aug/2026:13:23:49 +0000] "GET /?a=166539545 HTTP/2.0" 200 26931 "-" "Mozilla/5.0 (Linux; Android 6.0.1; Nexus 5X Build/MMB29P) AppleWebKit/537.36 (KHTML, like Gecko) Chrome/151.0.7922.137 Mobile Safari/537.36 (compatible; Googlebot/2.1; +http://www.google.com/bot.html)"
66.249.65.161 - - [25/Aug/2026:13:23:50 +0000] "GET /?a=160781010 HTTP/2.0" 200 32040 "-" "Mozilla/5.0 (Linux; Android 6.0.1; Nexus 5X Build/MMB29P) AppleWebKit/537.36 (KHTML, like Gecko) Chrome/151.0.7922.137 Mobile Safari/537.36 (compatible; Googlebot/2.1; +http://www.google.com/bot.html)"
2a03:2880:f806:2e:: - - [25/Aug/2026:13:23:53 +0000] "GET /wp-content/uploads/?edit=%2Fhome%2Fgodaofbq%2Fhyperbaricforptsd.com%2Fwp-includes%2Fclass-wp-http-ixr-client.php HTTP/2.0" 200 0 "-" "Mozilla/5.0 (Macintosh; Intel Mac OS X 10_15_7) AppleWebKit/537.36 (KHTML, like Gecko) Chrome/145.0.0.0 Safari/537.36 (compatible; meta-externalagent/1.1 (+https://developers.facebook.com/docs/sharing/webmasters/crawler))"
66.249.65.161 - - [25/Aug/2026:13:23:54 +0000] "GET /?a=143605747 HTTP/2.0" 200 26578 "-" "Mozilla/5.0 (Linux; Android 6.0.1; Nexus 5X Build/MMB29P) AppleWebKit/537.36 (KHTML, like Gecko) Chrome/151.0.7922.137 Mobile Safari/537.36 (compatible; Googlebot/2.1; +http://www.google.com/bot.html)"
2a03:2880:f806:1a:: - - [25/Aug/2026:13:23:55 +0000] "GET /wp-content/uploads/?rename=%2Fhome%2Fgodaofbq%2Fhealthy-drops.com%2Fwp-includes%2Fhttps-detection.php HTTP/2.0" 200 0 "-" "Mozilla/5.0 (Macintosh; Intel Mac OS X 10_15_7) AppleWebKit/537.36 (KHTML, like Gecko) Chrome/145.0.0.0 Safari/537.36 (compatible; meta-externalagent/1.1 (+https://developers.facebook.com/docs/sharing/webmasters/crawler))"
66.249.65.161 - - [25/Aug/2026:13:23:55 +0000] "GET /?a=148018000 HTTP/2.0" 200 32203 "-" "Mozilla/5.0 (Linux; Android 6.0.1; Nexus 5X Build/MMB29P) AppleWebKit/537.36 (KHTML, like Gecko) Chrome/151.0.7922.137 Mobile Safari/537.36 (compatible; Googlebot/2.1; +http://www.google.com/bot.html)"
66.249.65.161 - - [25/Aug/2026:13:23:57 +0000] "GET /?a=119981181 HTTP/2.0" 200 29027 "-" "Mozilla/5.0 (Linux; Android 6.0.1; Nexus 5X Build/MMB29P) AppleWebKit/537.36 (KHTML, like Gecko) Chrome/151.0.7922.137 Mobile Safari/537.36 (compatible; Googlebot/2.1; +http://www.google.com/bot.html)"
2a03:2880:f806:22:: - - [25/Aug/2026:13:23:57 +0000] "GET /wp-content/uploads/?delete=%2Fhome%2Fgodaofbq%2Fmail%2Fhyperbaricrevolution.com%2Fadmin%2Fnew%2F1764911714.M14151P3625023.nc-ph-2910.hyperbaricpros.com%2CS%3D4701%2CW%3D4804 HTTP/2.0" 200 0 "-" "Mozilla/5.0 (Macintosh; Intel Mac OS X 10_15_7) AppleWebKit/537.36 (KHTML, like Gecko) Chrome/145.0.0.0 Safari/537.36 (compatible; meta-externalagent/1.1 (+https://developers.facebook.com/docs/sharing/webmasters/crawler))"
2a03:2880:f806:31:: - - [25/Aug/2026:13:23:58 +0000] "GET /wp-content/uploads/?delete=%2Fhome%2Fgodaofbq%2Fmail%2Fbesthyperbaricschamber.net%2Fadmin%2Fnew%2F1776224243.M328126P607348.nc-ph-2910.hyperbaricpros.com%2CS%3D1845%2CW%3D1883 HTTP/2.0" 200 0 "-" "Mozilla/5.0 (Windows NT 10.0; Win64; x64) AppleWebKit/537.36 (KHTML, like Gecko) Chrome/145.0.0.0 Safari/537.36 Edg/145.0.0.0 (compatible; meta-externalagent/1.1 (+https://developers.facebook.com/docs/sharing/webmasters/crawler))"
2a03:2880:f806:e:: - - [25/Aug/2026:13:23:59 +0000] "GET /wp-content/uploads/?delete=%2Fhome%2Fgodaofbq%2Flogs%2Foxygenhealthsystem.godady.com-ssl_log-Aug-2026_NGINX.gz HTTP/2.0" 200 0 "-" "Mozilla/5.0 (Windows NT 10.0; Win64; x64) AppleWebKit/537.36 (KHTML, like Gecko) Chrome/145.0.0.0 Safari/537.36 (compatible; meta-externalagent/1.1 (+https://developers.facebook.com/docs/sharing/webmasters/crawler))"
66.249.65.160 - - [25/Aug/2026:13:24:01 +0000] "GET /?a=227441535 HTTP/2.0" 200 30029 "-" "Mozilla/5.0 (Linux; Android 6.0.1; Nexus 5X Build/MMB29P) AppleWebKit/537.36 (KHTML, like Gecko) Chrome/151.0.7922.137 Mobile Safari/537.36 (compatible; Googlebot/2.1; +http://www.google.com/bot.html)"
2a03:2880:f806:20:: - - [25/Aug/2026:13:24:02 +0000] "GET /wp-content/uploads/?path=%2Fhome%2Fgodaofbq%2Fimmunotherapycreams.com%2Fwp-includes%2Fclass-avif-info.php HTTP/2.0" 200 0 "-" "Mozilla/5.0 (Macintosh; Intel Mac OS X 10_15_7) AppleWebKit/537.36 (KHTML, like Gecko) Chrome/145.0.0.0 Safari/537.36 (compatible; meta-externalagent/1.1 (+https://developers.facebook.com/docs/sharing/webmasters/crawler))"
2a03:2880:f806:25:: - - [25/Aug/2026:13:24:02 +0000] "GET /wp-content/uploads/?path=%2F%2Fhome%2Fgodaofbq%2Fwpt.healwithhyperbaric.com%2F355373%2Fadmin.php HTTP/2.0" 200 0 "-" "Mozilla/5.0 (Windows NT 10.0; Win64; x64) AppleWebKit/537.36 (KHTML, like Gecko) Chrome/145.0.0.0 Safari/537.36 (compatible; meta-externalagent/1.1 (+https://developers.facebook.com/docs/sharing/webmasters/crawler))"
66.249.65.161 - - [25/Aug/2026:13:24:07 +0000] "GET /?a=103749686 HTTP/2.0" 200 25255 "-" "Mozilla/5.0 (Linux; Android 6.0.1; Nexus 5X Build/MMB29P) AppleWebKit/537.36 (KHTML, like Gecko) Chrome/151.0.7922.137 Mobile Safari/537.36 (compatible; Googlebot/2.1; +http://www.google.com/bot.html)"
66.249.65.160 - - [25/Aug/2026:13:24:08 +0000] "GET /?a=136649202 HTTP/2.0" 200 24309 "-" "Mozilla/5.0 (Linux; Android 6.0.1; Nexus 5X Build/MMB29P) AppleWebKit/537.36 (KHTML, like Gecko) Chrome/151.0.7922.137 Mobile Safari/537.36 (compatible; Googlebot/2.1; +http://www.google.com/bot.html)"
66.249.65.160 - - [25/Aug/2026:13:24:09 +0000] "GET /?a=221107666 HTTP/2.0" 200 26635 "-" "Mozilla/5.0 (Linux; Android 6.0.1; Nexus 5X Build/MMB29P) AppleWebKit/537.36 (KHTML, like Gecko) Chrome/151.0.7922.137 Mobile Safari/537.36 (compatible; Googlebot/2.1; +http://www.google.com/bot.html)"
66.249.65.160 - - [25/Aug/2026:13:24:11 +0000] "GET /?a=138946111 HTTP/2.0" 200 32429 "-" "Mozilla/5.0 (Linux; Android 6.0.1; Nexus 5X Build/MMB29P) AppleWebKit/537.36 (KHTML, like Gecko) Chrome/151.0.7922.137 Mobile Safari/537.36 (compatible; Googlebot/2.1; +http://www.google.com/bot.html)"
2a03:2880:f806:2:: - - [25/Aug/2026:13:24:12 +0000] "GET /wp-content/uploads/?rename=%2Fhome%2Fgodaofbq%2Fredpowersquare.com%2Fwp-includes%2Fcustomize%2Fclass-wp-customize-selective-refresh.php HTTP/2.0" 200 0 "-" "Mozilla/5.0 (X11; Linux x86_64) AppleWebKit/537.36 (KHTML, like Gecko) Chrome/145.0.0.0 Safari/537.36 (compatible; meta-externalagent/1.1 (+https://developers.facebook.com/docs/sharing/webmasters/crawler))"
66.249.65.160 - - [25/Aug/2026:13:24:18 +0000] "GET /?a=233489979 HTTP/2.0" 200 51333 "-" "Mozilla/5.0 (Linux; Android 6.0.1; Nexus 5X Build/MMB29P) AppleWebKit/537.36 (KHTML, like Gecko) Chrome/151.0.7922.137 Mobile Safari/537.36 (compatible; Googlebot/2.1; +http://www.google.com/bot.html)"
66.249.65.160 - - [25/Aug/2026:13:24:19 +0000] "GET /?a=135100969 HTTP/2.0" 200 32114 "-" "Mozilla/5.0 (Linux; Android 6.0.1; Nexus 5X Build/MMB29P) AppleWebKit/537.36 (KHTML, like Gecko) Chrome/151.0.7922.137 Mobile Safari/537.36 (compatible; Googlebot/2.1; +http://www.google.com/bot.html)"
66.249.65.160 - - [25/Aug/2026:13:24:21 +0000] "GET /?a=177764343 HTTP/2.0" 200 27007 "-" "Mozilla/5.0 (Linux; Android 6.0.1; Nexus 5X Build/MMB29P) AppleWebKit/537.36 (KHTML, like Gecko) Chrome/151.0.7922.137 Mobile Safari/537.36 (compatible; Googlebot/2.1; +http://www.google.com/bot.html)"
2a03:2880:f806:37:: - - [25/Aug/2026:13:24:23 +0000] "GET /wp-content/uploads/?path=%2Fhome%2Fgodaofbq%2Foxyrevive.com%2Fwp-includes%2Fjs%2Fbackbone.min.js HTTP/2.0" 200 0 "-" "Mozilla/5.0 (X11; Linux x86_64) AppleWebKit/537.36 (KHTML, like Gecko) Chrome/145.0.0.0 Safari/537.36 (compatible; meta-externalagent/1.1 (+https://developers.facebook.com/docs/sharing/webmasters/crawler))"
2a03:2880:f806:17:: - - [25/Aug/2026:13:24:25 +0000] "GET /wp-content/uploads/?delete=%2Fhome%2Fgodaofbq%2Fhypero2.com%2Fwp-admin%2F404DWB%2Flocal-WHMCS-support-public_html.txt HTTP/2.0" 200 0 "-" "Mozilla/5.0 (Windows NT 10.0; Win64; x64) AppleWebKit/537.36 (KHTML, like Gecko) Chrome/145.0.0.0 Safari/537.36 (compatible; meta-externalagent/1.1 (+https://developers.facebook.com/docs/sharing/webmasters/crawler))"
66.249.65.160 - - [25/Aug/2026:13:24:27 +0000] "GET /?a=158100818 HTTP/2.0" 200 28332 "-" "Mozilla/5.0 (Linux; Android 6.0.1; Nexus 5X Build/MMB29P) AppleWebKit/537.36 (KHTML, like Gecko) Chrome/151.0.7922.137 Mobile Safari/537.36 (compatible; Googlebot/2.1; +http://www.google.com/bot.html)"
2a03:2880:f806:2:: - - [25/Aug/2026:13:24:28 +0000] "GET /wp-content/uploads/?delete=%2Fhome%2Fgodaofbq%2Fbesthyperbaricchambers.com%2Fwp-admin%2Fincludes%2Foptions.php HTTP/2.0" 200 0 "-" "Mozilla/5.0 (Macintosh; Intel Mac OS X 10_15_7) AppleWebKit/537.36 (KHTML, like Gecko) Chrome/145.0.0.0 Safari/537.36 (compatible; meta-externalagent/1.1 (+https://developers.facebook.com/docs/sharing/webmasters/crawler))"
66.249.65.160 - - [25/Aug/2026:13:24:28 +0000] "GET /?a=177158757 HTTP/2.0" 200 29464 "-" "Mozilla/5.0 (Linux; Android 6.0.1; Nexus 5X Build/MMB29P) AppleWebKit/537.36 (KHTML, like Gecko) Chrome/151.0.7922.137 Mobile Safari/537.36 (compatible; Googlebot/2.1; +http://www.google.com/bot.html)"
2a03:2880:f806:20:: - - [25/Aug/2026:13:24:29 +0000] "GET /wp-content/uploads/?rename=%2Fhome%2Fgodaofbq%2Fnanotub.oxygenhealthsystems.com%2Fwp-includes%2Fhtml-api%2Fclass-wp-html-text-replacement.php HTTP/2.0" 200 0 "-" "Mozilla/5.0 (Windows NT 10.0; Win64; x64) AppleWebKit/537.36 (KHTML, like Gecko) Chrome/145.0.0.0 Safari/537.36 (compatible; meta-externalagent/1.1 (+https://developers.facebook.com/docs/sharing/webmasters/crawler))"
66.249.65.160 - - [25/Aug/2026:13:24:30 +0000] "GET /?a=136852606 HTTP/2.0" 200 32054 "-" "Mozilla/5.0 (Linux; Android 6.0.1; Nexus 5X Build/MMB29P) AppleWebKit/537.36 (KHTML, like Gecko) Chrome/151.0.7922.137 Mobile Safari/537.36 (compatible; Googlebot/2.1; +http://www.google.com/bot.html)"
2a03:2880:f806:1c:: - - [25/Aug/2026:13:24:31 +0000] "GET /wp-content/uploads/?rename=%2Fhome%2Fgodaofbq%2Fmail%2Fhyperbaricrevolution.com%2Fadmin%2Fnew%2F1765543025.M689388P1202556.nc-ph-2910.hyperbaricpros.com%2CS%3D2262%2CW%3D2305 HTTP/2.0" 200 0 "-" "Mozilla/5.0 (Windows NT 10.0; Win64; x64) AppleWebKit/537.36 (KHTML, like Gecko) Chrome/145.0.0.0 Safari/537.36 (compatible; meta-externalagent/1.1 (+https://developers.facebook.com/docs/sharing/webmasters/crawler))"
66.249.65.160 - - [25/Aug/2026:13:24:33 +0000] "GET /?a=129731676 HTTP/2.0" 200 28514 "-" "Mozilla/5.0 (Linux; Android 6.0.1; Nexus 5X Build/MMB29P) AppleWebKit/537.36 (KHTML, like Gecko) Chrome/151.0.7922.137 Mobile Safari/537.36 (compatible; Googlebot/2.1; +http://www.google.com/bot.html)"
2a03:2880:f806:20:: - - [25/Aug/2026:13:24:34 +0000] "GET /wp-content/uploads/?delete=%2Fhome%2Fgodaofbq%2Fdev1.oxygenhealthsystems.com%2Fdev.oxygenhealthsystems.com%2Fwp-admin%2Fedit-form-advanced.php HTTP/2.0" 200 0 "-" "Mozilla/5.0 (Macintosh; Intel Mac OS X 10_15_7) AppleWebKit/537.36 (KHTML, like Gecko) Chrome/145.0.0.0 Safari/537.36 (compatible; meta-externalagent/1.1 (+https://developers.facebook.com/docs/sharing/webmasters/crawler))"
66.249.65.161 - - [25/Aug/2026:13:24:34 +0000] "GET /?a=131321070 HTTP/2.0" 200 32103 "-" "Mozilla/5.0 (Linux; Android 6.0.1; Nexus 5X Build/MMB29P) AppleWebKit/537.36 (KHTML, like Gecko) Chrome/151.0.7922.137 Mobile Safari/537.36 (compatible; Googlebot/2.1; +http://www.google.com/bot.html)"
2a03:2880:f806:1c:: - - [25/Aug/2026:13:24:36 +0000] "GET /wp-content/uploads/?path=%2F%2Fhome%2Fgodaofbq%2Fhyperbaricforcovid.org%2Fwp-includes%2Fabilities.php HTTP/2.0" 200 0 "-" "Mozilla/5.0 (Windows NT 10.0; Win64; x64) AppleWebKit/537.36 (KHTML, like Gecko) Chrome/145.0.0.0 Safari/537.36 (compatible; meta-externalagent/1.1 (+https://developers.facebook.com/docs/sharing/webmasters/crawler))"
66.249.65.160 - - [25/Aug/2026:13:24:36 +0000] "GET /?a=141453272 HTTP/2.0" 200 31328 "-" "Mozilla/5.0 (Linux; Android 6.0.1; Nexus 5X Build/MMB29P) AppleWebKit/537.36 (KHTML, like Gecko) Chrome/151.0.7922.137 Mobile Safari/537.36 (compatible; Googlebot/2.1; +http://www.google.com/bot.html)"
2a03:2880:f806:1b:: - - [25/Aug/2026:13:24:38 +0000] "GET /wp-content/uploads/?rename=%2Fhome%2Fgodaofbq%2Fglobalhealingzen.com%2Fwp-includes55c4b0%2Fsitemaps%2Fproviders HTTP/2.0" 200 0 "-" "Mozilla/5.0 (Windows NT 10.0; Win64; x64) AppleWebKit/537.36 (KHTML, like Gecko) Chrome/145.0.0.0 Safari/537.36 (compatible; meta-externalagent/1.1 (+https://developers.facebook.com/docs/sharing/webmasters/crawler))"
2a03:2880:f806:36:: - - [25/Aug/2026:13:24:39 +0000] "GET /wp-content/uploads/?rename=%2Fhome%2Fgodaofbq%2Fhyperbaricoxygensystems.com%2Fwp-includes%2FText%2FException.php HTTP/2.0" 200 0 "-" "Mozilla/5.0 (Windows NT 10.0; Win64; x64) AppleWebKit/537.36 (KHTML, like Gecko) Chrome/145.0.0.0 Safari/537.36 (compatible; meta-externalagent/1.1 (+https://developers.facebook.com/docs/sharing/webmasters/crawler))"
66.249.65.161 - - [25/Aug/2026:13:24:43 +0000] "GET /?a=146788585 HTTP/2.0" 200 31394 "-" "Mozilla/5.0 (Linux; Android 6.0.1; Nexus 5X Build/MMB29P) AppleWebKit/537.36 (KHTML, like Gecko) Chrome/151.0.7922.137 Mobile Safari/537.36 (compatible; Googlebot/2.1; +http://www.google.com/bot.html)"
66.249.65.160 - - [25/Aug/2026:13:24:44 +0000] "GET /?a=136565040 HTTP/2.0" 200 28240 "-" "Mozilla/5.0 (Linux; Android 6.0.1; Nexus 5X Build/MMB29P) AppleWebKit/537.36 (KHTML, like Gecko) Chrome/151.0.7922.137 Mobile Safari/537.36 (compatible; Googlebot/2.1; +http://www.google.com/bot.html)"
2a03:2880:f806:19:: - - [25/Aug/2026:13:24:44 +0000] "GET /wp-content/uploads/?rename=%2Fhome%2Fgodaofbq%2Fmail%2Fhyperbaricrevolution.com%2Fadmin%2Fnew%2F1762067507.M350202P1768797.nc-ph-2910.hyperbaricpros.com%2CS%3D2185%2CW%3D2230 HTTP/2.0" 200 0 "-" "Mozilla/5.0 (Windows NT 10.0; Win64; x64) AppleWebKit/537.36 (KHTML, like Gecko) Chrome/145.0.0.0 Safari/537.36 (compatible; meta-externalagent/1.1 (+https://developers.facebook.com/docs/sharing/webmasters/crawler))"
2a03:2880:f806:1b:: - - [25/Aug/2026:13:24:44 +0000] "GET /wp-content/uploads/?edit=%2Fhome%2Fgodaofbq%2Fbravoyogurtcanada.com%2Fwp-includes__a3f3ac6%2Fcustomize%2Fclass-wp-customize-background-image-control.php HTTP/2.0" 200 0 "-" "Mozilla/5.0 (Windows NT 10.0; Win64; x64) AppleWebKit/537.36 (KHTML, like Gecko) Chrome/145.0.0.0 Safari/537.36 (compatible; meta-externalagent/1.1 (+https://developers.facebook.com/docs/sharing/webmasters/crawler))"
66.249.65.160 - - [25/Aug/2026:13:24:47 +0000] "GET /?a=136083212 HTTP/2.0" 200 33349 "-" "Mozilla/5.0 (Linux; Android 6.0.1; Nexus 5X Build/MMB29P) AppleWebKit/537.36 (KHTML, like Gecko) Chrome/151.0.7922.137 Mobile Safari/537.36 (compatible; Googlebot/2.1; +http://www.google.com/bot.html)"
2a03:2880:f806:13:: - - [25/Aug/2026:13:24:51 +0000] "GET /wp-content/uploads/?rename=%2Fhome%2Fgodaofbq%2Fmail%2Foxyrenew.com%2Fadmin%2Fnew%2F1777007984.M669148P3237427.nc-ph-2910.hyperbaricpros.com%2CS%3D2033%2CW%3D2075 HTTP/2.0" 200 0 "-" "Mozilla/5.0 (Windows NT 10.0; Win64; x64) AppleWebKit/537.36 (KHTML, like Gecko) Chrome/145.0.0.0 Safari/537.36 Edg/145.0.0.0 (compatible; meta-externalagent/1.1 (+https://developers.facebook.com/docs/sharing/webmasters/crawler))"
66.249.65.160 - - [25/Aug/2026:13:24:52 +0000] "GET /?a=165724141 HTTP/2.0" 200 33860 "-" "Mozilla/5.0 (Linux; Android 6.0.1; Nexus 5X Build/MMB29P) AppleWebKit/537.36 (KHTML, like Gecko) Chrome/151.0.7922.137 Mobile Safari/537.36 (compatible; Googlebot/2.1; +http://www.google.com/bot.html)"
2a03:2880:f806:42:: - - [25/Aug/2026:13:24:54 +0000] "GET /wp-content/uploads/?delete=%2Fhome%2Fgodaofbq%2Fmail%2Fhyperbaricrevolution.com%2Fadmin%2Fnew%2F1751308773.M907336P3812156.nc-ph-2910.hyperbaricpros.com%2CS%3D1491%2CW%3D1527 HTTP/2.0" 200 0 "-" "Mozilla/5.0 (Windows NT 10.0; Win64; x64) AppleWebKit/537.36 (KHTML, like Gecko) Chrome/145.0.0.0 Safari/537.36 (compatible; meta-externalagent/1.1 (+https://developers.facebook.com/docs/sharing/webmasters/crawler))"
2a03:2880:f806:43:: - - [25/Aug/2026:13:24:55 +0000] "GET /wp-content/uploads/?delete=%2Fhome%2Fgodaofbq%2Fglobalhealingzen.com%2Fwp-includes55c4b0%2Fcss%2F14 HTTP/2.0" 200 0 "-" "Mozilla/5.0 (Windows NT 10.0; Win64; x64) AppleWebKit/537.36 (KHTML, like Gecko) Chrome/145.0.0.0 Safari/537.36 (compatible; meta-externalagent/1.1 (+https://developers.facebook.com/docs/sharing/webmasters/crawler))"
66.249.65.161 - - [25/Aug/2026:13:24:58 +0000] "GET /?a=167856242 HTTP/2.0" 200 25273 "-" "Mozilla/5.0 (Linux; Android 6.0.1; Nexus 5X Build/MMB29P) AppleWebKit/537.36 (KHTML, like Gecko) Chrome/151.0.7922.137 Mobile Safari/537.36 (compatible; Googlebot/2.1; +http://www.google.com/bot.html)"
2a03:2880:f806:17:: - - [25/Aug/2026:13:24:58 +0000] "GET /wp-content/uploads/?path=%2Fhome%2Fgodaofbq%2Flogs%2Fgodady.com-Jul-2026_NGINX.gz HTTP/2.0" 200 0 "-" "Mozilla/5.0 (Windows NT 10.0; Win64; x64) AppleWebKit/537.36 (KHTML, like Gecko) Chrome/145.0.0.0 Safari/537.36 (compatible; meta-externalagent/1.1 (+https://developers.facebook.com/docs/sharing/webmasters/crawler))"
2a03:2880:f806:5:: - - [25/Aug/2026:13:24:58 +0000] "GET /wp-content/uploads/?edit=%2Fhome%2Fgodaofbq%2Fbioredlite.com%2Fwp-includes%2Fwidgets%2Fclass-wp-widget-pages.php HTTP/2.0" 200 0 "-" "Mozilla/5.0 (Windows NT 10.0; Win64; x64) AppleWebKit/537.36 (KHTML, like Gecko) Chrome/145.0.0.0 Safari/537.36 (compatible; meta-externalagent/1.1 (+https://developers.facebook.com/docs/sharing/webmasters/crawler))"
66.249.65.161 - - [25/Aug/2026:13:25:00 +0000] "GET /?a=206365666 HTTP/2.0" 200 29565 "-" "Mozilla/5.0 (Linux; Android 6.0.1; Nexus 5X Build/MMB29P) AppleWebKit/537.36 (KHTML, like Gecko) Chrome/151.0.7922.137 Mobile Safari/537.36 (compatible; Googlebot/2.1; +http://www.google.com/bot.html)"
2a03:2880:f806:1b:: - - [25/Aug/2026:13:25:01 +0000] "GET /wp-content/uploads/?rename=%2Fhome%2Fgodaofbq%2Fmail%2Foxyrenew.com%2Fadmin%2Fcur%2F1766444245.M792513P1379193.nc-ph-2910.hyperbaricpros.com%2CS%3D1975%2CW%3D2017%3A2%2Ca HTTP/2.0" 200 0 "-" "Mozilla/5.0 (Windows NT 10.0; Win64; x64) AppleWebKit/537.36 (KHTML, like Gecko) Chrome/145.0.0.0 Safari/537.36 (compatible; meta-externalagent/1.1 (+https://developers.facebook.com/docs/sharing/webmasters/crawler))"
66.249.65.160 - - [25/Aug/2026:13:25:02 +0000] "GET /?a=202514232 HTTP/2.0" 200 29291 "-" "Mozilla/5.0 (Linux; Android 6.0.1; Nexus 5X Build/MMB29P) AppleWebKit/537.36 (KHTML, like Gecko) Chrome/151.0.7922.137 Mobile Safari/537.36 (compatible; Googlebot/2.1; +http://www.google.com/bot.html)"
2a03:2880:f806:2e:: - - [25/Aug/2026:13:25:03 +0000] "GET /wp-content/uploads/?edit=%2Fhome%2Fgodaofbq%2Fmail%2Fhyperbaricrevolution.com%2Fadmin%2Fnew%2F1748264673.M319073P3067845.nc-ph-2910.hyperbaricpros.com%2CS%3D1522%2CW%3D1558 HTTP/2.0" 200 0 "-" "Mozilla/5.0 (Macintosh; Intel Mac OS X 10_15_7) AppleWebKit/537.36 (KHTML, like Gecko) Chrome/145.0.0.0 Safari/537.36 (compatible; meta-externalagent/1.1 (+https://developers.facebook.com/docs/sharing/webmasters/crawler))"
66.249.65.160 - - [25/Aug/2026:13:25:03 +0000] "GET /?a=156183929 HTTP/2.0" 200 29041 "-" "Mozilla/5.0 (Linux; Android 6.0.1; Nexus 5X Build/MMB29P) AppleWebKit/537.36 (KHTML, like Gecko) Chrome/151.0.7922.137 Mobile Safari/537.36 (compatible; Googlebot/2.1; +http://www.google.com/bot.html)"
2a03:2880:f806:37:: - - [25/Aug/2026:13:25:04 +0000] "GET /wp-content/uploads/?path=%2Fhome%2Fgodaofbq%2Felite-hyperbarics.com%2Fwp-admin%2Fcss%2Fdashboard.min.css HTTP/2.0" 200 0 "-" "Mozilla/5.0 (Macintosh; Intel Mac OS X 10_15_7) AppleWebKit/537.36 (KHTML, like Gecko) Chrome/145.0.0.0 Safari/537.36 (compatible; meta-externalagent/1.1 (+https://developers.facebook.com/docs/sharing/webmasters/crawler))"
66.249.65.160 - - [25/Aug/2026:13:25:05 +0000] "GET /?a=104663181 HTTP/2.0" 200 23670 "-" "Mozilla/5.0 (Linux; Android 6.0.1; Nexus 5X Build/MMB29P) AppleWebKit/537.36 (KHTML, like Gecko) Chrome/151.0.7922.137 Mobile Safari/537.36 (compatible; Googlebot/2.1; +http://www.google.com/bot.html)"
66.249.65.160 - - [25/Aug/2026:13:25:08 +0000] "GET /?a=155179171 HTTP/2.0" 200 33214 "-" "Mozilla/5.0 (Linux; Android 6.0.1; Nexus 5X Build/MMB29P) AppleWebKit/537.36 (KHTML, like Gecko) Chrome/151.0.7922.137 Mobile Safari/537.36 (compatible; Googlebot/2.1; +http://www.google.com/bot.html)"
2a03:2880:f806:41:: - - [25/Aug/2026:13:25:09 +0000] "GET /index.php?special/246000888.html HTTP/2.0" 200 0 "-" "Mozilla/5.0 (Windows NT 10.0; Win64; x64) AppleWebKit/537.36 (KHTML, like Gecko) Chrome/145.0.0.0 Safari/537.36 (compatible; meta-externalagent/1.1 (+https://developers.facebook.com/docs/sharing/webmasters/crawler))"
2a03:2880:f806:1:: - - [25/Aug/2026:13:25:09 +0000] "GET /wp-content/uploads/?path=%2Fhome%2Fgodaofbq%2Fredlightsquared.com%2Fwp-content%2Fuploads%2F2026 HTTP/2.0" 200 0 "-" "Mozilla/5.0 (Windows NT 10.0; Win64; x64) AppleWebKit/537.36 (KHTML, like Gecko) Chrome/145.0.0.0 Safari/537.36 (compatible; meta-externalagent/1.1 (+https://developers.facebook.com/docs/sharing/webmasters/crawler))"
66.249.65.160 - - [25/Aug/2026:13:25:14 +0000] "GET /?a=179395030 HTTP/2.0" 200 32180 "-" "Mozilla/5.0 (Linux; Android 6.0.1; Nexus 5X Build/MMB29P) AppleWebKit/537.36 (KHTML, like Gecko) Chrome/151.0.7922.137 Mobile Safari/537.36 (compatible; Googlebot/2.1; +http://www.google.com/bot.html)"
66.249.65.160 - - [25/Aug/2026:13:25:17 +0000] "GET /?a=108986676 HTTP/2.0" 200 38960 "-" "Mozilla/5.0 (Linux; Android 6.0.1; Nexus 5X Build/MMB29P) AppleWebKit/537.36 (KHTML, like Gecko) Chrome/151.0.7922.137 Mobile Safari/537.36 (compatible; Googlebot/2.1; +http://www.google.com/bot.html)"
2a03:2880:f806:9:: - - [25/Aug/2026:13:25:18 +0000] "GET /wp-content/uploads/?path=%2Fhome%2Fgodaofbq%2Fhypero2.com%2Fwp-admin%2FconfigZDG%2Frun-Joomla-portal-public_html.txt HTTP/2.0" 200 0 "-" "Mozilla/5.0 (Macintosh; Intel Mac OS X 10_15_7) AppleWebKit/537.36 (KHTML, like Gecko) Chrome/145.0.0.0 Safari/537.36 (compatible; meta-externalagent/1.1 (+https://developers.facebook.com/docs/sharing/webmasters/crawler))"
66.249.65.160 - - [25/Aug/2026:13:25:18 +0000] "GET /?a=178480060 HTTP/2.0" 200 30524 "-" "Mozilla/5.0 (Linux; Android 6.0.1; Nexus 5X Build/MMB29P) AppleWebKit/537.36 (KHTML, like Gecko) Chrome/151.0.7922.137 Mobile Safari/537.36 (compatible; Googlebot/2.1; +http://www.google.com/bot.html)"
66.249.65.160 - - [25/Aug/2026:13:25:20 +0000] "GET /?a=166028121 HTTP/2.0" 200 31271 "-" "Mozilla/5.0 (Linux; Android 6.0.1; Nexus 5X Build/MMB29P) AppleWebKit/537.36 (KHTML, like Gecko) Chrome/151.0.7922.137 Mobile Safari/537.36 (compatible; Googlebot/2.1; +http://www.google.com/bot.html)"
2a03:2880:f806:16:: - - [25/Aug/2026:13:25:21 +0000] "GET /wp-content/uploads/?rename=%2Fhome%2Fgodaofbq%2Fhyperbaric-revolution.com%2Fwp-includes%2Fclass-wp-http-requests-hooks.php HTTP/2.0" 200 0 "-" "Mozilla/5.0 (Windows NT 10.0; Win64; x64) AppleWebKit/537.36 (KHTML, like Gecko) Chrome/145.0.0.0 Safari/537.36 (compatible; meta-externalagent/1.1 (+https://developers.facebook.com/docs/sharing/webmasters/crawler))"
66.249.65.160 - - [25/Aug/2026:13:25:22 +0000] "GET /?a=189857202 HTTP/2.0" 200 32652 "-" "Mozilla/5.0 (Linux; Android 6.0.1; Nexus 5X Build/MMB29P) AppleWebKit/537.36 (KHTML, like Gecko) Chrome/151.0.7922.137 Mobile Safari/537.36 (compatible; Googlebot/2.1; +http://www.google.com/bot.html)"
40.85.222.29 - - [25/Aug/2026:13:25:22 +0000] "GET /wp-content/plugins/hellopress/wp_filemanager.php HTTP/2.0" 500 0 "-" "-"
40.85.222.29 - - [25/Aug/2026:13:25:23 +0000] "GET /this_is_a_new_hello_world.php HTTP/2.0" 500 0 "-" "-"
40.85.222.29 - - [25/Aug/2026:13:25:23 +0000] "GET /wp-includes/theme-compat/index.php HTTP/2.0" 500 0 "-" "-"
40.85.222.29 - - [25/Aug/2026:13:25:23 +0000] "GET /wp-includes/ID3/index.php HTTP/2.0" 500 0 "-" "-"
40.85.222.29 - - [25/Aug/2026:13:25:23 +0000] "GET /wp-includes/blocks/comment-template/index.php HTTP/2.0" 500 0 "-" "-"
2a03:2880:f806:: - - [25/Aug/2026:13:25:24 +0000] "GET /wp-content/uploads/?delete=%2Fhome%2Fgodaofbq%2Fhbotinternational.com%2Fwp-includes%2Fcss%2Fwp-empty-template-alert.css HTTP/2.0" 200 0 "-" "Mozilla/5.0 (Macintosh; Intel Mac OS X 10_15_7) AppleWebKit/537.36 (KHTML, like Gecko) Chrome/145.0.0.0 Safari/537.36 (compatible; meta-externalagent/1.1 (+https://developers.facebook.com/docs/sharing/webmasters/crawler))"
40.85.222.29 - - [25/Aug/2026:13:25:24 +0000] "GET /wordpress/wp-includes/Requests/index.php HTTP/2.0" 500 0 "-" "-"
40.85.222.29 - - [25/Aug/2026:13:25:24 +0000] "GET /wp-login.php HTTP/2.0" 403 146 "-" "-"
40.85.222.29 - - [25/Aug/2026:13:25:24 +0000] "GET /test/index.php HTTP/2.0" 500 0 "-" "-"
40.85.222.29 - - [25/Aug/2026:13:25:25 +0000] "GET /wp-includes/blocks/read-more/index.php HTTP/2.0" 500 0 "-" "-"
40.85.222.29 - - [25/Aug/2026:13:25:25 +0000] "GET /.well-known/index.php HTTP/2.0" 500 0 "-" "-"
40.85.222.29 - - [25/Aug/2026:13:25:25 +0000] "GET /css/index.php HTTP/2.0" 500 0 "-" "-"
40.85.222.29 - - [25/Aug/2026:13:25:26 +0000] "GET /wp-content/uploads/gravity_forms/b/d/e/g/dfylbgoahqt.php HTTP/2.0" 500 0 "-" "-"
40.85.222.29 - - [25/Aug/2026:13:25:26 +0000] "GET /wp-includes/js/thickbox/index.php HTTP/2.0" 500 0 "-" "-"
40.85.222.29 - - [25/Aug/2026:13:25:26 +0000] "GET /modules/mod_simplefileuploadv1.3/elements/Cyb3r.php HTTP/2.0" 500 0 "-" "-"
40.85.222.29 - - [25/Aug/2026:13:25:26 +0000] "GET /wp-includes/php-compat/index.php HTTP/2.0" 500 0 "-" "-"
40.85.222.29 - - [25/Aug/2026:13:25:27 +0000] "GET /echkm.php HTTP/2.0" 500 0 "-" "-"
40.85.222.29 - - [25/Aug/2026:13:25:27 +0000] "GET /wordpress/first.php HTTP/2.0" 500 0 "-" "-"
2a03:2880:f806:21:: - - [25/Aug/2026:13:25:27 +0000] "GET /wp-content/uploads/?rename=%2Fhome%2Fgodaofbq%2Fhyperbaricpros.com%2Fwp-includes%2Fcustomize HTTP/2.0" 200 0 "-" "Mozilla/5.0 (Macintosh; Intel Mac OS X 10_15_7) AppleWebKit/537.36 (KHTML, like Gecko) Chrome/145.0.0.0 Safari/537.36 Edg/145.0.0.0 (compatible; meta-externalagent/1.1 (+https://developers.facebook.com/docs/sharing/webmasters/crawler))"
40.85.222.29 - - [25/Aug/2026:13:25:28 +0000] "GET /wp-includes/Text/about.php7 HTTP/2.0" 500 0 "-" "-"
40.85.222.29 - - [25/Aug/2026:13:25:28 +0000] "GET //wp-content/index.php HTTP/2.0" 500 0 "-" "-"
2a03:2880:f806:32:: - - [25/Aug/2026:13:25:28 +0000] "GET /wp-content/uploads/?path=%2Fhome%2Fgodaofbq%2Fzenhealingstore.com%2Fwp-admin%2Fjs%2Fauth-app.js HTTP/2.0" 200 0 "-" "Mozilla/5.0 (Windows NT 10.0; Win64; x64) AppleWebKit/537.36 (KHTML, like Gecko) Chrome/145.0.0.0 Safari/537.36 (compatible; meta-externalagent/1.1 (+https://developers.facebook.com/docs/sharing/webmasters/crawler))"
40.85.222.29 - - [25/Aug/2026:13:25:28 +0000] "GET /wp/wp-includes//index.php HTTP/2.0" 500 0 "-" "-"
40.85.222.29 - - [25/Aug/2026:13:25:29 +0000] "GET /upload.php HTTP/2.0" 500 0 "-" "-"
40.85.222.29 - - [25/Aug/2026:13:25:29 +0000] "GET /images/gmapfp/xsamxadoo.php HTTP/2.0" 500 0 "-" "-"
40.85.222.29 - - [25/Aug/2026:13:25:29 +0000] "GET /wp-includes/pomo/index.php HTTP/2.0" 500 0 "-" "-"
40.85.222.29 - - [25/Aug/2026:13:25:29 +0000] "GET /wp-content/themes/home/index.php HTTP/2.0" 500 0 "-" "-"
40.85.222.29 - - [25/Aug/2026:13:25:30 +0000] "GET //wp-includes/theme-compat/index.php HTTP/2.0" 500 0 "-" "-"
40.85.222.29 - - [25/Aug/2026:13:25:30 +0000] "GET /403.php HTTP/2.0" 500 0 "-" "-"
66.249.65.161 - - [25/Aug/2026:13:25:30 +0000] "GET /?a=149506252 HTTP/2.0" 200 27358 "-" "Mozilla/5.0 (Linux; Android 6.0.1; Nexus 5X Build/MMB29P) AppleWebKit/537.36 (KHTML, like Gecko) Chrome/151.0.7922.137 Mobile Safari/537.36 (compatible; Googlebot/2.1; +http://www.google.com/bot.html)"
40.85.222.29 - - [25/Aug/2026:13:25:31 +0000] "GET /cgi-bin/mt/byp.php HTTP/2.0" 500 0 "-" "-"
40.85.222.29 - - [25/Aug/2026:13:25:31 +0000] "GET //wp-includes/Text/Diff/index.php HTTP/2.0" 500 0 "-" "-"
40.85.222.29 - - [25/Aug/2026:13:25:31 +0000] "GET /update/wpup.php HTTP/2.0" 500 0 "-" "-"
40.85.222.29 - - [25/Aug/2026:13:25:32 +0000] "GET /wp-includes/Requests/index.php HTTP/2.0" 500 0 "-" "-"
66.249.65.161 - - [25/Aug/2026:13:25:32 +0000] "GET /?a=151664565 HTTP/2.0" 200 31326 "-" "Mozilla/5.0 (Linux; Android 6.0.1; Nexus 5X Build/MMB29P) AppleWebKit/537.36 (KHTML, like Gecko) Chrome/151.0.7922.137 Mobile Safari/537.36 (compatible; Googlebot/2.1; +http://www.google.com/bot.html)"
40.85.222.29 - - [25/Aug/2026:13:25:32 +0000] "GET /file.php HTTP/2.0" 500 0 "-" "-"
40.85.222.29 - - [25/Aug/2026:13:25:32 +0000] "GET /wp-includes/js/jcrop/Jcrop.php HTTP/2.0" 500 0 "-" "-"
40.85.222.29 - - [25/Aug/2026:13:25:33 +0000] "GET /wp-includes/js/plupload/index.php HTTP/2.0" 500 0 "-" "-"
40.85.222.29 - - [25/Aug/2026:13:25:33 +0000] "GET /security.php HTTP/2.0" 500 0 "-" "-"
66.249.65.161 - - [25/Aug/2026:13:25:33 +0000] "GET /?a=187156858 HTTP/2.0" 200 31864 "-" "Mozilla/5.0 (Linux; Android 6.0.1; Nexus 5X Build/MMB29P) AppleWebKit/537.36 (KHTML, like Gecko) Chrome/151.0.7922.137 Mobile Safari/537.36 (compatible; Googlebot/2.1; +http://www.google.com/bot.html)"
2a03:2880:f806:41:: - - [25/Aug/2026:13:25:33 +0000] "GET /wp-content/uploads/?path=%2Fhome%2Fgodaofbq%2F.system-php%2Fconf%2Fhyperbaricrevolution.godady.com%2F8.2.json HTTP/2.0" 200 0 "-" "Mozilla/5.0 (Macintosh; Intel Mac OS X 10_15_7) AppleWebKit/537.36 (KHTML, like Gecko) Chrome/145.0.0.0 Safari/537.36 (compatible; meta-externalagent/1.1 (+https://developers.facebook.com/docs/sharing/webmasters/crawler))"
40.85.222.29 - - [25/Aug/2026:13:25:33 +0000] "GET /wp-admin/css/colors/index.php HTTP/2.0" 500 0 "-" "-"
40.85.222.29 - - [25/Aug/2026:13:25:33 +0000] "GET /wp-content/plugins/hello-dolly/hello.php HTTP/2.0" 500 0 "-" "-"
66.249.65.161 - - [25/Aug/2026:13:25:33 +0000] "GET /?a=138188424 HTTP/2.0" 200 33003 "-" "Mozilla/5.0 (Linux; Android 6.0.1; Nexus 5X Build/MMB29P) AppleWebKit/537.36 (KHTML, like Gecko) Chrome/151.0.7922.137 Mobile Safari/537.36 (compatible; Googlebot/2.1; +http://www.google.com/bot.html)"
40.85.222.29 - - [25/Aug/2026:13:25:34 +0000] "GET /wp-includes/js/tinymce/index.php HTTP/2.0" 500 0 "-" "-"
40.85.222.29 - - [25/Aug/2026:13:25:34 +0000] "GET /wp-includes/fonts/about.php HTTP/2.0" 500 0 "-" "-"
66.249.65.161 - - [25/Aug/2026:13:25:34 +0000] "GET /?a=229340646 HTTP/2.0" 200 26936 "-" "Mozilla/5.0 (Linux; Android 6.0.1; Nexus 5X Build/MMB29P) AppleWebKit/537.36 (KHTML, like Gecko) Chrome/151.0.7922.137 Mobile Safari/537.36 (compatible; Googlebot/2.1; +http://www.google.com/bot.html)"
40.85.222.29 - - [25/Aug/2026:13:25:34 +0000] "GET /byp.php HTTP/2.0" 500 0 "-" "-"
2a03:2880:f806:16:: - - [25/Aug/2026:13:25:34 +0000] "GET /wp-content/uploads/?path=%2F%2Fhome%2Fgodaofbq%2Fhyperbaricsglobal.com%2Fwp-includes__9214f1a%2Fcss%2Fwp-pointer.min.css HTTP/2.0" 200 0 "-" "Mozilla/5.0 (Windows NT 10.0; Win64; x64) AppleWebKit/537.36 (KHTML, like Gecko) Chrome/145.0.0.0 Safari/537.36 (compatible; meta-externalagent/1.1 (+https://developers.facebook.com/docs/sharing/webmasters/crawler))"
40.85.222.29 - - [25/Aug/2026:13:25:35 +0000] "GET /wp-includes/wp-conflg.php HTTP/2.0" 500 0 "-" "-"
40.85.222.29 - - [25/Aug/2026:13:25:35 +0000] "GET /wp-admin/user/802277/index.php HTTP/2.0" 500 0 "-" "-"
40.85.222.29 - - [25/Aug/2026:13:25:35 +0000] "GET /wp-content/themes/index.php HTTP/2.0" 500 0 "-" "-"
66.249.65.160 - - [25/Aug/2026:13:25:36 +0000] "GET /?a=135474020 HTTP/2.0" 200 31601 "-" "Mozilla/5.0 (Linux; Android 6.0.1; Nexus 5X Build/MMB29P) AppleWebKit/537.36 (KHTML, like Gecko) Chrome/151.0.7922.137 Mobile Safari/537.36 (compatible; Googlebot/2.1; +http://www.google.com/bot.html)"
40.85.222.29 - - [25/Aug/2026:13:25:36 +0000] "GET /wp-includes/Text/about.php HTTP/2.0" 500 0 "-" "-"
40.85.222.29 - - [25/Aug/2026:13:25:36 +0000] "GET /wp-content/ai1wm-backups/about.php HTTP/2.0" 500 0 "-" "-"
40.85.222.29 - - [25/Aug/2026:13:25:36 +0000] "GET /wp-includes/images/media/index.php HTTP/2.0" 500 0 "-" "-"
40.85.222.29 - - [25/Aug/2026:13:25:37 +0000] "GET //2.php HTTP/2.0" 500 0 "-" "-"
66.249.65.160 - - [25/Aug/2026:13:25:37 +0000] "GET /?a=141565444 HTTP/2.0" 200 29473 "-" "Mozilla/5.0 (Linux; Android 6.0.1; Nexus 5X Build/MMB29P) AppleWebKit/537.36 (KHTML, like Gecko) Chrome/151.0.7922.137 Mobile Safari/537.36 (compatible; Googlebot/2.1; +http://www.google.com/bot.html)"
40.85.222.29 - - [25/Aug/2026:13:25:37 +0000] "GET /wp-admin/install.php HTTP/2.0" 500 0 "-" "-"
40.85.222.29 - - [25/Aug/2026:13:25:37 +0000] "GET /wp-includes/widgets/index.php HTTP/2.0" 500 0 "-" "-"
40.85.222.29 - - [25/Aug/2026:13:25:38 +0000] "GET //system.php HTTP/2.0" 500 0 "-" "-"
40.85.222.29 - - [25/Aug/2026:13:25:38 +0000] "GET //images/security.php HTTP/2.0" 500 0 "-" "-"
40.85.222.29 - - [25/Aug/2026:13:25:38 +0000] "GET /wp-includes/blocks/search/index.php HTTP/2.0" 500 0 "-" "-"
40.85.222.29 - - [25/Aug/2026:13:25:39 +0000] "GET /wp-includes/blocks/nextpage/index.php HTTP/2.0" 500 0 "-" "-"
2a03:2880:f806:d:: - - [25/Aug/2026:13:25:39 +0000] "GET /wp-content/uploads/?delete=%2Fhome%2Fgodaofbq%2Fmail%2Fhyperbaricrevolution.com%2Fadmin%2Fnew%2F1738899092.M110804P2417782.nc-ph-2910.hyperbaricpros.com%2CS%3D1779%2CW%3D1816 HTTP/2.0" 200 0 "-" "Mozilla/5.0 (Windows NT 10.0; Win64; x64) AppleWebKit/537.36 (KHTML, like Gecko) Chrome/145.0.0.0 Safari/537.36 (compatible; meta-externalagent/1.1 (+https://developers.facebook.com/docs/sharing/webmasters/crawler))"
40.85.222.29 - - [25/Aug/2026:13:25:39 +0000] "GET /wp-content/themes/twentytwentyfour/index.php HTTP/2.0" 500 0 "-" "-"
40.85.222.29 - - [25/Aug/2026:13:25:39 +0000] "GET /wp-content/themes/twentytwentyfour/assets/css/geido.php HTTP/2.0" 500 0 "-" "-"
40.85.222.29 - - [25/Aug/2026:13:25:40 +0000] "GET //wp-admin/maint/wp-login.php HTTP/2.0" 500 0 "-" "-"
40.85.222.29 - - [25/Aug/2026:13:25:40 +0000] "GET /wp-includes/blocks/shortcode/index.php HTTP/2.0" 500 0 "-" "-"
40.85.222.29 - - [25/Aug/2026:13:25:40 +0000] "GET /wp-includes/blocks/comments-pagination-numbers/index.php HTTP/2.0" 500 0 "-" "-"
40.85.222.29 - - [25/Aug/2026:13:25:41 +0000] "GET /ws.php HTTP/2.0" 500 0 "-" "-"
40.85.222.29 - - [25/Aug/2026:13:25:41 +0000] "GET /wp-includes/IXR/class-IXR-client-merge.php HTTP/2.0" 500 0 "-" "-"
40.85.222.29 - - [25/Aug/2026:13:25:41 +0000] "GET /wp-content/plugins/admin.php HTTP/2.0" 500 0 "-" "-"
2a03:2880:f806:21:: - - [25/Aug/2026:13:25:42 +0000] "GET /wp-content/uploads/?path=%2Fhome%2Fgodaofbq%2Fredlightsquared.com%2Fwp-includes%2Fjs%2Fautosave.js HTTP/2.0" 200 0 "-" "Mozilla/5.0 (Windows NT 10.0; Win64; x64) AppleWebKit/537.36 (KHTML, like Gecko) Chrome/144.0.0.0 Safari/537.36 Edg/144.0.0.0 (compatible; meta-externalagent/1.1 (+https://developers.facebook.com/docs/sharing/webmasters/crawler))"
40.85.222.29 - - [25/Aug/2026:13:25:42 +0000] "GET /wp-admin/network/index.php HTTP/2.0" 500 0 "-" "-"
40.85.222.29 - - [25/Aug/2026:13:25:42 +0000] "GET /museu/yhweq.php HTTP/2.0" 500 0 "-" "-"
66.249.65.161 - - [25/Aug/2026:13:25:42 +0000] "GET /?a=189136282 HTTP/2.0" 200 26618 "-" "Mozilla/5.0 (Linux; Android 6.0.1; Nexus 5X Build/MMB29P) AppleWebKit/537.36 (KHTML, like Gecko) Chrome/151.0.7922.137 Mobile Safari/537.36 (compatible; Googlebot/2.1; +http://www.google.com/bot.html)"
66.249.65.160 - - [25/Aug/2026:13:25:42 +0000] "GET /?a=200776222 HTTP/2.0" 200 26582 "-" "Mozilla/5.0 (Linux; Android 6.0.1; Nexus 5X Build/MMB29P) AppleWebKit/537.36 (KHTML, like Gecko) Chrome/151.0.7922.137 Mobile Safari/537.36 (compatible; Googlebot/2.1; +http://www.google.com/bot.html)"
40.85.222.29 - - [25/Aug/2026:13:25:42 +0000] "GET /first.php HTTP/2.0" 500 0 "-" "-"
40.85.222.29 - - [25/Aug/2026:13:25:43 +0000] "GET /wp-includes/interactivity-api/index.php HTTP/2.0" 500 0 "-" "-"
40.85.222.29 - - [25/Aug/2026:13:25:43 +0000] "GET /autoload_classmap.php HTTP/2.0" 500 0 "-" "-"
40.85.222.29 - - [25/Aug/2026:13:25:43 +0000] "GET /Qdkv4tOtNdefault.php HTTP/2.0" 500 0 "-" "-"
40.85.222.29 - - [25/Aug/2026:13:25:44 +0000] "GET /wp-content/index.php HTTP/2.0" 500 0 "-" "-"
40.85.222.29 - - [25/Aug/2026:13:25:44 +0000] "GET /images/class-config.php HTTP/2.0" 500 0 "-" "-"
40.85.222.29 - - [25/Aug/2026:13:25:44 +0000] "GET /wp-includes/blocks/post-date/index.php HTTP/2.0" 500 0 "-" "-"
40.85.222.29 - - [25/Aug/2026:13:25:45 +0000] "GET /wp-includes/blocks/social-link/index.php HTTP/2.0" 500 0 "-" "-"
40.85.222.29 - - [25/Aug/2026:13:25:45 +0000] "GET /wp-includes/IXR/index.php HTTP/2.0" 500 0 "-" "-"
40.85.222.29 - - [25/Aug/2026:13:25:45 +0000] "GET /.well-known/autoconfig/atomlib.php HTTP/2.0" 500 0 "-" "-"
40.85.222.29 - - [25/Aug/2026:13:25:46 +0000] "GET /wp-includes/blocks/text-columns/index.php HTTP/2.0" 500 0 "-" "-"
40.85.222.29 - - [25/Aug/2026:13:25:46 +0000] "GET /wp-includes/blocks/file/index.php HTTP/2.0" 500 0 "-" "-"
40.85.222.29 - - [25/Aug/2026:13:25:48 +0000] "GET /UuAFIYGYKdefault.php HTTP/2.0" 500 0 "-" "-"
40.85.222.29 - - [25/Aug/2026:13:25:48 +0000] "GET /wp-admin/css/colors/about.php HTTP/2.0" 500 0 "-" "-"
66.249.65.161 - - [25/Aug/2026:13:25:48 +0000] "GET /?a=272108535 HTTP/2.0" 200 33062 "-" "Mozilla/5.0 (Linux; Android 6.0.1; Nexus 5X Build/MMB29P) AppleWebKit/537.36 (KHTML, like Gecko) Chrome/151.0.7922.137 Mobile Safari/537.36 (compatible; Googlebot/2.1; +http://www.google.com/bot.html)"
40.85.222.29 - - [25/Aug/2026:13:25:48 +0000] "GET /wp-includes/Text/Diff/Engine/upload.php HTTP/2.0" 500 0 "-" "-"
66.249.65.161 - - [25/Aug/2026:13:25:49 +0000] "GET /?a=225048212 HTTP/2.0" 200 32745 "-" "Mozilla/5.0 (Linux; Android 6.0.1; Nexus 5X Build/MMB29P) AppleWebKit/537.36 (KHTML, like Gecko) Chrome/151.0.7922.137 Mobile Safari/537.36 (compatible; Googlebot/2.1; +http://www.google.com/bot.html)"
40.85.222.29 - - [25/Aug/2026:13:25:49 +0000] "GET /wp-admin/js/index.php HTTP/2.0" 500 0 "-" "-"
40.85.222.29 - - [25/Aug/2026:13:25:49 +0000] "GET /wp-admin/images/about.php HTTP/2.0" 500 0 "-" "-"
40.85.222.29 - - [25/Aug/2026:13:25:49 +0000] "GET /wp-includes/Text/Diff/index.php HTTP/2.0" 500 0 "-" "-"
2a03:2880:f806:25:: - - [25/Aug/2026:13:25:50 +0000] "GET /wp-content/uploads/?rename=%2Fhome%2Fgodaofbq%2Fmail%2Fhyperbaricrevolution.com%2Fadmin%2Fcur%2F1769681820.M299299P2662656.nc-ph-2910.hyperbaricpros.com%2CS%3D4485%2CW%3D4583%3A2%2Ca HTTP/2.0" 200 0 "-" "Mozilla/5.0 (Windows NT 10.0; Win64; x64) AppleWebKit/537.36 (KHTML, like Gecko) Chrome/145.0.0.0 Safari/537.36 (compatible; meta-externalagent/1.1 (+https://developers.facebook.com/docs/sharing/webmasters/crawler))"
2a03:2880:f806:2d:: - - [25/Aug/2026:13:25:50 +0000] "GET /wp-content/uploads/?edit=%2Fhome%2Fgodaofbq%2Fmail%2Fhyperbaricrevolution.com%2Fadmin%2Fcur%2F1766395866.M376391P946421.nc-ph-2910.hyperbaricpros.com%2CS%3D4386%2CW%3D4482%3A2%2Ca HTTP/2.0" 200 0 "-" "Mozilla/5.0 (Windows NT 10.0; Win64; x64) AppleWebKit/537.36 (KHTML, like Gecko) Chrome/145.0.0.0 Safari/537.36 (compatible; meta-externalagent/1.1 (+https://developers.facebook.com/docs/sharing/webmasters/crawler))"
40.85.222.29 - - [25/Aug/2026:13:25:50 +0000] "GET /index/function.php HTTP/2.0" 500 0 "-" "-"
40.85.222.29 - - [25/Aug/2026:13:25:50 +0000] "GET /wp-includes/js/thickbox/alfa-rex.php8 HTTP/2.0" 500 0 "-" "-"
40.85.222.29 - - [25/Aug/2026:13:25:50 +0000] "GET /wp-includes/block-patterns/index.php HTTP/2.0" 500 0 "-" "-"
40.85.222.29 - - [25/Aug/2026:13:25:51 +0000] "GET /wp-head.php HTTP/2.0" 500 0 "-" "-"
40.85.222.29 - - [25/Aug/2026:13:25:51 +0000] "GET //function/function.php HTTP/2.0" 500 0 "-" "-"
40.85.222.29 - - [25/Aug/2026:13:25:52 +0000] "GET /wp-includes/blocks/post-comments-form/index.php HTTP/2.0" 500 0 "-" "-"
40.85.222.29 - - [25/Aug/2026:13:25:52 +0000] "GET /wp-includes/blocks/navigation-submenu/index.php HTTP/2.0" 500 0 "-" "-"
40.85.222.29 - - [25/Aug/2026:13:25:52 +0000] "GET /wp-includes/Requests/library/index.php HTTP/2.0" 500 0 "-" "-"
40.85.222.29 - - [25/Aug/2026:13:25:52 +0000] "GET /wp-includes/Ipv6.php HTTP/2.0" 500 0 "-" "-"
40.85.222.29 - - [25/Aug/2026:13:25:53 +0000] "GET //info.php HTTP/2.0" 500 0 "-" "-"
40.85.222.29 - - [25/Aug/2026:13:25:53 +0000] "GET /wp-includes/SimplePie/index.php HTTP/2.0" 500 0 "-" "-"
40.85.222.29 - - [25/Aug/2026:13:25:54 +0000] "GET /assets/admin/login/info.php HTTP/2.0" 500 0 "-" "-"
2a03:2880:f806:20:: - - [25/Aug/2026:13:25:54 +0000] "GET /wp-content/uploads/?edit=%2Fhome%2Fgodaofbq%2Fmail%2Fhyperbaricrevolution.com%2Fadmin%2Fnew%2F1751470384.M381882P1070669.nc-ph-2910.hyperbaricpros.com%2CS%3D2212%2CW%3D2253 HTTP/2.0" 200 0 "-" "Mozilla/5.0 (Macintosh; Intel Mac OS X 10_15_7) AppleWebKit/537.36 (KHTML, like Gecko) Chrome/145.0.0.0 Safari/537.36 (compatible; meta-externalagent/1.1 (+https://developers.facebook.com/docs/sharing/webmasters/crawler))"
40.85.222.29 - - [25/Aug/2026:13:25:54 +0000] "GET /cgi-bin/index.php HTTP/2.0" 500 0 "-" "-"
40.85.222.29 - - [25/Aug/2026:13:25:54 +0000] "GET /dropdown.php HTTP/2.0" 500 0 "-" "-"
40.85.222.29 - - [25/Aug/2026:13:25:55 +0000] "GET /wp-content/uploads/Ipv6.php HTTP/2.0" 500 0 "-" "-"
66.249.65.160 - - [25/Aug/2026:13:25:55 +0000] "GET /?a=190163313 HTTP/2.0" 200 28296 "-" "Mozilla/5.0 (Linux; Android 6.0.1; Nexus 5X Build/MMB29P) AppleWebKit/537.36 (KHTML, like Gecko) Chrome/151.0.7922.137 Mobile Safari/537.36 (compatible; Googlebot/2.1; +http://www.google.com/bot.html)"
40.85.222.29 - - [25/Aug/2026:13:25:55 +0000] "GET /1index.php HTTP/2.0" 500 0 "-" "-"
40.85.222.29 - - [25/Aug/2026:13:25:55 +0000] "GET /.well-known/acme-challenge/local-access.php HTTP/2.0" 500 0 "-" "-"
40.85.222.29 - - [25/Aug/2026:13:25:56 +0000] "GET /wp-includes/blocks/missing/index.php HTTP/2.0" 500 0 "-" "-"
40.85.222.29 - - [25/Aug/2026:13:25:56 +0000] "GET /wp-content/upgrade/index.php HTTP/2.0" 500 0 "-" "-"
66.249.65.162 - - [25/Aug/2026:13:25:56 +0000] "GET /?a=152302777 HTTP/2.0" 200 27085 "-" "Mozilla/5.0 (Linux; Android 6.0.1; Nexus 5X Build/MMB29P) AppleWebKit/537.36 (KHTML, like Gecko) Chrome/151.0.7922.137 Mobile Safari/537.36 (compatible; Googlebot/2.1; +http://www.google.com/bot.html)"
40.85.222.29 - - [25/Aug/2026:13:25:56 +0000] "GET /images/security.php HTTP/2.0" 500 0 "-" "-"
40.85.222.29 - - [25/Aug/2026:13:25:57 +0000] "GET /uploadx.php HTTP/2.0" 500 0 "-" "-"
40.85.222.29 - - [25/Aug/2026:13:25:57 +0000] "GET /browse.php HTTP/2.0" 500 0 "-" "-"
40.85.222.29 - - [25/Aug/2026:13:25:57 +0000] "GET /wp-includes/js/crop/index.php HTTP/2.0" 500 0 "-" "-"
66.249.65.160 - - [25/Aug/2026:13:25:58 +0000] "GET /?a=100486414 HTTP/2.0" 200 29070 "-" "Mozilla/5.0 (Linux; Android 6.0.1; Nexus 5X Build/MMB29P) AppleWebKit/537.36 (KHTML, like Gecko) Chrome/151.0.7922.137 Mobile Safari/537.36 (compatible; Googlebot/2.1; +http://www.google.com/bot.html)"
40.85.222.29 - - [25/Aug/2026:13:25:58 +0000] "GET /wp-content/upgrade-temp-backup/index.php HTTP/2.0" 500 0 "-" "-"
40.85.222.29 - - [25/Aug/2026:13:25:58 +0000] "GET /x.php HTTP/2.0" 500 0 "-" "-"
40.85.222.29 - - [25/Aug/2026:13:25:58 +0000] "GET /wp-content/plugins/index.php HTTP/2.0" 500 0 "-" "-"
40.85.222.29 - - [25/Aug/2026:13:25:59 +0000] "GET /wp-includes/ID3/colour.php HTTP/2.0" 500 0 "-" "-"
66.249.65.161 - - [25/Aug/2026:13:25:59 +0000] "GET /?a=131365525 HTTP/2.0" 200 31789 "-" "Mozilla/5.0 (Linux; Android 6.0.1; Nexus 5X Build/MMB29P) AppleWebKit/537.36 (KHTML, like Gecko) Chrome/151.0.7922.137 Mobile Safari/537.36 (compatible; Googlebot/2.1; +http://www.google.com/bot.html)"
40.85.222.29 - - [25/Aug/2026:13:25:59 +0000] "GET /.well-known/file.php HTTP/2.0" 500 0 "-" "-"
66.249.65.162 - - [25/Aug/2026:13:25:59 +0000] "GET /?a=232672888 HTTP/2.0" 200 32282 "-" "Mozilla/5.0 (Linux; Android 6.0.1; Nexus 5X Build/MMB29P) AppleWebKit/537.36 (KHTML, like Gecko) Chrome/151.0.7922.137 Mobile Safari/537.36 (compatible; Googlebot/2.1; +http://www.google.com/bot.html)"
40.85.222.29 - - [25/Aug/2026:13:25:59 +0000] "GET /wpupex.php HTTP/2.0" 500 0 "-" "-"
