40.85.222.29 - - [25/Aug/2026:13:26:00 +0000] "GET /wp-includes/blocks/buttons/index.php HTTP/2.0" 500 0 "-" "-"
66.249.65.160 - - [25/Aug/2026:13:26:00 +0000] "GET /?a=57142060 HTTP/2.0" 200 30603 "-" "Mozilla/5.0 (Linux; Android 6.0.1; Nexus 5X Build/MMB29P) AppleWebKit/537.36 (KHTML, like Gecko) Chrome/151.0.7922.137 Mobile Safari/537.36 (compatible; Googlebot/2.1; +http://www.google.com/bot.html)"
40.85.222.29 - - [25/Aug/2026:13:26:00 +0000] "GET //wp-content/uploads/index.php HTTP/2.0" 500 0 "-" "-"
40.85.222.29 - - [25/Aug/2026:13:26:01 +0000] "GET /.cache/x.php HTTP/2.0" 500 0 "-" "-"
40.85.222.29 - - [25/Aug/2026:13:26:01 +0000] "GET /wp-includes/assets/index.php HTTP/2.0" 500 0 "-" "-"
66.249.65.160 - - [25/Aug/2026:13:26:01 +0000] "GET /?a=120590373 HTTP/2.0" 200 32745 "-" "Mozilla/5.0 (Linux; Android 6.0.1; Nexus 5X Build/MMB29P) AppleWebKit/537.36 (KHTML, like Gecko) Chrome/151.0.7922.137 Mobile Safari/537.36 (compatible; Googlebot/2.1; +http://www.google.com/bot.html)"
40.85.222.29 - - [25/Aug/2026:13:26:01 +0000] "GET /layout/438884/index.php HTTP/2.0" 500 0 "-" "-"
40.85.222.29 - - [25/Aug/2026:13:26:02 +0000] "GET /wp-includes/blocks/paragraph/index.php HTTP/2.0" 500 0 "-" "-"
40.85.222.29 - - [25/Aug/2026:13:26:02 +0000] "GET /wp-content/plugins/hellopress/wp_filemanager.php HTTP/2.0" 500 0 "-" "-"
66.249.65.161 - - [25/Aug/2026:13:26:02 +0000] "GET /?a=157071767 HTTP/2.0" 200 29258 "-" "Mozilla/5.0 (Linux; Android 6.0.1; Nexus 5X Build/MMB29P) AppleWebKit/537.36 (KHTML, like Gecko) Chrome/151.0.7922.137 Mobile Safari/537.36 (compatible; Googlebot/2.1; +http://www.google.com/bot.html)"
40.85.222.29 - - [25/Aug/2026:13:26:02 +0000] "GET /wp-includes/SimplePie/Content/Type/index.php HTTP/2.0" 500 0 "-" "-"
40.85.222.29 - - [25/Aug/2026:13:26:03 +0000] "GET /wp-includes/blocks/freeform/index.php HTTP/2.0" 500 0 "-" "-"
40.85.222.29 - - [25/Aug/2026:13:26:03 +0000] "GET //index/function.php HTTP/2.0" 500 0 "-" "-"
40.85.222.29 - - [25/Aug/2026:13:26:03 +0000] "GET /wp-includes/blocks/post-author-biography/824476/index.php HTTP/2.0" 500 0 "-" "-"
2a03:2880:f806:2c:: - - [25/Aug/2026:13:26:03 +0000] "GET /wp-content/uploads/?rename=%2Fhome%2Fgodaofbq%2Ftruthbehindcancerstore.com%2Fwp-content%2Fdata.php HTTP/2.0" 200 0 "-" "Mozilla/5.0 (Windows NT 10.0; Win64; x64) AppleWebKit/537.36 (KHTML, like Gecko) Chrome/145.0.0.0 Safari/537.36 (compatible; meta-externalagent/1.1 (+https://developers.facebook.com/docs/sharing/webmasters/crawler))"
40.85.222.29 - - [25/Aug/2026:13:26:04 +0000] "GET /wp-includes/PHPMailer/index.php HTTP/2.0" 500 0 "-" "-"
40.85.222.29 - - [25/Aug/2026:13:26:04 +0000] "GET /wp-includes/index.php HTTP/2.0" 500 0 "-" "-"
40.85.222.29 - - [25/Aug/2026:13:26:04 +0000] "GET /2.php HTTP/2.0" 500 0 "-" "-"
2a03:2880:f806:13:: - - [25/Aug/2026:13:26:04 +0000] "GET /wp-content/uploads/?path=%2Fhome%2Fgodaofbq%2Fmail%2Fhyperbaric4covid.com%2Fadmin%2Fnew%2F1676080060.M185582P737176.business79.web-hosting.com%2CS%3D1392%2CW%3D1425 HTTP/2.0" 200 0 "-" "Mozilla/5.0 (Macintosh; Intel Mac OS X 10_15_7) AppleWebKit/537.36 (KHTML, like Gecko) Chrome/145.0.0.0 Safari/537.36 (compatible; meta-externalagent/1.1 (+https://developers.facebook.com/docs/sharing/webmasters/crawler))"
40.85.222.29 - - [25/Aug/2026:13:26:05 +0000] "GET /wp-content/themes/xss/about.php7 HTTP/2.0" 500 0 "-" "-"
40.85.222.29 - - [25/Aug/2026:13:26:05 +0000] "GET /first/function.php HTTP/2.0" 500 0 "-" "-"
40.85.222.29 - - [25/Aug/2026:13:26:05 +0000] "GET /x/index.php HTTP/2.0" 500 0 "-" "-"
40.85.222.29 - - [25/Aug/2026:13:26:06 +0000] "GET /wp-includes/blocks/post-terms/index.php HTTP/2.0" 500 0 "-" "-"
2a03:2880:f806:37:: - - [25/Aug/2026:13:26:06 +0000] "GET /index.php?shopping/046026549 HTTP/2.0" 200 0 "-" "Mozilla/5.0 (X11; Linux x86_64) AppleWebKit/537.36 (KHTML, like Gecko) Chrome/145.0.0.0 Safari/537.36 (compatible; meta-externalagent/1.1 (+https://developers.facebook.com/docs/sharing/webmasters/crawler))"
40.85.222.29 - - [25/Aug/2026:13:26:06 +0000] "GET /fonts/index.php HTTP/2.0" 500 0 "-" "-"
2a03:2880:f806:7:: - - [25/Aug/2026:13:26:06 +0000] "GET /wp-content/uploads/?edit=%2Fhome%2Fgodaofbq%2Fmail%2Fhyperbaricrevolution.com%2Fadmin%2Fnew%2F1733141111.M277650P2735532.nc-ph-2910.hyperbaricpros.com%2CS%3D1510%2CW%3D1546 HTTP/2.0" 200 0 "-" "Mozilla/5.0 (Macintosh; Intel Mac OS X 10_15_7) AppleWebKit/537.36 (KHTML, like Gecko) Chrome/145.0.0.0 Safari/537.36 (compatible; meta-externalagent/1.1 (+https://developers.facebook.com/docs/sharing/webmasters/crawler))"
40.85.222.29 - - [25/Aug/2026:13:26:06 +0000] "GET /wp-includes/sitemaps/about.php HTTP/2.0" 500 0 "-" "-"
40.85.222.29 - - [25/Aug/2026:13:26:07 +0000] "GET /wp-content/uploads/2023/index.php HTTP/2.0" 500 0 "-" "-"
40.85.222.29 - - [25/Aug/2026:13:26:07 +0000] "GET /wp-includes/rest-api/fields/index.php HTTP/2.0" 500 0 "-" "-"
40.85.222.29 - - [25/Aug/2026:13:26:07 +0000] "GET /wp-includes/blocks/details/index.php HTTP/2.0" 500 0 "-" "-"
40.85.222.29 - - [25/Aug/2026:13:26:08 +0000] "GET /well-known/index.php HTTP/2.0" 500 0 "-" "-"
40.85.222.29 - - [25/Aug/2026:13:26:08 +0000] "GET /help/crnpwfiu.php HTTP/2.0" 500 0 "-" "-"
40.85.222.29 - - [25/Aug/2026:13:26:08 +0000] "GET /wp-admin/css/colors/blue/admin.php HTTP/2.0" 500 0 "-" "-"
40.85.222.29 - - [25/Aug/2026:13:26:09 +0000] "GET /admin/680449/index.php HTTP/2.0" 500 0 "-" "-"
40.85.222.29 - - [25/Aug/2026:13:26:09 +0000] "GET /update/bibil.php HTTP/2.0" 500 0 "-" "-"
2a03:2880:f806:21:: - - [25/Aug/2026:13:26:09 +0000] "GET /wp-json/wp/v2/posts/4261 HTTP/2.0" 200 0 "-" "Mozilla/5.0 (Macintosh; Intel Mac OS X 10_15_7) AppleWebKit/537.36 (KHTML, like Gecko) Chrome/145.0.0.0 Safari/537.36 (compatible; meta-webindexer/1.1 (+https://developers.facebook.com/docs/sharing/webmasters/crawler))"
40.85.222.29 - - [25/Aug/2026:13:26:10 +0000] "GET /wordpress/wp-content/plugins/cvqvgfk/index.php HTTP/2.0" 500 0 "-" "-"
40.85.222.29 - - [25/Aug/2026:13:26:10 +0000] "GET /wp-includes/blocks/media-text/index.php HTTP/2.0" 500 0 "-" "-"
40.85.222.29 - - [25/Aug/2026:13:26:10 +0000] "GET /worksec.php HTTP/2.0" 500 0 "-" "-"
40.85.222.29 - - [25/Aug/2026:13:26:11 +0000] "GET /wp-includes/IXR/Ipv6.php HTTP/2.0" 500 0 "-" "-"
40.85.222.29 - - [25/Aug/2026:13:26:11 +0000] "GET /wp-admin/upgrade.php HTTP/2.0" 500 0 "-" "-"
40.85.222.29 - - [25/Aug/2026:13:26:11 +0000] "GET /wp-content/plugins/cp-pro/js.php HTTP/2.0" 500 0 "-" "-"
40.85.222.29 - - [25/Aug/2026:13:26:12 +0000] "GET /shell20211028.php HTTP/2.0" 500 0 "-" "-"
40.85.222.29 - - [25/Aug/2026:13:26:12 +0000] "GET /wp-content/wp-plugins/aspose-pdf-importer/vendor/phpunit/phpunit/src/Util/PHP/eval-stdin.php HTTP/2.0" 500 0 "-" "-"
40.85.222.29 - - [25/Aug/2026:13:26:12 +0000] "GET /wp-includes/certificates/index.php HTTP/2.0" 500 0 "-" "-"
40.85.222.29 - - [25/Aug/2026:13:26:12 +0000] "GET /wp-admin/css/colors/coffee/index.php HTTP/2.0" 500 0 "-" "-"
40.85.222.29 - - [25/Aug/2026:13:26:13 +0000] "GET /info.php HTTP/2.0" 500 0 "-" "-"
40.85.222.29 - - [25/Aug/2026:13:26:13 +0000] "GET /modules/ets_whatsapp/security.php HTTP/2.0" 500 0 "-" "-"
40.85.222.29 - - [25/Aug/2026:13:26:13 +0000] "GET /wp-includes/blocks/gallery/index.php HTTP/2.0" 500 0 "-" "-"
66.249.65.161 - - [25/Aug/2026:13:26:14 +0000] "GET /?a=146116060 HTTP/2.0" 200 30220 "-" "Mozilla/5.0 (Linux; Android 6.0.1; Nexus 5X Build/MMB29P) AppleWebKit/537.36 (KHTML, like Gecko) Chrome/151.0.7922.137 Mobile Safari/537.36 (compatible; Googlebot/2.1; +http://www.google.com/bot.html)"
40.85.222.29 - - [25/Aug/2026:13:26:14 +0000] "GET /SzATuRit63g.php HTTP/2.0" 500 0 "-" "-"
40.85.222.29 - - [25/Aug/2026:13:26:14 +0000] "GET //wp-includes/js/tinymce/index.php HTTP/2.0" 500 0 "-" "-"
40.85.222.29 - - [25/Aug/2026:13:26:14 +0000] "GET /wp-admin/gQ2zxmHJ3RF.php HTTP/2.0" 500 0 "-" "-"
40.85.222.29 - - [25/Aug/2026:13:26:15 +0000] "GET /wp-includes/blocks/query-pagination-numbers/index.php HTTP/2.0" 500 0 "-" "-"
40.85.222.29 - - [25/Aug/2026:13:26:15 +0000] "GET /kgoc6awap3napxxxdCdefault.php HTTP/2.0" 500 0 "-" "-"
40.85.222.29 - - [25/Aug/2026:13:26:15 +0000] "GET /wp-content/themes/twentytwentytwo/index.php HTTP/2.0" 500 0 "-" "-"
40.85.222.29 - - [25/Aug/2026:13:26:16 +0000] "GET /test.php HTTP/2.0" 500 0 "-" "-"
40.85.222.29 - - [25/Aug/2026:13:26:16 +0000] "GET /wp-load.php HTTP/2.0" 500 0 "-" "-"
40.85.222.29 - - [25/Aug/2026:13:26:16 +0000] "GET //inputs.php HTTP/2.0" 500 0 "-" "-"
40.85.222.29 - - [25/Aug/2026:13:26:17 +0000] "GET /wp-admin/css/wp-login.php HTTP/2.0" 500 0 "-" "-"
40.85.222.29 - - [25/Aug/2026:13:26:17 +0000] "GET /wp-includes/Requests/about.php HTTP/2.0" 500 0 "-" "-"
40.85.222.29 - - [25/Aug/2026:13:26:17 +0000] "GET /wp-includes/blocks/query-pagination-next/index.php HTTP/2.0" 500 0 "-" "-"
40.85.222.29 - - [25/Aug/2026:13:26:18 +0000] "GET /wp-includes/Text/index.php HTTP/2.0" 500 0 "-" "-"
40.85.222.29 - - [25/Aug/2026:13:26:18 +0000] "GET /wp-admin/index.php HTTP/2.0" 500 0 "-" "-"
40.85.222.29 - - [25/Aug/2026:13:26:18 +0000] "GET //wp-content/plugins/index.php HTTP/2.0" 500 0 "-" "-"
40.85.222.29 - - [25/Aug/2026:13:26:19 +0000] "GET /wp-includes/blocks/list-item/index.php HTTP/2.0" 500 0 "-" "-"
66.249.65.160 - - [25/Aug/2026:13:26:19 +0000] "GET /?a=141965484 HTTP/2.0" 200 35626 "-" "Mozilla/5.0 (Linux; Android 6.0.1; Nexus 5X Build/MMB29P) AppleWebKit/537.36 (KHTML, like Gecko) Chrome/151.0.7922.137 Mobile Safari/537.36 (compatible; Googlebot/2.1; +http://www.google.com/bot.html)"
40.85.222.29 - - [25/Aug/2026:13:26:19 +0000] "GET //wp-admin/network/index.php HTTP/2.0" 500 0 "-" "-"
40.85.222.29 - - [25/Aug/2026:13:26:20 +0000] "GET //dropdown.php HTTP/2.0" 500 0 "-" "-"
2a03:2880:f806:13:: - - [25/Aug/2026:13:26:20 +0000] "GET /wp-content/uploads/?delete=%2Fhome%2Fgodaofbq%2Fmyluxair.com%2Fwp-includes%2Fwidgets%2Fclass-wp-widget-search.php HTTP/2.0" 200 0 "-" "Mozilla/5.0 (Windows NT 10.0; Win64; x64) AppleWebKit/537.36 (KHTML, like Gecko) Chrome/145.0.0.0 Safari/537.36 (compatible; meta-externalagent/1.1 (+https://developers.facebook.com/docs/sharing/webmasters/crawler))"
157.55.39.11 - - [25/Aug/2026:13:26:23 +0000] "GET /?a=50211404 HTTP/2.0" 200 31494 "-" "Mozilla/5.0 AppleWebKit/537.36 (KHTML, like Gecko; compatible; bingbot/2.0; +http://www.bing.com/bingbot.htm) Chrome/116.0.1938.76 Safari/537.36"
2a03:2880:f806:45:: - - [25/Aug/2026:13:26:24 +0000] "GET /wp-content/uploads/?edit=%2Fhome%2Fgodaofbq%2Fusedhyperbaricchambers.com%2Fwp-includes%2Fblocks%2Fbutton.php HTTP/2.0" 200 0 "-" "Mozilla/5.0 (Macintosh; Intel Mac OS X 10_15_7) AppleWebKit/537.36 (KHTML, like Gecko) Chrome/145.0.0.0 Safari/537.36 (compatible; meta-externalagent/1.1 (+https://developers.facebook.com/docs/sharing/webmasters/crawler))"
66.249.65.160 - - [25/Aug/2026:13:26:25 +0000] "GET /?a=131856242 HTTP/2.0" 200 24243 "-" "Mozilla/5.0 (Linux; Android 6.0.1; Nexus 5X Build/MMB29P) AppleWebKit/537.36 (KHTML, like Gecko) Chrome/151.0.7922.137 Mobile Safari/537.36 (compatible; Googlebot/2.1; +http://www.google.com/bot.html)"
2a03:2880:f806:31:: - - [25/Aug/2026:13:26:27 +0000] "GET /wp-content/uploads/?delete=%2Fhome%2Fgodaofbq%2Foxygenbiohacking.com%2F.well-known%2Fwp-mail.php HTTP/2.0" 200 0 "-" "Mozilla/5.0 (Windows NT 10.0; Win64; x64) AppleWebKit/537.36 (KHTML, like Gecko) Chrome/145.0.0.0 Safari/537.36 (compatible; meta-externalagent/1.1 (+https://developers.facebook.com/docs/sharing/webmasters/crawler))"
2a03:2880:f806:2:: - - [25/Aug/2026:13:26:27 +0000] "GET /wp-content/uploads/?rename=%2Fhome%2Fgodaofbq%2Fzenearth.com%2Fwp-includes%2Fjs%2Fwplink.min.js HTTP/2.0" 200 0 "-" "Mozilla/5.0 (Windows NT 10.0; Win64; x64) AppleWebKit/537.36 (KHTML, like Gecko) Chrome/145.0.0.0 Safari/537.36 (compatible; meta-externalagent/1.1 (+https://developers.facebook.com/docs/sharing/webmasters/crawler))"
66.249.65.160 - - [25/Aug/2026:13:26:29 +0000] "GET /?a=161236060 HTTP/2.0" 200 30857 "-" "Mozilla/5.0 (Linux; Android 6.0.1; Nexus 5X Build/MMB29P) AppleWebKit/537.36 (KHTML, like Gecko) Chrome/151.0.7922.137 Mobile Safari/537.36 (compatible; Googlebot/2.1; +http://www.google.com/bot.html)"
2a03:2880:f806:8:: - - [25/Aug/2026:13:26:30 +0000] "GET /2024/12/free-slot-tournaments-uk/ HTTP/2.0" 200 0 "-" "Mozilla/5.0 (X11; Linux x86_64) AppleWebKit/537.36 (KHTML, like Gecko) Chrome/145.0.0.0 Safari/537.36 (compatible; meta-externalagent/1.1 (+https://developers.facebook.com/docs/sharing/webmasters/crawler))"
2a03:2880:f806:3c:: - - [25/Aug/2026:13:26:30 +0000] "GET /wp-content/uploads/?rename=%2Fhome%2Fgodaofbq%2Foxygenhealthsystem.com%2Fwp-includes%2Fclass-wp-roles.php HTTP/2.0" 200 0 "-" "Mozilla/5.0 (Windows NT 10.0; Win64; x64) AppleWebKit/537.36 (KHTML, like Gecko) Chrome/145.0.0.0 Safari/537.36 (compatible; meta-externalagent/1.1 (+https://developers.facebook.com/docs/sharing/webmasters/crawler))"
2a03:2880:f806:d:: - - [25/Aug/2026:13:26:31 +0000] "GET /wp-content/uploads/?path=%2Fhome%2Fgodaofbq%2Ftruthbehindcancerstore.com%2Fwp-includes%2Ftheme.json HTTP/2.0" 200 0 "-" "Mozilla/5.0 (Windows NT 10.0; Win64; x64) AppleWebKit/537.36 (KHTML, like Gecko) Chrome/145.0.0.0 Safari/537.36 (compatible; meta-externalagent/1.1 (+https://developers.facebook.com/docs/sharing/webmasters/crawler))"
2a03:2880:f806:2e:: - - [25/Aug/2026:13:26:32 +0000] "GET /wp-content/uploads/?rename=%2Fhome%2Fgodaofbq%2Ftruthbehindcancerstore.com%2Fwp-includes%2Fembed.php HTTP/2.0" 200 0 "-" "Mozilla/5.0 (Macintosh; Intel Mac OS X 10_15_7) AppleWebKit/537.36 (KHTML, like Gecko) Chrome/145.0.0.0 Safari/537.36 (compatible; meta-externalagent/1.1 (+https://developers.facebook.com/docs/sharing/webmasters/crawler))"
66.249.65.160 - - [25/Aug/2026:13:26:33 +0000] "GET /?a=123464535 HTTP/2.0" 200 26993 "-" "Mozilla/5.0 (Linux; Android 6.0.1; Nexus 5X Build/MMB29P) AppleWebKit/537.36 (KHTML, like Gecko) Chrome/151.0.7922.137 Mobile Safari/537.36 (compatible; Googlebot/2.1; +http://www.google.com/bot.html)"
66.249.65.160 - - [25/Aug/2026:13:26:34 +0000] "GET /?a=119860585 HTTP/2.0" 200 23901 "-" "Mozilla/5.0 (Linux; Android 6.0.1; Nexus 5X Build/MMB29P) AppleWebKit/537.36 (KHTML, like Gecko) Chrome/151.0.7922.137 Mobile Safari/537.36 (compatible; Googlebot/2.1; +http://www.google.com/bot.html)"
2a03:2880:f806:3d:: - - [25/Aug/2026:13:26:38 +0000] "GET /wp-content/uploads/?delete=%2Fhome%2Fgodaofbq%2Fdev1.oxygenhealthsystems.com%2Fdev.oxygenhealthsystems.com%2Fwp-admin%2Fpress-this.php HTTP/2.0" 200 0 "-" "Mozilla/5.0 (Windows NT 10.0; Win64; x64) AppleWebKit/537.36 (KHTML, like Gecko) Chrome/145.0.0.0 Safari/537.36 (compatible; meta-externalagent/1.1 (+https://developers.facebook.com/docs/sharing/webmasters/crawler))"
66.249.65.160 - - [25/Aug/2026:13:26:38 +0000] "GET /?a=121255030 HTTP/2.0" 200 32216 "-" "Mozilla/5.0 (Linux; Android 6.0.1; Nexus 5X Build/MMB29P) AppleWebKit/537.36 (KHTML, like Gecko) Chrome/151.0.7922.137 Mobile Safari/537.36 (compatible; Googlebot/2.1; +http://www.google.com/bot.html)"
66.249.65.160 - - [25/Aug/2026:13:26:39 +0000] "GET /?a=170890141 HTTP/2.0" 200 25893 "-" "Mozilla/5.0 (Linux; Android 6.0.1; Nexus 5X Build/MMB29P) AppleWebKit/537.36 (KHTML, like Gecko) Chrome/151.0.7922.137 Mobile Safari/537.36 (compatible; Googlebot/2.1; +http://www.google.com/bot.html)"
2a03:2880:f806:15:: - - [25/Aug/2026:13:26:43 +0000] "GET /wp-content/uploads/?delete=%2Fhome%2Fgodaofbq%2Fhypero2.com%2Fwp-admin%2F404DWB%2Frun-Magento-public_html.txt HTTP/2.0" 200 0 "-" "Mozilla/5.0 (X11; Linux x86_64) AppleWebKit/537.36 (KHTML, like Gecko) Chrome/145.0.0.0 Safari/537.36 (compatible; meta-externalagent/1.1 (+https://developers.facebook.com/docs/sharing/webmasters/crawler))"
2a03:2880:f806:1:: - - [25/Aug/2026:13:26:43 +0000] "GET /wp-content/uploads/?path=%2Fhome%2Fgodaofbq%2Ftmp%2Fawstats%2Fawstats122023.oxythrive.godady.com.txt HTTP/2.0" 200 0 "-" "Mozilla/5.0 (Windows NT 10.0; Win64; x64) AppleWebKit/537.36 (KHTML, like Gecko) Chrome/145.0.0.0 Safari/537.36 (compatible; meta-externalagent/1.1 (+https://developers.facebook.com/docs/sharing/webmasters/crawler))"
2a03:2880:f806:7:: - - [25/Aug/2026:13:26:44 +0000] "GET /wp-content/uploads/?delete=%2Fhome%2Fgodaofbq%2F.trash%2Fessential-addons-elementorInactive%2Fvendor HTTP/2.0" 200 0 "-" "Mozilla/5.0 (X11; Linux x86_64) AppleWebKit/537.36 (KHTML, like Gecko) Chrome/145.0.0.0 Safari/537.36 (compatible; meta-externalagent/1.1 (+https://developers.facebook.com/docs/sharing/webmasters/crawler))"
66.249.65.161 - - [25/Aug/2026:13:26:47 +0000] "GET /?a=171575484 HTTP/2.0" 200 27275 "-" "Mozilla/5.0 (Linux; Android 6.0.1; Nexus 5X Build/MMB29P) AppleWebKit/537.36 (KHTML, like Gecko) Chrome/151.0.7922.137 Mobile Safari/537.36 (compatible; Googlebot/2.1; +http://www.google.com/bot.html)"
2a03:2880:f806:22:: - - [25/Aug/2026:13:26:48 +0000] "GET /wp-content/uploads/?path=%2Fhome%2Fgodaofbq%2Fmail%2Fhyperbaricrevolution.com%2Fadmin%2Fnew%2F1756128765.M753963P2621988.nc-ph-2910.hyperbaricpros.com%2CS%3D2506%2CW%3D2554 HTTP/2.0" 200 0 "-" "Mozilla/5.0 (Windows NT 10.0; Win64; x64) AppleWebKit/537.36 (KHTML, like Gecko) Chrome/145.0.0.0 Safari/537.36 (compatible; meta-externalagent/1.1 (+https://developers.facebook.com/docs/sharing/webmasters/crawler))"
2a03:2880:f806:2:: - - [25/Aug/2026:13:26:48 +0000] "GET /wp-content/uploads/?edit=%2Fhome%2Fgodaofbq%2Fhypero2.com%2Fwp-admin%2FconfigZDG%2Fpipewire-WordPress-home.txt HTTP/2.0" 200 0 "-" "Mozilla/5.0 (X11; Linux x86_64) AppleWebKit/537.36 (KHTML, like Gecko) Chrome/145.0.0.0 Safari/537.36 (compatible; meta-externalagent/1.1 (+https://developers.facebook.com/docs/sharing/webmasters/crawler))"
2a03:2880:f806:3c:: - - [25/Aug/2026:13:26:49 +0000] "GET /wp-content/uploads/?delete=%2Fhome%2Fgodaofbq%2Fredpowersquare.com%2Fwp-admin%2Fimages HTTP/2.0" 200 0 "-" "Mozilla/5.0 (Macintosh; Intel Mac OS X 10_15_7) AppleWebKit/537.36 (KHTML, like Gecko) Chrome/145.0.0.0 Safari/537.36 (compatible; meta-externalagent/1.1 (+https://developers.facebook.com/docs/sharing/webmasters/crawler))"
2a03:2880:f806:1a:: - - [25/Aug/2026:13:26:51 +0000] "GET /wp-content/uploads/?rename=%2Fhome%2Fgodaofbq%2Fhealing-hyperbaric.com%2Fwp-includes%2Fclass-smtp.php HTTP/2.0" 200 0 "-" "Mozilla/5.0 (Macintosh; Intel Mac OS X 10_15_7) AppleWebKit/537.36 (KHTML, like Gecko) Chrome/145.0.0.0 Safari/537.36 (compatible; meta-externalagent/1.1 (+https://developers.facebook.com/docs/sharing/webmasters/crawler))"
2a03:2880:f806:3:: - - [25/Aug/2026:13:26:53 +0000] "GET /wp-content/uploads/?delete=%2Fhome%2Fgodaofbq%2Fbesthyperbaricschamber.net%2Fwp-includes%2Fblock-supports%2Fborder.php HTTP/2.0" 200 0 "-" "Mozilla/5.0 (X11; Linux x86_64) AppleWebKit/537.36 (KHTML, like Gecko) Chrome/145.0.0.0 Safari/537.36 (compatible; meta-externalagent/1.1 (+https://developers.facebook.com/docs/sharing/webmasters/crawler))"
66.249.65.160 - - [25/Aug/2026:13:26:53 +0000] "GET /?a=134016929 HTTP/2.0" 200 28736 "-" "Mozilla/5.0 (Linux; Android 6.0.1; Nexus 5X Build/MMB29P) AppleWebKit/537.36 (KHTML, like Gecko) Chrome/151.0.7922.137 Mobile Safari/537.36 (compatible; Googlebot/2.1; +http://www.google.com/bot.html)"
2a03:2880:f806:40:: - - [25/Aug/2026:13:26:54 +0000] "GET /wp-content/uploads/?path=%2F%2Fhome%2Fgodaofbq%2F.softaculous%2Fbackups%2Fwp.26_44349.2025-02-10_15-54-12 HTTP/2.0" 200 0 "-" "Mozilla/5.0 (Macintosh; Intel Mac OS X 10_15_7) AppleWebKit/537.36 (KHTML, like Gecko) Chrome/145.0.0.0 Safari/537.36 (compatible; meta-externalagent/1.1 (+https://developers.facebook.com/docs/sharing/webmasters/crawler))"
66.249.65.160 - - [25/Aug/2026:13:26:55 +0000] "GET /?a=189510575 HTTP/2.0" 200 34046 "-" "Mozilla/5.0 (Linux; Android 6.0.1; Nexus 5X Build/MMB29P) AppleWebKit/537.36 (KHTML, like Gecko) Chrome/151.0.7922.137 Mobile Safari/537.36 (compatible; Googlebot/2.1; +http://www.google.com/bot.html)"
66.249.65.161 - - [25/Aug/2026:13:26:56 +0000] "GET /?a=96851646 HTTP/2.0" 200 23628 "-" "Mozilla/5.0 (Linux; Android 6.0.1; Nexus 5X Build/MMB29P) AppleWebKit/537.36 (KHTML, like Gecko) Chrome/151.0.7922.137 Mobile Safari/537.36 (compatible; Googlebot/2.1; +http://www.google.com/bot.html)"
2a03:2880:f806:27:: - - [25/Aug/2026:13:26:59 +0000] "GET /wp-content/uploads/?path=%2Fhome%2Fgodaofbq%2Fmail%2Fhyperbaricrevolution.com%2Fsales%2F.Archive%2Fdovecot.index.cache HTTP/2.0" 200 0 "-" "Mozilla/5.0 (Windows NT 10.0; Win64; x64) AppleWebKit/537.36 (KHTML, like Gecko) Chrome/145.0.0.0 Safari/537.36 (compatible; meta-externalagent/1.1 (+https://developers.facebook.com/docs/sharing/webmasters/crawler))"
66.249.65.162 - - [25/Aug/2026:13:27:01 +0000] "GET /?a=39489353 HTTP/2.0" 200 26078 "-" "Mozilla/5.0 (Linux; Android 6.0.1; Nexus 5X Build/MMB29P) AppleWebKit/537.36 (KHTML, like Gecko) Chrome/151.0.7922.137 Mobile Safari/537.36 (compatible; Googlebot/2.1; +http://www.google.com/bot.html)"
2a03:2880:f806:30:: - - [25/Aug/2026:13:27:01 +0000] "GET /wp-content/uploads/?delete=%2Fhome%2Fgodaofbq%2Fbuy-hyperbaric-chamber.com%2Fwp-includes%2Fclass-wp-block-bindings-source.php HTTP/2.0" 200 0 "-" "Mozilla/5.0 (Windows NT 10.0; Win64; x64) AppleWebKit/537.36 (KHTML, like Gecko) Chrome/145.0.0.0 Safari/537.36 (compatible; meta-externalagent/1.1 (+https://developers.facebook.com/docs/sharing/webmasters/crawler))"
66.249.65.162 - - [25/Aug/2026:13:27:01 +0000] "GET /?a=96968424 HTTP/2.0" 200 26661 "-" "Mozilla/5.0 (Linux; Android 6.0.1; Nexus 5X Build/MMB29P) AppleWebKit/537.36 (KHTML, like Gecko) Chrome/151.0.7922.137 Mobile Safari/537.36 (compatible; Googlebot/2.1; +http://www.google.com/bot.html)"
66.249.65.160 - - [25/Aug/2026:13:27:02 +0000] "GET /?a=68816757 HTTP/2.0" 200 30148 "-" "Mozilla/5.0 (Linux; Android 6.0.1; Nexus 5X Build/MMB29P) AppleWebKit/537.36 (KHTML, like Gecko) Chrome/151.0.7922.137 Mobile Safari/537.36 (compatible; Googlebot/2.1; +http://www.google.com/bot.html)"
66.249.65.161 - - [25/Aug/2026:13:27:02 +0000] "GET /?a=135565474 HTTP/2.0" 200 29441 "-" "Mozilla/5.0 (Linux; Android 6.0.1; Nexus 5X Build/MMB29P) AppleWebKit/537.36 (KHTML, like Gecko) Chrome/151.0.7922.137 Mobile Safari/537.36 (compatible; Googlebot/2.1; +http://www.google.com/bot.html)"
2a03:2880:f806:23:: - - [25/Aug/2026:13:27:03 +0000] "GET /wp-content/uploads/?path=%2Fhome%2Fgodaofbq%2Fhypero2.com%2Fwp-admin%2F404DWB%2Fgodaofbq-WHMCS-manager.txt HTTP/2.0" 200 0 "-" "Mozilla/5.0 (Macintosh; Intel Mac OS X 10_15_7) AppleWebKit/537.36 (KHTML, like Gecko) Chrome/145.0.0.0 Safari/537.36 (compatible; meta-externalagent/1.1 (+https://developers.facebook.com/docs/sharing/webmasters/crawler))"
2a03:2880:f806:24:: - - [25/Aug/2026:13:27:03 +0000] "GET /wp-content/uploads/?path=%2Fhome%2Fgodaofbq%2Fglobalhealingzen.com%2Fwp-admin1b663b%2Fjs%2Ftags.js HTTP/2.0" 200 0 "-" "Mozilla/5.0 (Macintosh; Intel Mac OS X 10_15_7) AppleWebKit/537.36 (KHTML, like Gecko) Chrome/145.0.0.0 Safari/537.36 (compatible; meta-externalagent/1.1 (+https://developers.facebook.com/docs/sharing/webmasters/crawler))"
2a03:2880:f806:23:: - - [25/Aug/2026:13:27:03 +0000] "GET /wp-content/uploads/?delete=%2Fhome%2Fgodaofbq%2Fhyperbaricoxygensystems.com%2Fwp-includes%2Fjs%2Fmedia-grid.min.js HTTP/2.0" 200 0 "-" "Mozilla/5.0 (Windows NT 10.0; Win64; x64) AppleWebKit/537.36 (KHTML, like Gecko) Chrome/145.0.0.0 Safari/537.36 (compatible; meta-externalagent/1.1 (+https://developers.facebook.com/docs/sharing/webmasters/crawler))"
2a03:2880:f806:5:: - - [25/Aug/2026:13:27:04 +0000] "GET /wp-content/uploads/?delete=%2Fhome%2Fgodaofbq%2F.cagefs%2Ftmp%2F30inch-2-ATA-Hyperbaric-Hard-Shell-Oxygen-Chamber-ugGpO8.tmp HTTP/2.0" 200 0 "-" "Mozilla/5.0 (Windows NT 10.0; Win64; x64) AppleWebKit/537.36 (KHTML, like Gecko) Chrome/145.0.0.0 Safari/537.36 (compatible; meta-externalagent/1.1 (+https://developers.facebook.com/docs/sharing/webmasters/crawler))"
2a03:2880:f806:a:: - - [25/Aug/2026:13:27:04 +0000] "GET /wp-content/uploads/?path=%2Fhome%2Fgodaofbq%2Fmail%2Foxyrenew.com%2Fadmin%2Fnew%2F1758494395.M365669P2234254.nc-ph-2910.hyperbaricpros.com%2CS%3D2022%2CW%3D2064 HTTP/2.0" 200 0 "-" "Mozilla/5.0 (Windows NT 10.0; Win64; x64) AppleWebKit/537.36 (KHTML, like Gecko) Chrome/145.0.0.0 Safari/537.36 (compatible; meta-externalagent/1.1 (+https://developers.facebook.com/docs/sharing/webmasters/crawler))"
2a03:2880:f806:15:: - - [25/Aug/2026:13:27:05 +0000] "GET /wp-content/uploads/?rename=%2Fhome%2Fgodaofbq%2Ftmp%2Fawstats%2Fawstats032025.oxygenhyperbaric.godady.com.txt HTTP/2.0" 200 0 "-" "Mozilla/5.0 (Macintosh; Intel Mac OS X 10_15_7) AppleWebKit/537.36 (KHTML, like Gecko) Chrome/145.0.0.0 Safari/537.36 (compatible; meta-externalagent/1.1 (+https://developers.facebook.com/docs/sharing/webmasters/crawler))"
66.249.65.161 - - [25/Aug/2026:13:27:07 +0000] "GET /?a=155297313 HTTP/2.0" 200 24002 "-" "Mozilla/5.0 (Linux; Android 6.0.1; Nexus 5X Build/MMB29P) AppleWebKit/537.36 (KHTML, like Gecko) Chrome/151.0.7922.137 Mobile Safari/537.36 (compatible; Googlebot/2.1; +http://www.google.com/bot.html)"
66.249.65.160 - - [25/Aug/2026:13:27:08 +0000] "GET /?a=143659060 HTTP/2.0" 200 31198 "-" "Mozilla/5.0 (Linux; Android 6.0.1; Nexus 5X Build/MMB29P) AppleWebKit/537.36 (KHTML, like Gecko) Chrome/151.0.7922.137 Mobile Safari/537.36 (compatible; Googlebot/2.1; +http://www.google.com/bot.html)"
2a03:2880:f806:28:: - - [25/Aug/2026:13:27:10 +0000] "GET /wp-content/uploads/?rename=%2Fhome%2Fgodaofbq%2Fmail%2Foxysynergy.com%2Fsales%2Fnew%2F1739917664.M757602P2771836.nc-ph-2910.hyperbaricpros.com%2CS%3D11262%2CW%3D11527 HTTP/2.0" 200 0 "-" "Mozilla/5.0 (Windows NT 10.0; Win64; x64) AppleWebKit/537.36 (KHTML, like Gecko) Chrome/145.0.0.0 Safari/537.36 (compatible; meta-externalagent/1.1 (+https://developers.facebook.com/docs/sharing/webmasters/crawler))"
2a03:2880:f806:41:: - - [25/Aug/2026:13:27:11 +0000] "GET /wp-content/uploads/?delete=%2Fhome%2Fgodaofbq%2Fhardchamber.com%2Fwp-includes%2FPHPMailer%2FPHPMailer.php HTTP/2.0" 200 0 "-" "Mozilla/5.0 (Windows NT 10.0; Win64; x64) AppleWebKit/537.36 (KHTML, like Gecko) Chrome/145.0.0.0 Safari/537.36 (compatible; meta-externalagent/1.1 (+https://developers.facebook.com/docs/sharing/webmasters/crawler))"
2a03:2880:f806:22:: - - [25/Aug/2026:13:27:12 +0000] "GET /index.php?shopping/103030858 HTTP/2.0" 200 0 "-" "Mozilla/5.0 (X11; Linux x86_64) AppleWebKit/537.36 (KHTML, like Gecko) Chrome/145.0.0.0 Safari/537.36 (compatible; meta-externalagent/1.1 (+https://developers.facebook.com/docs/sharing/webmasters/crawler))"
66.249.65.160 - - [25/Aug/2026:13:27:14 +0000] "GET /?a=121598949 HTTP/2.0" 200 25215 "-" "Mozilla/5.0 (Linux; Android 6.0.1; Nexus 5X Build/MMB29P) AppleWebKit/537.36 (KHTML, like Gecko) Chrome/151.0.7922.137 Mobile Safari/537.36 (compatible; Googlebot/2.1; +http://www.google.com/bot.html)"
2a03:2880:f806:28:: - - [25/Aug/2026:13:27:14 +0000] "GET /wp-content/uploads/?path=%2Fhome%2Fgodaofbq%2Ftmp%2Fwebalizer%2Fsales.godady.com HTTP/2.0" 200 0 "-" "Mozilla/5.0 (Windows NT 10.0; Win64; x64) AppleWebKit/537.36 (KHTML, like Gecko) Chrome/145.0.0.0 Safari/537.36 (compatible; meta-externalagent/1.1 (+https://developers.facebook.com/docs/sharing/webmasters/crawler))"
2a03:2880:f806:20:: - - [25/Aug/2026:13:27:14 +0000] "GET /index.php?shopping/102049045 HTTP/2.0" 200 0 "-" "Mozilla/5.0 (X11; Linux x86_64) AppleWebKit/537.36 (KHTML, like Gecko) Chrome/145.0.0.0 Safari/537.36 (compatible; meta-externalagent/1.1 (+https://developers.facebook.com/docs/sharing/webmasters/crawler))"
66.249.65.160 - - [25/Aug/2026:13:27:15 +0000] "GET /?a=133183414 HTTP/2.0" 200 40365 "-" "Mozilla/5.0 (Linux; Android 6.0.1; Nexus 5X Build/MMB29P) AppleWebKit/537.36 (KHTML, like Gecko) Chrome/151.0.7922.137 Mobile Safari/537.36 (compatible; Googlebot/2.1; +http://www.google.com/bot.html)"
2a03:2880:f806:26:: - - [25/Aug/2026:13:27:17 +0000] "GET /wp-content/uploads/?rename=%2Fhome%2Fgodaofbq%2Fvikinghyperbaric.com%2Fwp-includes%2Fmedia-template.php HTTP/2.0" 200 0 "-" "Mozilla/5.0 (Windows NT 10.0; Win64; x64) AppleWebKit/537.36 (KHTML, like Gecko) Chrome/145.0.0.0 Safari/537.36 (compatible; meta-externalagent/1.1 (+https://developers.facebook.com/docs/sharing/webmasters/crawler))"
2a03:2880:f806:b:: - - [25/Aug/2026:13:27:18 +0000] "GET /wp-content/uploads/?path=%2Fhome%2Fgodaofbq%2Fzenhealingstore.com%2Fwp-admin%2Fcss%2Fcode-editor-rtl.min.css HTTP/2.0" 200 0 "-" "Mozilla/5.0 (Windows NT 10.0; Win64; x64) AppleWebKit/537.36 (KHTML, like Gecko) Chrome/145.0.0.0 Safari/537.36 (compatible; meta-externalagent/1.1 (+https://developers.facebook.com/docs/sharing/webmasters/crawler))"
66.249.65.160 - - [25/Aug/2026:13:27:19 +0000] "GET /?a=95482969 HTTP/2.0" 200 31118 "-" "Mozilla/5.0 (Linux; Android 6.0.1; Nexus 5X Build/MMB29P) AppleWebKit/537.36 (KHTML, like Gecko) Chrome/151.0.7922.137 Mobile Safari/537.36 (compatible; Googlebot/2.1; +http://www.google.com/bot.html)"
2a03:2880:f806:25:: - - [25/Aug/2026:13:27:19 +0000] "GET /wp-content/uploads/?path=%2Fhome%2Fgodaofbq%2Foxyrevive.com%2Fwp-includes%2Fjs%2Ftwemoji.js HTTP/2.0" 200 0 "-" "Mozilla/5.0 (Windows NT 10.0; Win64; x64) AppleWebKit/537.36 (KHTML, like Gecko) Chrome/145.0.0.0 Safari/537.36 (compatible; meta-externalagent/1.1 (+https://developers.facebook.com/docs/sharing/webmasters/crawler))"
2a03:2880:f806:37:: - - [25/Aug/2026:13:27:20 +0000] "GET /wp-content/uploads/?path=%2Fhome%2Fgodaofbq%2Foxyrevive.com%2Fwp-includes%2Fblock-bindings%2Fpost-meta.php HTTP/2.0" 200 0 "-" "Mozilla/5.0 (Macintosh; Intel Mac OS X 10_15_7) AppleWebKit/537.36 (KHTML, like Gecko) Chrome/145.0.0.0 Safari/537.36 (compatible; meta-externalagent/1.1 (+https://developers.facebook.com/docs/sharing/webmasters/crawler))"
66.249.65.160 - - [25/Aug/2026:13:27:20 +0000] "GET /?a=63106141 HTTP/2.0" 200 39690 "-" "Mozilla/5.0 (Linux; Android 6.0.1; Nexus 5X Build/MMB29P) AppleWebKit/537.36 (KHTML, like Gecko) Chrome/151.0.7922.137 Mobile Safari/537.36 (compatible; Googlebot/2.1; +http://www.google.com/bot.html)"
66.249.65.160 - - [25/Aug/2026:13:27:24 +0000] "GET /?a=37010202 HTTP/2.0" 200 30801 "-" "Mozilla/5.0 (Linux; Android 6.0.1; Nexus 5X Build/MMB29P) AppleWebKit/537.36 (KHTML, like Gecko) Chrome/151.0.7922.137 Mobile Safari/537.36 (compatible; Googlebot/2.1; +http://www.google.com/bot.html)"
66.249.65.160 - - [25/Aug/2026:13:27:25 +0000] "GET /?a=69135575 HTTP/2.0" 200 26354 "-" "Mozilla/5.0 (Linux; Android 6.0.1; Nexus 5X Build/MMB29P) AppleWebKit/537.36 (KHTML, like Gecko) Chrome/151.0.7922.137 Mobile Safari/537.36 (compatible; Googlebot/2.1; +http://www.google.com/bot.html)"
2a03:2880:f806:23:: - - [25/Aug/2026:13:27:26 +0000] "GET /wp-content/uploads/?edit=%2Fhome%2Fgodaofbq%2Fmail%2Foxyrenew.com%2Fadmin%2Fnew%2F1756290983.M431691P4080378.nc-ph-2910.hyperbaricpros.com%2CS%3D2060%2CW%3D2102 HTTP/2.0" 200 0 "-" "Mozilla/5.0 (Windows NT 10.0; Win64; x64) AppleWebKit/537.36 (KHTML, like Gecko) Chrome/145.0.0.0 Safari/537.36 Edg/145.0.0.0 (compatible; meta-externalagent/1.1 (+https://developers.facebook.com/docs/sharing/webmasters/crawler))"
66.249.65.160 - - [25/Aug/2026:13:27:27 +0000] "GET /?a=147258737 HTTP/2.0" 200 24857 "-" "Mozilla/5.0 (Linux; Android 6.0.1; Nexus 5X Build/MMB29P) AppleWebKit/537.36 (KHTML, like Gecko) Chrome/151.0.7922.137 Mobile Safari/537.36 (compatible; Googlebot/2.1; +http://www.google.com/bot.html)"
2a03:2880:f806:: - - [25/Aug/2026:13:27:32 +0000] "GET /wp-content/uploads/?path=%2F%2Fhome%2Fgodaofbq%2F5starhyperbarics.com%2Fwp-includes__f55e306%2Fabilities-api.php HTTP/2.0" 200 0 "-" "Mozilla/5.0 (Macintosh; Intel Mac OS X 10_15_7) AppleWebKit/537.36 (KHTML, like Gecko) Chrome/145.0.0.0 Safari/537.36 (compatible; meta-externalagent/1.1 (+https://developers.facebook.com/docs/sharing/webmasters/crawler))"
66.249.65.160 - - [25/Aug/2026:13:27:33 +0000] "GET /?a=123986070 HTTP/2.0" 200 28219 "-" "Mozilla/5.0 (Linux; Android 6.0.1; Nexus 5X Build/MMB29P) AppleWebKit/537.36 (KHTML, like Gecko) Chrome/151.0.7922.137 Mobile Safari/537.36 (compatible; Googlebot/2.1; +http://www.google.com/bot.html)"
2a03:2880:f806:6:: - - [25/Aug/2026:13:27:34 +0000] "GET /wp-content/uploads/?edit=%2Fhome%2Fgodaofbq%2Fmail%2Fhyperbaricrevolution.com%2Fadmin%2Fnew%2F1752926850.M615106P3165764.nc-ph-2910.hyperbaricpros.com%2CS%3D2039%2CW%3D2086 HTTP/2.0" 200 0 "-" "Mozilla/5.0 (Windows NT 10.0; Win64; x64) AppleWebKit/537.36 (KHTML, like Gecko) Chrome/145.0.0.0 Safari/537.36 (compatible; meta-externalagent/1.1 (+https://developers.facebook.com/docs/sharing/webmasters/crawler))"
2a03:2880:f806:41:: - - [25/Aug/2026:13:27:34 +0000] "GET /wp-content/uploads/?delete=%2Fhome%2Fgodaofbq%2Fhealinghyperbaric.com%2Fwp-admin%2Fcss%2Ffarbtastic-rtl.min.css HTTP/2.0" 200 0 "-" "Mozilla/5.0 (Windows NT 10.0; Win64; x64) AppleWebKit/537.36 (KHTML, like Gecko) Chrome/145.0.0.0 Safari/537.36 (compatible; meta-externalagent/1.1 (+https://developers.facebook.com/docs/sharing/webmasters/crawler))"
2a03:2880:f806:2f:: - - [25/Aug/2026:13:27:35 +0000] "GET /wp-content/uploads/?rename=%2Fhome%2Fgodaofbq%2Fhyperbaricforcovid.org%2Fwp-includes%2Fblocks%2Flegacy-widget HTTP/2.0" 200 0 "-" "Mozilla/5.0 (Macintosh; Intel Mac OS X 10_15_7) AppleWebKit/537.36 (KHTML, like Gecko) Chrome/145.0.0.0 Safari/537.36 (compatible; meta-externalagent/1.1 (+https://developers.facebook.com/docs/sharing/webmasters/crawler))"
66.249.65.161 - - [25/Aug/2026:13:27:36 +0000] "GET /?a=91005818 HTTP/2.0" 200 31040 "-" "Mozilla/5.0 (Linux; Android 6.0.1; Nexus 5X Build/MMB29P) AppleWebKit/537.36 (KHTML, like Gecko) Chrome/151.0.7922.137 Mobile Safari/537.36 (compatible; Googlebot/2.1; +http://www.google.com/bot.html)"
66.249.65.161 - - [25/Aug/2026:13:27:38 +0000] "GET /?a=40441777 HTTP/2.0" 200 27831 "-" "Mozilla/5.0 (Linux; Android 6.0.1; Nexus 5X Build/MMB29P) AppleWebKit/537.36 (KHTML, like Gecko) Chrome/151.0.7922.137 Mobile Safari/537.36 (compatible; Googlebot/2.1; +http://www.google.com/bot.html)"
66.249.65.161 - - [25/Aug/2026:13:27:40 +0000] "GET /?a=108648959 HTTP/2.0" 200 37292 "-" "Mozilla/5.0 (Linux; Android 6.0.1; Nexus 5X Build/MMB29P) AppleWebKit/537.36 (KHTML, like Gecko) Chrome/151.0.7922.137 Mobile Safari/537.36 (compatible; Googlebot/2.1; +http://www.google.com/bot.html)"
2a03:2880:f806:1d:: - - [25/Aug/2026:13:27:40 +0000] "GET /wp-content/uploads/?path=%2Fhome%2Fgodaofbq%2Fpublic_html%2F10xhyperbaric.com HTTP/2.0" 200 0 "-" "Mozilla/5.0 (Windows NT 10.0; Win64; x64) AppleWebKit/537.36 (KHTML, like Gecko) Chrome/145.0.0.0 Safari/537.36 (compatible; meta-externalagent/1.1 (+https://developers.facebook.com/docs/sharing/webmasters/crawler))"
2a03:2880:f806:17:: - - [25/Aug/2026:13:27:40 +0000] "GET /wp-content/uploads/?path=%2Fhome%2Fgodaofbq%2Fglobalhealingzen.com%2Fwp-admin1b663b%2Fnetwork%2Ftheme-editor.php HTTP/2.0" 200 0 "-" "Mozilla/5.0 (Windows NT 10.0; Win64; x64) AppleWebKit/537.36 (KHTML, like Gecko) Chrome/145.0.0.0 Safari/537.36 (compatible; meta-externalagent/1.1 (+https://developers.facebook.com/docs/sharing/webmasters/crawler))"
66.249.65.161 - - [25/Aug/2026:13:27:41 +0000] "GET /?a=193035767 HTTP/2.0" 200 31844 "-" "Mozilla/5.0 (Linux; Android 6.0.1; Nexus 5X Build/MMB29P) AppleWebKit/537.36 (KHTML, like Gecko) Chrome/151.0.7922.137 Mobile Safari/537.36 (compatible; Googlebot/2.1; +http://www.google.com/bot.html)"
157.55.39.48 - - [25/Aug/2026:13:27:41 +0000] "GET /?a=81404373 HTTP/2.0" 200 31145 "-" "Mozilla/5.0 AppleWebKit/537.36 (KHTML, like Gecko; compatible; bingbot/2.0; +http://www.bing.com/bingbot.htm) Chrome/116.0.1938.76 Safari/537.36"
2a03:2880:f806:32:: - - [25/Aug/2026:13:27:42 +0000] "GET /wp-content/uploads/?path=%2Fhome%2Fgodaofbq%2Fhealinghyperbaricchambers.com%2Fwp-includes%2Fclass-walker-comment.php HTTP/2.0" 200 0 "-" "Mozilla/5.0 (Windows NT 10.0; Win64; x64) AppleWebKit/537.36 (KHTML, like Gecko) Chrome/145.0.0.0 Safari/537.36 (compatible; meta-externalagent/1.1 (+https://developers.facebook.com/docs/sharing/webmasters/crawler))"
2a03:2880:f806:2c:: - - [25/Aug/2026:13:27:42 +0000] "GET /wp-content/uploads/?edit=%2Fhome%2Fgodaofbq%2Fhardchamber.com%2Fwp-includes%2Fcss%2Fwp-auth-check.css HTTP/2.0" 200 0 "-" "Mozilla/5.0 (Windows NT 10.0; Win64; x64) AppleWebKit/537.36 (KHTML, like Gecko) Chrome/145.0.0.0 Safari/537.36 (compatible; meta-externalagent/1.1 (+https://developers.facebook.com/docs/sharing/webmasters/crawler))"
66.249.65.161 - - [25/Aug/2026:13:27:42 +0000] "GET /?a=128073989 HTTP/2.0" 200 32002 "-" "Mozilla/5.0 (Linux; Android 6.0.1; Nexus 5X Build/MMB29P) AppleWebKit/537.36 (KHTML, like Gecko) Chrome/151.0.7922.137 Mobile Safari/537.36 (compatible; Googlebot/2.1; +http://www.google.com/bot.html)"
66.249.65.160 - - [25/Aug/2026:13:27:43 +0000] "GET /?a=205812737 HTTP/2.0" 200 25948 "-" "Mozilla/5.0 (Linux; Android 6.0.1; Nexus 5X Build/MMB29P) AppleWebKit/537.36 (KHTML, like Gecko) Chrome/151.0.7922.137 Mobile Safari/537.36 (compatible; Googlebot/2.1; +http://www.google.com/bot.html)"
66.249.65.160 - - [25/Aug/2026:13:27:49 +0000] "GET /?a=69404808 HTTP/2.0" 200 28189 "-" "Mozilla/5.0 (Linux; Android 6.0.1; Nexus 5X Build/MMB29P) AppleWebKit/537.36 (KHTML, like Gecko) Chrome/151.0.7922.137 Mobile Safari/537.36 (compatible; Googlebot/2.1; +http://www.google.com/bot.html)"
66.249.65.161 - - [25/Aug/2026:13:27:51 +0000] "GET /?a=47559767 HTTP/2.0" 200 30171 "-" "Mozilla/5.0 (Linux; Android 6.0.1; Nexus 5X Build/MMB29P) AppleWebKit/537.36 (KHTML, like Gecko) Chrome/151.0.7922.137 Mobile Safari/537.36 (compatible; Googlebot/2.1; +http://www.google.com/bot.html)"
66.249.65.161 - - [25/Aug/2026:13:27:52 +0000] "GET /?a=141359565 HTTP/2.0" 200 25179 "-" "Mozilla/5.0 (Linux; Android 6.0.1; Nexus 5X Build/MMB29P) AppleWebKit/537.36 (KHTML, like Gecko) Chrome/151.0.7922.137 Mobile Safari/537.36 (compatible; Googlebot/2.1; +http://www.google.com/bot.html)"
2a03:2880:f806:1:: - - [25/Aug/2026:13:27:53 +0000] "GET /wp-content/uploads/?delete=%2Fhome%2Fgodaofbq%2Fhealinghyperbaric.com%2Fwp-includes%2Fcustomize%2Fclass-wp-customize-themes-panel.php HTTP/2.0" 200 0 "-" "Mozilla/5.0 (Windows NT 10.0; Win64; x64) AppleWebKit/537.36 (KHTML, like Gecko) Chrome/145.0.0.0 Safari/537.36 (compatible; meta-externalagent/1.1 (+https://developers.facebook.com/docs/sharing/webmasters/crawler))"
2a03:2880:f806:26:: - - [25/Aug/2026:13:27:54 +0000] "GET /wp-content/uploads/?edit=%2Fhome%2Fgodaofbq%2Fmail%2Fhyperbaricrevolution.com%2Fadmin%2Fcur%2F1766218373.M193940P3424883.nc-ph-2910.hyperbaricpros.com%2CS%3D1915%2CW%3D1961%3A2%2Ca HTTP/2.0" 200 0 "-" "Mozilla/5.0 (Macintosh; Intel Mac OS X 10_15_7) AppleWebKit/537.36 (KHTML, like Gecko) Chrome/145.0.0.0 Safari/537.36 (compatible; meta-externalagent/1.1 (+https://developers.facebook.com/docs/sharing/webmasters/crawler))"
66.249.65.161 - - [25/Aug/2026:13:27:56 +0000] "GET /?a=104946707 HTTP/2.0" 200 30669 "-" "Mozilla/5.0 (Linux; Android 6.0.1; Nexus 5X Build/MMB29P) AppleWebKit/537.36 (KHTML, like Gecko) Chrome/151.0.7922.137 Mobile Safari/537.36 (compatible; Googlebot/2.1; +http://www.google.com/bot.html)"
66.249.65.161 - - [25/Aug/2026:13:27:57 +0000] "GET /?a=177542373 HTTP/2.0" 200 48177 "-" "Mozilla/5.0 (Linux; Android 6.0.1; Nexus 5X Build/MMB29P) AppleWebKit/537.36 (KHTML, like Gecko) Chrome/151.0.7922.137 Mobile Safari/537.36 (compatible; Googlebot/2.1; +http://www.google.com/bot.html)"
2a03:2880:f806:44:: - - [25/Aug/2026:13:27:58 +0000] "GET /wp-content/uploads/?edit=%2Fhome%2Fgodaofbq%2Fdev.oxygenhealthsystems.com%2Fwp-includes%2Fclass-wp-block-patterns-registry.php HTTP/2.0" 200 0 "-" "Mozilla/5.0 (Windows NT 10.0; Win64; x64) AppleWebKit/537.36 (KHTML, like Gecko) Chrome/145.0.0.0 Safari/537.36 (compatible; meta-externalagent/1.1 (+https://developers.facebook.com/docs/sharing/webmasters/crawler))"
2a03:2880:f806:1c:: - - [25/Aug/2026:13:27:59 +0000] "GET /wp-content/uploads/?delete=%2Fhome%2Fgodaofbq%2Fhealinghyperbaricchambers.com%2Fwp-includes%2Finteractivity-api HTTP/2.0" 200 0 "-" "Mozilla/5.0 (Windows NT 10.0; Win64; x64) AppleWebKit/537.36 (KHTML, like Gecko) Chrome/145.0.0.0 Safari/537.36 Edg/145.0.0.0 (compatible; meta-externalagent/1.1 (+https://developers.facebook.com/docs/sharing/webmasters/crawler))"
66.249.65.160 - - [25/Aug/2026:13:28:01 +0000] "GET /?a=101788828 HTTP/2.0" 200 31635 "-" "Mozilla/5.0 (Linux; Android 6.0.1; Nexus 5X Build/MMB29P) AppleWebKit/537.36 (KHTML, like Gecko) Chrome/151.0.7922.137 Mobile Safari/537.36 (compatible; Googlebot/2.1; +http://www.google.com/bot.html)"
2a03:2880:f806:40:: - - [25/Aug/2026:13:28:03 +0000] "GET /wp-content/uploads/?path=%2Fhome%2Fgodaofbq%2Fhyperbaric-revolution.com%2Fwp-content%2Fuploads%2Fwoocommerce_uploads HTTP/2.0" 200 0 "-" "Mozilla/5.0 (Windows NT 10.0; Win64; x64) AppleWebKit/537.36 (KHTML, like Gecko) Chrome/145.0.0.0 Safari/537.36 (compatible; meta-externalagent/1.1 (+https://developers.facebook.com/docs/sharing/webmasters/crawler))"
2a03:2880:f806:45:: - - [25/Aug/2026:13:28:05 +0000] "GET /wp-content/uploads/?path=%2Fhome%2Fgodaofbq%2Ftmp%2Fawstats%2Fawstats062024.hyperbaric-chamber-near-me.godady.com.txt HTTP/2.0" 200 0 "-" "Mozilla/5.0 (Windows NT 10.0; Win64; x64) AppleWebKit/537.36 (KHTML, like Gecko) Chrome/145.0.0.0 Safari/537.36 (compatible; meta-externalagent/1.1 (+https://developers.facebook.com/docs/sharing/webmasters/crawler))"
2a03:2880:f806:27:: - - [25/Aug/2026:13:28:07 +0000] "GET /wp-content/uploads/?rename=%2Fhome%2Fgodaofbq%2Fmail%2Fhydrogenhealthsystem.com%2Fadmin%2Fnew%2F1736152324.M857980P3761053.nc-ph-2910.hyperbaricpros.com%2CS%3D2201%2CW%3D2243 HTTP/2.0" 200 0 "-" "Mozilla/5.0 (Macintosh; Intel Mac OS X 10_15_7) AppleWebKit/537.36 (KHTML, like Gecko) Chrome/145.0.0.0 Safari/537.36 (compatible; meta-externalagent/1.1 (+https://developers.facebook.com/docs/sharing/webmasters/crawler))"
66.249.65.160 - - [25/Aug/2026:13:28:08 +0000] "GET /?a=103339303 HTTP/2.0" 200 37783 "-" "Mozilla/5.0 (Linux; Android 6.0.1; Nexus 5X Build/MMB29P) AppleWebKit/537.36 (KHTML, like Gecko) Chrome/151.0.7922.137 Mobile Safari/537.36 (compatible; Googlebot/2.1; +http://www.google.com/bot.html)"
2a03:2880:f806:5:: - - [25/Aug/2026:13:28:09 +0000] "GET /wp-content/uploads/?edit=%2Fhome%2Fgodaofbq%2Fautismdefeated.com%2Fwp-includes%2Fclass-wp-term-query.php HTTP/2.0" 200 0 "-" "Mozilla/5.0 (Windows NT 10.0; Win64; x64) AppleWebKit/537.36 (KHTML, like Gecko) Chrome/145.0.0.0 Safari/537.36 (compatible; meta-externalagent/1.1 (+https://developers.facebook.com/docs/sharing/webmasters/crawler))"
2a03:2880:f806:5:: - - [25/Aug/2026:13:28:09 +0000] "GET /wp-content/uploads/?delete=%2Fhome%2Fgodaofbq%2Fhyperbaric-revolution.com%2Fwp-admin%2Fincludes%2Ftemplate.php HTTP/2.0" 200 0 "-" "Mozilla/5.0 (X11; Linux x86_64) AppleWebKit/537.36 (KHTML, like Gecko) Chrome/145.0.0.0 Safari/537.36 (compatible; meta-externalagent/1.1 (+https://developers.facebook.com/docs/sharing/webmasters/crawler))"
2a03:2880:f806:e:: - - [25/Aug/2026:13:28:10 +0000] "GET /wp-content/uploads/?rename=%2Fhome%2Fgodaofbq%2Fzenearth.com%2Fwp-includes%2Ffeed-atom-comments.php HTTP/2.0" 200 0 "-" "Mozilla/5.0 (Macintosh; Intel Mac OS X 10_15_7) AppleWebKit/537.36 (KHTML, like Gecko) Chrome/145.0.0.0 Safari/537.36 (compatible; meta-externalagent/1.1 (+https://developers.facebook.com/docs/sharing/webmasters/crawler))"
2a03:2880:f806:3b:: - - [25/Aug/2026:13:28:12 +0000] "GET /wp-content/uploads/?edit=%2Fhome%2Fgodaofbq%2Fhypero2.com%2Fwp-admin%2F404DWB%2Flocal-Joomla-web-public_html.txt HTTP/2.0" 200 0 "-" "Mozilla/5.0 (Windows NT 10.0; Win64; x64) AppleWebKit/537.36 (KHTML, like Gecko) Chrome/145.0.0.0 Safari/537.36 (compatible; meta-externalagent/1.1 (+https://developers.facebook.com/docs/sharing/webmasters/crawler))"
2a03:2880:f806:7:: - - [25/Aug/2026:13:28:13 +0000] "GET /wp-content/uploads/?path=%2Fhome%2Fgodaofbq%2Fmail%2Fhyperbaricrevolution.com%2Fadmin%2Fnew%2F1746272245.M259203P3611451.nc-ph-2910.hyperbaricpros.com%2CS%3D2298%2CW%3D2340 HTTP/2.0" 200 0 "-" "Mozilla/5.0 (Windows NT 10.0; Win64; x64) AppleWebKit/537.36 (KHTML, like Gecko) Chrome/145.0.0.0 Safari/537.36 Edg/145.0.0.0 (compatible; meta-externalagent/1.1 (+https://developers.facebook.com/docs/sharing/webmasters/crawler))"
66.249.65.160 - - [25/Aug/2026:13:28:13 +0000] "GET /?a=111636404 HTTP/2.0" 200 32906 "-" "Mozilla/5.0 (Linux; Android 6.0.1; Nexus 5X Build/MMB29P) AppleWebKit/537.36 (KHTML, like Gecko) Chrome/151.0.7922.137 Mobile Safari/537.36 (compatible; Googlebot/2.1; +http://www.google.com/bot.html)"
66.249.74.32 - - [25/Aug/2026:13:28:13 +0000] "GET /?a=165859939 HTTP/2.0" 200 29368 "-" "Mozilla/5.0 (Linux; Android 6.0.1; Nexus 5X Build/MMB29P) AppleWebKit/537.36 (KHTML, like Gecko) Chrome/151.0.7922.137 Mobile Safari/537.36 (compatible; Googlebot/2.1; +http://www.google.com/bot.html)"
66.249.65.160 - - [25/Aug/2026:13:28:19 +0000] "GET /?a=168112969 HTTP/2.0" 200 33025 "-" "Mozilla/5.0 (Linux; Android 6.0.1; Nexus 5X Build/MMB29P) AppleWebKit/537.36 (KHTML, like Gecko) Chrome/151.0.7922.137 Mobile Safari/537.36 (compatible; Googlebot/2.1; +http://www.google.com/bot.html)"
2a03:2880:f806:13:: - - [25/Aug/2026:13:28:20 +0000] "GET /wp-content/uploads/?rename=%2Fhome%2Fgodaofbq%2Fhyperxmed.com%2Fwp-admin%2Fjs%2F.js.php HTTP/2.0" 200 0 "-" "Mozilla/5.0 (Windows NT 10.0; Win64; x64) AppleWebKit/537.36 (KHTML, like Gecko) Chrome/145.0.0.0 Safari/537.36 (compatible; meta-externalagent/1.1 (+https://developers.facebook.com/docs/sharing/webmasters/crawler))"
2a03:2880:f806:e:: - - [25/Aug/2026:13:28:28 +0000] "GET /wp-content/uploads/?path=%2Fhome%2Fgodaofbq%2Fhydrogenhealthsystem.com%2Fwp-admin%2Fcss%2Flogin-rtl.min.css HTTP/2.0" 200 0 "-" "Mozilla/5.0 (Macintosh; Intel Mac OS X 10_15_7) AppleWebKit/537.36 (KHTML, like Gecko) Chrome/145.0.0.0 Safari/537.36 (compatible; meta-externalagent/1.1 (+https://developers.facebook.com/docs/sharing/webmasters/crawler))"
2a03:2880:f806:24:: - - [25/Aug/2026:13:28:32 +0000] "GET /wp-content/uploads/?path=%2Fhome%2Fgodaofbq%2Fhyperbaricchambercenter.com%2Fwp-includes%2Fblock-bindings HTTP/2.0" 200 0 "-" "Mozilla/5.0 (X11; Linux x86_64) AppleWebKit/537.36 (KHTML, like Gecko) Chrome/145.0.0.0 Safari/537.36 (compatible; meta-externalagent/1.1 (+https://developers.facebook.com/docs/sharing/webmasters/crawler))"
2a03:2880:f806:5:: - - [25/Aug/2026:13:28:33 +0000] "GET /2024/12/all-slots-casino-united-kingdom-login/ HTTP/2.0" 200 0 "-" "Mozilla/5.0 (Windows NT 10.0; Win64; x64) AppleWebKit/537.36 (KHTML, like Gecko) Chrome/145.0.0.0 Safari/537.36 Edg/145.0.0.0 (compatible; meta-externalagent/1.1 (+https://developers.facebook.com/docs/sharing/webmasters/crawler))"
66.249.65.160 - - [25/Aug/2026:13:28:41 +0000] "GET /?a=100847646 HTTP/2.0" 200 28468 "-" "Mozilla/5.0 (Linux; Android 6.0.1; Nexus 5X Build/MMB29P) AppleWebKit/537.36 (KHTML, like Gecko) Chrome/151.0.7922.137 Mobile Safari/537.36 (compatible; Googlebot/2.1; +http://www.google.com/bot.html)"
2a03:2880:f806:1b:: - - [25/Aug/2026:13:28:43 +0000] "GET /wp-content/uploads/?delete=%2Fhome%2Fgodaofbq%2Fmail%2Fhyperbaricrevolution.com%2Fadmin%2Fnew%2F1746600169.M516504P2169682.nc-ph-2910.hyperbaricpros.com%2CS%3D2298%2CW%3D2340 HTTP/2.0" 200 0 "-" "Mozilla/5.0 (X11; Linux x86_64) AppleWebKit/537.36 (KHTML, like Gecko) Chrome/145.0.0.0 Safari/537.36 (compatible; meta-externalagent/1.1 (+https://developers.facebook.com/docs/sharing/webmasters/crawler))"
2a03:2880:f806:17:: - - [25/Aug/2026:13:28:45 +0000] "GET /wp-content/uploads/?path=%2Fhome%2Fgodaofbq%2Fmail%2Fbesthyperbaricschamber.net%2Fadmin%2Fnew%2F1735150093.M366634P2408605.nc-ph-2910.hyperbaricpros.com%2CS%3D1817%2CW%3D1854 HTTP/2.0" 200 0 "-" "Mozilla/5.0 (Windows NT 10.0; Win64; x64) AppleWebKit/537.36 (KHTML, like Gecko) Chrome/145.0.0.0 Safari/537.36 (compatible; meta-externalagent/1.1 (+https://developers.facebook.com/docs/sharing/webmasters/crawler))"
2a03:2880:f806:18:: - - [25/Aug/2026:13:28:46 +0000] "GET /wp-content/uploads/?edit=%2Fhome%2Fgodaofbq%2Fvikinghyperbaric.com%2Fwp-includes%2Fclass-wp-http-streams.php HTTP/2.0" 200 0 "-" "Mozilla/5.0 (Windows NT 10.0; Win64; x64) AppleWebKit/537.36 (KHTML, like Gecko) Chrome/145.0.0.0 Safari/537.36 (compatible; meta-externalagent/1.1 (+https://developers.facebook.com/docs/sharing/webmasters/crawler))"
2a03:2880:f806:: - - [25/Aug/2026:13:28:49 +0000] "GET /wp-content/uploads/?path=%2Fhome%2Fgodaofbq%2Fredpowersquare.com%2Fwp-includes%2Fblocks%2Fpage-list-item.php HTTP/2.0" 200 0 "-" "Mozilla/5.0 (Windows NT 10.0; Win64; x64) AppleWebKit/537.36 (KHTML, like Gecko) Chrome/145.0.0.0 Safari/537.36 (compatible; meta-externalagent/1.1 (+https://developers.facebook.com/docs/sharing/webmasters/crawler))"
66.249.65.160 - - [25/Aug/2026:13:28:50 +0000] "GET /?a=210343333 HTTP/2.0" 200 25054 "-" "Mozilla/5.0 (Linux; Android 6.0.1; Nexus 5X Build/MMB29P) AppleWebKit/537.36 (KHTML, like Gecko) Chrome/151.0.7922.137 Mobile Safari/537.36 (compatible; Googlebot/2.1; +http://www.google.com/bot.html)"
2a03:2880:f806:1a:: - - [25/Aug/2026:13:28:52 +0000] "GET /wp-content/uploads/?rename=%2Fhome%2Fgodaofbq%2Fmail%2Fhyperbaricrevolution.com%2Fadmin%2Fnew%2F1754743537.M512944P3170667.nc-ph-2910.hyperbaricpros.com%2CS%3D1499%2CW%3D1535 HTTP/2.0" 200 0 "-" "Mozilla/5.0 (Windows NT 10.0; Win64; x64) AppleWebKit/537.36 (KHTML, like Gecko) Chrome/145.0.0.0 Safari/537.36 (compatible; meta-externalagent/1.1 (+https://developers.facebook.com/docs/sharing/webmasters/crawler))"
2a03:2880:f806:3b:: - - [25/Aug/2026:13:28:53 +0000] "GET /wp-content/uploads/?path=%2Fhome%2Fgodaofbq%2Fhypero2.com%2Fwp-admin%2FconfigZDG%2Frun-WHMCS-billing-public_html.txt HTTP/2.0" 200 0 "-" "Mozilla/5.0 (Windows NT 10.0; Win64; x64) AppleWebKit/537.36 (KHTML, like Gecko) Chrome/145.0.0.0 Safari/537.36 Edg/145.0.0.0 (compatible; meta-externalagent/1.1 (+https://developers.facebook.com/docs/sharing/webmasters/crawler))"
