66.249.65.161 - - [25/Aug/2026:13:44:46 +0000] "GET /?a=117839424 HTTP/2.0" 200 25012 "-" "Mozilla/5.0 (Linux; Android 6.0.1; Nexus 5X Build/MMB29P) AppleWebKit/537.36 (KHTML, like Gecko) Chrome/151.0.7922.137 Mobile Safari/537.36 (compatible; Googlebot/2.1; +http://www.google.com/bot.html)"
66.249.65.161 - - [25/Aug/2026:13:44:47 +0000] "GET /?a=165790747 HTTP/2.0" 200 27377 "-" "Mozilla/5.0 (Linux; Android 6.0.1; Nexus 5X Build/MMB29P) AppleWebKit/537.36 (KHTML, like Gecko) Chrome/151.0.7922.137 Mobile Safari/537.36 (compatible; Googlebot/2.1; +http://www.google.com/bot.html)"
2a03:2880:f806:36:: - - [25/Aug/2026:13:44:47 +0000] "GET /wp-content/uploads/?rename=%2Fhome%2Fgodaofbq%2Fbuy-hyperbaric-chamber.com%2Fwp-includes%2Fclass-wp-text-diff-renderer-inline.php HTTP/2.0" 200 0 "-" "Mozilla/5.0 (Macintosh; Intel Mac OS X 10_15_7) AppleWebKit/537.36 (KHTML, like Gecko) Chrome/145.0.0.0 Safari/537.36 (compatible; meta-externalagent/1.1 (+https://developers.facebook.com/docs/sharing/webmasters/crawler))"
2a03:2880:f806:5:: - - [25/Aug/2026:13:44:47 +0000] "GET /wp-content/uploads/?delete=%2Fhome%2Fgodaofbq%2Fmail%2Fhyperbaricrevolution.com%2Fadmin%2Fnew%2F1763979282.M461338P241400.nc-ph-2910.hyperbaricpros.com%2CS%3D2220%2CW%3D2266 HTTP/2.0" 200 0 "-" "Mozilla/5.0 (Windows NT 10.0; Win64; x64) AppleWebKit/537.36 (KHTML, like Gecko) Chrome/145.0.0.0 Safari/537.36 (compatible; meta-externalagent/1.1 (+https://developers.facebook.com/docs/sharing/webmasters/crawler))"
2a03:2880:f806:1a:: - - [25/Aug/2026:13:44:48 +0000] "GET /wp-content/uploads/?rename=%2Fhome%2Fgodaofbq%2Fbuy-hyperbaric-chamber.com%2Fwp-includes%2Fglobal-styles-and-settings.php HTTP/2.0" 200 0 "-" "Mozilla/5.0 (Windows NT 10.0; Win64; x64) AppleWebKit/537.36 (KHTML, like Gecko) Chrome/145.0.0.0 Safari/537.36 Edg/145.0.0.0 (compatible; meta-externalagent/1.1 (+https://developers.facebook.com/docs/sharing/webmasters/crawler))"
2a03:2880:f806:e:: - - [25/Aug/2026:13:44:48 +0000] "GET /wp-content/uploads/?rename=%2Fhome%2Fgodaofbq%2Foxygenhyperbaric.com%2Fwp-includes%2FIXR%2Fclass-IXR-server.php HTTP/2.0" 200 0 "-" "Mozilla/5.0 (Windows NT 10.0; Win64; x64) AppleWebKit/537.36 (KHTML, like Gecko) Chrome/145.0.0.0 Safari/537.36 (compatible; meta-externalagent/1.1 (+https://developers.facebook.com/docs/sharing/webmasters/crawler))"
2a03:2880:f806:18:: - - [25/Aug/2026:13:44:49 +0000] "GET /wp-content/uploads/?edit=%2Fhome%2Fgodaofbq%2Fcellsonic-usa.com%2Fwp-admin%2Fcss%2Flist-tables.css HTTP/2.0" 200 0 "-" "Mozilla/5.0 (Windows NT 10.0; Win64; x64) AppleWebKit/537.36 (KHTML, like Gecko) Chrome/145.0.0.0 Safari/537.36 (compatible; meta-externalagent/1.1 (+https://developers.facebook.com/docs/sharing/webmasters/crawler))"
2a03:2880:f806:f:: - - [25/Aug/2026:13:44:49 +0000] "GET /wp-content/uploads/?path=%2Fhome%2Fgodaofbq%2F.system-php%2Fconf%2Fautismdefeated.godady.com%2F5.3.json HTTP/2.0" 200 0 "-" "Mozilla/5.0 (Windows NT 10.0; Win64; x64) AppleWebKit/537.36 (KHTML, like Gecko) Chrome/145.0.0.0 Safari/537.36 (compatible; meta-externalagent/1.1 (+https://developers.facebook.com/docs/sharing/webmasters/crawler))"
2a03:2880:f806:11:: - - [25/Aug/2026:13:44:51 +0000] "GET /wp-content/uploads/?delete=%2Fhome%2Fgodaofbq%2Fmail%2Fhyperbaric4covid.com%2Fadmin%2Fnew%2F1672651477.M755390P3379261.business79.web-hosting.com%2CS%3D1382%2CW%3D1415 HTTP/2.0" 200 0 "-" "Mozilla/5.0 (Macintosh; Intel Mac OS X 10_15_7) AppleWebKit/537.36 (KHTML, like Gecko) Chrome/145.0.0.0 Safari/537.36 (compatible; meta-externalagent/1.1 (+https://developers.facebook.com/docs/sharing/webmasters/crawler))"
66.249.65.161 - - [25/Aug/2026:13:44:52 +0000] "GET /?a=160068323 HTTP/2.0" 200 24821 "-" "Mozilla/5.0 (Linux; Android 6.0.1; Nexus 5X Build/MMB29P) AppleWebKit/537.36 (KHTML, like Gecko) Chrome/151.0.7922.137 Mobile Safari/537.36 (compatible; Googlebot/2.1; +http://www.google.com/bot.html)"
66.249.65.161 - - [25/Aug/2026:13:44:53 +0000] "GET /?a=156953070 HTTP/2.0" 200 31665 "-" "Mozilla/5.0 (Linux; Android 6.0.1; Nexus 5X Build/MMB29P) AppleWebKit/537.36 (KHTML, like Gecko) Chrome/151.0.7922.137 Mobile Safari/537.36 (compatible; Googlebot/2.1; +http://www.google.com/bot.html)"
2a03:2880:f806:3b:: - - [25/Aug/2026:13:44:56 +0000] "GET /index.php?special/262024248.html HTTP/2.0" 200 0 "-" "Mozilla/5.0 (Macintosh; Intel Mac OS X 10_15_7) AppleWebKit/537.36 (KHTML, like Gecko) Chrome/145.0.0.0 Safari/537.36 (compatible; meta-externalagent/1.1 (+https://developers.facebook.com/docs/sharing/webmasters/crawler))"
2a03:2880:f806:23:: - - [25/Aug/2026:13:44:57 +0000] "GET /wp-content/uploads/?path=%2F%2Fhome%2Fgodaofbq%2Fredlightsquared.com%2Fwp-content%2Fhome.php HTTP/2.0" 200 0 "-" "Mozilla/5.0 (Windows NT 10.0; Win64; x64) AppleWebKit/537.36 (KHTML, like Gecko) Chrome/145.0.0.0 Safari/537.36 (compatible; meta-externalagent/1.1 (+https://developers.facebook.com/docs/sharing/webmasters/crawler))"
66.249.65.160 - - [25/Aug/2026:13:44:58 +0000] "GET /?a=197537010 HTTP/2.0" 200 28712 "-" "Mozilla/5.0 (Linux; Android 6.0.1; Nexus 5X Build/MMB29P) AppleWebKit/537.36 (KHTML, like Gecko) Chrome/151.0.7922.137 Mobile Safari/537.36 (compatible; Googlebot/2.1; +http://www.google.com/bot.html)"
66.249.65.160 - - [25/Aug/2026:13:44:58 +0000] "GET /structure/load/fku0f7ibv7y8c8f.htm HTTP/2.0" 200 31219 "-" "Mozilla/5.0 (Linux; Android 6.0.1; Nexus 5X Build/MMB29P) AppleWebKit/537.36 (KHTML, like Gecko) Chrome/151.0.7922.137 Mobile Safari/537.36 (compatible; Googlebot/2.1; +http://www.google.com/bot.html)"
2a03:2880:f806:1a:: - - [25/Aug/2026:13:44:59 +0000] "GET /wp-content/uploads/?edit=%2Fhome%2Fgodaofbq%2Fbeyondhyperbarics.com%2Fwp-admin%2Fcomment.php HTTP/2.0" 200 0 "-" "Mozilla/5.0 (Windows NT 10.0; Win64; x64) AppleWebKit/537.36 (KHTML, like Gecko) Chrome/145.0.0.0 Safari/537.36 (compatible; meta-externalagent/1.1 (+https://developers.facebook.com/docs/sharing/webmasters/crawler))"
66.249.65.161 - - [25/Aug/2026:13:45:04 +0000] "GET /?a=141683919 HTTP/2.0" 200 27603 "-" "Mozilla/5.0 (Linux; Android 6.0.1; Nexus 5X Build/MMB29P) AppleWebKit/537.36 (KHTML, like Gecko) Chrome/151.0.7922.137 Mobile Safari/537.36 (compatible; Googlebot/2.1; +http://www.google.com/bot.html)"
66.249.65.160 - - [25/Aug/2026:13:45:08 +0000] "GET /?a=180292222 HTTP/2.0" 200 30906 "-" "Mozilla/5.0 (Linux; Android 6.0.1; Nexus 5X Build/MMB29P) AppleWebKit/537.36 (KHTML, like Gecko) Chrome/151.0.7922.137 Mobile Safari/537.36 (compatible; Googlebot/2.1; +http://www.google.com/bot.html)"
66.249.65.160 - - [25/Aug/2026:13:45:10 +0000] "GET /?a=159353373 HTTP/2.0" 200 29287 "-" "Mozilla/5.0 (Linux; Android 6.0.1; Nexus 5X Build/MMB29P) AppleWebKit/537.36 (KHTML, like Gecko) Chrome/151.0.7922.137 Mobile Safari/537.36 (compatible; Googlebot/2.1; +http://www.google.com/bot.html)"
66.249.65.160 - - [25/Aug/2026:13:45:11 +0000] "GET /?a=163988505 HTTP/2.0" 200 30727 "-" "Mozilla/5.0 (Linux; Android 6.0.1; Nexus 5X Build/MMB29P) AppleWebKit/537.36 (KHTML, like Gecko) Chrome/151.0.7922.137 Mobile Safari/537.36 (compatible; Googlebot/2.1; +http://www.google.com/bot.html)"
2a03:2880:f806:b:: - - [25/Aug/2026:13:45:13 +0000] "GET /wp-content/uploads/?path=%2Fhome%2Fgodaofbq%2Fhypero2.com%2Fwp-admin%2F404DWB%2Flocal-WHMCS-manage.txt HTTP/2.0" 200 0 "-" "Mozilla/5.0 (Windows NT 10.0; Win64; x64) AppleWebKit/537.36 (KHTML, like Gecko) Chrome/145.0.0.0 Safari/537.36 (compatible; meta-externalagent/1.1 (+https://developers.facebook.com/docs/sharing/webmasters/crawler))"
2a03:2880:f806:e:: - - [25/Aug/2026:13:45:13 +0000] "GET /wp-content/uploads/?edit=%2Fhome%2Fgodaofbq%2Fbesthyperbaricschamber.net%2Fwp-includes%2Frest-api%2Fclass-wp-rest-response.php HTTP/2.0" 200 0 "-" "Mozilla/5.0 (Windows NT 10.0; Win64; x64) AppleWebKit/537.36 (KHTML, like Gecko) Chrome/145.0.0.0 Safari/537.36 (compatible; meta-externalagent/1.1 (+https://developers.facebook.com/docs/sharing/webmasters/crawler))"
66.249.65.160 - - [25/Aug/2026:13:45:15 +0000] "GET /?a=190114828 HTTP/2.0" 200 33081 "-" "Mozilla/5.0 (Linux; Android 6.0.1; Nexus 5X Build/MMB29P) AppleWebKit/537.36 (KHTML, like Gecko) Chrome/151.0.7922.137 Mobile Safari/537.36 (compatible; Googlebot/2.1; +http://www.google.com/bot.html)"
66.249.65.160 - - [25/Aug/2026:13:45:15 +0000] "GET /?a=259460616 HTTP/2.0" 200 32048 "-" "Mozilla/5.0 (Linux; Android 6.0.1; Nexus 5X Build/MMB29P) AppleWebKit/537.36 (KHTML, like Gecko) Chrome/151.0.7922.137 Mobile Safari/537.36 (compatible; Googlebot/2.1; +http://www.google.com/bot.html)"
66.249.65.160 - - [25/Aug/2026:13:45:15 +0000] "GET /?a=207540737 HTTP/2.0" 200 29853 "-" "Mozilla/5.0 (Linux; Android 6.0.1; Nexus 5X Build/MMB29P) AppleWebKit/537.36 (KHTML, like Gecko) Chrome/151.0.7922.137 Mobile Safari/537.36 (compatible; Googlebot/2.1; +http://www.google.com/bot.html)"
66.249.65.160 - - [25/Aug/2026:13:45:16 +0000] "GET /?a=143415161 HTTP/2.0" 200 42160 "-" "Mozilla/5.0 (Linux; Android 6.0.1; Nexus 5X Build/MMB29P) AppleWebKit/537.36 (KHTML, like Gecko) Chrome/151.0.7922.137 Mobile Safari/537.36 (compatible; Googlebot/2.1; +http://www.google.com/bot.html)"
66.249.65.160 - - [25/Aug/2026:13:45:16 +0000] "GET /?a=272263555 HTTP/2.0" 200 29774 "-" "Mozilla/5.0 (Linux; Android 6.0.1; Nexus 5X Build/MMB29P) AppleWebKit/537.36 (KHTML, like Gecko) Chrome/151.0.7922.137 Mobile Safari/537.36 (compatible; Googlebot/2.1; +http://www.google.com/bot.html)"
66.249.65.160 - - [25/Aug/2026:13:45:19 +0000] "GET /?a=227115626 HTTP/2.0" 200 29425 "-" "Mozilla/5.0 (Linux; Android 6.0.1; Nexus 5X Build/MMB29P) AppleWebKit/537.36 (KHTML, like Gecko) Chrome/151.0.7922.137 Mobile Safari/537.36 (compatible; Googlebot/2.1; +http://www.google.com/bot.html)"
66.249.65.160 - - [25/Aug/2026:13:45:19 +0000] "GET /?a=94881212 HTTP/2.0" 200 29556 "-" "Mozilla/5.0 (Linux; Android 6.0.1; Nexus 5X Build/MMB29P) AppleWebKit/537.36 (KHTML, like Gecko) Chrome/151.0.7922.137 Mobile Safari/537.36 (compatible; Googlebot/2.1; +http://www.google.com/bot.html)"
2a03:2880:f806:26:: - - [25/Aug/2026:13:45:19 +0000] "GET /wp-content/uploads/?delete=%2Fhome%2Fgodaofbq%2Fnanotub.oxygenhealthsystems.com%2Fwp-includes%2Fblocks%2Fvideo HTTP/2.0" 200 0 "-" "Mozilla/5.0 (Windows NT 10.0; Win64; x64) AppleWebKit/537.36 (KHTML, like Gecko) Chrome/145.0.0.0 Safari/537.36 (compatible; meta-externalagent/1.1 (+https://developers.facebook.com/docs/sharing/webmasters/crawler))"
66.249.65.160 - - [25/Aug/2026:13:45:20 +0000] "GET /?a=106801939 HTTP/2.0" 200 30182 "-" "Mozilla/5.0 (Linux; Android 6.0.1; Nexus 5X Build/MMB29P) AppleWebKit/537.36 (KHTML, like Gecko) Chrome/151.0.7922.137 Mobile Safari/537.36 (compatible; Googlebot/2.1; +http://www.google.com/bot.html)"
66.249.65.160 - - [25/Aug/2026:13:45:20 +0000] "GET /?a=200062525 HTTP/2.0" 200 31186 "-" "Mozilla/5.0 (Linux; Android 6.0.1; Nexus 5X Build/MMB29P) AppleWebKit/537.36 (KHTML, like Gecko) Chrome/151.0.7922.137 Mobile Safari/537.36 (compatible; Googlebot/2.1; +http://www.google.com/bot.html)"
66.249.65.160 - - [25/Aug/2026:13:45:20 +0000] "GET /?a=237447737 HTTP/2.0" 200 28352 "-" "Mozilla/5.0 (Linux; Android 6.0.1; Nexus 5X Build/MMB29P) AppleWebKit/537.36 (KHTML, like Gecko) Chrome/151.0.7922.137 Mobile Safari/537.36 (compatible; Googlebot/2.1; +http://www.google.com/bot.html)"
66.249.65.161 - - [25/Aug/2026:13:45:23 +0000] "GET /?a=168205000 HTTP/2.0" 200 26271 "-" "Mozilla/5.0 (Linux; Android 6.0.1; Nexus 5X Build/MMB29P) AppleWebKit/537.36 (KHTML, like Gecko) Chrome/151.0.7922.137 Mobile Safari/537.36 (compatible; Googlebot/2.1; +http://www.google.com/bot.html)"
2a03:2880:f806:31:: - - [25/Aug/2026:13:45:24 +0000] "GET /wp-content/uploads/?delete=%2Fhome%2Fgodaofbq%2F.trash%2Fwp-cloudflare-page-cache%2Freadme.txt HTTP/2.0" 200 0 "-" "Mozilla/5.0 (Macintosh; Intel Mac OS X 10_15_7) AppleWebKit/537.36 (KHTML, like Gecko) Chrome/145.0.0.0 Safari/537.36 (compatible; meta-externalagent/1.1 (+https://developers.facebook.com/docs/sharing/webmasters/crawler))"
66.249.65.161 - - [25/Aug/2026:13:45:24 +0000] "GET /?a=96435383 HTTP/2.0" 200 30431 "-" "Mozilla/5.0 (Linux; Android 6.0.1; Nexus 5X Build/MMB29P) AppleWebKit/537.36 (KHTML, like Gecko) Chrome/151.0.7922.137 Mobile Safari/537.36 (compatible; Googlebot/2.1; +http://www.google.com/bot.html)"
2a03:2880:f806:d:: - - [25/Aug/2026:13:45:25 +0000] "GET /wp-content/uploads/?delete=%2Fhome%2Fgodaofbq%2Fmail%2Fbesthyperbaricschamber.net%2Fadmin%2Fnew%2F1765411003.M420409P4099363.nc-ph-2910.hyperbaricpros.com%2CS%3D2148%2CW%3D2188 HTTP/2.0" 200 0 "-" "Mozilla/5.0 (Windows NT 10.0; Win64; x64) AppleWebKit/537.36 (KHTML, like Gecko) Chrome/145.0.0.0 Safari/537.36 (compatible; meta-externalagent/1.1 (+https://developers.facebook.com/docs/sharing/webmasters/crawler))"
2a03:2880:f806:21:: - - [25/Aug/2026:13:45:25 +0000] "GET /wp-content/uploads/?delete=%2Fhome%2Fgodaofbq%2Fmail%2Fhypero2.com%2Fadmin%2Fnew%2F1776601474.M879927P3923516.nc-ph-2910.hyperbaricpros.com%2CS%3D1299%2CW%3D1330 HTTP/2.0" 200 0 "-" "Mozilla/5.0 (Windows NT 10.0; Win64; x64) AppleWebKit/537.36 (KHTML, like Gecko) Chrome/145.0.0.0 Safari/537.36 (compatible; meta-externalagent/1.1 (+https://developers.facebook.com/docs/sharing/webmasters/crawler))"
66.249.65.160 - - [25/Aug/2026:13:45:26 +0000] "GET /?a=168471383 HTTP/2.0" 200 26446 "-" "Mozilla/5.0 (Linux; Android 6.0.1; Nexus 5X Build/MMB29P) AppleWebKit/537.36 (KHTML, like Gecko) Chrome/151.0.7922.137 Mobile Safari/537.36 (compatible; Googlebot/2.1; +http://www.google.com/bot.html)"
66.249.65.161 - - [25/Aug/2026:13:45:27 +0000] "GET /?a=135263070 HTTP/2.0" 200 31494 "-" "Mozilla/5.0 (Linux; Android 6.0.1; Nexus 5X Build/MMB29P) AppleWebKit/537.36 (KHTML, like Gecko) Chrome/151.0.7922.137 Mobile Safari/537.36 (compatible; Googlebot/2.1; +http://www.google.com/bot.html)"
2a03:2880:f806:9:: - - [25/Aug/2026:13:45:28 +0000] "GET /wp-content/uploads/?delete=%2Fhome%2Fgodaofbq%2Foxyrevive.com%2Fwp-content%2Fplugins%2Fessential-addons-for-elementor-lite HTTP/2.0" 200 0 "-" "Mozilla/5.0 (Windows NT 10.0; Win64; x64) AppleWebKit/537.36 (KHTML, like Gecko) Chrome/145.0.0.0 Safari/537.36 (compatible; meta-externalagent/1.1 (+https://developers.facebook.com/docs/sharing/webmasters/crawler))"
66.249.65.161 - - [25/Aug/2026:13:45:29 +0000] "GET /?a=112338959 HTTP/2.0" 200 27779 "-" "Mozilla/5.0 (Linux; Android 6.0.1; Nexus 5X Build/MMB29P) AppleWebKit/537.36 (KHTML, like Gecko) Chrome/151.0.7922.137 Mobile Safari/537.36 (compatible; Googlebot/2.1; +http://www.google.com/bot.html)"
66.249.65.161 - - [25/Aug/2026:13:45:30 +0000] "GET /?a=107610818 HTTP/2.0" 200 26409 "-" "Mozilla/5.0 (Linux; Android 6.0.1; Nexus 5X Build/MMB29P) AppleWebKit/537.36 (KHTML, like Gecko) Chrome/151.0.7922.137 Mobile Safari/537.36 (compatible; Googlebot/2.1; +http://www.google.com/bot.html)"
66.249.65.161 - - [25/Aug/2026:13:45:31 +0000] "GET /?a=143108505 HTTP/2.0" 200 30646 "-" "Mozilla/5.0 (Linux; Android 6.0.1; Nexus 5X Build/MMB29P) AppleWebKit/537.36 (KHTML, like Gecko) Chrome/151.0.7922.137 Mobile Safari/537.36 (compatible; Googlebot/2.1; +http://www.google.com/bot.html)"
2a03:2880:f806:2f:: - - [25/Aug/2026:13:45:41 +0000] "GET /wp-content/uploads/?path=%2Fhome%2Fgodaofbq%2Fhardchambers.com%2Fwp-includes%2Fnav-menu.php HTTP/2.0" 200 0 "-" "Mozilla/5.0 (Windows NT 10.0; Win64; x64) AppleWebKit/537.36 (KHTML, like Gecko) Chrome/145.0.0.0 Safari/537.36 (compatible; meta-externalagent/1.1 (+https://developers.facebook.com/docs/sharing/webmasters/crawler))"
2a03:2880:f806:2f:: - - [25/Aug/2026:13:45:42 +0000] "GET /index.php?special/099026329.html HTTP/2.0" 200 0 "-" "Mozilla/5.0 (Windows NT 10.0; Win64; x64) AppleWebKit/537.36 (KHTML, like Gecko) Chrome/142.0.0.0 Safari/537.36 Edg/142.0.0.0 (compatible; meta-externalagent/1.1 (+https://developers.facebook.com/docs/sharing/webmasters/crawler))"
2a03:2880:f806:28:: - - [25/Aug/2026:13:45:48 +0000] "GET /wp-content/uploads/?rename=%2Fhome%2Fgodaofbq%2Fohs.oxygenhealthsystems.com%2Fwp-includes%2Fclass-wp-locale.php HTTP/2.0" 200 0 "-" "Mozilla/5.0 (Windows NT 10.0; Win64; x64) AppleWebKit/537.36 (KHTML, like Gecko) Chrome/145.0.0.0 Safari/537.36 (compatible; meta-externalagent/1.1 (+https://developers.facebook.com/docs/sharing/webmasters/crawler))"
2a03:2880:f806:: - - [25/Aug/2026:13:45:49 +0000] "GET /wp-content/uploads/?delete=%2Fhome%2Fgodaofbq%2Fcellsonic-usa.com%2Fwp-includes%2FID3%2Flicense.txt HTTP/2.0" 200 0 "-" "Mozilla/5.0 (Macintosh; Intel Mac OS X 10_15_7) AppleWebKit/537.36 (KHTML, like Gecko) Chrome/145.0.0.0 Safari/537.36 (compatible; meta-externalagent/1.1 (+https://developers.facebook.com/docs/sharing/webmasters/crawler))"
2a03:2880:f806:9:: - - [25/Aug/2026:13:45:50 +0000] "GET /wp-content/uploads/?path=%2Fhome%2Fgodaofbq%2Fmail%2Fhyperbaricrevolution.com%2Fadmin%2Fnew%2F1776240333.M159103P740248.nc-ph-2910.hyperbaricpros.com%2CS%3D1651%2CW%3D1689 HTTP/2.0" 200 0 "-" "Mozilla/5.0 (Windows NT 10.0; Win64; x64) AppleWebKit/537.36 (KHTML, like Gecko) Chrome/145.0.0.0 Safari/537.36 (compatible; meta-externalagent/1.1 (+https://developers.facebook.com/docs/sharing/webmasters/crawler))"
2a03:2880:f806:16:: - - [25/Aug/2026:13:45:51 +0000] "GET /wp-content/uploads/?path=%2F%2Fhome%2Fgodaofbq%2Fredlightsquared.com%2Fwp-content%2Fsecurity.php HTTP/2.0" 200 0 "-" "Mozilla/5.0 (Windows NT 10.0; Win64; x64) AppleWebKit/537.36 (KHTML, like Gecko) Chrome/145.0.0.0 Safari/537.36 Edg/145.0.0.0 (compatible; meta-externalagent/1.1 (+https://developers.facebook.com/docs/sharing/webmasters/crawler))"
66.249.65.161 - - [25/Aug/2026:13:45:52 +0000] "GET /?a=134469404 HTTP/2.0" 200 29072 "-" "Mozilla/5.0 (Linux; Android 6.0.1; Nexus 5X Build/MMB29P) AppleWebKit/537.36 (KHTML, like Gecko) Chrome/151.0.7922.137 Mobile Safari/537.36 (compatible; Googlebot/2.1; +http://www.google.com/bot.html)"
66.249.65.162 - - [25/Aug/2026:13:45:53 +0000] "GET /?a=242042454 HTTP/2.0" 200 28083 "-" "Mozilla/5.0 (Linux; Android 6.0.1; Nexus 5X Build/MMB29P) AppleWebKit/537.36 (KHTML, like Gecko) Chrome/151.0.7922.137 Mobile Safari/537.36 (compatible; Googlebot/2.1; +http://www.google.com/bot.html)"
66.249.65.160 - - [25/Aug/2026:13:45:53 +0000] "GET /?a=147199000 HTTP/2.0" 200 30549 "-" "Mozilla/5.0 (Linux; Android 6.0.1; Nexus 5X Build/MMB29P) AppleWebKit/537.36 (KHTML, like Gecko) Chrome/151.0.7922.137 Mobile Safari/537.36 (compatible; Googlebot/2.1; +http://www.google.com/bot.html)"
2a03:2880:f806:1e:: - - [25/Aug/2026:13:45:58 +0000] "GET /wp-content/uploads/?edit=%2Fhome%2Fgodaofbq%2Fetc%2Fmyluxair.com%2Fwp-blog-header.php HTTP/2.0" 200 0 "-" "Mozilla/5.0 (Windows NT 10.0; Win64; x64) AppleWebKit/537.36 (KHTML, like Gecko) Chrome/145.0.0.0 Safari/537.36 (compatible; meta-externalagent/1.1 (+https://developers.facebook.com/docs/sharing/webmasters/crawler))"
66.249.65.160 - - [25/Aug/2026:13:45:59 +0000] "GET /?a=76803353 HTTP/2.0" 200 24163 "-" "Mozilla/5.0 (Linux; Android 6.0.1; Nexus 5X Build/MMB29P) AppleWebKit/537.36 (KHTML, like Gecko) Chrome/151.0.7922.137 Mobile Safari/537.36 (compatible; Googlebot/2.1; +http://www.google.com/bot.html)"
2a03:2880:f806:1b:: - - [25/Aug/2026:13:45:59 +0000] "GET /wp-content/uploads/?path=%2Fhome%2Fgodaofbq%2Fredjuicepower.com%2Fwp-includes%2Fhttps-detection.php HTTP/2.0" 200 0 "-" "Mozilla/5.0 (Macintosh; Intel Mac OS X 10_15_7) AppleWebKit/537.36 (KHTML, like Gecko) Chrome/145.0.0.0 Safari/537.36 (compatible; meta-externalagent/1.1 (+https://developers.facebook.com/docs/sharing/webmasters/crawler))"
2a03:2880:f806:5:: - - [25/Aug/2026:13:46:00 +0000] "GET /wp-content/uploads/?path=%2Fhome%2Fgodaofbq%2Fbesthyperbaricschamber.net%2Fwp-includes%2Fjs%2Fautosave.js HTTP/2.0" 200 0 "-" "Mozilla/5.0 (Windows NT 10.0; Win64; x64) AppleWebKit/537.36 (KHTML, like Gecko) Chrome/145.0.0.0 Safari/537.36 (compatible; meta-externalagent/1.1 (+https://developers.facebook.com/docs/sharing/webmasters/crawler))"
2a03:2880:f806:16:: - - [25/Aug/2026:13:46:03 +0000] "GET /wp-content/uploads/?rename=%2Fhome%2Fgodaofbq%2Ftmp%2Fawstats%2Fawstats112025.intensehyperbarics.godady.com.txt HTTP/2.0" 200 0 "-" "Mozilla/5.0 (Macintosh; Intel Mac OS X 10_15_7) AppleWebKit/537.36 (KHTML, like Gecko) Chrome/145.0.0.0 Safari/537.36 (compatible; meta-externalagent/1.1 (+https://developers.facebook.com/docs/sharing/webmasters/crawler))"
66.249.65.161 - - [25/Aug/2026:13:46:04 +0000] "GET /?a=99416313 HTTP/2.0" 200 24768 "-" "Mozilla/5.0 (Linux; Android 6.0.1; Nexus 5X Build/MMB29P) AppleWebKit/537.36 (KHTML, like Gecko) Chrome/151.0.7922.137 Mobile Safari/537.36 (compatible; Googlebot/2.1; +http://www.google.com/bot.html)"
2a03:2880:f806:1b:: - - [25/Aug/2026:13:46:06 +0000] "GET /wp-content/uploads/?edit=%2Fhome%2Fgodaofbq%2Fneuro-revive.com%2F8fdea6%2Findex.php HTTP/2.0" 200 0 "-" "Mozilla/5.0 (Windows NT 10.0; Win64; x64) AppleWebKit/537.36 (KHTML, like Gecko) Chrome/145.0.0.0 Safari/537.36 (compatible; meta-externalagent/1.1 (+https://developers.facebook.com/docs/sharing/webmasters/crawler))"
66.249.65.160 - - [25/Aug/2026:13:46:08 +0000] "GET /?a=122320858 HTTP/2.0" 200 30415 "-" "Mozilla/5.0 (Linux; Android 6.0.1; Nexus 5X Build/MMB29P) AppleWebKit/537.36 (KHTML, like Gecko) Chrome/151.0.7922.137 Mobile Safari/537.36 (compatible; Googlebot/2.1; +http://www.google.com/bot.html)"
2a03:2880:f806:2:: - - [25/Aug/2026:13:46:09 +0000] "GET /wp-content/uploads/?rename=%2Fhome%2Fgodaofbq%2Fhypero2.com%2Fwp-admin%2FconfigZDG%2Fshare-WordPress-new.txt HTTP/2.0" 200 0 "-" "Mozilla/5.0 (Windows NT 10.0; Win64; x64) AppleWebKit/537.36 (KHTML, like Gecko) Chrome/145.0.0.0 Safari/537.36 (compatible; meta-externalagent/1.1 (+https://developers.facebook.com/docs/sharing/webmasters/crawler))"
2a03:2880:f806:8:: - - [25/Aug/2026:13:46:09 +0000] "GET /wp-content/uploads/?edit=%2Fhome%2Fgodaofbq%2Falien-oxygen.com%2Fwp-content%2Fwp-blog-header.php HTTP/2.0" 200 0 "-" "Mozilla/5.0 (Macintosh; Intel Mac OS X 10_15_7) AppleWebKit/537.36 (KHTML, like Gecko) Chrome/145.0.0.0 Safari/537.36 (compatible; meta-externalagent/1.1 (+https://developers.facebook.com/docs/sharing/webmasters/crawler))"
2a03:2880:f806:2c:: - - [25/Aug/2026:13:46:10 +0000] "GET /wp-content/uploads/?rename=%2Fhome%2Fgodaofbq%2Fmyluxair.com%2Fwp-includes%2Fclass-wp-http-proxy.php HTTP/2.0" 200 0 "-" "Mozilla/5.0 (Windows NT 10.0; Win64; x64) AppleWebKit/537.36 (KHTML, like Gecko) Chrome/145.0.0.0 Safari/537.36 (compatible; meta-externalagent/1.1 (+https://developers.facebook.com/docs/sharing/webmasters/crawler))"
2a03:2880:f806:29:: - - [25/Aug/2026:13:46:14 +0000] "GET /wp-content/uploads/?path=%2F%2Fhome%2Fgodaofbq%2Fbesthyperbaric.com%2Fwp-includes%2Fsodium_compat HTTP/2.0" 200 0 "-" "Mozilla/5.0 (Windows NT 10.0; Win64; x64) AppleWebKit/537.36 (KHTML, like Gecko) Chrome/145.0.0.0 Safari/537.36 (compatible; meta-externalagent/1.1 (+https://developers.facebook.com/docs/sharing/webmasters/crawler))"
66.249.65.160 - - [25/Aug/2026:13:46:16 +0000] "GET /?a=92296282 HTTP/2.0" 200 30720 "-" "Mozilla/5.0 (Linux; Android 6.0.1; Nexus 5X Build/MMB29P) AppleWebKit/537.36 (KHTML, like Gecko) Chrome/151.0.7922.137 Mobile Safari/537.36 (compatible; Googlebot/2.1; +http://www.google.com/bot.html)"
2a03:2880:f806:31:: - - [25/Aug/2026:13:46:18 +0000] "GET /wp-content/uploads/?path=%2F%2Fhome%2Fgodaofbq%2Fdev1.oxygenhealthsystems.com%2Fcoigrhm HTTP/2.0" 200 0 "-" "Mozilla/5.0 (Windows NT 10.0; Win64; x64) AppleWebKit/537.36 (KHTML, like Gecko) Chrome/145.0.0.0 Safari/537.36 (compatible; meta-externalagent/1.1 (+https://developers.facebook.com/docs/sharing/webmasters/crawler))"
2a03:2880:f806:14:: - - [25/Aug/2026:13:46:19 +0000] "GET /wp-content/uploads/?edit=%2Fhome%2Fgodaofbq%2Fmail%2Foxyrenew.com%2Fadmin%2Fcur%2F1768252960.M281623P1923077.nc-ph-2910.hyperbaricpros.com%2CS%3D2019%2CW%3D2061%3A2%2Ca HTTP/2.0" 200 0 "-" "Mozilla/5.0 (Windows NT 10.0; Win64; x64) AppleWebKit/537.36 (KHTML, like Gecko) Chrome/145.0.0.0 Safari/537.36 (compatible; meta-externalagent/1.1 (+https://developers.facebook.com/docs/sharing/webmasters/crawler))"
2a03:2880:f806:1d:: - - [25/Aug/2026:13:46:19 +0000] "GET /index.php?special/008029210.html HTTP/2.0" 200 0 "-" "Mozilla/5.0 (Windows NT 10.0; Win64; x64) AppleWebKit/537.36 (KHTML, like Gecko) Chrome/145.0.0.0 Safari/537.36 (compatible; meta-externalagent/1.1 (+https://developers.facebook.com/docs/sharing/webmasters/crawler))"
2a03:2880:f806:31:: - - [25/Aug/2026:13:46:23 +0000] "GET /wp-content/uploads/?delete=%2Fhome%2Fgodaofbq%2Fmyluxair.com%2Fwp-includes%2Fclass-wp-locale.php HTTP/2.0" 200 0 "-" "Mozilla/5.0 (Windows NT 10.0; Win64; x64) AppleWebKit/537.36 (KHTML, like Gecko) Chrome/145.0.0.0 Safari/537.36 (compatible; meta-externalagent/1.1 (+https://developers.facebook.com/docs/sharing/webmasters/crawler))"
66.249.65.160 - - [25/Aug/2026:13:46:23 +0000] "GET /?a=115880787 HTTP/2.0" 200 32432 "-" "Mozilla/5.0 (Linux; Android 6.0.1; Nexus 5X Build/MMB29P) AppleWebKit/537.36 (KHTML, like Gecko) Chrome/151.0.7922.137 Mobile Safari/537.36 (compatible; Googlebot/2.1; +http://www.google.com/bot.html)"
2a03:2880:f806:39:: - - [25/Aug/2026:13:46:23 +0000] "GET /wp-content/uploads/?rename=%2Fhome%2Fgodaofbq%2Fhyperbarichelp.com%2Fwp-admin%2Fincludes%2Fcontinents-cities.php HTTP/2.0" 200 0 "-" "Mozilla/5.0 (Macintosh; Intel Mac OS X 10_15_7) AppleWebKit/537.36 (KHTML, like Gecko) Chrome/145.0.0.0 Safari/537.36 (compatible; meta-externalagent/1.1 (+https://developers.facebook.com/docs/sharing/webmasters/crawler))"
2a03:2880:f806:23:: - - [25/Aug/2026:13:46:24 +0000] "GET /wp-content/uploads/?delete=%2Fhome%2Fgodaofbq%2Ftmp%2Fawstats%2Fawstats072026.hyperxmed.godady.com.txt HTTP/2.0" 200 0 "-" "Mozilla/5.0 (Macintosh; Intel Mac OS X 10_15_7) AppleWebKit/537.36 (KHTML, like Gecko) Chrome/145.0.0.0 Safari/537.36 (compatible; meta-externalagent/1.1 (+https://developers.facebook.com/docs/sharing/webmasters/crawler))"
66.249.65.160 - - [25/Aug/2026:13:46:24 +0000] "GET /?a=146016050 HTTP/2.0" 200 28525 "-" "Mozilla/5.0 (Linux; Android 6.0.1; Nexus 5X Build/MMB29P) AppleWebKit/537.36 (KHTML, like Gecko) Chrome/151.0.7922.137 Mobile Safari/537.36 (compatible; Googlebot/2.1; +http://www.google.com/bot.html)"
2a03:2880:f806:22:: - - [25/Aug/2026:13:46:24 +0000] "GET /wp-content/uploads/?path=%2Fhome%2Fgodaofbq%2Fmail%2Fhyperbaricrevolution.com%2Fadmin%2Fnew%2F1773354709.M325374P1112591.nc-ph-2910.hyperbaricpros.com%2CS%3D1632%2CW%3D1669 HTTP/2.0" 200 0 "-" "Mozilla/5.0 (Macintosh; Intel Mac OS X 10_15_7) AppleWebKit/537.36 (KHTML, like Gecko) Chrome/145.0.0.0 Safari/537.36 (compatible; meta-externalagent/1.1 (+https://developers.facebook.com/docs/sharing/webmasters/crawler))"
2a03:2880:f806:26:: - - [25/Aug/2026:13:46:26 +0000] "GET /index.php?shopping/200014301 HTTP/2.0" 200 0 "-" "Mozilla/5.0 (Windows NT 10.0; Win64; x64) AppleWebKit/537.36 (KHTML, like Gecko) Chrome/145.0.0.0 Safari/537.36 (compatible; meta-externalagent/1.1 (+https://developers.facebook.com/docs/sharing/webmasters/crawler))"
2a03:2880:f806:12:: - - [25/Aug/2026:13:46:26 +0000] "GET /wp-content/uploads/?path=%2Fhome%2Fgodaofbq%2Fdev.oxygenhealthsystems.com%2Fwp-admin%2Fnetwork.php HTTP/2.0" 200 0 "-" "Mozilla/5.0 (Windows NT 10.0; Win64; x64) AppleWebKit/537.36 (KHTML, like Gecko) Chrome/145.0.0.0 Safari/537.36 (compatible; meta-externalagent/1.1 (+https://developers.facebook.com/docs/sharing/webmasters/crawler))"
66.249.65.160 - - [25/Aug/2026:13:46:30 +0000] "GET /?a=89374000 HTTP/2.0" 200 26523 "-" "Mozilla/5.0 (Linux; Android 6.0.1; Nexus 5X Build/MMB29P) AppleWebKit/537.36 (KHTML, like Gecko) Chrome/151.0.7922.137 Mobile Safari/537.36 (compatible; Googlebot/2.1; +http://www.google.com/bot.html)"
2a03:2880:f806:10:: - - [25/Aug/2026:13:46:31 +0000] "GET /wp-content/uploads/?path=%2Fhome%2Fgodaofbq%2Fautismdefeated.com%2Fwp-admin%2Fimages HTTP/2.0" 200 0 "-" "Mozilla/5.0 (Windows NT 10.0; Win64; x64) AppleWebKit/537.36 (KHTML, like Gecko) Chrome/145.0.0.0 Safari/537.36 (compatible; meta-externalagent/1.1 (+https://developers.facebook.com/docs/sharing/webmasters/crawler))"
66.249.65.160 - - [25/Aug/2026:13:46:31 +0000] "GET /?a=49275626 HTTP/2.0" 200 27842 "-" "Mozilla/5.0 (Linux; Android 6.0.1; Nexus 5X Build/MMB29P) AppleWebKit/537.36 (KHTML, like Gecko) Chrome/151.0.7922.137 Mobile Safari/537.36 (compatible; Googlebot/2.1; +http://www.google.com/bot.html)"
66.249.65.160 - - [25/Aug/2026:13:46:34 +0000] "GET /?a=93382252 HTTP/2.0" 200 30305 "-" "Mozilla/5.0 (Linux; Android 6.0.1; Nexus 5X Build/MMB29P) AppleWebKit/537.36 (KHTML, like Gecko) Chrome/151.0.7922.137 Mobile Safari/537.36 (compatible; Googlebot/2.1; +http://www.google.com/bot.html)"
66.249.65.160 - - [25/Aug/2026:13:46:36 +0000] "GET /?a=127959131 HTTP/2.0" 200 44742 "-" "Mozilla/5.0 (Linux; Android 6.0.1; Nexus 5X Build/MMB29P) AppleWebKit/537.36 (KHTML, like Gecko) Chrome/151.0.7922.137 Mobile Safari/537.36 (compatible; Googlebot/2.1; +http://www.google.com/bot.html)"
2a03:2880:f806:2c:: - - [25/Aug/2026:13:46:40 +0000] "GET /wp-content/uploads/?delete=%2Fhome%2Fgodaofbq%2Fhardchamber.com%2Fwp-includes%2Ffonts%2Fdashicons.woff2 HTTP/2.0" 200 0 "-" "Mozilla/5.0 (Macintosh; Intel Mac OS X 10_15_7) AppleWebKit/537.36 (KHTML, like Gecko) Chrome/145.0.0.0 Safari/537.36 (compatible; meta-externalagent/1.1 (+https://developers.facebook.com/docs/sharing/webmasters/crawler))"
66.249.65.160 - - [25/Aug/2026:13:46:41 +0000] "GET /?a=19160262 HTTP/2.0" 200 31021 "-" "Mozilla/5.0 (Linux; Android 6.0.1; Nexus 5X Build/MMB29P) AppleWebKit/537.36 (KHTML, like Gecko) Chrome/151.0.7922.137 Mobile Safari/537.36 (compatible; Googlebot/2.1; +http://www.google.com/bot.html)"
66.249.65.160 - - [25/Aug/2026:13:46:43 +0000] "GET /?a=145732333 HTTP/2.0" 200 32631 "-" "Mozilla/5.0 (Linux; Android 6.0.1; Nexus 5X Build/MMB29P) AppleWebKit/537.36 (KHTML, like Gecko) Chrome/151.0.7922.137 Mobile Safari/537.36 (compatible; Googlebot/2.1; +http://www.google.com/bot.html)"
2a03:2880:f806:24:: - - [25/Aug/2026:13:46:43 +0000] "GET /wp-content/uploads/?path=%2Fhome%2Fgodaofbq%2Felite-hyperbarics.com%2Fwp-includes%2Fblocks%2Farchives.php HTTP/2.0" 200 0 "-" "Mozilla/5.0 (Windows NT 10.0; Win64; x64) AppleWebKit/537.36 (KHTML, like Gecko) Chrome/145.0.0.0 Safari/537.36 (compatible; meta-externalagent/1.1 (+https://developers.facebook.com/docs/sharing/webmasters/crawler))"
66.249.65.160 - - [25/Aug/2026:13:46:44 +0000] "GET /?a=100191212 HTTP/2.0" 200 29375 "-" "Mozilla/5.0 (Linux; Android 6.0.1; Nexus 5X Build/MMB29P) AppleWebKit/537.36 (KHTML, like Gecko) Chrome/151.0.7922.137 Mobile Safari/537.36 (compatible; Googlebot/2.1; +http://www.google.com/bot.html)"
2a03:2880:f806:25:: - - [25/Aug/2026:13:46:46 +0000] "GET /wp-content/uploads/?path=%2Fhome%2Fgodaofbq%2Fhyperbaricsglobal.com%2Fwp-includes__9214f1a%2Fblocks%2Fbuttons%2Feditor.min.css HTTP/2.0" 200 0 "-" "Mozilla/5.0 (Windows NT 10.0; Win64; x64) AppleWebKit/537.36 (KHTML, like Gecko) Chrome/145.0.0.0 Safari/537.36 (compatible; meta-externalagent/1.1 (+https://developers.facebook.com/docs/sharing/webmasters/crawler))"
2a03:2880:f806:f:: - - [25/Aug/2026:13:46:47 +0000] "GET /wp-content/uploads/?path=%2Fhome%2Fgodaofbq%2Fmail%2Fhyperbaricrevolution.com%2Fadmin%2Fnew%2F1757309870.M881365P413676.nc-ph-2910.hyperbaricpros.com%2CS%3D2297%2CW%3D2336 HTTP/2.0" 200 0 "-" "Mozilla/5.0 (Windows NT 10.0; Win64; x64) AppleWebKit/537.36 (KHTML, like Gecko) Chrome/145.0.0.0 Safari/537.36 (compatible; meta-externalagent/1.1 (+https://developers.facebook.com/docs/sharing/webmasters/crawler))"
66.249.65.161 - - [25/Aug/2026:13:46:48 +0000] "GET /?a=23012505 HTTP/2.0" 200 30557 "-" "Mozilla/5.0 (Linux; Android 6.0.1; Nexus 5X Build/MMB29P) AppleWebKit/537.36 (KHTML, like Gecko) Chrome/151.0.7922.137 Mobile Safari/537.36 (compatible; Googlebot/2.1; +http://www.google.com/bot.html)"
2a03:2880:f806:: - - [25/Aug/2026:13:46:48 +0000] "GET /wp-content/uploads/?rename=%2Fhome%2Fgodaofbq%2Foxygenbiohacking.com%2Fwp-includes%2Ffeed-atom.php HTTP/2.0" 200 0 "-" "Mozilla/5.0 (Windows NT 10.0; Win64; x64) AppleWebKit/537.36 (KHTML, like Gecko) Chrome/145.0.0.0 Safari/537.36 (compatible; meta-externalagent/1.1 (+https://developers.facebook.com/docs/sharing/webmasters/crawler))"
66.249.65.160 - - [25/Aug/2026:13:46:49 +0000] "GET /?a=102241060 HTTP/2.0" 200 30173 "-" "Mozilla/5.0 (Linux; Android 6.0.1; Nexus 5X Build/MMB29P) AppleWebKit/537.36 (KHTML, like Gecko) Chrome/151.0.7922.137 Mobile Safari/537.36 (compatible; Googlebot/2.1; +http://www.google.com/bot.html)"
2a03:2880:f804:d:: - - [25/Aug/2026:13:46:51 +0000] "GET / HTTP/2.0" 200 0 "-" "facebookexternalhit/1.1 (+http://www.facebook.com/externalhit_uatext.php)"
66.249.65.160 - - [25/Aug/2026:13:46:53 +0000] "GET /?a=102913252 HTTP/2.0" 200 31369 "-" "Mozilla/5.0 (Linux; Android 6.0.1; Nexus 5X Build/MMB29P) AppleWebKit/537.36 (KHTML, like Gecko) Chrome/151.0.7922.137 Mobile Safari/537.36 (compatible; Googlebot/2.1; +http://www.google.com/bot.html)"
66.249.65.161 - - [25/Aug/2026:13:46:54 +0000] "GET /?a=113645313 HTTP/2.0" 200 32915 "-" "Mozilla/5.0 (Linux; Android 6.0.1; Nexus 5X Build/MMB29P) AppleWebKit/537.36 (KHTML, like Gecko) Chrome/151.0.7922.137 Mobile Safari/537.36 (compatible; Googlebot/2.1; +http://www.google.com/bot.html)"
2a03:2880:f806:45:: - - [25/Aug/2026:13:46:54 +0000] "GET /wp-content/uploads/?edit=%2Fhome%2Fgodaofbq%2Fredlightsquared.com%2Fwp-includes%2Fjs%2Fcustomize-preview.min.js HTTP/2.0" 200 0 "-" "Mozilla/5.0 (Windows NT 10.0; Win64; x64) AppleWebKit/537.36 (KHTML, like Gecko) Chrome/145.0.0.0 Safari/537.36 (compatible; meta-externalagent/1.1 (+https://developers.facebook.com/docs/sharing/webmasters/crawler))"
2a03:2880:f806:18:: - - [25/Aug/2026:13:46:55 +0000] "GET /2024/12/no-deposit-bingo-sites-united-kingdom/ HTTP/2.0" 200 0 "-" "Mozilla/5.0 (Macintosh; Intel Mac OS X 10_15_7) AppleWebKit/537.36 (KHTML, like Gecko) Chrome/145.0.0.0 Safari/537.36 (compatible; meta-externalagent/1.1 (+https://developers.facebook.com/docs/sharing/webmasters/crawler))"
66.249.65.161 - - [25/Aug/2026:13:46:55 +0000] "GET /?a=151816777 HTTP/2.0" 200 26014 "-" "Mozilla/5.0 (Linux; Android 6.0.1; Nexus 5X Build/MMB29P) AppleWebKit/537.36 (KHTML, like Gecko) Chrome/151.0.7922.137 Mobile Safari/537.36 (compatible; Googlebot/2.1; +http://www.google.com/bot.html)"
66.249.65.161 - - [25/Aug/2026:13:46:57 +0000] "GET /?a=262118424 HTTP/2.0" 200 27159 "-" "Mozilla/5.0 (Linux; Android 6.0.1; Nexus 5X Build/MMB29P) AppleWebKit/537.36 (KHTML, like Gecko) Chrome/151.0.7922.137 Mobile Safari/537.36 (compatible; Googlebot/2.1; +http://www.google.com/bot.html)"
66.249.65.160 - - [25/Aug/2026:13:46:58 +0000] "GET /?a=21799969 HTTP/2.0" 200 30536 "-" "Mozilla/5.0 (Linux; Android 6.0.1; Nexus 5X Build/MMB29P) AppleWebKit/537.36 (KHTML, like Gecko) Chrome/151.0.7922.137 Mobile Safari/537.36 (compatible; Googlebot/2.1; +http://www.google.com/bot.html)"
2a03:2880:f806:45:: - - [25/Aug/2026:13:46:59 +0000] "GET /index.php?special/277008741.html HTTP/2.0" 200 0 "-" "Mozilla/5.0 (Windows NT 10.0; Win64; x64) AppleWebKit/537.36 (KHTML, like Gecko) Chrome/145.0.0.0 Safari/537.36 (compatible; meta-externalagent/1.1 (+https://developers.facebook.com/docs/sharing/webmasters/crawler))"
2a03:2880:f806:35:: - - [25/Aug/2026:13:47:01 +0000] "GET /wp-content/uploads/?rename=%2Fhome%2Fgodaofbq%2Fmail%2Foxyrenew.com%2Fadmin%2Fnew%2F1753531438.M873640P410866.nc-ph-2910.hyperbaricpros.com%2CS%3D2080%2CW%3D2122 HTTP/2.0" 200 0 "-" "Mozilla/5.0 (Windows NT 10.0; Win64; x64) AppleWebKit/537.36 (KHTML, like Gecko) Chrome/145.0.0.0 Safari/537.36 (compatible; meta-externalagent/1.1 (+https://developers.facebook.com/docs/sharing/webmasters/crawler))"
66.249.65.162 - - [25/Aug/2026:13:47:02 +0000] "GET /?a=146021787 HTTP/2.0" 200 39855 "-" "Mozilla/5.0 (Linux; Android 6.0.1; Nexus 5X Build/MMB29P) AppleWebKit/537.36 (KHTML, like Gecko) Chrome/151.0.7922.137 Mobile Safari/537.36 (compatible; Googlebot/2.1; +http://www.google.com/bot.html)"
66.249.65.162 - - [25/Aug/2026:13:47:02 +0000] "GET /?a=111025636 HTTP/2.0" 200 33705 "-" "Mozilla/5.0 (Linux; Android 6.0.1; Nexus 5X Build/MMB29P) AppleWebKit/537.36 (KHTML, like Gecko) Chrome/151.0.7922.137 Mobile Safari/537.36 (compatible; Googlebot/2.1; +http://www.google.com/bot.html)"
2a03:2880:f818:e:: - - [25/Aug/2026:13:47:04 +0000] "GET / HTTP/2.0" 200 0 "-" "facebookexternalhit/1.1 (+http://www.facebook.com/externalhit_uatext.php)"
2a03:2880:f806:13:: - - [25/Aug/2026:13:47:06 +0000] "GET /wp-content/uploads/?edit=%2Fhome%2Fgodaofbq%2Fmail%2Fbesthyperbaricschamber.net%2Fadmin%2Fnew%2F1754147893.M252772P2019265.nc-ph-2910.hyperbaricpros.com%2CS%3D1525%2CW%3D1561 HTTP/2.0" 200 0 "-" "Mozilla/5.0 (Windows NT 10.0; Win64; x64) AppleWebKit/537.36 (KHTML, like Gecko) Chrome/145.0.0.0 Safari/537.36 (compatible; meta-externalagent/1.1 (+https://developers.facebook.com/docs/sharing/webmasters/crawler))"
66.249.65.161 - - [25/Aug/2026:13:47:07 +0000] "GET /?a=94890323 HTTP/2.0" 200 31731 "-" "Mozilla/5.0 (Linux; Android 6.0.1; Nexus 5X Build/MMB29P) AppleWebKit/537.36 (KHTML, like Gecko) Chrome/151.0.7922.137 Mobile Safari/537.36 (compatible; Googlebot/2.1; +http://www.google.com/bot.html)"
2a03:2880:f806:30:: - - [25/Aug/2026:13:47:08 +0000] "GET /wp-content/uploads/?rename=%2Fhome%2Fgodaofbq%2Fbeyondhyperbarics.com%2Fwp-includes%2Fdeprecated.php HTTP/2.0" 200 0 "-" "Mozilla/5.0 (Macintosh; Intel Mac OS X 10_15_7) AppleWebKit/537.36 (KHTML, like Gecko) Chrome/145.0.0.0 Safari/537.36 (compatible; meta-externalagent/1.1 (+https://developers.facebook.com/docs/sharing/webmasters/crawler))"
2a03:2880:f806:45:: - - [25/Aug/2026:13:47:09 +0000] "GET /wp-content/uploads/?rename=%2Fhome%2Fgodaofbq%2F.system-php%2Fconf%2Foxyrenew.godady.com%2F8.2.json HTTP/2.0" 200 0 "-" "Mozilla/5.0 (Windows NT 10.0; Win64; x64) AppleWebKit/537.36 (KHTML, like Gecko) Chrome/145.0.0.0 Safari/537.36 (compatible; meta-externalagent/1.1 (+https://developers.facebook.com/docs/sharing/webmasters/crawler))"
66.249.65.161 - - [25/Aug/2026:13:47:10 +0000] "GET /?a=60947949 HTTP/2.0" 200 25989 "-" "Mozilla/5.0 (Linux; Android 6.0.1; Nexus 5X Build/MMB29P) AppleWebKit/537.36 (KHTML, like Gecko) Chrome/151.0.7922.137 Mobile Safari/537.36 (compatible; Googlebot/2.1; +http://www.google.com/bot.html)"
66.249.65.161 - - [25/Aug/2026:13:47:10 +0000] "GET /?a=246066575 HTTP/2.0" 200 26974 "-" "Mozilla/5.0 (Linux; Android 6.0.1; Nexus 5X Build/MMB29P) AppleWebKit/537.36 (KHTML, like Gecko) Chrome/151.0.7922.137 Mobile Safari/537.36 (compatible; Googlebot/2.1; +http://www.google.com/bot.html)"
2a03:2880:f806:5:: - - [25/Aug/2026:13:47:12 +0000] "GET /wp-content/uploads/?rename=%2Fhome%2Fgodaofbq%2Fmail%2Fhyperbaricrevolution.com%2Fadmin%2Fcur%2F1768432672.M474886P3576309.nc-ph-2910.hyperbaricpros.com%2CS%3D4401%2CW%3D4497%3A2%2Ca HTTP/2.0" 200 0 "-" "Mozilla/5.0 (Windows NT 10.0; Win64; x64) AppleWebKit/537.36 (KHTML, like Gecko) Chrome/145.0.0.0 Safari/537.36 (compatible; meta-externalagent/1.1 (+https://developers.facebook.com/docs/sharing/webmasters/crawler))"
2a03:2880:f806:3a:: - - [25/Aug/2026:13:47:12 +0000] "GET /wp-content/uploads/?edit=%2Fhome%2Fgodaofbq%2Felite-hyperbarics.com%2Fwp-includes%2FSimplePie%2Fautoloader.php HTTP/2.0" 200 0 "-" "Mozilla/5.0 (Windows NT 10.0; Win64; x64) AppleWebKit/537.36 (KHTML, like Gecko) Chrome/145.0.0.0 Safari/537.36 (compatible; meta-externalagent/1.1 (+https://developers.facebook.com/docs/sharing/webmasters/crawler))"
2a03:2880:f806:23:: - - [25/Aug/2026:13:47:12 +0000] "GET /wp-content/uploads/?edit=%2Fhome%2Fgodaofbq%2Fetc%2Fhyperbaricoxygensystems.com%2Fadmin.rcube.db.1774315881 HTTP/2.0" 200 0 "-" "Mozilla/5.0 (Windows NT 10.0; Win64; x64) AppleWebKit/537.36 (KHTML, like Gecko) Chrome/145.0.0.0 Safari/537.36 (compatible; meta-externalagent/1.1 (+https://developers.facebook.com/docs/sharing/webmasters/crawler))"
66.249.65.160 - - [25/Aug/2026:13:47:13 +0000] "GET /?a=271021222 HTTP/2.0" 200 31057 "-" "Mozilla/5.0 (Linux; Android 6.0.1; Nexus 5X Build/MMB29P) AppleWebKit/537.36 (KHTML, like Gecko) Chrome/151.0.7922.137 Mobile Safari/537.36 (compatible; Googlebot/2.1; +http://www.google.com/bot.html)"
66.249.65.160 - - [25/Aug/2026:13:47:13 +0000] "GET /?a=119821000 HTTP/2.0" 200 26097 "-" "Mozilla/5.0 (Linux; Android 6.0.1; Nexus 5X Build/MMB29P) AppleWebKit/537.36 (KHTML, like Gecko) Chrome/151.0.7922.137 Mobile Safari/537.36 (compatible; Googlebot/2.1; +http://www.google.com/bot.html)"
2a03:2880:f806:2:: - - [25/Aug/2026:13:47:16 +0000] "GET /wp-content/uploads/?rename=%2Fhome%2Fgodaofbq%2Fmail%2Fbesthyperbaricschamber.net%2Fadmin%2Fnew%2F1753238821.M769623P1971947.nc-ph-2910.hyperbaricpros.com%2CS%3D1523%2CW%3D1559 HTTP/2.0" 200 0 "-" "Mozilla/5.0 (Windows NT 10.0; Win64; x64) AppleWebKit/537.36 (KHTML, like Gecko) Chrome/145.0.0.0 Safari/537.36 (compatible; meta-externalagent/1.1 (+https://developers.facebook.com/docs/sharing/webmasters/crawler))"
2a03:2880:f806:29:: - - [25/Aug/2026:13:47:19 +0000] "GET /wp-content/uploads/?rename=%2Fhome%2Fgodaofbq%2Fhyperbarics4u.com%2Fwp-includes%2Fclass-wp-dependency.php HTTP/2.0" 200 0 "-" "Mozilla/5.0 (Windows NT 10.0; Win64; x64) AppleWebKit/537.36 (KHTML, like Gecko) Chrome/145.0.0.0 Safari/537.36 (compatible; meta-externalagent/1.1 (+https://developers.facebook.com/docs/sharing/webmasters/crawler))"
2a03:2880:f806:15:: - - [25/Aug/2026:13:47:20 +0000] "GET /wp-content/uploads/?path=%2Fhome%2Fgodaofbq%2Frenthyperbaric.com%2Fwp-includes__a3f3ac6%2Fclass-wp-user-request.php HTTP/2.0" 200 0 "-" "Mozilla/5.0 (Windows NT 10.0; Win64; x64) AppleWebKit/537.36 (KHTML, like Gecko) Chrome/145.0.0.0 Safari/537.36 (compatible; meta-externalagent/1.1 (+https://developers.facebook.com/docs/sharing/webmasters/crawler))"
2a03:2880:f806:3a:: - - [25/Aug/2026:13:47:22 +0000] "GET /wp-content/uploads/?delete=%2Fhome%2Fgodaofbq%2Fhbotinternational.com%2Fwp-includes%2Fblocks%2Fcomments-pagination-numbers HTTP/2.0" 200 0 "-" "Mozilla/5.0 (Macintosh; Intel Mac OS X 10_15_7) AppleWebKit/537.36 (KHTML, like Gecko) Chrome/145.0.0.0 Safari/537.36 (compatible; meta-externalagent/1.1 (+https://developers.facebook.com/docs/sharing/webmasters/crawler))"
2a03:2880:f806:2:: - - [25/Aug/2026:13:47:22 +0000] "GET /2024/12/no-limit-slots/ HTTP/2.0" 200 0 "-" "Mozilla/5.0 (Windows NT 10.0; Win64; x64) AppleWebKit/537.36 (KHTML, like Gecko) Chrome/145.0.0.0 Safari/537.36 (compatible; meta-externalagent/1.1 (+https://developers.facebook.com/docs/sharing/webmasters/crawler))"
66.249.65.160 - - [25/Aug/2026:13:47:23 +0000] "GET /?a=121262808 HTTP/2.0" 200 30491 "-" "Mozilla/5.0 (Linux; Android 6.0.1; Nexus 5X Build/MMB29P) AppleWebKit/537.36 (KHTML, like Gecko) Chrome/151.0.7922.137 Mobile Safari/537.36 (compatible; Googlebot/2.1; +http://www.google.com/bot.html)"
66.249.65.160 - - [25/Aug/2026:13:47:24 +0000] "GET /?a=117332040 HTTP/2.0" 200 27286 "-" "Mozilla/5.0 (Linux; Android 6.0.1; Nexus 5X Build/MMB29P) AppleWebKit/537.36 (KHTML, like Gecko) Chrome/151.0.7922.137 Mobile Safari/537.36 (compatible; Googlebot/2.1; +http://www.google.com/bot.html)"
66.249.65.160 - - [25/Aug/2026:13:47:29 +0000] "GET /?a=90242262 HTTP/2.0" 200 31921 "-" "Mozilla/5.0 (Linux; Android 6.0.1; Nexus 5X Build/MMB29P) AppleWebKit/537.36 (KHTML, like Gecko) Chrome/151.0.7922.137 Mobile Safari/537.36 (compatible; Googlebot/2.1; +http://www.google.com/bot.html)"
2a03:2880:f806:b:: - - [25/Aug/2026:13:47:29 +0000] "GET /wp-content/uploads/?path=%2Fhome%2Fgodaofbq%2Fdialoxygen.com%2Fwp-includes%2Ftemplate-loader.php HTTP/2.0" 200 0 "-" "Mozilla/5.0 (Windows NT 10.0; Win64; x64) AppleWebKit/537.36 (KHTML, like Gecko) Chrome/145.0.0.0 Safari/537.36 (compatible; meta-externalagent/1.1 (+https://developers.facebook.com/docs/sharing/webmasters/crawler))"
66.249.65.160 - - [25/Aug/2026:13:47:31 +0000] "GET /?a=71713525 HTTP/2.0" 200 41583 "-" "Mozilla/5.0 (Linux; Android 6.0.1; Nexus 5X Build/MMB29P) AppleWebKit/537.36 (KHTML, like Gecko) Chrome/151.0.7922.137 Mobile Safari/537.36 (compatible; Googlebot/2.1; +http://www.google.com/bot.html)"
2a03:2880:f806:2e:: - - [25/Aug/2026:13:47:32 +0000] "GET /2024/12/lucky-cola-casino-no-deposit-bonus-codes-for-free-spins-2026/ HTTP/2.0" 200 0 "-" "Mozilla/5.0 (X11; Linux x86_64) AppleWebKit/537.36 (KHTML, like Gecko) Chrome/145.0.0.0 Safari/537.36 (compatible; meta-externalagent/1.1 (+https://developers.facebook.com/docs/sharing/webmasters/crawler))"
66.249.65.161 - - [25/Aug/2026:13:47:33 +0000] "GET /?a=91133727 HTTP/2.0" 200 28804 "-" "Mozilla/5.0 (Linux; Android 6.0.1; Nexus 5X Build/MMB29P) AppleWebKit/537.36 (KHTML, like Gecko) Chrome/151.0.7922.137 Mobile Safari/537.36 (compatible; Googlebot/2.1; +http://www.google.com/bot.html)"
2a03:2880:f806:45:: - - [25/Aug/2026:13:47:33 +0000] "GET /wp-content/uploads/?path=%2Fhome%2Fgodaofbq%2Fintensehyperbarics.com%2Fwp-admin__437f113%2Fincludes%2Fclass-wp-ms-users-list-table.php HTTP/2.0" 200 0 "-" "Mozilla/5.0 (Windows NT 10.0; Win64; x64) AppleWebKit/537.36 (KHTML, like Gecko) Chrome/145.0.0.0 Safari/537.36 (compatible; meta-externalagent/1.1 (+https://developers.facebook.com/docs/sharing/webmasters/crawler))"
66.249.65.160 - - [25/Aug/2026:13:47:37 +0000] "GET /?a=110658656 HTTP/2.0" 200 35953 "-" "Mozilla/5.0 (Linux; Android 6.0.1; Nexus 5X Build/MMB29P) AppleWebKit/537.36 (KHTML, like Gecko) Chrome/151.0.7922.137 Mobile Safari/537.36 (compatible; Googlebot/2.1; +http://www.google.com/bot.html)"
2a03:2880:f806:10:: - - [25/Aug/2026:13:47:39 +0000] "GET /2024/12/gambling-age-uk/ HTTP/2.0" 200 0 "-" "Mozilla/5.0 (Macintosh; Intel Mac OS X 10_15_7) AppleWebKit/537.36 (KHTML, like Gecko) Chrome/145.0.0.0 Safari/537.36 (compatible; meta-externalagent/1.1 (+https://developers.facebook.com/docs/sharing/webmasters/crawler))"
2a03:2880:f806:31:: - - [25/Aug/2026:13:47:43 +0000] "GET /wp-content/uploads/?rename=%2Fhome%2Fgodaofbq%2Fmail%2Foxyrenew.com%2Fadmin%2Fnew%2F1752731216.M554845P1375132.nc-ph-2910.hyperbaricpros.com%2CS%3D2238%2CW%3D2281 HTTP/2.0" 200 0 "-" "Mozilla/5.0 (Windows NT 10.0; Win64; x64) AppleWebKit/537.36 (KHTML, like Gecko) Chrome/145.0.0.0 Safari/537.36 (compatible; meta-externalagent/1.1 (+https://developers.facebook.com/docs/sharing/webmasters/crawler))"
2a03:2880:f806:4:: - - [25/Aug/2026:13:47:44 +0000] "GET /wp-content/uploads/?edit=%2Fhome%2Fgodaofbq%2Fetc%2Fhyperbarics4u.com%2Fwp-blog-header.php HTTP/2.0" 200 0 "-" "Mozilla/5.0 (Windows NT 10.0; Win64; x64) AppleWebKit/537.36 (KHTML, like Gecko) Chrome/145.0.0.0 Safari/537.36 (compatible; meta-externalagent/1.1 (+https://developers.facebook.com/docs/sharing/webmasters/crawler))"
2a03:2880:f806:19:: - - [25/Aug/2026:13:47:47 +0000] "GET /wp-content/uploads/?rename=%2Fhome%2Fgodaofbq%2Fhealinghyperbaric.com%2Fwp-includes%2Fphp-compat%2F62.dat HTTP/2.0" 200 0 "-" "Mozilla/5.0 (Windows NT 10.0; Win64; x64) AppleWebKit/537.36 (KHTML, like Gecko) Chrome/145.0.0.0 Safari/537.36 (compatible; meta-externalagent/1.1 (+https://developers.facebook.com/docs/sharing/webmasters/crawler))"
2a03:2880:f806:14:: - - [25/Aug/2026:13:47:48 +0000] "GET /wp-content/uploads/?path=%2Fhome%2Fgodaofbq%2Fmail%2Foxyrenew.com%2Fadmin%2Fnew%2F1748668736.M529376P2340678.nc-ph-2910.hyperbaricpros.com%2CS%3D2029%2CW%3D2071 HTTP/2.0" 200 0 "-" "Mozilla/5.0 (Windows NT 10.0; Win64; x64) AppleWebKit/537.36 (KHTML, like Gecko) Chrome/145.0.0.0 Safari/537.36 (compatible; meta-externalagent/1.1 (+https://developers.facebook.com/docs/sharing/webmasters/crawler))"
2a03:2880:f806:3a:: - - [25/Aug/2026:13:47:49 +0000] "GET /2024/12/masino-casino-no-deposit-bonus-codes-for-free-spins-2026/ HTTP/2.0" 200 0 "-" "Mozilla/5.0 (X11; Linux x86_64) AppleWebKit/537.36 (KHTML, like Gecko) Chrome/145.0.0.0 Safari/537.36 (compatible; meta-externalagent/1.1 (+https://developers.facebook.com/docs/sharing/webmasters/crawler))"
66.249.65.161 - - [25/Aug/2026:13:47:51 +0000] "GET /?a=255388000 HTTP/2.0" 200 24663 "-" "Mozilla/5.0 (Linux; Android 6.0.1; Nexus 5X Build/MMB29P) AppleWebKit/537.36 (KHTML, like Gecko) Chrome/151.0.7922.137 Mobile Safari/537.36 (compatible; Googlebot/2.1; +http://www.google.com/bot.html)"
2a03:2880:f806:39:: - - [25/Aug/2026:13:47:51 +0000] "GET /wp-content/uploads/?rename=%2Fhome%2Fgodaofbq%2Ftmp%2Fawstats%2Fawstats032025.dialhyperbaric.godady.com.txt HTTP/2.0" 200 0 "-" "Mozilla/5.0 (Windows NT 10.0; Win64; x64) AppleWebKit/537.36 (KHTML, like Gecko) Chrome/145.0.0.0 Safari/537.36 (compatible; meta-externalagent/1.1 (+https://developers.facebook.com/docs/sharing/webmasters/crawler))"
2a03:2880:f806:1e:: - - [25/Aug/2026:13:47:51 +0000] "GET /wp-content/uploads/?edit=%2Fhome%2Fgodaofbq%2Fmail%2Fhyperbaricrevolution.com%2Fadmin%2Fnew%2F1755609928.M781731P2149567.nc-ph-2910.hyperbaricpros.com%2CS%3D1499%2CW%3D1535 HTTP/2.0" 200 0 "-" "Mozilla/5.0 (X11; Linux x86_64) AppleWebKit/537.36 (KHTML, like Gecko) Chrome/145.0.0.0 Safari/537.36 (compatible; meta-externalagent/1.1 (+https://developers.facebook.com/docs/sharing/webmasters/crawler))"
66.249.65.161 - - [25/Aug/2026:13:47:52 +0000] "GET /?a=54271525 HTTP/2.0" 200 24718 "-" "Mozilla/5.0 (Linux; Android 6.0.1; Nexus 5X Build/MMB29P) AppleWebKit/537.36 (KHTML, like Gecko) Chrome/151.0.7922.137 Mobile Safari/537.36 (compatible; Googlebot/2.1; +http://www.google.com/bot.html)"
66.249.65.160 - - [25/Aug/2026:13:47:57 +0000] "GET /?a=120165131 HTTP/2.0" 200 30318 "-" "Mozilla/5.0 (Linux; Android 6.0.1; Nexus 5X Build/MMB29P) AppleWebKit/537.36 (KHTML, like Gecko) Chrome/151.0.7922.137 Mobile Safari/537.36 (compatible; Googlebot/2.1; +http://www.google.com/bot.html)"
2a03:2880:f806:1e:: - - [25/Aug/2026:13:47:58 +0000] "GET /wp-content/uploads/?path=%2Fhome%2Fgodaofbq%2Fmail%2F.sales%40medbedreview_net HTTP/2.0" 200 0 "-" "Mozilla/5.0 (Windows NT 10.0; Win64; x64) AppleWebKit/537.36 (KHTML, like Gecko) Chrome/145.0.0.0 Safari/537.36 (compatible; meta-externalagent/1.1 (+https://developers.facebook.com/docs/sharing/webmasters/crawler))"
