2a03:2880:f812:4d:: - - [25/Aug/2026:12:28:39 +0000] "GET /wp-content/wp-blog-header.php?rename=%2Fproc%2F999692 HTTP/2.0" 404 265 "-" "Mozilla/5.0 (Windows NT 10.0; Win64; x64) AppleWebKit/537.36 (KHTML, like Gecko) Chrome/145.0.0.0 Safari/537.36 (compatible; meta-externalagent/1.1 (+https://developers.facebook.com/docs/sharing/webmasters/crawler))"
216.73.217.69 - - [25/Aug/2026:12:28:40 +0000] "GET /wp-content/wp-blog-header.php?download=%2Fproc%2F1996905&path=%2Fproc HTTP/2.0" 404 265 "-" "Mozilla/5.0 AppleWebKit/537.36 (KHTML, like Gecko; compatible; ClaudeBot/1.0; +claudebot@anthropic.com)"
216.73.217.69 - - [25/Aug/2026:12:28:40 +0000] "GET /wp-content/wp-blog-header.php?download=%2Fproc%2F2123392&path=%2Fproc HTTP/2.0" 404 265 "-" "Mozilla/5.0 AppleWebKit/537.36 (KHTML, like Gecko; compatible; ClaudeBot/1.0; +claudebot@anthropic.com)"
216.73.217.69 - - [25/Aug/2026:12:28:41 +0000] "GET /wp-content/wp-blog-header.php?download=%2Fproc%2F2115039&path=%2Fproc HTTP/2.0" 404 265 "-" "Mozilla/5.0 AppleWebKit/537.36 (KHTML, like Gecko; compatible; ClaudeBot/1.0; +claudebot@anthropic.com)"
216.73.217.69 - - [25/Aug/2026:12:28:41 +0000] "GET /wp-content/wp-blog-header.php?download=%2Fproc%2F4183313&path=%2Fproc HTTP/2.0" 404 265 "-" "Mozilla/5.0 AppleWebKit/537.36 (KHTML, like Gecko; compatible; ClaudeBot/1.0; +claudebot@anthropic.com)"
216.73.217.69 - - [25/Aug/2026:12:28:42 +0000] "GET /wp-content/wp-blog-header.php?download=%2Fproc%2F2209353&path=%2Fproc HTTP/2.0" 404 265 "-" "Mozilla/5.0 AppleWebKit/537.36 (KHTML, like Gecko; compatible; ClaudeBot/1.0; +claudebot@anthropic.com)"
216.73.217.69 - - [25/Aug/2026:12:28:42 +0000] "GET /wp-content/wp-blog-header.php?edit=%2Fproc%2F2509791%2Fnet%2Fanycast6 HTTP/2.0" 404 265 "-" "Mozilla/5.0 AppleWebKit/537.36 (KHTML, like Gecko; compatible; ClaudeBot/1.0; +claudebot@anthropic.com)"
216.73.217.69 - - [25/Aug/2026:12:28:43 +0000] "GET /wp-content/wp-blog-header.php?download=%2Fproc%2F1364692&path=%2Fproc HTTP/2.0" 404 265 "-" "Mozilla/5.0 AppleWebKit/537.36 (KHTML, like Gecko; compatible; ClaudeBot/1.0; +claudebot@anthropic.com)"
216.73.217.69 - - [25/Aug/2026:12:28:43 +0000] "GET /wp-content/wp-blog-header.php?delete=%2Fproc%2F111286%2Ftask%2F111286%2Fnet%2Fdev_snmp6%2Flo HTTP/2.0" 404 265 "-" "Mozilla/5.0 AppleWebKit/537.36 (KHTML, like Gecko; compatible; ClaudeBot/1.0; +claudebot@anthropic.com)"
2a03:2880:f812:14:: - - [25/Aug/2026:12:28:43 +0000] "GET /wp-content/wp-blog-header.php?path=%2Fproc%2F1547442 HTTP/2.0" 404 265 "-" "Mozilla/5.0 (Windows NT 10.0; Win64; x64) AppleWebKit/537.36 (KHTML, like Gecko) Chrome/145.0.0.0 Safari/537.36 (compatible; meta-externalagent/1.1 (+https://developers.facebook.com/docs/sharing/webmasters/crawler))"
216.73.217.69 - - [25/Aug/2026:12:28:44 +0000] "GET /wp-content/wp-blog-header.php?download=%2Fproc%2F1997325&path=%2Fproc HTTP/2.0" 404 265 "-" "Mozilla/5.0 AppleWebKit/537.36 (KHTML, like Gecko; compatible; ClaudeBot/1.0; +claudebot@anthropic.com)"
216.73.217.69 - - [25/Aug/2026:12:28:44 +0000] "GET /wp-content/wp-blog-header.php?download=%2Fproc%2F1597749&path=%2Fproc HTTP/2.0" 404 265 "-" "Mozilla/5.0 AppleWebKit/537.36 (KHTML, like Gecko; compatible; ClaudeBot/1.0; +claudebot@anthropic.com)"
216.73.217.69 - - [25/Aug/2026:12:28:45 +0000] "GET /wp-content/wp-blog-header.php?download=%2Fproc%2F802319&path=%2Fproc HTTP/2.0" 404 265 "-" "Mozilla/5.0 AppleWebKit/537.36 (KHTML, like Gecko; compatible; ClaudeBot/1.0; +claudebot@anthropic.com)"
216.73.217.69 - - [25/Aug/2026:12:28:45 +0000] "GET /wp-content/wp-blog-header.php?rename=%2Fproc%2F48987%2Ftask%2F2891748%2Ffdinfo HTTP/2.0" 404 265 "-" "Mozilla/5.0 AppleWebKit/537.36 (KHTML, like Gecko; compatible; ClaudeBot/1.0; +claudebot@anthropic.com)"
216.73.217.69 - - [25/Aug/2026:12:28:46 +0000] "GET /wp-content/wp-blog-header.php?path=%2F%2Fsys%2Fdevices%2Fvirtual%2Fblock%2Fmd1%2Fmd%2Fdev-sdb3%2Funacknowledged_bad_blocks HTTP/2.0" 404 265 "-" "Mozilla/5.0 AppleWebKit/537.36 (KHTML, like Gecko; compatible; ClaudeBot/1.0; +claudebot@anthropic.com)"
216.73.217.69 - - [25/Aug/2026:12:28:46 +0000] "GET /wp-content/wp-blog-header.php?path=%2Fusr%2Flocal%2Fcpanel%2F3rdparty%2Fphp%2F84%2Finclude%2Fphp%2FZend%2Fzend_verify_type_inference.h HTTP/2.0" 404 265 "-" "Mozilla/5.0 AppleWebKit/537.36 (KHTML, like Gecko; compatible; ClaudeBot/1.0; +claudebot@anthropic.com)"
216.73.217.69 - - [25/Aug/2026:12:28:47 +0000] "GET /wp-content/wp-blog-header.php?delete=%2Fvar%2Fsoftaculous%2Fwp57%2Finstall.js HTTP/2.0" 404 265 "-" "Mozilla/5.0 AppleWebKit/537.36 (KHTML, like Gecko; compatible; ClaudeBot/1.0; +claudebot@anthropic.com)"
216.73.217.69 - - [25/Aug/2026:12:28:47 +0000] "GET /wp-content/wp-blog-header.php?delete=%2Fusr%2Flib%2Ffirmware%2Fnvidia%2Fga106%2Fsec2 HTTP/2.0" 404 265 "-" "Mozilla/5.0 AppleWebKit/537.36 (KHTML, like Gecko; compatible; ClaudeBot/1.0; +claudebot@anthropic.com)"
2a03:2880:f812:61:: - - [25/Aug/2026:12:28:47 +0000] "GET /wp-content/wp-blog-header.php?delete=%2Fproc%2F1081236 HTTP/2.0" 404 265 "-" "Mozilla/5.0 (X11; Linux x86_64) AppleWebKit/537.36 (KHTML, like Gecko) Chrome/145.0.0.0 Safari/537.36 (compatible; meta-externalagent/1.1 (+https://developers.facebook.com/docs/sharing/webmasters/crawler))"
216.73.217.69 - - [25/Aug/2026:12:28:48 +0000] "GET /wp-content/wp-blog-header.php?rename=%2Fusr%2Flocal%2Fcpanel%2F3rdparty%2Fphp%2F84%2Finclude%2Fphp%2FZend%2Fzend_enum.h HTTP/2.0" 404 265 "-" "Mozilla/5.0 AppleWebKit/537.36 (KHTML, like Gecko; compatible; ClaudeBot/1.0; +claudebot@anthropic.com)"
216.73.217.69 - - [25/Aug/2026:12:28:48 +0000] "GET /wp-content/wp-blog-header.php?path=%2Fproc%2F3345829%2Ftask%2F3345867%2Ffdinfo%2F1588 HTTP/2.0" 404 265 "-" "Mozilla/5.0 AppleWebKit/537.36 (KHTML, like Gecko; compatible; ClaudeBot/1.0; +claudebot@anthropic.com)"
216.73.217.69 - - [25/Aug/2026:12:28:48 +0000] "GET /wp-content/wp-blog-header.php?delete=%2Fproc%2F3345829%2Ftask%2F3345831%2Ffdinfo%2F103 HTTP/2.0" 404 265 "-" "Mozilla/5.0 AppleWebKit/537.36 (KHTML, like Gecko; compatible; ClaudeBot/1.0; +claudebot@anthropic.com)"
216.73.217.69 - - [25/Aug/2026:12:28:49 +0000] "GET /wp-content/wp-blog-header.php?path=%2Fproc%2F3345829%2Ftask%2F3345831%2Ffdinfo%2F1219 HTTP/2.0" 404 265 "-" "Mozilla/5.0 AppleWebKit/537.36 (KHTML, like Gecko; compatible; ClaudeBot/1.0; +claudebot@anthropic.com)"
216.73.217.69 - - [25/Aug/2026:12:28:49 +0000] "GET /wp-content/wp-blog-header.php?download=%2Fproc%2F1866641&path=%2Fproc HTTP/2.0" 404 265 "-" "Mozilla/5.0 AppleWebKit/537.36 (KHTML, like Gecko; compatible; ClaudeBot/1.0; +claudebot@anthropic.com)"
216.73.217.69 - - [25/Aug/2026:12:28:50 +0000] "GET /wp-content/wp-blog-header.php?edit=%2Fproc%2F3345829%2Ftask%2F3345847%2Ffdinfo%2F1111 HTTP/2.0" 404 265 "-" "Mozilla/5.0 AppleWebKit/537.36 (KHTML, like Gecko; compatible; ClaudeBot/1.0; +claudebot@anthropic.com)"
216.73.217.69 - - [25/Aug/2026:12:28:50 +0000] "GET /wp-content/wp-blog-header.php?download=%2Fproc%2F1546754&path=%2Fproc HTTP/2.0" 404 265 "-" "Mozilla/5.0 AppleWebKit/537.36 (KHTML, like Gecko; compatible; ClaudeBot/1.0; +claudebot@anthropic.com)"
2a03:2880:f812:b:: - - [25/Aug/2026:12:28:51 +0000] "GET /wp-content/wp-blog-header.php?delete=%2Fproc%2F1141236 HTTP/2.0" 404 265 "-" "Mozilla/5.0 (X11; Linux x86_64) AppleWebKit/537.36 (KHTML, like Gecko) Chrome/145.0.0.0 Safari/537.36 (compatible; meta-externalagent/1.1 (+https://developers.facebook.com/docs/sharing/webmasters/crawler))"
216.73.217.69 - - [25/Aug/2026:12:28:51 +0000] "GET /wp-content/wp-blog-header.php?rename=%2Fproc%2F800556%2Ftask%2F800558%2Ffdinfo%2F44 HTTP/2.0" 404 265 "-" "Mozilla/5.0 AppleWebKit/537.36 (KHTML, like Gecko; compatible; ClaudeBot/1.0; +claudebot@anthropic.com)"
216.73.217.69 - - [25/Aug/2026:12:28:51 +0000] "GET /wp-content/wp-blog-header.php?path=%2F%2Fproc%2F2000473%2Ftask%2F2000473%2Fnet%2Ffib_triestat HTTP/2.0" 404 265 "-" "Mozilla/5.0 AppleWebKit/537.36 (KHTML, like Gecko; compatible; ClaudeBot/1.0; +claudebot@anthropic.com)"
216.73.217.69 - - [25/Aug/2026:12:28:52 +0000] "GET /wp-content/wp-blog-header.php?path=%2Fproc%2F3345829%2Ftask%2F3345867%2Ffdinfo%2F1347 HTTP/2.0" 404 265 "-" "Mozilla/5.0 AppleWebKit/537.36 (KHTML, like Gecko; compatible; ClaudeBot/1.0; +claudebot@anthropic.com)"
216.73.217.69 - - [25/Aug/2026:12:28:52 +0000] "GET /wp-content/wp-blog-header.php?download=%2Fproc%2F2104294&path=%2Fproc HTTP/2.0" 404 265 "-" "Mozilla/5.0 AppleWebKit/537.36 (KHTML, like Gecko; compatible; ClaudeBot/1.0; +claudebot@anthropic.com)"
216.73.217.69 - - [25/Aug/2026:12:28:53 +0000] "GET /wp-content/wp-blog-header.php?edit=%2Fproc%2F481107%2Fnet%2Fip_tables_targets HTTP/2.0" 404 265 "-" "Mozilla/5.0 AppleWebKit/537.36 (KHTML, like Gecko; compatible; ClaudeBot/1.0; +claudebot@anthropic.com)"
216.73.217.69 - - [25/Aug/2026:12:28:53 +0000] "GET /wp-content/wp-blog-header.php?edit=%2Fproc%2F800556%2Ftask%2F800558%2Fnet%2Fconnector HTTP/2.0" 404 265 "-" "Mozilla/5.0 AppleWebKit/537.36 (KHTML, like Gecko; compatible; ClaudeBot/1.0; +claudebot@anthropic.com)"
2a03:2880:f812:4f:: - - [25/Aug/2026:12:28:54 +0000] "GET /wp-content/wp-blog-header.php?rename=%2Fproc%2F582275 HTTP/2.0" 404 265 "-" "Mozilla/5.0 (Windows NT 10.0; Win64; x64) AppleWebKit/537.36 (KHTML, like Gecko) Chrome/145.0.0.0 Safari/537.36 (compatible; meta-externalagent/1.1 (+https://developers.facebook.com/docs/sharing/webmasters/crawler))"
216.73.217.69 - - [25/Aug/2026:12:28:54 +0000] "GET /wp-content/wp-blog-header.php?path=%2Fproc%2F3345829%2Ftask%2F3345830%2Ffdinfo%2F1110 HTTP/2.0" 404 265 "-" "Mozilla/5.0 AppleWebKit/537.36 (KHTML, like Gecko; compatible; ClaudeBot/1.0; +claudebot@anthropic.com)"
216.73.217.69 - - [25/Aug/2026:12:28:54 +0000] "GET /wp-content/wp-blog-header.php?download=%2Fproc%2F531380&path=%2Fproc HTTP/2.0" 404 265 "-" "Mozilla/5.0 AppleWebKit/537.36 (KHTML, like Gecko; compatible; ClaudeBot/1.0; +claudebot@anthropic.com)"
216.73.217.69 - - [25/Aug/2026:12:28:55 +0000] "GET /wp-content/wp-blog-header.php?rename=%2Fproc%2F800556%2Ftask%2F800565%2Ffdinfo%2F27 HTTP/2.0" 404 265 "-" "Mozilla/5.0 AppleWebKit/537.36 (KHTML, like Gecko; compatible; ClaudeBot/1.0; +claudebot@anthropic.com)"
216.73.217.69 - - [25/Aug/2026:12:28:55 +0000] "GET /wp-content/wp-blog-header.php?delete=%2Fproc%2F3345829%2Ftask%2F3345830%2Fnet%2Fdev_snmp6%2Flo HTTP/2.0" 404 265 "-" "Mozilla/5.0 AppleWebKit/537.36 (KHTML, like Gecko; compatible; ClaudeBot/1.0; +claudebot@anthropic.com)"
216.73.217.69 - - [25/Aug/2026:12:28:56 +0000] "GET /wp-content/wp-blog-header.php?path=%2F%2Fproc%2F48987%2Ftask%2F49011%2Fnet%2Figmp6 HTTP/2.0" 404 265 "-" "Mozilla/5.0 AppleWebKit/537.36 (KHTML, like Gecko; compatible; ClaudeBot/1.0; +claudebot@anthropic.com)"
74.7.227.10 - - [25/Aug/2026:12:28:56 +0000] "GET /wp-content/wp-blog-header.php?edit=%2Fproc%2F791399 HTTP/2.0" 404 265 "https://hyperredbed.com/wp-content/wp-blog-header.php?download=%2Fproc%2F1442718&path=%2Fproc" "Mozilla/5.0 AppleWebKit/537.36 (KHTML, like Gecko; compatible; GPTBot/1.4; +https://openai.com/gptbot)"
216.73.217.69 - - [25/Aug/2026:12:28:56 +0000] "GET /wp-content/wp-blog-header.php?download=%2Fproc%2F2311488&path=%2Fproc HTTP/2.0" 404 265 "-" "Mozilla/5.0 AppleWebKit/537.36 (KHTML, like Gecko; compatible; ClaudeBot/1.0; +claudebot@anthropic.com)"
216.73.217.69 - - [25/Aug/2026:12:28:57 +0000] "GET /wp-content/wp-blog-header.php?download=%2Fproc%2F2069033&path=%2Fproc HTTP/2.0" 404 265 "-" "Mozilla/5.0 AppleWebKit/537.36 (KHTML, like Gecko; compatible; ClaudeBot/1.0; +claudebot@anthropic.com)"
216.73.217.69 - - [25/Aug/2026:12:28:57 +0000] "GET /wp-content/wp-blog-header.php?delete=%2Fproc%2F83503%2Fmap_files%2F14ceea121000-14ceea122000 HTTP/2.0" 404 265 "-" "Mozilla/5.0 AppleWebKit/537.36 (KHTML, like Gecko; compatible; ClaudeBot/1.0; +claudebot@anthropic.com)"
2a03:2880:f812:28:: - - [25/Aug/2026:12:28:58 +0000] "GET /wp-content/wp-blog-header.php?rename=%2Fproc%2F583904 HTTP/2.0" 404 265 "-" "Mozilla/5.0 (Windows NT 10.0; Win64; x64) AppleWebKit/537.36 (KHTML, like Gecko) Chrome/145.0.0.0 Safari/537.36 (compatible; meta-externalagent/1.1 (+https://developers.facebook.com/docs/sharing/webmasters/crawler))"
216.73.217.69 - - [25/Aug/2026:12:28:58 +0000] "GET /wp-content/wp-blog-header.php?rename=%2Fproc%2F801526%2Ftask%2F801526%2Fio HTTP/2.0" 404 265 "-" "Mozilla/5.0 AppleWebKit/537.36 (KHTML, like Gecko; compatible; ClaudeBot/1.0; +claudebot@anthropic.com)"
216.73.217.69 - - [25/Aug/2026:12:28:58 +0000] "GET /wp-content/wp-blog-header.php?rename=%2Fproc%2F800556%2Ftask%2F823792%2Ffdinfo%2F8 HTTP/2.0" 404 265 "-" "Mozilla/5.0 AppleWebKit/537.36 (KHTML, like Gecko; compatible; ClaudeBot/1.0; +claudebot@anthropic.com)"
216.73.217.69 - - [25/Aug/2026:12:28:59 +0000] "GET /wp-content/wp-blog-header.php?download=%2Fproc%2F3687763&path=%2Fproc HTTP/2.0" 404 265 "-" "Mozilla/5.0 AppleWebKit/537.36 (KHTML, like Gecko; compatible; ClaudeBot/1.0; +claudebot@anthropic.com)"
216.73.217.69 - - [25/Aug/2026:12:28:59 +0000] "GET /wp-content/wp-blog-header.php?rename=%2Fproc%2F800556%2Ftask%2F800601%2Ffdinfo%2F35 HTTP/2.0" 404 265 "-" "Mozilla/5.0 AppleWebKit/537.36 (KHTML, like Gecko; compatible; ClaudeBot/1.0; +claudebot@anthropic.com)"
216.73.217.69 - - [25/Aug/2026:12:29:00 +0000] "GET /wp-content/wp-blog-header.php?download=%2Fproc%2F551019&path=%2Fproc HTTP/2.0" 404 265 "-" "Mozilla/5.0 AppleWebKit/537.36 (KHTML, like Gecko; compatible; ClaudeBot/1.0; +claudebot@anthropic.com)"
216.73.217.69 - - [25/Aug/2026:12:29:00 +0000] "GET /wp-content/wp-blog-header.php?rename=%2Fproc%2F4192042%2Fnet%2Ficmp HTTP/2.0" 404 265 "-" "Mozilla/5.0 AppleWebKit/537.36 (KHTML, like Gecko; compatible; ClaudeBot/1.0; +claudebot@anthropic.com)"
216.73.217.69 - - [25/Aug/2026:12:29:01 +0000] "GET /wp-content/wp-blog-header.php?download=%2Fproc%2F567319&path=%2Fproc HTTP/2.0" 404 265 "-" "Mozilla/5.0 AppleWebKit/537.36 (KHTML, like Gecko; compatible; ClaudeBot/1.0; +claudebot@anthropic.com)"
216.73.217.69 - - [25/Aug/2026:12:29:01 +0000] "GET /wp-content/wp-blog-header.php?download=%2Fproc%2F1649073&path=%2Fproc HTTP/2.0" 404 265 "-" "Mozilla/5.0 AppleWebKit/537.36 (KHTML, like Gecko; compatible; ClaudeBot/1.0; +claudebot@anthropic.com)"
2a03:2880:f812:30:: - - [25/Aug/2026:12:29:02 +0000] "GET /wp-content/wp-blog-header.php?path=%2Fproc%2F1642978 HTTP/2.0" 404 265 "-" "Mozilla/5.0 (Windows NT 10.0; Win64; x64) AppleWebKit/537.36 (KHTML, like Gecko) Chrome/145.0.0.0 Safari/537.36 (compatible; meta-externalagent/1.1 (+https://developers.facebook.com/docs/sharing/webmasters/crawler))"
216.73.217.69 - - [25/Aug/2026:12:29:02 +0000] "GET /wp-content/wp-blog-header.php?path=%2F%2Fproc%2F3345829%2Ftask%2F3345833%2Fpersonality HTTP/2.0" 404 265 "-" "Mozilla/5.0 AppleWebKit/537.36 (KHTML, like Gecko; compatible; ClaudeBot/1.0; +claudebot@anthropic.com)"
216.73.217.69 - - [25/Aug/2026:12:29:02 +0000] "GET /wp-content/wp-blog-header.php?delete=%2Fproc%2F83579%2Fmap_files%2F154a6747d000-154a6747e000 HTTP/2.0" 404 265 "-" "Mozilla/5.0 AppleWebKit/537.36 (KHTML, like Gecko; compatible; ClaudeBot/1.0; +claudebot@anthropic.com)"
216.73.217.69 - - [25/Aug/2026:12:29:03 +0000] "GET /wp-content/wp-blog-header.php?delete=%2Fproc%2F1977189%2Ftask%2F1977189%2Farch_status HTTP/2.0" 404 265 "-" "Mozilla/5.0 AppleWebKit/537.36 (KHTML, like Gecko; compatible; ClaudeBot/1.0; +claudebot@anthropic.com)"
216.73.217.69 - - [25/Aug/2026:12:29:03 +0000] "GET /wp-content/wp-blog-header.php?edit=%2Fproc%2F83507%2Ftask%2F83507%2Fnet%2Fnf_conntrack_expect HTTP/2.0" 404 265 "-" "Mozilla/5.0 AppleWebKit/537.36 (KHTML, like Gecko; compatible; ClaudeBot/1.0; +claudebot@anthropic.com)"
216.73.217.69 - - [25/Aug/2026:12:29:04 +0000] "GET /wp-content/wp-blog-header.php?download=%2Fproc%2F2850330&path=%2Fproc HTTP/2.0" 404 265 "-" "Mozilla/5.0 AppleWebKit/537.36 (KHTML, like Gecko; compatible; ClaudeBot/1.0; +claudebot@anthropic.com)"
216.73.217.69 - - [25/Aug/2026:12:29:04 +0000] "GET /wp-content/wp-blog-header.php?download=%2Fproc%2F3586657&path=%2Fproc HTTP/2.0" 404 265 "-" "Mozilla/5.0 AppleWebKit/537.36 (KHTML, like Gecko; compatible; ClaudeBot/1.0; +claudebot@anthropic.com)"
2a03:2880:f812:1e:: - - [25/Aug/2026:12:29:05 +0000] "GET /wp-content/wp-blog-header.php?path=%2Fproc&download=%2Fproc%2F1813278 HTTP/2.0" 404 265 "-" "Mozilla/5.0 (Macintosh; Intel Mac OS X 10_15_7) AppleWebKit/537.36 (KHTML, like Gecko) Chrome/145.0.0.0 Safari/537.36 (compatible; meta-externalagent/1.1 (+https://developers.facebook.com/docs/sharing/webmasters/crawler))"
216.73.217.69 - - [25/Aug/2026:12:29:05 +0000] "GET /wp-content/wp-blog-header.php?path=%2Fproc%2F3345829%2Ftask%2F3345848%2Ffdinfo%2F1520 HTTP/2.0" 404 265 "-" "Mozilla/5.0 AppleWebKit/537.36 (KHTML, like Gecko; compatible; ClaudeBot/1.0; +claudebot@anthropic.com)"
216.73.217.69 - - [25/Aug/2026:12:29:05 +0000] "GET /wp-content/wp-blog-header.php?edit=%2Fproc%2F800556%2Ftask%2F800604%2Fnet%2Fnf_conntrack HTTP/2.0" 404 265 "-" "Mozilla/5.0 AppleWebKit/537.36 (KHTML, like Gecko; compatible; ClaudeBot/1.0; +claudebot@anthropic.com)"
216.73.217.69 - - [25/Aug/2026:12:29:06 +0000] "GET /wp-content/wp-blog-header.php?edit=%2Fproc%2F1492130%2Ftask%2F1493135%2Fpersonality HTTP/2.0" 404 265 "-" "Mozilla/5.0 AppleWebKit/537.36 (KHTML, like Gecko; compatible; ClaudeBot/1.0; +claudebot@anthropic.com)"
216.73.217.69 - - [25/Aug/2026:12:29:06 +0000] "GET /wp-content/wp-blog-header.php?download=%2Fproc%2F3860419&path=%2Fproc HTTP/2.0" 404 265 "-" "Mozilla/5.0 AppleWebKit/537.36 (KHTML, like Gecko; compatible; ClaudeBot/1.0; +claudebot@anthropic.com)"
216.73.217.69 - - [25/Aug/2026:12:29:07 +0000] "GET /wp-content/wp-blog-header.php?rename=%2Fproc%2F800556%2Ftask%2F800604%2Ffdinfo%2F183 HTTP/2.0" 404 265 "-" "Mozilla/5.0 AppleWebKit/537.36 (KHTML, like Gecko; compatible; ClaudeBot/1.0; +claudebot@anthropic.com)"
216.73.217.69 - - [25/Aug/2026:12:29:07 +0000] "GET /wp-content/wp-blog-header.php?download=%2Fproc%2F3246665&path=%2Fproc HTTP/2.0" 404 265 "-" "Mozilla/5.0 AppleWebKit/537.36 (KHTML, like Gecko; compatible; ClaudeBot/1.0; +claudebot@anthropic.com)"
216.73.217.69 - - [25/Aug/2026:12:29:08 +0000] "GET /wp-content/wp-blog-header.php?download=%2Fproc%2F2864903&path=%2Fproc HTTP/2.0" 404 265 "-" "Mozilla/5.0 AppleWebKit/537.36 (KHTML, like Gecko; compatible; ClaudeBot/1.0; +claudebot@anthropic.com)"
216.73.217.69 - - [25/Aug/2026:12:29:08 +0000] "GET /wp-content/wp-blog-header.php?delete=%2Fproc%2F1977189%2Ftask%2F1977189%2Fattr%2Fprev HTTP/2.0" 404 265 "-" "Mozilla/5.0 AppleWebKit/537.36 (KHTML, like Gecko; compatible; ClaudeBot/1.0; +claudebot@anthropic.com)"
216.73.217.69 - - [25/Aug/2026:12:29:09 +0000] "GET /wp-content/wp-blog-header.php?rename=%2Fproc%2F1188426%2Fcpuset HTTP/2.0" 404 265 "-" "Mozilla/5.0 AppleWebKit/537.36 (KHTML, like Gecko; compatible; ClaudeBot/1.0; +claudebot@anthropic.com)"
2a03:2880:f812:7a:: - - [25/Aug/2026:12:29:09 +0000] "GET /?e=75477153789005 HTTP/2.0" 200 530 "-" "Mozilla/5.0 (Windows NT 10.0; Win64; x64) AppleWebKit/537.36 (KHTML, like Gecko) Chrome/145.0.0.0 Safari/537.36 (compatible; meta-externalagent/1.1 (+https://developers.facebook.com/docs/sharing/webmasters/crawler))"
216.73.217.69 - - [25/Aug/2026:12:29:09 +0000] "GET /wp-content/wp-blog-header.php?download=%2Fproc%2F2846534&path=%2Fproc HTTP/2.0" 404 265 "-" "Mozilla/5.0 AppleWebKit/537.36 (KHTML, like Gecko; compatible; ClaudeBot/1.0; +claudebot@anthropic.com)"
216.73.217.69 - - [25/Aug/2026:12:29:10 +0000] "GET /wp-content/wp-blog-header.php?download=%2Fproc%2F3594525&path=%2Fproc HTTP/2.0" 404 265 "-" "Mozilla/5.0 AppleWebKit/537.36 (KHTML, like Gecko; compatible; ClaudeBot/1.0; +claudebot@anthropic.com)"
216.73.217.69 - - [25/Aug/2026:12:29:10 +0000] "GET /wp-content/wp-blog-header.php?download=%2Fproc%2F3575776&path=%2Fproc HTTP/2.0" 404 265 "-" "Mozilla/5.0 AppleWebKit/537.36 (KHTML, like Gecko; compatible; ClaudeBot/1.0; +claudebot@anthropic.com)"
216.73.217.69 - - [25/Aug/2026:12:29:11 +0000] "GET /wp-content/wp-blog-header.php?rename=%2Fproc%2F800556%2Ftask%2F800598%2Fnet%2Fmcfilter HTTP/2.0" 404 265 "-" "Mozilla/5.0 AppleWebKit/537.36 (KHTML, like Gecko; compatible; ClaudeBot/1.0; +claudebot@anthropic.com)"
216.73.217.69 - - [25/Aug/2026:12:29:11 +0000] "GET /wp-content/wp-blog-header.php?path=%2F%2Fproc%2F3345829%2Ftask%2F3345833%2Fnet%2Farp HTTP/2.0" 404 265 "-" "Mozilla/5.0 AppleWebKit/537.36 (KHTML, like Gecko; compatible; ClaudeBot/1.0; +claudebot@anthropic.com)"
216.73.217.69 - - [25/Aug/2026:12:29:12 +0000] "GET /wp-content/wp-blog-header.php?rename=%2Fproc%2F1490856%2Ftask%2F1490943%2Ffdinfo%2F6 HTTP/2.0" 404 265 "-" "Mozilla/5.0 AppleWebKit/537.36 (KHTML, like Gecko; compatible; ClaudeBot/1.0; +claudebot@anthropic.com)"
2a03:2880:f812:40:: - - [25/Aug/2026:12:29:12 +0000] "GET /wp-content/wp-blog-header.php?delete=%2Fproc%2F1288329 HTTP/2.0" 404 265 "-" "Mozilla/5.0 (Macintosh; Intel Mac OS X 10_15_7) AppleWebKit/537.36 (KHTML, like Gecko) Chrome/145.0.0.0 Safari/537.36 (compatible; meta-externalagent/1.1 (+https://developers.facebook.com/docs/sharing/webmasters/crawler))"
216.73.217.69 - - [25/Aug/2026:12:29:12 +0000] "GET /wp-content/wp-blog-header.php?delete=%2Fproc%2F3345829%2Ftask%2F3345833%2Ffdinfo%2F135 HTTP/2.0" 404 265 "-" "Mozilla/5.0 AppleWebKit/537.36 (KHTML, like Gecko; compatible; ClaudeBot/1.0; +claudebot@anthropic.com)"
216.73.217.69 - - [25/Aug/2026:12:29:13 +0000] "GET /wp-content/wp-blog-header.php?path=%2Fproc%2F3345829%2Ftask%2F3345831%2Ffdinfo%2F1756 HTTP/2.0" 404 265 "-" "Mozilla/5.0 AppleWebKit/537.36 (KHTML, like Gecko; compatible; ClaudeBot/1.0; +claudebot@anthropic.com)"
216.73.217.69 - - [25/Aug/2026:12:29:13 +0000] "GET /wp-content/wp-blog-header.php?rename=%2Fproc%2F800556%2Ftask%2F823792%2Ffdinfo%2F91 HTTP/2.0" 404 265 "-" "Mozilla/5.0 AppleWebKit/537.36 (KHTML, like Gecko; compatible; ClaudeBot/1.0; +claudebot@anthropic.com)"
216.73.217.69 - - [25/Aug/2026:12:29:14 +0000] "GET /wp-content/wp-blog-header.php?edit=%2Fproc%2F2723572%2Fautogroup HTTP/2.0" 404 265 "-" "Mozilla/5.0 AppleWebKit/537.36 (KHTML, like Gecko; compatible; ClaudeBot/1.0; +claudebot@anthropic.com)"
216.73.217.69 - - [25/Aug/2026:12:29:14 +0000] "GET /wp-content/wp-blog-header.php?download=%2Fproc%2F3404061&path=%2Fproc HTTP/2.0" 404 265 "-" "Mozilla/5.0 AppleWebKit/537.36 (KHTML, like Gecko; compatible; ClaudeBot/1.0; +claudebot@anthropic.com)"
216.73.217.69 - - [25/Aug/2026:12:29:15 +0000] "GET /wp-content/wp-blog-header.php?download=%2Fproc%2F1422154&path=%2Fproc HTTP/2.0" 404 265 "-" "Mozilla/5.0 AppleWebKit/537.36 (KHTML, like Gecko; compatible; ClaudeBot/1.0; +claudebot@anthropic.com)"
216.73.217.69 - - [25/Aug/2026:12:29:15 +0000] "GET /wp-content/wp-blog-header.php?download=%2Fproc%2F1089685&path=%2Fproc HTTP/2.0" 404 265 "-" "Mozilla/5.0 AppleWebKit/537.36 (KHTML, like Gecko; compatible; ClaudeBot/1.0; +claudebot@anthropic.com)"
2a03:2880:f812:59:: - - [25/Aug/2026:12:29:16 +0000] "GET /wp-content/wp-blog-header.php?path=%2Fproc%2F1060815 HTTP/2.0" 404 265 "-" "Mozilla/5.0 (Windows NT 10.0; Win64; x64) AppleWebKit/537.36 (KHTML, like Gecko) Chrome/145.0.0.0 Safari/537.36 (compatible; meta-externalagent/1.1 (+https://developers.facebook.com/docs/sharing/webmasters/crawler))"
216.73.217.69 - - [25/Aug/2026:12:29:16 +0000] "GET /wp-content/wp-blog-header.php?edit=%2Fproc%2F3345829%2Ftask%2F3345867%2Ffdinfo%2F122 HTTP/2.0" 404 265 "-" "Mozilla/5.0 AppleWebKit/537.36 (KHTML, like Gecko; compatible; ClaudeBot/1.0; +claudebot@anthropic.com)"
74.7.227.10 - - [25/Aug/2026:12:29:16 +0000] "GET /wp-content/wp-blog-header.php?edit=%2Fproc%2F627630 HTTP/2.0" 404 265 "https://hyperredbed.com/wp-content/wp-blog-header.php?download=%2Fproc%2F1274914&path=%2Fproc" "Mozilla/5.0 AppleWebKit/537.36 (KHTML, like Gecko; compatible; GPTBot/1.4; +https://openai.com/gptbot)"
216.73.217.69 - - [25/Aug/2026:12:29:16 +0000] "GET /wp-content/wp-blog-header.php?download=%2Fproc%2F1034561&path=%2Fproc HTTP/2.0" 404 265 "-" "Mozilla/5.0 AppleWebKit/537.36 (KHTML, like Gecko; compatible; ClaudeBot/1.0; +claudebot@anthropic.com)"
216.73.217.69 - - [25/Aug/2026:12:29:17 +0000] "GET /wp-content/wp-blog-header.php?rename=%2Fproc%2F800556%2Ftask%2F800602%2Ffdinfo%2F0 HTTP/2.0" 404 265 "-" "Mozilla/5.0 AppleWebKit/537.36 (KHTML, like Gecko; compatible; ClaudeBot/1.0; +claudebot@anthropic.com)"
216.73.217.69 - - [25/Aug/2026:12:29:17 +0000] "GET /wp-content/wp-blog-header.php?edit=%2Fproc%2F800556%2Ftask%2F800586%2Fnet%2Frt_acct HTTP/2.0" 404 265 "-" "Mozilla/5.0 AppleWebKit/537.36 (KHTML, like Gecko; compatible; ClaudeBot/1.0; +claudebot@anthropic.com)"
216.73.217.69 - - [25/Aug/2026:12:29:18 +0000] "GET /wp-content/wp-blog-header.php?path=%2Fusr%2Flocal%2Fcpanel%2F3rdparty%2Fshare%2FphpPgAdmin%2Flibraries%2Fadodb%2Fdrivers%2Fadodb-ado5.inc.php HTTP/2.0" 404 265 "-" "Mozilla/5.0 AppleWebKit/537.36 (KHTML, like Gecko; compatible; ClaudeBot/1.0; +claudebot@anthropic.com)"
216.73.217.69 - - [25/Aug/2026:12:29:18 +0000] "GET /wp-content/wp-blog-header.php?delete=%2Fproc%2F83507%2Ftask%2F83507%2Fnet%2Fnf_conntrack HTTP/2.0" 404 265 "-" "Mozilla/5.0 AppleWebKit/537.36 (KHTML, like Gecko; compatible; ClaudeBot/1.0; +claudebot@anthropic.com)"
3.93.253.174 - - [25/Aug/2026:12:29:19 +0000] "GET /cgi-bin/load.php HTTP/2.0" 200 1297 "-" "Mozilla/5.0 AppleWebKit/537.36 (KHTML, like Gecko; compatible; Amazonbot/0.1; +https://developer.amazon.com/support/amazonbot) Chrome/119.0.6045.214 Safari/537.36"
216.73.217.69 - - [25/Aug/2026:12:29:19 +0000] "GET /wp-content/wp-blog-header.php?download=%2Fproc%2F154863&path=%2Fproc HTTP/2.0" 404 265 "-" "Mozilla/5.0 AppleWebKit/537.36 (KHTML, like Gecko; compatible; ClaudeBot/1.0; +claudebot@anthropic.com)"
216.73.217.69 - - [25/Aug/2026:12:29:19 +0000] "GET /wp-content/wp-blog-header.php?edit=%2Fproc%2F3345829%2Ftask%2F3345829%2Ffdinfo%2F1827 HTTP/2.0" 404 265 "-" "Mozilla/5.0 AppleWebKit/537.36 (KHTML, like Gecko; compatible; ClaudeBot/1.0; +claudebot@anthropic.com)"
2a03:2880:f812:e:: - - [25/Aug/2026:12:29:20 +0000] "GET /wp-content/wp-blog-header.php?path=%2Fproc%2F1730807 HTTP/2.0" 404 265 "-" "Mozilla/5.0 (Windows NT 10.0; Win64; x64) AppleWebKit/537.36 (KHTML, like Gecko) Chrome/145.0.0.0 Safari/537.36 (compatible; meta-externalagent/1.1 (+https://developers.facebook.com/docs/sharing/webmasters/crawler))"
216.73.217.69 - - [25/Aug/2026:12:29:20 +0000] "GET /wp-content/wp-blog-header.php?download=%2Fproc%2F2816440&path=%2Fproc HTTP/2.0" 404 265 "-" "Mozilla/5.0 AppleWebKit/537.36 (KHTML, like Gecko; compatible; ClaudeBot/1.0; +claudebot@anthropic.com)"
216.73.217.69 - - [25/Aug/2026:12:29:20 +0000] "GET /wp-content/wp-blog-header.php?rename=%2Fproc%2F3893948%2Fnet%2Fsoftnet_stat HTTP/2.0" 404 265 "-" "Mozilla/5.0 AppleWebKit/537.36 (KHTML, like Gecko; compatible; ClaudeBot/1.0; +claudebot@anthropic.com)"
216.73.217.69 - - [25/Aug/2026:12:29:21 +0000] "GET /wp-content/wp-blog-header.php?path=%2Fproc%2F3345829%2Ftask%2F3345867%2Ffdinfo%2F1188 HTTP/2.0" 404 265 "-" "Mozilla/5.0 AppleWebKit/537.36 (KHTML, like Gecko; compatible; ClaudeBot/1.0; +claudebot@anthropic.com)"
216.73.217.69 - - [25/Aug/2026:12:29:21 +0000] "GET /wp-content/wp-blog-header.php?path=%2Fproc%2F3345829%2Ftask%2F3345831%2Ffdinfo%2F1458 HTTP/2.0" 404 265 "-" "Mozilla/5.0 AppleWebKit/537.36 (KHTML, like Gecko; compatible; ClaudeBot/1.0; +claudebot@anthropic.com)"
216.73.217.69 - - [25/Aug/2026:12:29:22 +0000] "GET /wp-content/wp-blog-header.php?edit=%2Fproc%2F3345829%2Ftask%2F3345833%2Ffdinfo%2F1063 HTTP/2.0" 404 265 "-" "Mozilla/5.0 AppleWebKit/537.36 (KHTML, like Gecko; compatible; ClaudeBot/1.0; +claudebot@anthropic.com)"
2a03:2880:f812:14:: - - [25/Aug/2026:12:29:22 +0000] "GET /wp-content/wp-blog-header.php?delete=%2Fproc%2F1804997 HTTP/2.0" 404 265 "-" "Mozilla/5.0 (Windows NT 10.0; Win64; x64) AppleWebKit/537.36 (KHTML, like Gecko) Chrome/145.0.0.0 Safari/537.36 (compatible; meta-externalagent/1.1 (+https://developers.facebook.com/docs/sharing/webmasters/crawler))"
216.73.217.69 - - [25/Aug/2026:12:29:22 +0000] "GET /wp-content/wp-blog-header.php?download=%2Fproc%2F2602899&path=%2Fproc HTTP/2.0" 404 265 "-" "Mozilla/5.0 AppleWebKit/537.36 (KHTML, like Gecko; compatible; ClaudeBot/1.0; +claudebot@anthropic.com)"
18.206.47.187 - - [25/Aug/2026:12:29:23 +0000] "GET /wp-includes/js/tinymce/langs/ HTTP/2.0" 200 393 "-" "Mozilla/5.0 AppleWebKit/537.36 (KHTML, like Gecko; compatible; Amazonbot/0.1; +https://developer.amazon.com/support/amazonbot) Chrome/119.0.6045.214 Safari/537.36"
216.73.217.69 - - [25/Aug/2026:12:29:23 +0000] "GET /wp-content/wp-blog-header.php?path=%2Fproc%2F800556%2Ftask%2F800587%2Fnet%2Fipv6_route HTTP/2.0" 404 265 "-" "Mozilla/5.0 AppleWebKit/537.36 (KHTML, like Gecko; compatible; ClaudeBot/1.0; +claudebot@anthropic.com)"
216.73.217.69 - - [25/Aug/2026:12:29:23 +0000] "GET /wp-content/wp-blog-header.php?download=%2Fproc%2F2823376&path=%2Fproc HTTP/2.0" 404 265 "-" "Mozilla/5.0 AppleWebKit/537.36 (KHTML, like Gecko; compatible; ClaudeBot/1.0; +claudebot@anthropic.com)"
216.73.217.69 - - [25/Aug/2026:12:29:24 +0000] "GET /wp-content/wp-blog-header.php?path=%2Fproc%2F3345829%2Ftask%2F3345831%2Ffdinfo%2F1196 HTTP/2.0" 404 265 "-" "Mozilla/5.0 AppleWebKit/537.36 (KHTML, like Gecko; compatible; ClaudeBot/1.0; +claudebot@anthropic.com)"
216.73.217.69 - - [25/Aug/2026:12:29:24 +0000] "GET /wp-content/wp-blog-header.php?path=%2F%2Fproc%2F3345829%2Ftask%2F3415722%2Ffdinfo%2F1809 HTTP/2.0" 404 265 "-" "Mozilla/5.0 AppleWebKit/537.36 (KHTML, like Gecko; compatible; ClaudeBot/1.0; +claudebot@anthropic.com)"
216.73.217.69 - - [25/Aug/2026:12:29:25 +0000] "GET /wp-content/wp-blog-header.php?edit=%2Fproc%2F3345829%2Ftask%2F3345867%2Fnet%2Fraw6 HTTP/2.0" 404 265 "-" "Mozilla/5.0 AppleWebKit/537.36 (KHTML, like Gecko; compatible; ClaudeBot/1.0; +claudebot@anthropic.com)"
216.73.217.69 - - [25/Aug/2026:12:29:25 +0000] "GET /wp-content/wp-blog-header.php?path=%2F%2Fproc%2F3345829%2Ftask%2F3345848%2Ffdinfo%2F1002 HTTP/2.0" 404 265 "-" "Mozilla/5.0 AppleWebKit/537.36 (KHTML, like Gecko; compatible; ClaudeBot/1.0; +claudebot@anthropic.com)"
216.73.217.69 - - [25/Aug/2026:12:29:26 +0000] "GET /wp-content/wp-blog-header.php?download=%2Fproc%2F33462&path=%2Fproc HTTP/2.0" 404 265 "-" "Mozilla/5.0 AppleWebKit/537.36 (KHTML, like Gecko; compatible; ClaudeBot/1.0; +claudebot@anthropic.com)"
216.73.217.69 - - [25/Aug/2026:12:29:26 +0000] "GET /wp-content/wp-blog-header.php?rename=%2Fproc%2F800556%2Ftask%2F800591%2Ffdinfo%2F53 HTTP/2.0" 404 265 "-" "Mozilla/5.0 AppleWebKit/537.36 (KHTML, like Gecko; compatible; ClaudeBot/1.0; +claudebot@anthropic.com)"
35.173.38.202 - - [25/Aug/2026:12:29:27 +0000] "GET /wp-includes/css/?C=M;O%3DD HTTP/2.0" 200 373 "-" "Mozilla/5.0 AppleWebKit/537.36 (KHTML, like Gecko; compatible; Amazonbot/0.1; +https://developer.amazon.com/support/amazonbot) Chrome/119.0.6045.214 Safari/537.36"
216.73.217.69 - - [25/Aug/2026:12:29:27 +0000] "GET /wp-content/wp-blog-header.php?download=%2Fproc%2F551780&path=%2Fproc HTTP/2.0" 404 265 "-" "Mozilla/5.0 AppleWebKit/537.36 (KHTML, like Gecko; compatible; ClaudeBot/1.0; +claudebot@anthropic.com)"
216.73.217.69 - - [25/Aug/2026:12:29:27 +0000] "GET /wp-content/wp-blog-header.php?rename=%2Fproc%2F800556%2Ftask%2F823790%2Fcgroup HTTP/2.0" 404 265 "-" "Mozilla/5.0 AppleWebKit/537.36 (KHTML, like Gecko; compatible; ClaudeBot/1.0; +claudebot@anthropic.com)"
216.73.217.69 - - [25/Aug/2026:12:29:28 +0000] "GET /wp-content/wp-blog-header.php?delete=%2Fproc%2F800556%2Ftask%2F800632%2Ffdinfo%2F203 HTTP/2.0" 404 265 "-" "Mozilla/5.0 AppleWebKit/537.36 (KHTML, like Gecko; compatible; ClaudeBot/1.0; +claudebot@anthropic.com)"
216.73.217.69 - - [25/Aug/2026:12:29:28 +0000] "GET /wp-content/wp-blog-header.php?path=%2Fproc%2F3345829%2Ftask%2F3345830%2Ffdinfo%2F1461 HTTP/2.0" 404 265 "-" "Mozilla/5.0 AppleWebKit/537.36 (KHTML, like Gecko; compatible; ClaudeBot/1.0; +claudebot@anthropic.com)"
216.73.217.69 - - [25/Aug/2026:12:29:29 +0000] "GET /wp-content/wp-blog-header.php?rename=%2Fproc%2F3046777%2Fnet%2Fsnmp HTTP/2.0" 404 265 "-" "Mozilla/5.0 AppleWebKit/537.36 (KHTML, like Gecko; compatible; ClaudeBot/1.0; +claudebot@anthropic.com)"
216.73.217.69 - - [25/Aug/2026:12:29:29 +0000] "GET /wp-content/wp-blog-header.php?download=%2Fproc%2F3645774%2Fstack&path=%2Fproc%2F3645774 HTTP/2.0" 404 265 "-" "Mozilla/5.0 AppleWebKit/537.36 (KHTML, like Gecko; compatible; ClaudeBot/1.0; +claudebot@anthropic.com)"
2a03:2880:f812:66:: - - [25/Aug/2026:12:29:30 +0000] "GET /wp-content/wp-blog-header.php?delete=%2Fproc%2F1813278 HTTP/2.0" 404 265 "-" "Mozilla/5.0 (Macintosh; Intel Mac OS X 10_15_7) AppleWebKit/537.36 (KHTML, like Gecko) Chrome/145.0.0.0 Safari/537.36 (compatible; meta-externalagent/1.1 (+https://developers.facebook.com/docs/sharing/webmasters/crawler))"
216.73.217.69 - - [25/Aug/2026:12:29:30 +0000] "GET /wp-content/wp-blog-header.php?edit=%2Fproc%2F3345829%2Ftask%2F3345867%2Ffdinfo%2F1897 HTTP/2.0" 404 265 "-" "Mozilla/5.0 AppleWebKit/537.36 (KHTML, like Gecko; compatible; ClaudeBot/1.0; +claudebot@anthropic.com)"
98.82.214.73 - - [25/Aug/2026:12:29:30 +0000] "GET /wp-includes/images/crystal/?C=D;O%3DA HTTP/2.0" 200 583 "-" "Mozilla/5.0 AppleWebKit/537.36 (KHTML, like Gecko; compatible; Amazonbot/0.1; +https://developer.amazon.com/support/amazonbot) Chrome/119.0.6045.214 Safari/537.36"
216.73.217.69 - - [25/Aug/2026:12:29:30 +0000] "GET /wp-content/wp-blog-header.php?path=%2Fproc%2F1776417%2Fnet%2Fip6_flowlabel HTTP/2.0" 404 265 "-" "Mozilla/5.0 AppleWebKit/537.36 (KHTML, like Gecko; compatible; ClaudeBot/1.0; +claudebot@anthropic.com)"
216.73.217.69 - - [25/Aug/2026:12:29:31 +0000] "GET /wp-content/wp-blog-header.php?delete=%2Fproc%2F3345829%2Ftask%2F3345829%2Fnet%2Fmcfilter6 HTTP/2.0" 404 265 "-" "Mozilla/5.0 AppleWebKit/537.36 (KHTML, like Gecko; compatible; ClaudeBot/1.0; +claudebot@anthropic.com)"
216.73.217.69 - - [25/Aug/2026:12:29:31 +0000] "GET /wp-content/wp-blog-header.php?download=%2Fproc%2F1131571&path=%2Fproc HTTP/2.0" 404 265 "-" "Mozilla/5.0 AppleWebKit/537.36 (KHTML, like Gecko; compatible; ClaudeBot/1.0; +claudebot@anthropic.com)"
216.73.217.69 - - [25/Aug/2026:12:29:32 +0000] "GET /wp-content/wp-blog-header.php?path=%2Fproc%2F3345829%2Ftask%2F3345848%2Ffdinfo%2F1715 HTTP/2.0" 404 265 "-" "Mozilla/5.0 AppleWebKit/537.36 (KHTML, like Gecko; compatible; ClaudeBot/1.0; +claudebot@anthropic.com)"
216.73.217.69 - - [25/Aug/2026:12:29:32 +0000] "GET /wp-content/wp-blog-header.php?download=%2Fproc%2F3538600&path=%2Fproc HTTP/2.0" 404 265 "-" "Mozilla/5.0 AppleWebKit/537.36 (KHTML, like Gecko; compatible; ClaudeBot/1.0; +claudebot@anthropic.com)"
216.73.217.69 - - [25/Aug/2026:12:29:33 +0000] "GET /wp-content/wp-blog-header.php?download=%2Fproc%2F1805015&path=%2Fproc HTTP/2.0" 404 265 "-" "Mozilla/5.0 AppleWebKit/537.36 (KHTML, like Gecko; compatible; ClaudeBot/1.0; +claudebot@anthropic.com)"
216.73.217.69 - - [25/Aug/2026:12:29:33 +0000] "GET /wp-content/wp-blog-header.php?download=%2Fproc%2F2072076&path=%2Fproc HTTP/2.0" 404 265 "-" "Mozilla/5.0 AppleWebKit/537.36 (KHTML, like Gecko; compatible; ClaudeBot/1.0; +claudebot@anthropic.com)"
2a03:2880:f812:1e:: - - [25/Aug/2026:12:29:34 +0000] "GET /wp-content/wp-blog-header.php?rename=%2Fproc%2F1813281 HTTP/2.0" 404 265 "-" "Mozilla/5.0 (Windows NT 10.0; Win64; x64) AppleWebKit/537.36 (KHTML, like Gecko) Chrome/145.0.0.0 Safari/537.36 (compatible; meta-externalagent/1.1 (+https://developers.facebook.com/docs/sharing/webmasters/crawler))"
216.73.217.69 - - [25/Aug/2026:12:29:34 +0000] "GET /wp-content/wp-blog-header.php?download=%2Fproc%2F1109518&path=%2Fproc HTTP/2.0" 404 265 "-" "Mozilla/5.0 AppleWebKit/537.36 (KHTML, like Gecko; compatible; ClaudeBot/1.0; +claudebot@anthropic.com)"
23.21.227.240 - - [25/Aug/2026:12:29:34 +0000] "GET /wp-content/themes/twentytwentythree/ HTTP/2.0" 200 384 "-" "Mozilla/5.0 AppleWebKit/537.36 (KHTML, like Gecko; compatible; Amazonbot/0.1; +https://developer.amazon.com/support/amazonbot) Chrome/119.0.6045.214 Safari/537.36"
216.73.217.69 - - [25/Aug/2026:12:29:34 +0000] "GET /wp-content/wp-blog-header.php?download=%2Fproc%2F455492&path=%2Fproc HTTP/2.0" 404 265 "-" "Mozilla/5.0 AppleWebKit/537.36 (KHTML, like Gecko; compatible; ClaudeBot/1.0; +claudebot@anthropic.com)"
216.73.217.69 - - [25/Aug/2026:12:29:35 +0000] "GET /wp-content/wp-blog-header.php?download=%2Fproc%2F381892&path=%2Fproc HTTP/2.0" 404 265 "-" "Mozilla/5.0 AppleWebKit/537.36 (KHTML, like Gecko; compatible; ClaudeBot/1.0; +claudebot@anthropic.com)"
216.73.217.69 - - [25/Aug/2026:12:29:35 +0000] "GET /wp-content/wp-blog-header.php?download=%2Fproc%2F2129524&path=%2Fproc HTTP/2.0" 404 265 "-" "Mozilla/5.0 AppleWebKit/537.36 (KHTML, like Gecko; compatible; ClaudeBot/1.0; +claudebot@anthropic.com)"
216.73.217.69 - - [25/Aug/2026:12:29:36 +0000] "GET /wp-content/wp-blog-header.php?path=%2Fproc%2F3345829%2Ftask%2F3345829%2Ffdinfo%2F1212 HTTP/2.0" 404 265 "-" "Mozilla/5.0 AppleWebKit/537.36 (KHTML, like Gecko; compatible; ClaudeBot/1.0; +claudebot@anthropic.com)"
216.73.217.69 - - [25/Aug/2026:12:29:36 +0000] "GET /wp-content/wp-blog-header.php?delete=%2Fproc%2F3345829%2Ftask%2F3345848%2Ffdinfo%2F182 HTTP/2.0" 404 265 "-" "Mozilla/5.0 AppleWebKit/537.36 (KHTML, like Gecko; compatible; ClaudeBot/1.0; +claudebot@anthropic.com)"
74.7.227.10 - - [25/Aug/2026:12:29:37 +0000] "GET /wp-content/wp-blog-header.php?edit=%2Fproc%2F825060 HTTP/2.0" 404 265 "https://hyperredbed.com/wp-content/wp-blog-header.php?download=%2Fproc%2F4036087&path=%2Fproc" "Mozilla/5.0 AppleWebKit/537.36 (KHTML, like Gecko; compatible; GPTBot/1.4; +https://openai.com/gptbot)"
216.73.217.69 - - [25/Aug/2026:12:29:37 +0000] "GET /wp-content/wp-blog-header.php?delete=%2Fproc%2F3345829%2Ftask%2F3345847%2Fnet%2Fsockstat6 HTTP/2.0" 404 265 "-" "Mozilla/5.0 AppleWebKit/537.36 (KHTML, like Gecko; compatible; ClaudeBot/1.0; +claudebot@anthropic.com)"
2a03:2880:f812:6e:: - - [25/Aug/2026:12:29:37 +0000] "GET /wp-content/wp-blog-header.php?delete=%2Fproc%2F1724348 HTTP/2.0" 404 265 "-" "Mozilla/5.0 (Windows NT 10.0; Win64; x64) AppleWebKit/537.36 (KHTML, like Gecko) Chrome/145.0.0.0 Safari/537.36 (compatible; meta-externalagent/1.1 (+https://developers.facebook.com/docs/sharing/webmasters/crawler))"
216.73.217.69 - - [25/Aug/2026:12:29:37 +0000] "GET /wp-content/wp-blog-header.php?path=%2Fproc%2F3345829%2Ftask%2F3345829%2Ffdinfo%2F1686 HTTP/2.0" 404 265 "-" "Mozilla/5.0 AppleWebKit/537.36 (KHTML, like Gecko; compatible; ClaudeBot/1.0; +claudebot@anthropic.com)"
216.73.217.69 - - [25/Aug/2026:12:29:38 +0000] "GET /wp-content/wp-blog-header.php?download=%2Fproc%2F1174006&path=%2Fproc HTTP/2.0" 404 265 "-" "Mozilla/5.0 AppleWebKit/537.36 (KHTML, like Gecko; compatible; ClaudeBot/1.0; +claudebot@anthropic.com)"
216.73.217.69 - - [25/Aug/2026:12:29:38 +0000] "GET /wp-content/wp-blog-header.php?path=%2Fproc%2F3345829%2Ftask%2F3345848%2Ffdinfo%2F1427 HTTP/2.0" 404 265 "-" "Mozilla/5.0 AppleWebKit/537.36 (KHTML, like Gecko; compatible; ClaudeBot/1.0; +claudebot@anthropic.com)"
3.89.176.255 - - [25/Aug/2026:12:29:39 +0000] "GET /wp-includes/js/tinymce/utils/ HTTP/2.0" 200 391 "-" "Mozilla/5.0 AppleWebKit/537.36 (KHTML, like Gecko; compatible; Amazonbot/0.1; +https://developer.amazon.com/support/amazonbot) Chrome/119.0.6045.214 Safari/537.36"
216.73.217.69 - - [25/Aug/2026:12:29:39 +0000] "GET /wp-content/wp-blog-header.php?rename=%2Fproc%2F800556%2Ftask%2F800560%2Ffdinfo%2F261 HTTP/2.0" 404 265 "-" "Mozilla/5.0 AppleWebKit/537.36 (KHTML, like Gecko; compatible; ClaudeBot/1.0; +claudebot@anthropic.com)"
216.73.217.69 - - [25/Aug/2026:12:29:40 +0000] "GET /wp-content/wp-blog-header.php?path=%2Fproc%2F6306%2Fmap_files%2F151ddbd22000-151ddbd53000 HTTP/2.0" 404 265 "-" "Mozilla/5.0 AppleWebKit/537.36 (KHTML, like Gecko; compatible; ClaudeBot/1.0; +claudebot@anthropic.com)"
2a03:2880:f812:23:: - - [25/Aug/2026:12:29:40 +0000] "GET /wp-content/wp-blog-header.php?path=%2Fproc%2F1738493 HTTP/2.0" 404 265 "-" "Mozilla/5.0 (Windows NT 10.0; Win64; x64) AppleWebKit/537.36 (KHTML, like Gecko) Chrome/145.0.0.0 Safari/537.36 (compatible; meta-externalagent/1.1 (+https://developers.facebook.com/docs/sharing/webmasters/crawler))"
216.73.217.69 - - [25/Aug/2026:12:29:40 +0000] "GET /wp-content/wp-blog-header.php?rename=%2Fproc%2F800556%2Ftask%2F823795%2Ffdinfo%2F97 HTTP/2.0" 404 265 "-" "Mozilla/5.0 AppleWebKit/537.36 (KHTML, like Gecko; compatible; ClaudeBot/1.0; +claudebot@anthropic.com)"
216.73.217.69 - - [25/Aug/2026:12:29:41 +0000] "GET /wp-content/wp-blog-header.php?rename=%2Fproc%2F800556%2Ftask%2F800629%2Ffdinfo%2F71 HTTP/2.0" 404 265 "-" "Mozilla/5.0 AppleWebKit/537.36 (KHTML, like Gecko; compatible; ClaudeBot/1.0; +claudebot@anthropic.com)"
216.73.217.69 - - [25/Aug/2026:12:29:41 +0000] "GET /wp-content/wp-blog-header.php?download=%2Fproc%2F4075574&path=%2Fproc HTTP/2.0" 404 265 "-" "Mozilla/5.0 AppleWebKit/537.36 (KHTML, like Gecko; compatible; ClaudeBot/1.0; +claudebot@anthropic.com)"
216.73.217.69 - - [25/Aug/2026:12:29:42 +0000] "GET /wp-content/wp-blog-header.php?download=%2Fproc%2F2552219&path=%2Fproc HTTP/2.0" 404 265 "-" "Mozilla/5.0 AppleWebKit/537.36 (KHTML, like Gecko; compatible; ClaudeBot/1.0; +claudebot@anthropic.com)"
216.73.217.69 - - [25/Aug/2026:12:29:42 +0000] "GET /wp-content/wp-blog-header.php?download=%2Fproc%2F1583772&path=%2Fproc HTTP/2.0" 404 265 "-" "Mozilla/5.0 AppleWebKit/537.36 (KHTML, like Gecko; compatible; ClaudeBot/1.0; +claudebot@anthropic.com)"
98.84.131.195 - - [25/Aug/2026:12:29:43 +0000] "GET /wp-includes/ID3/?C=N;O%3DA HTTP/2.0" 404 265 "-" "Mozilla/5.0 AppleWebKit/537.36 (KHTML, like Gecko; compatible; Amazonbot/0.1; +https://developer.amazon.com/support/amazonbot) Chrome/119.0.6045.214 Safari/537.36"
216.73.217.69 - - [25/Aug/2026:12:29:43 +0000] "GET /wp-content/wp-blog-header.php?download=%2Fproc%2F1311641&path=%2Fproc HTTP/2.0" 404 265 "-" "Mozilla/5.0 AppleWebKit/537.36 (KHTML, like Gecko; compatible; ClaudeBot/1.0; +claudebot@anthropic.com)"
216.73.217.69 - - [25/Aug/2026:12:29:43 +0000] "GET /wp-content/wp-blog-header.php?delete=%2Fproc%2F800556%2Ftask%2F800568%2Ffdinfo%2F106 HTTP/2.0" 404 265 "-" "Mozilla/5.0 AppleWebKit/537.36 (KHTML, like Gecko; compatible; ClaudeBot/1.0; +claudebot@anthropic.com)"
216.73.217.69 - - [25/Aug/2026:12:29:44 +0000] "GET /wp-content/wp-blog-header.php?download=%2Fproc%2F3693585&path=%2Fproc HTTP/2.0" 404 265 "-" "Mozilla/5.0 AppleWebKit/537.36 (KHTML, like Gecko; compatible; ClaudeBot/1.0; +claudebot@anthropic.com)"
216.73.217.69 - - [25/Aug/2026:12:29:44 +0000] "GET /wp-content/wp-blog-header.php?edit=%2Fproc%2F3669110%2Ftask%2F3669110%2Fnet%2Frt6_stats HTTP/2.0" 404 265 "-" "Mozilla/5.0 AppleWebKit/537.36 (KHTML, like Gecko; compatible; ClaudeBot/1.0; +claudebot@anthropic.com)"
2a03:2880:f812:10:: - - [25/Aug/2026:12:29:45 +0000] "GET /wp-content/wp-blog-header.php?delete=%2Fproc%2F1502595 HTTP/2.0" 404 265 "-" "Mozilla/5.0 (Windows NT 10.0; Win64; x64) AppleWebKit/537.36 (KHTML, like Gecko) Chrome/145.0.0.0 Safari/537.36 (compatible; meta-externalagent/1.1 (+https://developers.facebook.com/docs/sharing/webmasters/crawler))"
2a03:2880:f812:5b:: - - [25/Aug/2026:12:29:45 +0000] "GET /wp-content/wp-blog-header.php?path=%2Fproc%2F1804997 HTTP/2.0" 404 265 "-" "Mozilla/5.0 (Windows NT 10.0; Win64; x64) AppleWebKit/537.36 (KHTML, like Gecko) Chrome/145.0.0.0 Safari/537.36 (compatible; meta-externalagent/1.1 (+https://developers.facebook.com/docs/sharing/webmasters/crawler))"
216.73.217.69 - - [25/Aug/2026:12:29:45 +0000] "GET /wp-content/wp-blog-header.php?download=%2Fproc%2F3824740&path=%2Fproc HTTP/2.0" 404 265 "-" "Mozilla/5.0 AppleWebKit/537.36 (KHTML, like Gecko; compatible; ClaudeBot/1.0; +claudebot@anthropic.com)"
216.73.217.69 - - [25/Aug/2026:12:29:45 +0000] "GET /wp-content/wp-blog-header.php?edit=%2Fproc%2F800556%2Ftask%2F823796%2Fnet%2Fudp6 HTTP/2.0" 404 265 "-" "Mozilla/5.0 AppleWebKit/537.36 (KHTML, like Gecko; compatible; ClaudeBot/1.0; +claudebot@anthropic.com)"
216.73.217.69 - - [25/Aug/2026:12:29:46 +0000] "GET /wp-content/wp-blog-header.php?rename=%2Fproc%2F2000492%2Ftask%2F2000492%2Fnet%2Ficmp6 HTTP/2.0" 404 265 "-" "Mozilla/5.0 AppleWebKit/537.36 (KHTML, like Gecko; compatible; ClaudeBot/1.0; +claudebot@anthropic.com)"
34.193.2.57 - - [25/Aug/2026:12:29:46 +0000] "GET /wp-includes/SimplePie/?C=M;O%3DD HTTP/2.0" 200 402 "-" "Mozilla/5.0 AppleWebKit/537.36 (KHTML, like Gecko; compatible; Amazonbot/0.1; +https://developer.amazon.com/support/amazonbot) Chrome/119.0.6045.214 Safari/537.36"
216.73.217.69 - - [25/Aug/2026:12:29:46 +0000] "GET /wp-content/wp-blog-header.php?rename=%2Fproc%2F800556%2Ftask%2F800600%2Ffdinfo%2F92 HTTP/2.0" 404 265 "-" "Mozilla/5.0 AppleWebKit/537.36 (KHTML, like Gecko; compatible; ClaudeBot/1.0; +claudebot@anthropic.com)"
216.73.217.69 - - [25/Aug/2026:12:29:47 +0000] "GET /wp-content/wp-blog-header.php?rename=%2Fproc%2F800556%2Ftask%2F823799%2Ffdinfo%2F211 HTTP/2.0" 404 265 "-" "Mozilla/5.0 AppleWebKit/537.36 (KHTML, like Gecko; compatible; ClaudeBot/1.0; +claudebot@anthropic.com)"
2a03:2880:f812:60:: - - [25/Aug/2026:12:29:47 +0000] "GET /wp-content/wp-blog-header.php?path=%2Fproc%2F1813281 HTTP/2.0" 404 265 "-" "Mozilla/5.0 (Windows NT 10.0; Win64; x64) AppleWebKit/537.36 (KHTML, like Gecko) Chrome/145.0.0.0 Safari/537.36 (compatible; meta-externalagent/1.1 (+https://developers.facebook.com/docs/sharing/webmasters/crawler))"
216.73.217.69 - - [25/Aug/2026:12:29:47 +0000] "GET /wp-content/wp-blog-header.php?path=%2Fproc%2F1543985%2Fnet%2Fip6_mr_vif HTTP/2.0" 404 265 "-" "Mozilla/5.0 AppleWebKit/537.36 (KHTML, like Gecko; compatible; ClaudeBot/1.0; +claudebot@anthropic.com)"
216.73.217.69 - - [25/Aug/2026:12:29:48 +0000] "GET /wp-content/wp-blog-header.php?rename=%2Fproc%2F800556%2Ftask%2F800587%2Ffdinfo%2F213 HTTP/2.0" 404 265 "-" "Mozilla/5.0 AppleWebKit/537.36 (KHTML, like Gecko; compatible; ClaudeBot/1.0; +claudebot@anthropic.com)"
216.73.217.69 - - [25/Aug/2026:12:29:48 +0000] "GET /wp-content/wp-blog-header.php?download=%2Fproc%2F2858857&path=%2Fproc HTTP/2.0" 404 265 "-" "Mozilla/5.0 AppleWebKit/537.36 (KHTML, like Gecko; compatible; ClaudeBot/1.0; +claudebot@anthropic.com)"
216.73.217.69 - - [25/Aug/2026:12:29:49 +0000] "GET /wp-content/wp-blog-header.php?download=%2Fproc%2F3583682&path=%2Fproc HTTP/2.0" 404 265 "-" "Mozilla/5.0 AppleWebKit/537.36 (KHTML, like Gecko; compatible; ClaudeBot/1.0; +claudebot@anthropic.com)"
216.73.217.69 - - [25/Aug/2026:12:29:49 +0000] "GET /wp-content/wp-blog-header.php?path=%2Fproc%2F1776417%2Fnet%2Fip_tables_targets HTTP/2.0" 404 265 "-" "Mozilla/5.0 AppleWebKit/537.36 (KHTML, like Gecko; compatible; ClaudeBot/1.0; +claudebot@anthropic.com)"
216.73.217.69 - - [25/Aug/2026:12:29:50 +0000] "GET /wp-content/wp-blog-header.php?rename=%2Fproc%2F800556%2Ftask%2F800562%2Ffdinfo%2F28 HTTP/2.0" 404 265 "-" "Mozilla/5.0 AppleWebKit/537.36 (KHTML, like Gecko; compatible; ClaudeBot/1.0; +claudebot@anthropic.com)"
216.73.217.69 - - [25/Aug/2026:12:29:50 +0000] "GET /wp-content/wp-blog-header.php?edit=%2Fproc%2F1976875%2Ftask%2F1976875%2Fauxv HTTP/2.0" 404 265 "-" "Mozilla/5.0 AppleWebKit/537.36 (KHTML, like Gecko; compatible; ClaudeBot/1.0; +claudebot@anthropic.com)"
44.193.102.198 - - [25/Aug/2026:12:29:51 +0000] "GET /wp-content/plugins/oxygen-gutenberg/ HTTP/2.0" 200 389 "-" "Mozilla/5.0 AppleWebKit/537.36 (KHTML, like Gecko; compatible; Amazonbot/0.1; +https://developer.amazon.com/support/amazonbot) Chrome/119.0.6045.214 Safari/537.36"
216.73.217.69 - - [25/Aug/2026:12:29:51 +0000] "GET /wp-content/wp-blog-header.php?delete=%2Fproc%2F800556%2Ftask%2F800568%2Fnet%2Ficmp HTTP/2.0" 404 265 "-" "Mozilla/5.0 AppleWebKit/537.36 (KHTML, like Gecko; compatible; ClaudeBot/1.0; +claudebot@anthropic.com)"
2a03:2880:f812:3e:: - - [25/Aug/2026:12:29:51 +0000] "GET /wp-content/wp-blog-header.php?delete=%2Fproc%2F1813280 HTTP/2.0" 404 265 "-" "Mozilla/5.0 (Windows NT 10.0; Win64; x64) AppleWebKit/537.36 (KHTML, like Gecko) Chrome/145.0.0.0 Safari/537.36 (compatible; meta-externalagent/1.1 (+https://developers.facebook.com/docs/sharing/webmasters/crawler))"
216.73.217.69 - - [25/Aug/2026:12:29:51 +0000] "GET /wp-content/wp-blog-header.php?path=%2Fproc%2F800556%2Ftask%2F800605%2Fnet%2Figmp6 HTTP/2.0" 404 265 "-" "Mozilla/5.0 AppleWebKit/537.36 (KHTML, like Gecko; compatible; ClaudeBot/1.0; +claudebot@anthropic.com)"
216.73.217.69 - - [25/Aug/2026:12:29:52 +0000] "GET /wp-content/wp-blog-header.php?delete=%2Fproc%2F800556%2Ftask%2F800602%2Fnet%2Frt6_stats HTTP/2.0" 404 265 "-" "Mozilla/5.0 AppleWebKit/537.36 (KHTML, like Gecko; compatible; ClaudeBot/1.0; +claudebot@anthropic.com)"
216.73.217.69 - - [25/Aug/2026:12:29:52 +0000] "GET /wp-content/wp-blog-header.php?edit=%2Fproc%2F800556%2Ftask%2F800602%2Fnet%2Ficmp6 HTTP/2.0" 404 265 "-" "Mozilla/5.0 AppleWebKit/537.36 (KHTML, like Gecko; compatible; ClaudeBot/1.0; +claudebot@anthropic.com)"
216.73.217.69 - - [25/Aug/2026:12:29:53 +0000] "GET /wp-content/wp-blog-header.php?rename=%2Fproc%2F800556%2Ftask%2F800587%2Ffdinfo%2F126 HTTP/2.0" 404 265 "-" "Mozilla/5.0 AppleWebKit/537.36 (KHTML, like Gecko; compatible; ClaudeBot/1.0; +claudebot@anthropic.com)"
216.73.217.69 - - [25/Aug/2026:12:29:53 +0000] "GET /wp-content/wp-blog-header.php?rename=%2Fproc%2F800556%2Ftask%2F800591%2Ffdinfo%2F90 HTTP/2.0" 404 265 "-" "Mozilla/5.0 AppleWebKit/537.36 (KHTML, like Gecko; compatible; ClaudeBot/1.0; +claudebot@anthropic.com)"
2a03:2880:f812:53:: - - [25/Aug/2026:12:29:54 +0000] "GET /?e=200296340100 HTTP/2.0" 200 530 "-" "Mozilla/5.0 (Windows NT 10.0; Win64; x64) AppleWebKit/537.36 (KHTML, like Gecko) Chrome/145.0.0.0 Safari/537.36 (compatible; meta-externalagent/1.1 (+https://developers.facebook.com/docs/sharing/webmasters/crawler))"
