74.7.243.216 - - [25/Aug/2026:19:13:43 +0000] "GET /products/detail/789331541770 HTTP/2.0" 500 0 "https://hyperbarics4u.com/sitemap680.xml" "Mozilla/5.0 AppleWebKit/537.36 (KHTML, like Gecko; compatible; GPTBot/1.4; +https://openai.com/gptbot)"
2a03:2880:f806:36:: - - [25/Aug/2026:19:13:51 +0000] "GET /?c5h3e8n2i4s9t2r5y398 HTTP/2.0" 500 0 "-" "Mozilla/5.0 (Macintosh; Intel Mac OS X 10.15; rv:147.0) Gecko/20100101 Firefox/147.0 (compatible; meta-externalagent/1.1 (+https://developers.facebook.com/docs/sharing/webmasters/crawler))"
74.7.243.216 - - [25/Aug/2026:19:14:04 +0000] "GET /products/detail/789532881635 HTTP/2.0" 500 0 "https://hyperbarics4u.com/sitemap680.xml" "Mozilla/5.0 AppleWebKit/537.36 (KHTML, like Gecko; compatible; GPTBot/1.4; +https://openai.com/gptbot)"
74.7.243.216 - - [25/Aug/2026:19:14:25 +0000] "GET /products/detail/789529815065 HTTP/2.0" 500 0 "https://hyperbarics4u.com/sitemap680.xml" "Mozilla/5.0 AppleWebKit/537.36 (KHTML, like Gecko; compatible; GPTBot/1.4; +https://openai.com/gptbot)"
74.7.243.216 - - [25/Aug/2026:19:14:47 +0000] "GET /products/detail/789030245540 HTTP/2.0" 500 0 "https://hyperbarics4u.com/sitemap680.xml" "Mozilla/5.0 AppleWebKit/537.36 (KHTML, like Gecko; compatible; GPTBot/1.4; +https://openai.com/gptbot)"
37.157.124.245 - - [25/Aug/2026:19:14:53 +0000] "GET /?s6u3b6s5t1r4u3c1t6i9o6n HTTP/2.0" 500 0 "https://www.hyperbarics4u.com/?s6u3b6s5t1r4u3c1t6i9o6n" "Mozilla/5.0 (Linux; Android 14; OPPO PCLM4) AppleWebKit/537.36 (KHTML, like Gecko) Chrome/143.0.5060.73 Mobile Safari/537.36 MicroMessenger/8.0.34(0x18001B3F) NetType/WIFI Language/zh_CN"
2a03:2880:f806:1d:: - - [25/Aug/2026:19:14:59 +0000] "GET /?h3i6n3g7i6n9g5490 HTTP/2.0" 500 0 "-" "Mozilla/5.0 (Windows NT 10.0; Win64; x64) AppleWebKit/537.36 (KHTML, like Gecko) Chrome/145.0.0.0 Safari/537.36 (compatible; meta-externalagent/1.1 (+https://developers.facebook.com/docs/sharing/webmasters/crawler))"
74.7.243.216 - - [25/Aug/2026:19:15:08 +0000] "GET /products/detail/789529866270 HTTP/2.0" 500 0 "https://hyperbarics4u.com/sitemap680.xml" "Mozilla/5.0 AppleWebKit/537.36 (KHTML, like Gecko; compatible; GPTBot/1.4; +https://openai.com/gptbot)"
74.7.243.216 - - [25/Aug/2026:19:15:29 +0000] "GET /products/detail/789030249360 HTTP/2.0" 500 0 "https://hyperbarics4u.com/sitemap680.xml" "Mozilla/5.0 AppleWebKit/537.36 (KHTML, like Gecko; compatible; GPTBot/1.4; +https://openai.com/gptbot)"
74.7.243.216 - - [25/Aug/2026:19:15:50 +0000] "GET /products/detail/789529920724 HTTP/2.0" 500 0 "https://hyperbarics4u.com/sitemap680.xml" "Mozilla/5.0 AppleWebKit/537.36 (KHTML, like Gecko; compatible; GPTBot/1.4; +https://openai.com/gptbot)"
2a03:2880:f806:44:: - - [25/Aug/2026:19:16:06 +0000] "GET /?t2r2i7c2h7a2s5t7o8m8a4 HTTP/2.0" 500 0 "-" "Mozilla/5.0 (Windows NT 10.0; Win64; x64) AppleWebKit/537.36 (KHTML, like Gecko) Chrome/145.0.0.0 Safari/537.36 (compatible; meta-externalagent/1.1 (+https://developers.facebook.com/docs/sharing/webmasters/crawler))"
74.7.243.216 - - [25/Aug/2026:19:16:11 +0000] "GET /products/detail/789033228559 HTTP/2.0" 500 0 "https://hyperbarics4u.com/sitemap680.xml" "Mozilla/5.0 AppleWebKit/537.36 (KHTML, like Gecko; compatible; GPTBot/1.4; +https://openai.com/gptbot)"
74.7.243.216 - - [25/Aug/2026:19:16:31 +0000] "GET /products/detail/789234256755 HTTP/2.0" 500 0 "https://hyperbarics4u.com/sitemap680.xml" "Mozilla/5.0 AppleWebKit/537.36 (KHTML, like Gecko; compatible; GPTBot/1.4; +https://openai.com/gptbot)"
74.7.243.216 - - [25/Aug/2026:19:16:52 +0000] "GET /products/detail/789033236825 HTTP/2.0" 500 0 "https://hyperbarics4u.com/sitemap680.xml" "Mozilla/5.0 AppleWebKit/537.36 (KHTML, like Gecko; compatible; GPTBot/1.4; +https://openai.com/gptbot)"
2a03:2880:f806:2d:: - - [25/Aug/2026:19:17:12 +0000] "GET /?s6g8r6a0f9f8i1t2o17 HTTP/2.0" 500 0 "-" "Mozilla/5.0 (Macintosh; Intel Mac OS X 10_15_7) AppleWebKit/537.36 (KHTML, like Gecko) Chrome/145.0.0.0 Safari/537.36 (compatible; meta-externalagent/1.1 (+https://developers.facebook.com/docs/sharing/webmasters/crawler))"
74.7.243.216 - - [25/Aug/2026:19:17:14 +0000] "GET /products/detail/789535564677 HTTP/2.0" 500 0 "https://hyperbarics4u.com/sitemap680.xml" "Mozilla/5.0 AppleWebKit/537.36 (KHTML, like Gecko; compatible; GPTBot/1.4; +https://openai.com/gptbot)"
74.7.243.216 - - [25/Aug/2026:19:17:35 +0000] "GET /products/detail/789532858052 HTTP/2.0" 500 0 "https://hyperbarics4u.com/sitemap680.xml" "Mozilla/5.0 AppleWebKit/537.36 (KHTML, like Gecko; compatible; GPTBot/1.4; +https://openai.com/gptbot)"
74.7.243.216 - - [25/Aug/2026:19:17:56 +0000] "GET /products/detail/789133540395 HTTP/2.0" 500 0 "https://hyperbarics4u.com/sitemap680.xml" "Mozilla/5.0 AppleWebKit/537.36 (KHTML, like Gecko; compatible; GPTBot/1.4; +https://openai.com/gptbot)"
66.249.74.128 - - [25/Aug/2026:19:18:07 +0000] "GET /2024/03/08/betclic-casino-no-deposit-bonus-codes-for-free-spins-2026/ HTTP/2.0" 200 25833 "-" "Mozilla/5.0 (Linux; Android 6.0.1; Nexus 5X Build/MMB29P) AppleWebKit/537.36 (KHTML, like Gecko) Chrome/151.0.7922.173 Mobile Safari/537.36 (compatible; Googlebot/2.1; +http://www.google.com/bot.html)"
74.7.243.216 - - [25/Aug/2026:19:18:16 +0000] "GET /products/detail/789435366754 HTTP/2.0" 500 0 "https://hyperbarics4u.com/sitemap680.xml" "Mozilla/5.0 AppleWebKit/537.36 (KHTML, like Gecko; compatible; GPTBot/1.4; +https://openai.com/gptbot)"
2a03:2880:f806:1a:: - - [25/Aug/2026:19:18:19 +0000] "GET /products/detail/78934612888 HTTP/2.0" 500 0 "-" "Mozilla/5.0 (X11; Linux x86_64) AppleWebKit/537.36 (KHTML, like Gecko) Chrome/145.0.0.0 Safari/537.36 (compatible; meta-externalagent/1.1 (+https://developers.facebook.com/docs/sharing/webmasters/crawler))"
74.7.243.216 - - [25/Aug/2026:19:18:38 +0000] "GET /products/detail/789033138227 HTTP/2.0" 500 0 "https://hyperbarics4u.com/sitemap680.xml" "Mozilla/5.0 AppleWebKit/537.36 (KHTML, like Gecko; compatible; GPTBot/1.4; +https://openai.com/gptbot)"
74.7.243.216 - - [25/Aug/2026:19:19:00 +0000] "GET /products/detail/789231094477 HTTP/2.0" 500 0 "https://hyperbarics4u.com/sitemap680.xml" "Mozilla/5.0 AppleWebKit/537.36 (KHTML, like Gecko; compatible; GPTBot/1.4; +https://openai.com/gptbot)"
74.7.243.216 - - [25/Aug/2026:19:19:21 +0000] "GET /products/detail/789529906079 HTTP/2.0" 500 0 "https://hyperbarics4u.com/sitemap680.xml" "Mozilla/5.0 AppleWebKit/537.36 (KHTML, like Gecko; compatible; GPTBot/1.4; +https://openai.com/gptbot)"
2a03:2880:f806:30:: - - [25/Aug/2026:19:19:25 +0000] "GET /?r6e3v8e9l5m4e0n6t251 HTTP/2.0" 500 0 "-" "Mozilla/5.0 (Windows NT 10.0; Win64; x64) AppleWebKit/537.36 (KHTML, like Gecko) Chrome/145.0.0.0 Safari/537.36 (compatible; meta-externalagent/1.1 (+https://developers.facebook.com/docs/sharing/webmasters/crawler))"
74.7.243.216 - - [25/Aug/2026:19:19:42 +0000] "GET /products/detail/789133909302 HTTP/2.0" 500 0 "https://hyperbarics4u.com/sitemap680.xml" "Mozilla/5.0 AppleWebKit/537.36 (KHTML, like Gecko; compatible; GPTBot/1.4; +https://openai.com/gptbot)"
74.7.243.216 - - [25/Aug/2026:19:20:02 +0000] "GET /products/detail/789133618110 HTTP/2.0" 500 0 "https://hyperbarics4u.com/sitemap680.xml" "Mozilla/5.0 AppleWebKit/537.36 (KHTML, like Gecko; compatible; GPTBot/1.4; +https://openai.com/gptbot)"
74.7.243.216 - - [25/Aug/2026:19:20:24 +0000] "GET /products/detail/789529767109 HTTP/2.0" 500 0 "https://hyperbarics4u.com/sitemap680.xml" "Mozilla/5.0 AppleWebKit/537.36 (KHTML, like Gecko; compatible; GPTBot/1.4; +https://openai.com/gptbot)"
2a03:2880:f806:3:: - - [25/Aug/2026:19:20:32 +0000] "GET /?s0t3r2e8e0011349 HTTP/2.0" 500 0 "-" "Mozilla/5.0 (Windows NT 10.0; Win64; x64) AppleWebKit/537.36 (KHTML, like Gecko) Chrome/145.0.0.0 Safari/537.36 (compatible; meta-externalagent/1.1 (+https://developers.facebook.com/docs/sharing/webmasters/crawler))"
74.7.243.216 - - [25/Aug/2026:19:20:45 +0000] "GET /products/detail/789130997610 HTTP/2.0" 500 0 "https://hyperbarics4u.com/sitemap680.xml" "Mozilla/5.0 AppleWebKit/537.36 (KHTML, like Gecko; compatible; GPTBot/1.4; +https://openai.com/gptbot)"
74.7.243.216 - - [25/Aug/2026:19:21:05 +0000] "GET /products/detail/789036266352 HTTP/2.0" 500 0 "https://hyperbarics4u.com/sitemap680.xml" "Mozilla/5.0 AppleWebKit/537.36 (KHTML, like Gecko; compatible; GPTBot/1.4; +https://openai.com/gptbot)"
74.7.243.216 - - [25/Aug/2026:19:21:25 +0000] "GET /products/detail/789231183029 HTTP/2.0" 500 0 "https://hyperbarics4u.com/sitemap680.xml" "Mozilla/5.0 AppleWebKit/537.36 (KHTML, like Gecko; compatible; GPTBot/1.4; +https://openai.com/gptbot)"
2a03:2880:f806:29:: - - [25/Aug/2026:19:21:38 +0000] "GET /?m9o2t0t7l3i3n0g0639 HTTP/2.0" 500 0 "-" "Mozilla/5.0 (X11; Linux x86_64) AppleWebKit/537.36 (KHTML, like Gecko) Chrome/145.0.0.0 Safari/537.36 (compatible; meta-externalagent/1.1 (+https://developers.facebook.com/docs/sharing/webmasters/crawler))"
74.7.243.216 - - [25/Aug/2026:19:21:46 +0000] "GET /products/detail/789529863494 HTTP/2.0" 500 0 "https://hyperbarics4u.com/sitemap680.xml" "Mozilla/5.0 AppleWebKit/537.36 (KHTML, like Gecko; compatible; GPTBot/1.4; +https://openai.com/gptbot)"
68.67.112.57 - - [25/Aug/2026:19:21:56 +0000] "GET /robots.txt HTTP/2.0" 304 0 "-" "Mozilla/5.0 AppleWebKit/537.36 (KHTML, like Gecko; compatible; YouBot/1.0; +https://docs.you.com/youbot; env:prod) Chrome/142.0.0.0 Safari/537.36"
68.67.112.57 - - [25/Aug/2026:19:21:57 +0000] "GET /?p=2377 HTTP/2.0" 500 0 "-" "Mozilla/5.0 AppleWebKit/537.36 (KHTML, like Gecko; compatible; YouBot/1.0; +https://docs.you.com/youbot; env:prod) Chrome/142.0.0.0 Safari/537.36"
74.7.243.216 - - [25/Aug/2026:19:22:07 +0000] "GET /products/detail/789532944919 HTTP/2.0" 500 0 "https://hyperbarics4u.com/sitemap680.xml" "Mozilla/5.0 AppleWebKit/537.36 (KHTML, like Gecko; compatible; GPTBot/1.4; +https://openai.com/gptbot)"
74.7.243.216 - - [25/Aug/2026:19:22:28 +0000] "GET /products/detail/789529972200 HTTP/2.0" 500 0 "https://hyperbarics4u.com/sitemap680.xml" "Mozilla/5.0 AppleWebKit/537.36 (KHTML, like Gecko; compatible; GPTBot/1.4; +https://openai.com/gptbot)"
2a03:2880:f806:21:: - - [25/Aug/2026:19:22:46 +0000] "GET /?g0e3n2t7i9a6n7o9s0e18 HTTP/2.0" 500 0 "-" "Mozilla/5.0 (Windows NT 10.0; Win64; x64) AppleWebKit/537.36 (KHTML, like Gecko) Chrome/145.0.0.0 Safari/537.36 (compatible; meta-externalagent/1.1 (+https://developers.facebook.com/docs/sharing/webmasters/crawler))"
74.7.243.216 - - [25/Aug/2026:19:22:50 +0000] "GET /products/detail/789033024834 HTTP/2.0" 500 0 "https://hyperbarics4u.com/sitemap680.xml" "Mozilla/5.0 AppleWebKit/537.36 (KHTML, like Gecko; compatible; GPTBot/1.4; +https://openai.com/gptbot)"
74.7.243.216 - - [25/Aug/2026:19:23:10 +0000] "GET /products/detail/789033073215 HTTP/2.0" 500 0 "https://hyperbarics4u.com/sitemap680.xml" "Mozilla/5.0 AppleWebKit/537.36 (KHTML, like Gecko; compatible; GPTBot/1.4; +https://openai.com/gptbot)"
74.7.243.216 - - [25/Aug/2026:19:23:31 +0000] "GET /products/detail/789529757427 HTTP/2.0" 500 0 "https://hyperbarics4u.com/sitemap680.xml" "Mozilla/5.0 AppleWebKit/537.36 (KHTML, like Gecko; compatible; GPTBot/1.4; +https://openai.com/gptbot)"
2a03:2880:f806:3f:: - - [25/Aug/2026:19:23:52 +0000] "GET /?e9d2i4t6o9r923114 HTTP/2.0" 500 0 "-" "Mozilla/5.0 (Macintosh; Intel Mac OS X 10_15_7) AppleWebKit/537.36 (KHTML, like Gecko) Chrome/145.0.0.0 Safari/537.36 (compatible; meta-externalagent/1.1 (+https://developers.facebook.com/docs/sharing/webmasters/crawler))"
74.7.243.216 - - [25/Aug/2026:19:23:53 +0000] "GET /products/detail/789432454775 HTTP/2.0" 500 0 "https://hyperbarics4u.com/sitemap680.xml" "Mozilla/5.0 AppleWebKit/537.36 (KHTML, like Gecko; compatible; GPTBot/1.4; +https://openai.com/gptbot)"
74.7.243.216 - - [25/Aug/2026:19:24:13 +0000] "GET /products/detail/789529923680 HTTP/2.0" 500 0 "https://hyperbarics4u.com/sitemap680.xml" "Mozilla/5.0 AppleWebKit/537.36 (KHTML, like Gecko; compatible; GPTBot/1.4; +https://openai.com/gptbot)"
74.7.243.216 - - [25/Aug/2026:19:24:34 +0000] "GET /products/detail/789331947427 HTTP/2.0" 500 0 "https://hyperbarics4u.com/sitemap680.xml" "Mozilla/5.0 AppleWebKit/537.36 (KHTML, like Gecko; compatible; GPTBot/1.4; +https://openai.com/gptbot)"
74.7.243.216 - - [25/Aug/2026:19:24:55 +0000] "GET /products/detail/789331920609 HTTP/2.0" 500 0 "https://hyperbarics4u.com/sitemap680.xml" "Mozilla/5.0 AppleWebKit/537.36 (KHTML, like Gecko; compatible; GPTBot/1.4; +https://openai.com/gptbot)"
2a03:2880:f806:3c:: - - [25/Aug/2026:19:24:59 +0000] "GET /?p5e1n7g2u2i7n57617 HTTP/2.0" 500 0 "-" "Mozilla/5.0 (Windows NT 10.0; Win64; x64) AppleWebKit/537.36 (KHTML, like Gecko) Chrome/145.0.0.0 Safari/537.36 (compatible; meta-externalagent/1.1 (+https://developers.facebook.com/docs/sharing/webmasters/crawler))"
74.7.243.216 - - [25/Aug/2026:19:25:17 +0000] "GET /products/detail/789532687585 HTTP/2.0" 500 0 "https://hyperbarics4u.com/sitemap680.xml" "Mozilla/5.0 AppleWebKit/537.36 (KHTML, like Gecko; compatible; GPTBot/1.4; +https://openai.com/gptbot)"
66.249.74.129 - - [25/Aug/2026:19:25:34 +0000] "GET /2024/03/08/pokiez-casino-sister-sites/ HTTP/2.0" 200 25643 "-" "Mozilla/5.0 (Linux; Android 6.0.1; Nexus 5X Build/MMB29P) AppleWebKit/537.36 (KHTML, like Gecko) Chrome/151.0.7922.173 Mobile Safari/537.36 (compatible; Googlebot/2.1; +http://www.google.com/bot.html)"
74.7.243.216 - - [25/Aug/2026:19:25:37 +0000] "GET /products/detail/789529883115 HTTP/2.0" 500 0 "https://hyperbarics4u.com/sitemap680.xml" "Mozilla/5.0 AppleWebKit/537.36 (KHTML, like Gecko; compatible; GPTBot/1.4; +https://openai.com/gptbot)"
74.7.243.216 - - [25/Aug/2026:19:25:59 +0000] "GET /products/detail/789331808239 HTTP/2.0" 500 0 "https://hyperbarics4u.com/sitemap680.xml" "Mozilla/5.0 AppleWebKit/537.36 (KHTML, like Gecko; compatible; GPTBot/1.4; +https://openai.com/gptbot)"
2a03:2880:f806:d:: - - [25/Aug/2026:19:26:05 +0000] "GET /?c4o2m7i1c5712244 HTTP/2.0" 500 0 "-" "Mozilla/5.0 (Windows NT 10.0; Win64; x64) AppleWebKit/537.36 (KHTML, like Gecko) Chrome/145.0.0.0 Safari/537.36 (compatible; meta-externalagent/1.1 (+https://developers.facebook.com/docs/sharing/webmasters/crawler))"
74.7.243.216 - - [25/Aug/2026:19:26:20 +0000] "GET /products/detail/789535862275 HTTP/2.0" 500 0 "https://hyperbarics4u.com/sitemap680.xml" "Mozilla/5.0 AppleWebKit/537.36 (KHTML, like Gecko; compatible; GPTBot/1.4; +https://openai.com/gptbot)"
74.7.243.216 - - [25/Aug/2026:19:26:41 +0000] "GET /products/detail/789331987924 HTTP/2.0" 500 0 "https://hyperbarics4u.com/sitemap680.xml" "Mozilla/5.0 AppleWebKit/537.36 (KHTML, like Gecko; compatible; GPTBot/1.4; +https://openai.com/gptbot)"
74.7.243.216 - - [25/Aug/2026:19:27:01 +0000] "GET /products/detail/789033471927 HTTP/2.0" 500 0 "https://hyperbarics4u.com/sitemap680.xml" "Mozilla/5.0 AppleWebKit/537.36 (KHTML, like Gecko; compatible; GPTBot/1.4; +https://openai.com/gptbot)"
2a03:2880:f806:3b:: - - [25/Aug/2026:19:27:12 +0000] "GET /?a7c3e7r3b1i8t5u4d7e9 HTTP/2.0" 500 0 "-" "Mozilla/5.0 (X11; Linux x86_64) AppleWebKit/537.36 (KHTML, like Gecko) Chrome/145.0.0.0 Safari/537.36 (compatible; meta-externalagent/1.1 (+https://developers.facebook.com/docs/sharing/webmasters/crawler))"
74.7.243.216 - - [25/Aug/2026:19:27:23 +0000] "GET /products/detail/789231250955 HTTP/2.0" 500 0 "https://hyperbarics4u.com/sitemap680.xml" "Mozilla/5.0 AppleWebKit/537.36 (KHTML, like Gecko; compatible; GPTBot/1.4; +https://openai.com/gptbot)"
52.205.113.104 - - [25/Aug/2026:19:27:27 +0000] "GET /crewneck-sweatshirt HTTP/2.0" 500 0 "-" "Mozilla/5.0 AppleWebKit/537.36 (KHTML, like Gecko; compatible; Amazonbot/0.1; +https://developer.amazon.com/support/amazonbot) Chrome/119.0.6045.214 Safari/537.36"
74.7.243.216 - - [25/Aug/2026:19:27:43 +0000] "GET /products/detail/789432440052 HTTP/2.0" 500 0 "https://hyperbarics4u.com/sitemap680.xml" "Mozilla/5.0 AppleWebKit/537.36 (KHTML, like Gecko; compatible; GPTBot/1.4; +https://openai.com/gptbot)"
74.7.243.216 - - [25/Aug/2026:19:28:04 +0000] "GET /products/detail/789234406939 HTTP/2.0" 500 0 "https://hyperbarics4u.com/sitemap680.xml" "Mozilla/5.0 AppleWebKit/537.36 (KHTML, like Gecko; compatible; GPTBot/1.4; +https://openai.com/gptbot)"
95.108.213.228 - - [25/Aug/2026:19:28:05 +0000] "GET /robots.txt HTTP/2.0" 200 78 "-" "Mozilla/5.0 (compatible; YandexBot/3.0; +http://yandex.com/bots)"
45.148.65.27 - - [25/Aug/2026:19:28:06 +0000] "GET /2024/02/06/therapy-at-your-fingertips/ HTTP/2.0" 500 0 "-" "Mozilla/5.0 (compatible; YandexBot/3.0; +http://yandex.com/bots)"
212.146.180.7 - - [25/Aug/2026:19:28:06 +0000] "GET /sitemap.xml HTTP/2.0" 200 206 "-" "Mozilla/5.0 (Macintosh; Intel Mac OS X 10_15_7) AppleWebKit/537.36 (KHTML, like Gecko) Chrome/132.0.6834.83 Safari/537.36"
2a03:2880:f806:14:: - - [25/Aug/2026:19:28:19 +0000] "GET /prizes/180094418 HTTP/2.0" 500 0 "-" "Mozilla/5.0 (Windows NT 10.0; Win64; x64) AppleWebKit/537.36 (KHTML, like Gecko) Chrome/145.0.0.0 Safari/537.36 (compatible; meta-externalagent/1.1 (+https://developers.facebook.com/docs/sharing/webmasters/crawler))"
74.7.243.216 - - [25/Aug/2026:19:28:25 +0000] "GET /products/detail/789130987027 HTTP/2.0" 500 0 "https://hyperbarics4u.com/sitemap680.xml" "Mozilla/5.0 AppleWebKit/537.36 (KHTML, like Gecko; compatible; GPTBot/1.4; +https://openai.com/gptbot)"
74.7.243.216 - - [25/Aug/2026:19:28:47 +0000] "GET /products/detail/789030481977 HTTP/2.0" 500 0 "https://hyperbarics4u.com/sitemap680.xml" "Mozilla/5.0 AppleWebKit/537.36 (KHTML, like Gecko; compatible; GPTBot/1.4; +https://openai.com/gptbot)"
74.7.243.216 - - [25/Aug/2026:19:29:08 +0000] "GET /products/detail/789529700177 HTTP/2.0" 500 0 "https://hyperbarics4u.com/sitemap680.xml" "Mozilla/5.0 AppleWebKit/537.36 (KHTML, like Gecko; compatible; GPTBot/1.4; +https://openai.com/gptbot)"
2a03:2880:f806:34:: - - [25/Aug/2026:19:29:25 +0000] "GET /?e7n3g5r1a4p3p6l9e026 HTTP/2.0" 500 0 "-" "Mozilla/5.0 (Windows NT 10.0; Win64; x64) AppleWebKit/537.36 (KHTML, like Gecko) Chrome/145.0.0.0 Safari/537.36 (compatible; meta-externalagent/1.1 (+https://developers.facebook.com/docs/sharing/webmasters/crawler))"
109.161.166.102 - - [25/Aug/2026:19:29:27 +0000] "GET /?s6u1b4s1t9a4n3t4i2a2t1ion HTTP/2.0" 500 0 "https://www.hyperbarics4u.com/?s6u1b4s1t9a4n3t4i2a2t1ion" "Mozilla/5.0 (Linux; Android 12; M2102J20) AppleWebKit/537.36 (KHTML, like Gecko) Chrome/140.0.5944.7 Mobile Safari/537.36 MicroMessenger/8.0.44(0x18001B3F) NetType/WIFI Language/zh_CN"
74.7.243.216 - - [25/Aug/2026:19:29:28 +0000] "GET /products/detail/789234201030 HTTP/2.0" 500 0 "https://hyperbarics4u.com/sitemap680.xml" "Mozilla/5.0 AppleWebKit/537.36 (KHTML, like Gecko; compatible; GPTBot/1.4; +https://openai.com/gptbot)"
74.7.243.216 - - [25/Aug/2026:19:29:49 +0000] "GET /products/detail/789234035799 HTTP/2.0" 500 0 "https://hyperbarics4u.com/sitemap680.xml" "Mozilla/5.0 AppleWebKit/537.36 (KHTML, like Gecko; compatible; GPTBot/1.4; +https://openai.com/gptbot)"
74.7.243.216 - - [25/Aug/2026:19:30:09 +0000] "GET /products/detail/789033446400 HTTP/2.0" 500 0 "https://hyperbarics4u.com/sitemap680.xml" "Mozilla/5.0 AppleWebKit/537.36 (KHTML, like Gecko; compatible; GPTBot/1.4; +https://openai.com/gptbot)"
74.7.243.216 - - [25/Aug/2026:19:30:30 +0000] "GET /products/detail/789529975309 HTTP/2.0" 500 0 "https://hyperbarics4u.com/sitemap680.xml" "Mozilla/5.0 AppleWebKit/537.36 (KHTML, like Gecko; compatible; GPTBot/1.4; +https://openai.com/gptbot)"
2a03:2880:f806:43:: - - [25/Aug/2026:19:30:33 +0000] "GET /sitemap-subitem-2220.xml HTTP/2.0" 200 5912 "-" "Mozilla/5.0 (Windows NT 10.0; Win64; x64) AppleWebKit/537.36 (KHTML, like Gecko) Chrome/145.0.0.0 Safari/537.36 (compatible; meta-externalagent/1.1 (+https://developers.facebook.com/docs/sharing/webmasters/crawler))"
74.7.243.216 - - [25/Aug/2026:19:30:51 +0000] "GET /products/detail/789334665599 HTTP/2.0" 500 0 "https://hyperbarics4u.com/sitemap680.xml" "Mozilla/5.0 AppleWebKit/537.36 (KHTML, like Gecko; compatible; GPTBot/1.4; +https://openai.com/gptbot)"
2a03:2880:f814:2b:: - - [25/Aug/2026:19:31:04 +0000] "GET / HTTP/2.0" 500 0 "-" "facebookexternalhit/1.1 (+http://www.facebook.com/externalhit_uatext.php)"
51.81.103.252 - - [25/Aug/2026:19:31:11 +0000] "GET /category/oxyflow/feed/ HTTP/2.0" 500 0 "-" "Mozilla/5.0 (compatible; AhrefsBot/7.0; +http://ahrefs.com/robot/)"
74.7.243.216 - - [25/Aug/2026:19:31:11 +0000] "GET /products/detail/789432374244 HTTP/2.0" 500 0 "https://hyperbarics4u.com/sitemap680.xml" "Mozilla/5.0 AppleWebKit/537.36 (KHTML, like Gecko; compatible; GPTBot/1.4; +https://openai.com/gptbot)"
74.7.243.216 - - [25/Aug/2026:19:31:32 +0000] "GET /products/detail/789529830884 HTTP/2.0" 500 0 "https://hyperbarics4u.com/sitemap680.xml" "Mozilla/5.0 AppleWebKit/537.36 (KHTML, like Gecko; compatible; GPTBot/1.4; +https://openai.com/gptbot)"
2a03:2880:f806:3c:: - - [25/Aug/2026:19:31:39 +0000] "GET /prizes/284687670 HTTP/2.0" 500 0 "-" "Mozilla/5.0 (Windows NT 10.0; Win64; x64) AppleWebKit/537.36 (KHTML, like Gecko) Chrome/145.0.0.0 Safari/537.36 (compatible; meta-externalagent/1.1 (+https://developers.facebook.com/docs/sharing/webmasters/crawler))"
74.7.243.216 - - [25/Aug/2026:19:31:53 +0000] "GET /products/detail/789331685727 HTTP/2.0" 500 0 "https://hyperbarics4u.com/sitemap680.xml" "Mozilla/5.0 AppleWebKit/537.36 (KHTML, like Gecko; compatible; GPTBot/1.4; +https://openai.com/gptbot)"
74.7.243.216 - - [25/Aug/2026:19:32:14 +0000] "GET /products/detail/789535596225 HTTP/2.0" 500 0 "https://hyperbarics4u.com/sitemap680.xml" "Mozilla/5.0 AppleWebKit/537.36 (KHTML, like Gecko; compatible; GPTBot/1.4; +https://openai.com/gptbot)"
2a03:2880:f806:39:: - - [25/Aug/2026:19:32:19 +0000] "GET /?d5i1s4r3u2p2t5i5n7g91 HTTP/2.0" 500 0 "-" "Mozilla/5.0 (Windows NT 10.0; Win64; x64) AppleWebKit/537.36 (KHTML, like Gecko) Chrome/145.0.0.0 Safari/537.36 (compatible; meta-externalagent/1.1 (+https://developers.facebook.com/docs/sharing/webmasters/crawler))"
2a03:2880:f806:41:: - - [25/Aug/2026:19:32:23 +0000] "GET /?b3a8y7a3d959747 HTTP/2.0" 500 0 "-" "Mozilla/5.0 (Windows NT 10.0; Win64; x64) AppleWebKit/537.36 (KHTML, like Gecko) Chrome/145.0.0.0 Safari/537.36 (compatible; meta-externalagent/1.1 (+https://developers.facebook.com/docs/sharing/webmasters/crawler))"
2a03:2880:f806:1e:: - - [25/Aug/2026:19:32:28 +0000] "GET /?r8o3m9p2i4n1g05709 HTTP/2.0" 500 0 "-" "Mozilla/5.0 (Windows NT 10.0; Win64; x64) AppleWebKit/537.36 (KHTML, like Gecko) Chrome/145.0.0.0 Safari/537.36 (compatible; meta-externalagent/1.1 (+https://developers.facebook.com/docs/sharing/webmasters/crawler))"
2a03:2880:f806:2a:: - - [25/Aug/2026:19:32:33 +0000] "GET /?t5h3a9l8a4s2s8i4n6i1a6n HTTP/2.0" 500 0 "-" "Mozilla/5.0 (Windows NT 10.0; Win64; x64) AppleWebKit/537.36 (KHTML, like Gecko) Chrome/145.0.0.0 Safari/537.36 (compatible; meta-externalagent/1.1 (+https://developers.facebook.com/docs/sharing/webmasters/crawler))"
74.7.243.216 - - [25/Aug/2026:19:32:36 +0000] "GET /products/detail/789130773100 HTTP/2.0" 500 0 "https://hyperbarics4u.com/sitemap680.xml" "Mozilla/5.0 AppleWebKit/537.36 (KHTML, like Gecko; compatible; GPTBot/1.4; +https://openai.com/gptbot)"
2a03:2880:f808:3d:: - - [25/Aug/2026:19:32:37 +0000] "GET / HTTP/2.0" 500 0 "-" "facebookexternalhit/1.1 (+http://www.facebook.com/externalhit_uatext.php)"
2a03:2880:f806:1f:: - - [25/Aug/2026:19:32:40 +0000] "GET /?b4a3i2l6p6i0e5c7e117 HTTP/2.0" 500 0 "-" "Mozilla/5.0 (X11; Linux x86_64) AppleWebKit/537.36 (KHTML, like Gecko) Chrome/145.0.0.0 Safari/537.36 (compatible; meta-externalagent/1.1 (+https://developers.facebook.com/docs/sharing/webmasters/crawler))"
2a03:2880:f806:27:: - - [25/Aug/2026:19:32:46 +0000] "GET /?m6y2c7e3l1i0a8l9386 HTTP/2.0" 500 0 "-" "Mozilla/5.0 (Windows NT 10.0; Win64; x64) AppleWebKit/537.36 (KHTML, like Gecko) Chrome/145.0.0.0 Safari/537.36 (compatible; meta-externalagent/1.1 (+https://developers.facebook.com/docs/sharing/webmasters/crawler))"
74.7.243.216 - - [25/Aug/2026:19:32:57 +0000] "GET /products/detail/789231008229 HTTP/2.0" 500 0 "https://hyperbarics4u.com/sitemap680.xml" "Mozilla/5.0 AppleWebKit/537.36 (KHTML, like Gecko; compatible; GPTBot/1.4; +https://openai.com/gptbot)"
2a03:2880:f80a:21:: - - [25/Aug/2026:19:33:14 +0000] "GET / HTTP/2.0" 500 0 "-" "facebookexternalhit/1.1 (+http://www.facebook.com/externalhit_uatext.php)"
74.7.243.216 - - [25/Aug/2026:19:33:19 +0000] "GET /products/detail/789036112009 HTTP/2.0" 500 0 "https://hyperbarics4u.com/sitemap680.xml" "Mozilla/5.0 AppleWebKit/537.36 (KHTML, like Gecko; compatible; GPTBot/1.4; +https://openai.com/gptbot)"
74.7.243.216 - - [25/Aug/2026:19:33:40 +0000] "GET /products/detail/789331841019 HTTP/2.0" 500 0 "https://hyperbarics4u.com/sitemap680.xml" "Mozilla/5.0 AppleWebKit/537.36 (KHTML, like Gecko; compatible; GPTBot/1.4; +https://openai.com/gptbot)"
2a03:2880:f806:1c:: - - [25/Aug/2026:19:33:51 +0000] "GET /?l8e6c4h2e5r5o7u3s9 HTTP/2.0" 500 0 "-" "Mozilla/5.0 (X11; Linux x86_64; rv:147.0) Gecko/20100101 Firefox/147.0 (compatible; meta-externalagent/1.1 (+https://developers.facebook.com/docs/sharing/webmasters/crawler))"
74.7.243.216 - - [25/Aug/2026:19:34:02 +0000] "GET /products/detail/789030072764 HTTP/2.0" 500 0 "https://hyperbarics4u.com/sitemap680.xml" "Mozilla/5.0 AppleWebKit/537.36 (KHTML, like Gecko; compatible; GPTBot/1.4; +https://openai.com/gptbot)"
74.7.243.216 - - [25/Aug/2026:19:34:23 +0000] "GET /products/detail/789532558844 HTTP/2.0" 500 0 "https://hyperbarics4u.com/sitemap680.xml" "Mozilla/5.0 AppleWebKit/537.36 (KHTML, like Gecko; compatible; GPTBot/1.4; +https://openai.com/gptbot)"
74.7.243.216 - - [25/Aug/2026:19:34:45 +0000] "GET /products/detail/789133731652 HTTP/2.0" 500 0 "https://hyperbarics4u.com/sitemap680.xml" "Mozilla/5.0 AppleWebKit/537.36 (KHTML, like Gecko; compatible; GPTBot/1.4; +https://openai.com/gptbot)"
2a03:2880:f806:d:: - - [25/Aug/2026:19:34:59 +0000] "GET /?b5o2a6t9i5o0n98167 HTTP/2.0" 500 0 "-" "Mozilla/5.0 (Windows NT 10.0; Win64; x64) AppleWebKit/537.36 (KHTML, like Gecko) Chrome/145.0.0.0 Safari/537.36 (compatible; meta-externalagent/1.1 (+https://developers.facebook.com/docs/sharing/webmasters/crawler))"
66.249.74.132 - - [25/Aug/2026:19:35:02 +0000] "GET /2024/03/08/hannover-casino-no-deposit-bonus-codes-for-free-spins-2026/ HTTP/2.0" 200 25435 "-" "Mozilla/5.0 (Linux; Android 6.0.1; Nexus 5X Build/MMB29P) AppleWebKit/537.36 (KHTML, like Gecko) Chrome/151.0.7922.173 Mobile Safari/537.36 (compatible; Googlebot/2.1; +http://www.google.com/bot.html)"
74.7.243.216 - - [25/Aug/2026:19:35:05 +0000] "GET /products/detail/789331854194 HTTP/2.0" 500 0 "https://hyperbarics4u.com/sitemap680.xml" "Mozilla/5.0 AppleWebKit/537.36 (KHTML, like Gecko; compatible; GPTBot/1.4; +https://openai.com/gptbot)"
2a03:2880:f818:75:: - - [25/Aug/2026:19:35:26 +0000] "GET / HTTP/2.0" 500 0 "-" "facebookexternalhit/1.1 (+http://www.facebook.com/externalhit_uatext.php)"
74.7.243.216 - - [25/Aug/2026:19:35:27 +0000] "GET /products/detail/789030079549 HTTP/2.0" 500 0 "https://hyperbarics4u.com/sitemap680.xml" "Mozilla/5.0 AppleWebKit/537.36 (KHTML, like Gecko; compatible; GPTBot/1.4; +https://openai.com/gptbot)"
2a03:2880:f800:f:: - - [25/Aug/2026:19:35:37 +0000] "GET / HTTP/2.0" 500 0 "-" "facebookexternalhit/1.1 (+http://www.facebook.com/externalhit_uatext.php)"
20.164.18.93 - - [25/Aug/2026:19:35:39 +0000] "GET / HTTP/2.0" 500 0 "-" "Mozilla/5.0 (Windows NT 10.0; Win64; x64) AppleWebKit/537.36 (KHTML, like Gecko) Chrome/120.0.0.0 Safari/537.36"
74.7.243.216 - - [25/Aug/2026:19:35:47 +0000] "GET /products/detail/789133990419 HTTP/2.0" 500 0 "https://hyperbarics4u.com/sitemap680.xml" "Mozilla/5.0 AppleWebKit/537.36 (KHTML, like Gecko; compatible; GPTBot/1.4; +https://openai.com/gptbot)"
2a03:2880:f806:9:: - - [25/Aug/2026:19:36:06 +0000] "GET /?s9o2m4o0n8o8u2r455 HTTP/2.0" 500 0 "-" "Mozilla/5.0 (Windows NT 10.0; Win64; x64) AppleWebKit/537.36 (KHTML, like Gecko) Chrome/145.0.0.0 Safari/537.36 (compatible; meta-externalagent/1.1 (+https://developers.facebook.com/docs/sharing/webmasters/crawler))"
74.7.243.216 - - [25/Aug/2026:19:36:09 +0000] "GET /products/detail/789529702359 HTTP/2.0" 500 0 "https://hyperbarics4u.com/sitemap680.xml" "Mozilla/5.0 AppleWebKit/537.36 (KHTML, like Gecko; compatible; GPTBot/1.4; +https://openai.com/gptbot)"
216.73.216.47 - - [25/Aug/2026:19:36:30 +0000] "GET /robots.txt HTTP/2.0" 304 0 "-" "Mozilla/5.0 AppleWebKit/537.36 (KHTML, like Gecko; compatible; ClaudeBot/1.0; +claudebot@anthropic.com)"
216.73.216.47 - - [25/Aug/2026:19:36:30 +0000] "GET /sitemap.xml HTTP/2.0" 200 206 "-" "Mozilla/5.0 AppleWebKit/537.36 (KHTML, like Gecko; compatible; ClaudeBot/1.0; +claudebot@anthropic.com)"
74.7.243.216 - - [25/Aug/2026:19:36:30 +0000] "GET /products/detail/789231291177 HTTP/2.0" 500 0 "https://hyperbarics4u.com/sitemap680.xml" "Mozilla/5.0 AppleWebKit/537.36 (KHTML, like Gecko; compatible; GPTBot/1.4; +https://openai.com/gptbot)"
74.7.243.216 - - [25/Aug/2026:19:36:50 +0000] "GET /products/detail/789334675305 HTTP/2.0" 500 0 "https://hyperbarics4u.com/sitemap680.xml" "Mozilla/5.0 AppleWebKit/537.36 (KHTML, like Gecko; compatible; GPTBot/1.4; +https://openai.com/gptbot)"
74.7.243.216 - - [25/Aug/2026:19:37:12 +0000] "GET /products/detail/789529877464 HTTP/2.0" 500 0 "https://hyperbarics4u.com/sitemap680.xml" "Mozilla/5.0 AppleWebKit/537.36 (KHTML, like Gecko; compatible; GPTBot/1.4; +https://openai.com/gptbot)"
2a03:2880:f806:34:: - - [25/Aug/2026:19:37:12 +0000] "GET /?a1r1a1n8i9f8e9r3a300 HTTP/2.0" 500 0 "-" "Mozilla/5.0 (Windows NT 10.0; Win64; x64) AppleWebKit/537.36 (KHTML, like Gecko) Chrome/145.0.0.0 Safari/537.36 (compatible; meta-externalagent/1.1 (+https://developers.facebook.com/docs/sharing/webmasters/crawler))"
2a03:2880:f80e:15:: - - [25/Aug/2026:19:37:13 +0000] "GET / HTTP/2.0" 500 0 "-" "facebookexternalhit/1.1 (+http://www.facebook.com/externalhit_uatext.php)"
74.7.243.216 - - [25/Aug/2026:19:37:33 +0000] "GET /products/detail/789231155109 HTTP/2.0" 500 0 "https://hyperbarics4u.com/sitemap680.xml" "Mozilla/5.0 AppleWebKit/537.36 (KHTML, like Gecko; compatible; GPTBot/1.4; +https://openai.com/gptbot)"
74.7.243.216 - - [25/Aug/2026:19:37:53 +0000] "GET /products/detail/789033187364 HTTP/2.0" 500 0 "https://hyperbarics4u.com/sitemap680.xml" "Mozilla/5.0 AppleWebKit/537.36 (KHTML, like Gecko; compatible; GPTBot/1.4; +https://openai.com/gptbot)"
2a03:2880:f804:1:: - - [25/Aug/2026:19:38:00 +0000] "GET / HTTP/2.0" 500 0 "-" "facebookexternalhit/1.1 (+http://www.facebook.com/externalhit_uatext.php)"
74.7.243.216 - - [25/Aug/2026:19:38:14 +0000] "GET /products/detail/789130950270 HTTP/2.0" 500 0 "https://hyperbarics4u.com/sitemap680.xml" "Mozilla/5.0 AppleWebKit/537.36 (KHTML, like Gecko; compatible; GPTBot/1.4; +https://openai.com/gptbot)"
2a03:2880:f806:3f:: - - [25/Aug/2026:19:38:18 +0000] "GET /?o0f8f1i8c2e67534 HTTP/2.0" 500 0 "-" "Mozilla/5.0 (Windows NT 10.0; Win64; x64) AppleWebKit/537.36 (KHTML, like Gecko) Chrome/145.0.0.0 Safari/537.36 (compatible; meta-externalagent/1.1 (+https://developers.facebook.com/docs/sharing/webmasters/crawler))"
74.7.243.216 - - [25/Aug/2026:19:38:34 +0000] "GET /products/detail/789130872990 HTTP/2.0" 500 0 "https://hyperbarics4u.com/sitemap680.xml" "Mozilla/5.0 AppleWebKit/537.36 (KHTML, like Gecko; compatible; GPTBot/1.4; +https://openai.com/gptbot)"
74.7.243.216 - - [25/Aug/2026:19:38:56 +0000] "GET /products/detail/789529625770 HTTP/2.0" 500 0 "https://hyperbarics4u.com/sitemap680.xml" "Mozilla/5.0 AppleWebKit/537.36 (KHTML, like Gecko; compatible; GPTBot/1.4; +https://openai.com/gptbot)"
74.7.243.216 - - [25/Aug/2026:19:39:18 +0000] "GET /products/detail/789535755180 HTTP/2.0" 500 0 "https://hyperbarics4u.com/sitemap680.xml" "Mozilla/5.0 AppleWebKit/537.36 (KHTML, like Gecko; compatible; GPTBot/1.4; +https://openai.com/gptbot)"
2a03:2880:f806:2e:: - - [25/Aug/2026:19:39:25 +0000] "GET /?i7n2f9i6n7i1t5e6s3i2m6ally HTTP/2.0" 500 0 "-" "Mozilla/5.0 (Windows NT 10.0; Win64; x64) AppleWebKit/537.36 (KHTML, like Gecko) Chrome/145.0.0.0 Safari/537.36 (compatible; meta-externalagent/1.1 (+https://developers.facebook.com/docs/sharing/webmasters/crawler))"
74.7.243.216 - - [25/Aug/2026:19:39:38 +0000] "GET /products/detail/789030052625 HTTP/2.0" 500 0 "https://hyperbarics4u.com/sitemap680.xml" "Mozilla/5.0 AppleWebKit/537.36 (KHTML, like Gecko; compatible; GPTBot/1.4; +https://openai.com/gptbot)"
2a03:2880:f814:2b:: - - [25/Aug/2026:19:39:56 +0000] "GET / HTTP/2.0" 500 0 "-" "facebookexternalhit/1.1 (+http://www.facebook.com/externalhit_uatext.php)"
74.7.243.216 - - [25/Aug/2026:19:40:00 +0000] "GET /products/detail/789331775684 HTTP/2.0" 500 0 "https://hyperbarics4u.com/sitemap680.xml" "Mozilla/5.0 AppleWebKit/537.36 (KHTML, like Gecko; compatible; GPTBot/1.4; +https://openai.com/gptbot)"
2a03:2880:f810:11:: - - [25/Aug/2026:19:40:06 +0000] "GET / HTTP/2.0" 500 0 "-" "facebookexternalhit/1.1 (+http://www.facebook.com/externalhit_uatext.php)"
74.7.243.216 - - [25/Aug/2026:19:40:22 +0000] "GET /products/detail/789529791944 HTTP/2.0" 500 0 "https://hyperbarics4u.com/sitemap680.xml" "Mozilla/5.0 AppleWebKit/537.36 (KHTML, like Gecko; compatible; GPTBot/1.4; +https://openai.com/gptbot)"
45.227.253.15 - - [25/Aug/2026:19:40:31 +0000] "GET /index.php/jk HTTP/2.0" 500 0 "-" "Mozilla/5.0 (Windows NT 6.2; Win64; x64) AppleWebKit/537.36 (KHTML, like Gecko) Chrome/86.0.4240.111 Safari/537.36"
2a03:2880:f806:39:: - - [25/Aug/2026:19:40:32 +0000] "GET /prizes/226868539 HTTP/2.0" 500 0 "-" "Mozilla/5.0 (Macintosh; Intel Mac OS X 10_15_7) AppleWebKit/537.36 (KHTML, like Gecko) Chrome/145.0.0.0 Safari/537.36 (compatible; meta-externalagent/1.1 (+https://developers.facebook.com/docs/sharing/webmasters/crawler))"
74.7.243.216 - - [25/Aug/2026:19:40:43 +0000] "GET /products/detail/789529817679 HTTP/2.0" 500 0 "https://hyperbarics4u.com/sitemap680.xml" "Mozilla/5.0 AppleWebKit/537.36 (KHTML, like Gecko; compatible; GPTBot/1.4; +https://openai.com/gptbot)"
74.7.243.216 - - [25/Aug/2026:19:41:04 +0000] "GET /products/detail/789133793420 HTTP/2.0" 500 0 "https://hyperbarics4u.com/sitemap680.xml" "Mozilla/5.0 AppleWebKit/537.36 (KHTML, like Gecko; compatible; GPTBot/1.4; +https://openai.com/gptbot)"
74.7.243.216 - - [25/Aug/2026:19:41:24 +0000] "GET /products/detail/789234425874 HTTP/2.0" 500 0 "https://hyperbarics4u.com/sitemap680.xml" "Mozilla/5.0 AppleWebKit/537.36 (KHTML, like Gecko; compatible; GPTBot/1.4; +https://openai.com/gptbot)"
2a03:2880:f806:27:: - - [25/Aug/2026:19:41:38 +0000] "GET /?t5r1a8c9h7e5o2s8c7o5p8y HTTP/2.0" 500 0 "-" "Mozilla/5.0 (Windows NT 10.0; Win64; x64) AppleWebKit/537.36 (KHTML, like Gecko) Chrome/145.0.0.0 Safari/537.36 (compatible; meta-externalagent/1.1 (+https://developers.facebook.com/docs/sharing/webmasters/crawler))"
74.7.243.216 - - [25/Aug/2026:19:41:46 +0000] "GET /products/detail/789033097527 HTTP/2.0" 500 0 "https://hyperbarics4u.com/sitemap680.xml" "Mozilla/5.0 AppleWebKit/537.36 (KHTML, like Gecko; compatible; GPTBot/1.4; +https://openai.com/gptbot)"
2a03:2880:f80a:21:: - - [25/Aug/2026:19:42:03 +0000] "GET / HTTP/2.0" 500 0 "-" "facebookexternalhit/1.1 (+http://www.facebook.com/externalhit_uatext.php)"
74.7.243.216 - - [25/Aug/2026:19:42:08 +0000] "GET /products/detail/789535733869 HTTP/2.0" 500 0 "https://hyperbarics4u.com/sitemap680.xml" "Mozilla/5.0 AppleWebKit/537.36 (KHTML, like Gecko; compatible; GPTBot/1.4; +https://openai.com/gptbot)"
74.7.243.216 - - [25/Aug/2026:19:42:29 +0000] "GET /products/detail/789133583480 HTTP/2.0" 500 0 "https://hyperbarics4u.com/sitemap680.xml" "Mozilla/5.0 AppleWebKit/537.36 (KHTML, like Gecko; compatible; GPTBot/1.4; +https://openai.com/gptbot)"
2a03:2880:f806:3d:: - - [25/Aug/2026:19:42:46 +0000] "GET /?e0s8c7a6p2e20362 HTTP/2.0" 500 0 "-" "Mozilla/5.0 (Windows NT 10.0; Win64; x64) AppleWebKit/537.36 (KHTML, like Gecko) Chrome/145.0.0.0 Safari/537.36 Edg/145.0.0.0 (compatible; meta-externalagent/1.1 (+https://developers.facebook.com/docs/sharing/webmasters/crawler))"
74.7.243.216 - - [25/Aug/2026:19:42:49 +0000] "GET /products/detail/789234322177 HTTP/2.0" 500 0 "https://hyperbarics4u.com/sitemap680.xml" "Mozilla/5.0 AppleWebKit/537.36 (KHTML, like Gecko; compatible; GPTBot/1.4; +https://openai.com/gptbot)"
104.244.72.22 - - [25/Aug/2026:19:42:57 +0000] "GET /cccsitemap.xml HTTP/2.0" 200 36 "-" "googlebot,bot,google,bing,yahoo"
74.7.243.216 - - [25/Aug/2026:19:43:11 +0000] "GET /products/detail/789529654450 HTTP/2.0" 500 0 "https://hyperbarics4u.com/sitemap680.xml" "Mozilla/5.0 AppleWebKit/537.36 (KHTML, like Gecko; compatible; GPTBot/1.4; +https://openai.com/gptbot)"
74.7.243.216 - - [25/Aug/2026:19:43:33 +0000] "GET /products/detail/789234063135 HTTP/2.0" 500 0 "https://hyperbarics4u.com/sitemap680.xml" "Mozilla/5.0 AppleWebKit/537.36 (KHTML, like Gecko; compatible; GPTBot/1.4; +https://openai.com/gptbot)"
198.211.102.76 - - [25/Aug/2026:19:43:43 +0000] "GET / HTTP/2.0" 500 0 "-" "Mozilla/5.0 (X11; Linux x86_64) AppleWebKit/537.36 (KHTML, like Gecko) Chrome/142.0.0.0 Safari/537.36"
198.211.102.76 - - [25/Aug/2026:19:43:44 +0000] "GET /favicon.ico HTTP/2.0" 500 0 "https://hyperbarics4u.com/" "Mozilla/5.0 (X11; Linux x86_64) AppleWebKit/537.36 (KHTML, like Gecko) Chrome/142.0.0.0 Safari/537.36"
2a03:2880:f806:42:: - - [25/Aug/2026:19:43:52 +0000] "GET /?m0e3t1r4o6c9h1r8o9m4e HTTP/2.0" 500 0 "-" "Mozilla/5.0 (Macintosh; Intel Mac OS X 10_15_7) AppleWebKit/537.36 (KHTML, like Gecko) Chrome/145.0.0.0 Safari/537.36 (compatible; meta-externalagent/1.1 (+https://developers.facebook.com/docs/sharing/webmasters/crawler))"
74.7.243.216 - - [25/Aug/2026:19:43:54 +0000] "GET /products/detail/789030036090 HTTP/2.0" 500 0 "https://hyperbarics4u.com/sitemap680.xml" "Mozilla/5.0 AppleWebKit/537.36 (KHTML, like Gecko; compatible; GPTBot/1.4; +https://openai.com/gptbot)"
74.7.243.216 - - [25/Aug/2026:19:44:14 +0000] "GET /products/detail/789033008779 HTTP/2.0" 500 0 "https://hyperbarics4u.com/sitemap680.xml" "Mozilla/5.0 AppleWebKit/537.36 (KHTML, like Gecko; compatible; GPTBot/1.4; +https://openai.com/gptbot)"
74.7.243.216 - - [25/Aug/2026:19:44:36 +0000] "GET /products/detail/789036377677 HTTP/2.0" 500 0 "https://hyperbarics4u.com/sitemap680.xml" "Mozilla/5.0 AppleWebKit/537.36 (KHTML, like Gecko; compatible; GPTBot/1.4; +https://openai.com/gptbot)"
74.7.243.216 - - [25/Aug/2026:19:44:57 +0000] "GET /products/detail/789030499399 HTTP/2.0" 500 0 "https://hyperbarics4u.com/sitemap680.xml" "Mozilla/5.0 AppleWebKit/537.36 (KHTML, like Gecko; compatible; GPTBot/1.4; +https://openai.com/gptbot)"
2a03:2880:f806:33:: - - [25/Aug/2026:19:44:59 +0000] "GET /?c1a3m1p1a1n1u7l1a6c9e9ae HTTP/2.0" 500 0 "-" "Mozilla/5.0 (Macintosh; Intel Mac OS X 10_15_7) AppleWebKit/537.36 (KHTML, like Gecko) Chrome/145.0.0.0 Safari/537.36 (compatible; meta-externalagent/1.1 (+https://developers.facebook.com/docs/sharing/webmasters/crawler))"
2a03:2880:f818:75:: - - [25/Aug/2026:19:44:59 +0000] "GET / HTTP/2.0" 500 0 "-" "facebookexternalhit/1.1 (+http://www.facebook.com/externalhit_uatext.php)"
68.67.112.226 - - [25/Aug/2026:19:45:02 +0000] "GET /?p=2058 HTTP/2.0" 500 0 "-" "Mozilla/5.0 AppleWebKit/537.36 (KHTML, like Gecko; compatible; YouBot/1.0; +https://docs.you.com/youbot; env:prod) Chrome/142.0.0.0 Safari/537.36"
74.7.243.216 - - [25/Aug/2026:19:45:18 +0000] "GET /products/detail/789231326004 HTTP/2.0" 500 0 "https://hyperbarics4u.com/sitemap680.xml" "Mozilla/5.0 AppleWebKit/537.36 (KHTML, like Gecko; compatible; GPTBot/1.4; +https://openai.com/gptbot)"
74.7.243.216 - - [25/Aug/2026:19:45:38 +0000] "GET /products/detail/789130729324 HTTP/2.0" 500 0 "https://hyperbarics4u.com/sitemap680.xml" "Mozilla/5.0 AppleWebKit/537.36 (KHTML, like Gecko; compatible; GPTBot/1.4; +https://openai.com/gptbot)"
2a03:2880:f80c:18:: - - [25/Aug/2026:19:45:57 +0000] "GET / HTTP/2.0" 500 0 "-" "facebookexternalhit/1.1 (+http://www.facebook.com/externalhit_uatext.php)"
74.7.243.216 - - [25/Aug/2026:19:46:00 +0000] "GET /products/detail/789036255269 HTTP/2.0" 500 0 "https://hyperbarics4u.com/sitemap680.xml" "Mozilla/5.0 AppleWebKit/537.36 (KHTML, like Gecko; compatible; GPTBot/1.4; +https://openai.com/gptbot)"
2a03:2880:f806:2c:: - - [25/Aug/2026:19:46:06 +0000] "GET /?s6e2c2t8o7r2i5a7l865 HTTP/2.0" 500 0 "-" "Mozilla/5.0 (Macintosh; Intel Mac OS X 10_15_7) AppleWebKit/537.36 (KHTML, like Gecko) Chrome/145.0.0.0 Safari/537.36 (compatible; meta-externalagent/1.1 (+https://developers.facebook.com/docs/sharing/webmasters/crawler))"
74.7.243.216 - - [25/Aug/2026:19:46:21 +0000] "GET /products/detail/789529683045 HTTP/2.0" 500 0 "https://hyperbarics4u.com/sitemap680.xml" "Mozilla/5.0 AppleWebKit/537.36 (KHTML, like Gecko; compatible; GPTBot/1.4; +https://openai.com/gptbot)"
74.7.243.216 - - [25/Aug/2026:19:46:42 +0000] "GET /products/detail/789033105649 HTTP/2.0" 500 0 "https://hyperbarics4u.com/sitemap680.xml" "Mozilla/5.0 AppleWebKit/537.36 (KHTML, like Gecko; compatible; GPTBot/1.4; +https://openai.com/gptbot)"
2a03:2880:f802:45:: - - [25/Aug/2026:19:46:56 +0000] "GET / HTTP/2.0" 500 0 "-" "facebookexternalhit/1.1 (+http://www.facebook.com/externalhit_uatext.php)"
74.7.243.216 - - [25/Aug/2026:19:47:04 +0000] "GET /products/detail/789432352470 HTTP/2.0" 500 0 "https://hyperbarics4u.com/sitemap680.xml" "Mozilla/5.0 AppleWebKit/537.36 (KHTML, like Gecko; compatible; GPTBot/1.4; +https://openai.com/gptbot)"
2a03:2880:f806:19:: - - [25/Aug/2026:19:47:13 +0000] "GET /products/detail/789166724432 HTTP/2.0" 500 0 "-" "Mozilla/5.0 (Macintosh; Intel Mac OS X 10_15_7) AppleWebKit/537.36 (KHTML, like Gecko) Chrome/145.0.0.0 Safari/537.36 (compatible; meta-externalagent/1.1 (+https://developers.facebook.com/docs/sharing/webmasters/crawler))"
74.7.243.216 - - [25/Aug/2026:19:47:26 +0000] "GET /products/detail/789130584120 HTTP/2.0" 500 0 "https://hyperbarics4u.com/sitemap680.xml" "Mozilla/5.0 AppleWebKit/537.36 (KHTML, like Gecko; compatible; GPTBot/1.4; +https://openai.com/gptbot)"
74.7.243.216 - - [25/Aug/2026:19:47:47 +0000] "GET /products/detail/789432001495 HTTP/2.0" 500 0 "https://hyperbarics4u.com/sitemap680.xml" "Mozilla/5.0 AppleWebKit/537.36 (KHTML, like Gecko; compatible; GPTBot/1.4; +https://openai.com/gptbot)"
2a03:2880:f804:1:: - - [25/Aug/2026:19:47:58 +0000] "GET / HTTP/2.0" 500 0 "-" "facebookexternalhit/1.1 (+http://www.facebook.com/externalhit_uatext.php)"
74.7.243.216 - - [25/Aug/2026:19:48:08 +0000] "GET /products/detail/789133927265 HTTP/2.0" 500 0 "https://hyperbarics4u.com/sitemap680.xml" "Mozilla/5.0 AppleWebKit/537.36 (KHTML, like Gecko; compatible; GPTBot/1.4; +https://openai.com/gptbot)"
2a03:2880:f806:2e:: - - [25/Aug/2026:19:48:20 +0000] "GET /?p6i4c0t9u5s922379 HTTP/2.0" 500 0 "-" "Mozilla/5.0 (Macintosh; Intel Mac OS X 10_15_7) AppleWebKit/537.36 (KHTML, like Gecko) Chrome/145.0.0.0 Safari/537.36 (compatible; meta-externalagent/1.1 (+https://developers.facebook.com/docs/sharing/webmasters/crawler))"
74.7.243.216 - - [25/Aug/2026:19:48:29 +0000] "GET /products/detail/789030272469 HTTP/2.0" 500 0 "https://hyperbarics4u.com/sitemap680.xml" "Mozilla/5.0 AppleWebKit/537.36 (KHTML, like Gecko; compatible; GPTBot/1.4; +https://openai.com/gptbot)"
2a03:2880:f806:14:: - - [25/Aug/2026:19:48:45 +0000] "GET / HTTP/2.0" 500 0 "-" "facebookexternalhit/1.1 (+http://www.facebook.com/externalhit_uatext.php)"
139.99.34.216 - - [25/Aug/2026:19:48:45 +0000] "GET /plugins/editors/jce/jce.xml HTTP/2.0" 200 5850 "-" "Mozilla/5.0 (Windows NT 10.0; Win64; x64) AppleWebKit/537.36"
139.99.34.216 - - [25/Aug/2026:19:48:47 +0000] "GET /administrator/components/com_jce/jce.xml HTTP/2.0" 200 5918 "-" "Mozilla/5.0 (Windows NT 10.0; Win64; x64) AppleWebKit/537.36"
139.99.34.216 - - [25/Aug/2026:19:48:47 +0000] "GET /plugins/system/jcemediabox/js/jcemediabox.js HTTP/2.0" 500 0 "-" "Mozilla/5.0 (Windows NT 10.0; Win64; x64) AppleWebKit/537.36"
139.99.34.216 - - [25/Aug/2026:19:48:48 +0000] "GET /plugins/system/jce/css/content.css HTTP/2.0" 500 0 "-" "Mozilla/5.0 (Windows NT 10.0; Win64; x64) AppleWebKit/537.36"
139.99.34.216 - - [25/Aug/2026:19:48:49 +0000] "GET /media/com_pagebuilderck/js/pagebuilderck.js HTTP/2.0" 500 0 "-" "Mozilla/5.0 (Windows NT 10.0; Win64; x64) AppleWebKit/537.36"
74.7.243.216 - - [25/Aug/2026:19:48:50 +0000] "GET /products/detail/789331867405 HTTP/2.0" 500 0 "https://hyperbarics4u.com/sitemap680.xml" "Mozilla/5.0 AppleWebKit/537.36 (KHTML, like Gecko; compatible; GPTBot/1.4; +https://openai.com/gptbot)"
139.99.34.216 - - [25/Aug/2026:19:48:51 +0000] "GET /plugins/content/pagebuilderck/pagebuilderck.xml HTTP/2.0" 200 5862 "-" "Mozilla/5.0 (Windows NT 10.0; Win64; x64) AppleWebKit/537.36"
139.99.34.216 - - [25/Aug/2026:19:48:53 +0000] "GET /administrator/components/com_pagebuilderck/pagebuilderck.xml HTTP/2.0" 200 5911 "-" "Mozilla/5.0 (Windows NT 10.0; Win64; x64) AppleWebKit/537.36"
139.99.34.216 - - [25/Aug/2026:19:48:54 +0000] "GET /media/com_pagebuilderck/gfonts/ HTTP/2.0" 500 0 "-" "Mozilla/5.0 (Windows NT 10.0; Win64; x64) AppleWebKit/537.36"
139.99.34.216 - - [25/Aug/2026:19:48:54 +0000] "GET /components/com_pagebuilderck/pagebuilderck.php HTTP/2.0" 500 0 "-" "Mozilla/5.0 (Windows NT 10.0; Win64; x64) AppleWebKit/537.36"
139.99.34.216 - - [25/Aug/2026:19:48:55 +0000] "GET /media/com_sppagebuilder/assets/iconfont/ HTTP/2.0" 500 0 "-" "Mozilla/5.0 (Windows NT 10.0; Win64; x64) AppleWebKit/537.36"
139.99.34.216 - - [25/Aug/2026:19:48:56 +0000] "GET /components/com_sppagebuilder/pagebuilder.php HTTP/2.0" 500 0 "-" "Mozilla/5.0 (Windows NT 10.0; Win64; x64) AppleWebKit/537.36"
139.99.34.216 - - [25/Aug/2026:19:48:56 +0000] "GET /administrator/components/com_sppagebuilder/sppagebuilder.xml HTTP/2.0" 200 5956 "-" "Mozilla/5.0 (Windows NT 10.0; Win64; x64) AppleWebKit/537.36"
139.99.34.216 - - [25/Aug/2026:19:48:57 +0000] "GET /plugins/content/sppagebuilder/sppagebuilder.xml HTTP/2.0" 200 5812 "-" "Mozilla/5.0 (Windows NT 10.0; Win64; x64) AppleWebKit/537.36"
139.99.34.216 - - [25/Aug/2026:19:48:58 +0000] "GET /media/com_sppagebuilder/css/sppagebuilder.css HTTP/2.0" 500 0 "-" "Mozilla/5.0 (Windows NT 10.0; Win64; x64) AppleWebKit/537.36"
74.7.243.216 - - [25/Aug/2026:19:49:12 +0000] "GET /products/detail/789432104425 HTTP/2.0" 500 0 "https://hyperbarics4u.com/sitemap680.xml" "Mozilla/5.0 AppleWebKit/537.36 (KHTML, like Gecko; compatible; GPTBot/1.4; +https://openai.com/gptbot)"
2a03:2880:f806:1f:: - - [25/Aug/2026:19:49:26 +0000] "GET /?o3b3l7i6g4a8t2i8o6n9s0 HTTP/2.0" 500 0 "-" "Mozilla/5.0 (X11; Linux x86_64) AppleWebKit/537.36 (KHTML, like Gecko) Chrome/145.0.0.0 Safari/537.36 (compatible; meta-externalagent/1.1 (+https://developers.facebook.com/docs/sharing/webmasters/crawler))"
74.7.243.216 - - [25/Aug/2026:19:49:33 +0000] "GET /products/detail/789234026705 HTTP/2.0" 500 0 "https://hyperbarics4u.com/sitemap680.xml" "Mozilla/5.0 AppleWebKit/537.36 (KHTML, like Gecko; compatible; GPTBot/1.4; +https://openai.com/gptbot)"
74.7.243.216 - - [25/Aug/2026:19:49:54 +0000] "GET /products/detail/789030062654 HTTP/2.0" 500 0 "https://hyperbarics4u.com/sitemap680.xml" "Mozilla/5.0 AppleWebKit/537.36 (KHTML, like Gecko; compatible; GPTBot/1.4; +https://openai.com/gptbot)"
74.7.243.216 - - [25/Aug/2026:19:50:15 +0000] "GET /products/detail/789532649450 HTTP/2.0" 500 0 "https://hyperbarics4u.com/sitemap680.xml" "Mozilla/5.0 AppleWebKit/537.36 (KHTML, like Gecko; compatible; GPTBot/1.4; +https://openai.com/gptbot)"
2a03:2880:f806:f:: - - [25/Aug/2026:19:50:32 +0000] "GET /?p2r1o3s9t0o7m2i9u7m97 HTTP/2.0" 500 0 "-" "Mozilla/5.0 (X11; Linux x86_64) AppleWebKit/537.36 (KHTML, like Gecko) Chrome/145.0.0.0 Safari/537.36 (compatible; meta-externalagent/1.1 (+https://developers.facebook.com/docs/sharing/webmasters/crawler))"
74.7.243.216 - - [25/Aug/2026:19:50:36 +0000] "GET /products/detail/789231262402 HTTP/2.0" 500 0 "https://hyperbarics4u.com/sitemap680.xml" "Mozilla/5.0 AppleWebKit/537.36 (KHTML, like Gecko; compatible; GPTBot/1.4; +https://openai.com/gptbot)"
2a03:2880:f810:11:: - - [25/Aug/2026:19:50:55 +0000] "GET / HTTP/2.0" 500 0 "-" "facebookexternalhit/1.1 (+http://www.facebook.com/externalhit_uatext.php)"
74.7.243.216 - - [25/Aug/2026:19:50:57 +0000] "GET /products/detail/789133714085 HTTP/2.0" 500 0 "https://hyperbarics4u.com/sitemap680.xml" "Mozilla/5.0 AppleWebKit/537.36 (KHTML, like Gecko; compatible; GPTBot/1.4; +https://openai.com/gptbot)"
74.7.243.216 - - [25/Aug/2026:19:51:17 +0000] "GET /products/detail/789234266074 HTTP/2.0" 500 0 "https://hyperbarics4u.com/sitemap680.xml" "Mozilla/5.0 AppleWebKit/537.36 (KHTML, like Gecko; compatible; GPTBot/1.4; +https://openai.com/gptbot)"
74.7.243.216 - - [25/Aug/2026:19:51:39 +0000] "GET /products/detail/789532679940 HTTP/2.0" 500 0 "https://hyperbarics4u.com/sitemap680.xml" "Mozilla/5.0 AppleWebKit/537.36 (KHTML, like Gecko; compatible; GPTBot/1.4; +https://openai.com/gptbot)"
2a03:2880:f806:40:: - - [25/Aug/2026:19:51:39 +0000] "GET /sitemap-subitem-3040.xml HTTP/2.0" 200 5941 "-" "Mozilla/5.0 (Macintosh; Intel Mac OS X 10_15_7) AppleWebKit/537.36 (KHTML, like Gecko) Chrome/145.0.0.0 Safari/537.36 (compatible; meta-externalagent/1.1 (+https://developers.facebook.com/docs/sharing/webmasters/crawler))"
2a03:2880:f816:b:: - - [25/Aug/2026:19:51:43 +0000] "GET / HTTP/2.0" 500 0 "-" "facebookexternalhit/1.1 (+http://www.facebook.com/externalhit_uatext.php)"
74.7.243.216 - - [25/Aug/2026:19:51:59 +0000] "GET /products/detail/789529715640 HTTP/2.0" 500 0 "https://hyperbarics4u.com/sitemap680.xml" "Mozilla/5.0 AppleWebKit/537.36 (KHTML, like Gecko; compatible; GPTBot/1.4; +https://openai.com/gptbot)"
74.7.243.216 - - [25/Aug/2026:19:52:19 +0000] "GET /products/detail/789532826734 HTTP/2.0" 500 0 "https://hyperbarics4u.com/sitemap680.xml" "Mozilla/5.0 AppleWebKit/537.36 (KHTML, like Gecko; compatible; GPTBot/1.4; +https://openai.com/gptbot)"
74.7.243.216 - - [25/Aug/2026:19:52:40 +0000] "GET /products/detail/789130534675 HTTP/2.0" 500 0 "https://hyperbarics4u.com/sitemap680.xml" "Mozilla/5.0 AppleWebKit/537.36 (KHTML, like Gecko; compatible; GPTBot/1.4; +https://openai.com/gptbot)"
