2a03:2880:f806:14:: - - [25/Aug/2026:17:24:08 +0000] "GET /?i7m2p5e2r7s6u3a3d8a7b4le HTTP/2.0" 500 0 "-" "Mozilla/5.0 (Windows NT 10.0; Win64; x64) AppleWebKit/537.36 (KHTML, like Gecko) Chrome/145.0.0.0 Safari/537.36 (compatible; meta-externalagent/1.1 (+https://developers.facebook.com/docs/sharing/webmasters/crawler))"
74.7.243.216 - - [25/Aug/2026:17:24:15 +0000] "GET /products/detail/789130842645 HTTP/2.0" 500 0 "https://hyperbarics4u.com/sitemap680.xml" "Mozilla/5.0 AppleWebKit/537.36 (KHTML, like Gecko; compatible; GPTBot/1.4; +https://openai.com/gptbot)"
74.7.243.216 - - [25/Aug/2026:17:24:36 +0000] "GET /products/detail/789231056460 HTTP/2.0" 500 0 "https://hyperbarics4u.com/sitemap680.xml" "Mozilla/5.0 AppleWebKit/537.36 (KHTML, like Gecko; compatible; GPTBot/1.4; +https://openai.com/gptbot)"
74.7.243.216 - - [25/Aug/2026:17:24:58 +0000] "GET /products/detail/789030000505 HTTP/2.0" 500 0 "https://hyperbarics4u.com/sitemap680.xml" "Mozilla/5.0 AppleWebKit/537.36 (KHTML, like Gecko; compatible; GPTBot/1.4; +https://openai.com/gptbot)"
2a03:2880:f806:32:: - - [25/Aug/2026:17:25:15 +0000] "GET /?g2l1o6r1i7o5s0o3932 HTTP/2.0" 500 0 "-" "Mozilla/5.0 (Windows NT 10.0; Win64; x64) AppleWebKit/537.36 (KHTML, like Gecko) Chrome/145.0.0.0 Safari/537.36 (compatible; meta-externalagent/1.1 (+https://developers.facebook.com/docs/sharing/webmasters/crawler))"
74.7.243.216 - - [25/Aug/2026:17:25:19 +0000] "GET /products/detail/789529917777 HTTP/2.0" 500 0 "https://hyperbarics4u.com/sitemap680.xml" "Mozilla/5.0 AppleWebKit/537.36 (KHTML, like Gecko; compatible; GPTBot/1.4; +https://openai.com/gptbot)"
74.7.243.216 - - [25/Aug/2026:17:25:41 +0000] "GET /products/detail/789535937777 HTTP/2.0" 500 0 "https://hyperbarics4u.com/sitemap680.xml" "Mozilla/5.0 AppleWebKit/537.36 (KHTML, like Gecko; compatible; GPTBot/1.4; +https://openai.com/gptbot)"
74.7.243.216 - - [25/Aug/2026:17:26:02 +0000] "GET /products/detail/789030388730 HTTP/2.0" 500 0 "https://hyperbarics4u.com/sitemap680.xml" "Mozilla/5.0 AppleWebKit/537.36 (KHTML, like Gecko; compatible; GPTBot/1.4; +https://openai.com/gptbot)"
2a03:2880:f806:3f:: - - [25/Aug/2026:17:26:21 +0000] "GET /?p5e1r2i6o0d3o9n3t6a1l0 HTTP/2.0" 500 0 "-" "Mozilla/5.0 (Windows NT 10.0; Win64; x64) AppleWebKit/537.36 (KHTML, like Gecko) Chrome/145.0.0.0 Safari/537.36 (compatible; meta-externalagent/1.1 (+https://developers.facebook.com/docs/sharing/webmasters/crawler))"
74.7.243.216 - - [25/Aug/2026:17:26:22 +0000] "GET /products/detail/789334743499 HTTP/2.0" 500 0 "https://hyperbarics4u.com/sitemap680.xml" "Mozilla/5.0 AppleWebKit/537.36 (KHTML, like Gecko; compatible; GPTBot/1.4; +https://openai.com/gptbot)"
74.7.243.216 - - [25/Aug/2026:17:26:44 +0000] "GET /products/detail/789529825575 HTTP/2.0" 500 0 "https://hyperbarics4u.com/sitemap680.xml" "Mozilla/5.0 AppleWebKit/537.36 (KHTML, like Gecko; compatible; GPTBot/1.4; +https://openai.com/gptbot)"
74.7.243.216 - - [25/Aug/2026:17:27:06 +0000] "GET /products/detail/789334733730 HTTP/2.0" 500 0 "https://hyperbarics4u.com/sitemap680.xml" "Mozilla/5.0 AppleWebKit/537.36 (KHTML, like Gecko; compatible; GPTBot/1.4; +https://openai.com/gptbot)"
207.46.13.102 - - [25/Aug/2026:17:27:24 +0000] "GET /2026/06/19/westace-nowa-era-rozrywki-hazardowej-online-w-polsce-i-jej-obietnice/ HTTP/2.0" 200 27602 "-" "Mozilla/5.0 AppleWebKit/537.36 (KHTML, like Gecko; compatible; bingbot/2.0; +http://www.bing.com/bingbot.htm) Chrome/116.0.1938.76 Safari/537.36"
74.7.243.216 - - [25/Aug/2026:17:27:27 +0000] "GET /products/detail/789030039379 HTTP/2.0" 500 0 "https://hyperbarics4u.com/sitemap680.xml" "Mozilla/5.0 AppleWebKit/537.36 (KHTML, like Gecko; compatible; GPTBot/1.4; +https://openai.com/gptbot)"
2a03:2880:f806:38:: - - [25/Aug/2026:17:27:28 +0000] "GET /prizes/105533913 HTTP/2.0" 500 0 "-" "Mozilla/5.0 (Macintosh; Intel Mac OS X 10_15_7) AppleWebKit/537.36 (KHTML, like Gecko) Chrome/145.0.0.0 Safari/537.36 (compatible; meta-externalagent/1.1 (+https://developers.facebook.com/docs/sharing/webmasters/crawler))"
74.7.243.216 - - [25/Aug/2026:17:27:48 +0000] "GET /products/detail/789529828225 HTTP/2.0" 500 0 "https://hyperbarics4u.com/sitemap680.xml" "Mozilla/5.0 AppleWebKit/537.36 (KHTML, like Gecko; compatible; GPTBot/1.4; +https://openai.com/gptbot)"
74.7.243.216 - - [25/Aug/2026:17:28:10 +0000] "GET /products/detail/789030049300 HTTP/2.0" 500 0 "https://hyperbarics4u.com/sitemap680.xml" "Mozilla/5.0 AppleWebKit/537.36 (KHTML, like Gecko; compatible; GPTBot/1.4; +https://openai.com/gptbot)"
74.7.243.216 - - [25/Aug/2026:17:28:31 +0000] "GET /products/detail/789529908990 HTTP/2.0" 500 0 "https://hyperbarics4u.com/sitemap680.xml" "Mozilla/5.0 AppleWebKit/537.36 (KHTML, like Gecko; compatible; GPTBot/1.4; +https://openai.com/gptbot)"
2a03:2880:f806:f:: - - [25/Aug/2026:17:28:35 +0000] "GET /?v6e9n9e0t1i1a2n642 HTTP/2.0" 500 0 "-" "Mozilla/5.0 (Windows NT 10.0; Win64; x64) AppleWebKit/537.36 (KHTML, like Gecko) Chrome/145.0.0.0 Safari/537.36 (compatible; meta-externalagent/1.1 (+https://developers.facebook.com/docs/sharing/webmasters/crawler))"
74.7.243.216 - - [25/Aug/2026:17:28:51 +0000] "GET /products/detail/789529888802 HTTP/2.0" 500 0 "https://hyperbarics4u.com/sitemap680.xml" "Mozilla/5.0 AppleWebKit/537.36 (KHTML, like Gecko; compatible; GPTBot/1.4; +https://openai.com/gptbot)"
74.7.243.216 - - [25/Aug/2026:17:29:13 +0000] "GET /products/detail/789231067277 HTTP/2.0" 500 0 "https://hyperbarics4u.com/sitemap680.xml" "Mozilla/5.0 AppleWebKit/537.36 (KHTML, like Gecko; compatible; GPTBot/1.4; +https://openai.com/gptbot)"
74.7.243.216 - - [25/Aug/2026:17:29:34 +0000] "GET /products/detail/789331795190 HTTP/2.0" 500 0 "https://hyperbarics4u.com/sitemap680.xml" "Mozilla/5.0 AppleWebKit/537.36 (KHTML, like Gecko; compatible; GPTBot/1.4; +https://openai.com/gptbot)"
2a03:2880:f806:4:: - - [25/Aug/2026:17:29:41 +0000] "GET /?n0y1c0t1i6n3o0m7u7s70 HTTP/2.0" 500 0 "-" "Mozilla/5.0 (X11; Linux x86_64) AppleWebKit/537.36 (KHTML, like Gecko) Chrome/145.0.0.0 Safari/537.36 (compatible; meta-externalagent/1.1 (+https://developers.facebook.com/docs/sharing/webmasters/crawler))"
74.7.243.216 - - [25/Aug/2026:17:29:54 +0000] "GET /products/detail/789532718255 HTTP/2.0" 500 0 "https://hyperbarics4u.com/sitemap680.xml" "Mozilla/5.0 AppleWebKit/537.36 (KHTML, like Gecko; compatible; GPTBot/1.4; +https://openai.com/gptbot)"
74.7.243.216 - - [25/Aug/2026:17:30:15 +0000] "GET /products/detail/789133775727 HTTP/2.0" 500 0 "https://hyperbarics4u.com/sitemap680.xml" "Mozilla/5.0 AppleWebKit/537.36 (KHTML, like Gecko; compatible; GPTBot/1.4; +https://openai.com/gptbot)"
74.7.243.216 - - [25/Aug/2026:17:30:37 +0000] "GET /products/detail/789432251929 HTTP/2.0" 500 0 "https://hyperbarics4u.com/sitemap680.xml" "Mozilla/5.0 AppleWebKit/537.36 (KHTML, like Gecko; compatible; GPTBot/1.4; +https://openai.com/gptbot)"
2a03:2880:f806:39:: - - [25/Aug/2026:17:30:48 +0000] "GET /?b8i2t5t0o3r16261 HTTP/2.0" 500 0 "-" "Mozilla/5.0 (Windows NT 10.0; Win64; x64) AppleWebKit/537.36 (KHTML, like Gecko) Chrome/145.0.0.0 Safari/537.36 (compatible; meta-externalagent/1.1 (+https://developers.facebook.com/docs/sharing/webmasters/crawler))"
74.7.243.216 - - [25/Aug/2026:17:30:59 +0000] "GET /products/detail/789331554099 HTTP/2.0" 500 0 "https://hyperbarics4u.com/sitemap680.xml" "Mozilla/5.0 AppleWebKit/537.36 (KHTML, like Gecko; compatible; GPTBot/1.4; +https://openai.com/gptbot)"
74.7.243.216 - - [25/Aug/2026:17:31:20 +0000] "GET /products/detail/789130753554 HTTP/2.0" 500 0 "https://hyperbarics4u.com/sitemap680.xml" "Mozilla/5.0 AppleWebKit/537.36 (KHTML, like Gecko; compatible; GPTBot/1.4; +https://openai.com/gptbot)"
2a03:2880:f814:2:: - - [25/Aug/2026:17:31:26 +0000] "GET / HTTP/2.0" 500 0 "-" "facebookexternalhit/1.1 (+http://www.facebook.com/externalhit_uatext.php)"
207.46.13.102 - - [25/Aug/2026:17:31:35 +0000] "GET /2024/03/08/14red-casino-100-free-spins-bonus-2026/ HTTP/2.0" 200 25439 "-" "Mozilla/5.0 AppleWebKit/537.36 (KHTML, like Gecko; compatible; bingbot/2.0; +http://www.bing.com/bingbot.htm) Chrome/116.0.1938.76 Safari/537.36"
74.7.243.216 - - [25/Aug/2026:17:31:41 +0000] "GET /products/detail/789331635115 HTTP/2.0" 500 0 "https://hyperbarics4u.com/sitemap680.xml" "Mozilla/5.0 AppleWebKit/537.36 (KHTML, like Gecko; compatible; GPTBot/1.4; +https://openai.com/gptbot)"
2a03:2880:f806:38:: - - [25/Aug/2026:17:31:55 +0000] "GET /?c1o1u4n7t2e9s9s2466 HTTP/2.0" 500 0 "-" "Mozilla/5.0 (Macintosh; Intel Mac OS X 10_15_7) AppleWebKit/537.36 (KHTML, like Gecko) Chrome/145.0.0.0 Safari/537.36 (compatible; meta-externalagent/1.1 (+https://developers.facebook.com/docs/sharing/webmasters/crawler))"
74.7.243.216 - - [25/Aug/2026:17:32:03 +0000] "GET /products/detail/789432366977 HTTP/2.0" 500 0 "https://hyperbarics4u.com/sitemap680.xml" "Mozilla/5.0 AppleWebKit/537.36 (KHTML, like Gecko; compatible; GPTBot/1.4; +https://openai.com/gptbot)"
190.6.7.44 - - [25/Aug/2026:17:32:12 +0000] "GET /?sitemap-804.xml HTTP/2.0" 200 5872 "https://www.hyperbarics4u.com/sitemap.xml" "Mozilla/5.0 (iPhone; CPU iPhone OS 18_3 like Mac OS X) AppleWebKit/605.1.15 (KHTML, like Gecko) Version/18.3 Mobile/15E148 Safari/604.1"
74.7.243.216 - - [25/Aug/2026:17:32:23 +0000] "GET /products/detail/789529776935 HTTP/2.0" 500 0 "https://hyperbarics4u.com/sitemap680.xml" "Mozilla/5.0 AppleWebKit/537.36 (KHTML, like Gecko; compatible; GPTBot/1.4; +https://openai.com/gptbot)"
74.7.243.216 - - [25/Aug/2026:17:32:45 +0000] "GET /products/detail/789529722402 HTTP/2.0" 500 0 "https://hyperbarics4u.com/sitemap680.xml" "Mozilla/5.0 AppleWebKit/537.36 (KHTML, like Gecko; compatible; GPTBot/1.4; +https://openai.com/gptbot)"
2a03:2880:f808:27:: - - [25/Aug/2026:17:33:01 +0000] "GET / HTTP/2.0" 500 0 "-" "facebookexternalhit/1.1 (+http://www.facebook.com/externalhit_uatext.php)"
2a03:2880:f806:3b:: - - [25/Aug/2026:17:33:01 +0000] "GET /?t9r1i6n4k2e7t7e5r503 HTTP/2.0" 500 0 "-" "Mozilla/5.0 (Windows NT 10.0; Win64; x64) AppleWebKit/537.36 (KHTML, like Gecko) Chrome/145.0.0.0 Safari/537.36 (compatible; meta-externalagent/1.1 (+https://developers.facebook.com/docs/sharing/webmasters/crawler))"
74.7.243.216 - - [25/Aug/2026:17:33:06 +0000] "GET /products/detail/789030107049 HTTP/2.0" 500 0 "https://hyperbarics4u.com/sitemap680.xml" "Mozilla/5.0 AppleWebKit/537.36 (KHTML, like Gecko; compatible; GPTBot/1.4; +https://openai.com/gptbot)"
74.7.243.216 - - [25/Aug/2026:17:33:27 +0000] "GET /products/detail/789133644177 HTTP/2.0" 500 0 "https://hyperbarics4u.com/sitemap680.xml" "Mozilla/5.0 AppleWebKit/537.36 (KHTML, like Gecko; compatible; GPTBot/1.4; +https://openai.com/gptbot)"
2a03:2880:f80a:44:: - - [25/Aug/2026:17:33:35 +0000] "GET / HTTP/2.0" 500 0 "-" "facebookexternalhit/1.1 (+http://www.facebook.com/externalhit_uatext.php)"
74.7.243.216 - - [25/Aug/2026:17:33:48 +0000] "GET /products/detail/789529966009 HTTP/2.0" 500 0 "https://hyperbarics4u.com/sitemap680.xml" "Mozilla/5.0 AppleWebKit/537.36 (KHTML, like Gecko; compatible; GPTBot/1.4; +https://openai.com/gptbot)"
74.7.243.216 - - [25/Aug/2026:17:34:08 +0000] "GET /products/detail/789529759834 HTTP/2.0" 500 0 "https://hyperbarics4u.com/sitemap680.xml" "Mozilla/5.0 AppleWebKit/537.36 (KHTML, like Gecko; compatible; GPTBot/1.4; +https://openai.com/gptbot)"
2a03:2880:f806:f:: - - [25/Aug/2026:17:34:08 +0000] "GET /?h9o3a0r0f3r3o7s2t573 HTTP/2.0" 500 0 "-" "Mozilla/5.0 (Windows NT 10.0; Win64; x64) AppleWebKit/537.36 (KHTML, like Gecko) Chrome/145.0.0.0 Safari/537.36 (compatible; meta-externalagent/1.1 (+https://developers.facebook.com/docs/sharing/webmasters/crawler))"
74.7.243.216 - - [25/Aug/2026:17:34:29 +0000] "GET /products/detail/789130908802 HTTP/2.0" 500 0 "https://hyperbarics4u.com/sitemap680.xml" "Mozilla/5.0 AppleWebKit/537.36 (KHTML, like Gecko; compatible; GPTBot/1.4; +https://openai.com/gptbot)"
157.55.39.48 - - [25/Aug/2026:17:34:33 +0000] "GET /2024/03/08/blow-casino-no-deposit-bonus-codes-for-free-spins-2026/ HTTP/2.0" 200 26361 "-" "Mozilla/5.0 AppleWebKit/537.36 (KHTML, like Gecko; compatible; bingbot/2.0; +http://www.bing.com/bingbot.htm) Chrome/116.0.1938.76 Safari/537.36"
74.7.243.216 - - [25/Aug/2026:17:34:49 +0000] "GET /products/detail/789231205527 HTTP/2.0" 500 0 "https://hyperbarics4u.com/sitemap680.xml" "Mozilla/5.0 AppleWebKit/537.36 (KHTML, like Gecko; compatible; GPTBot/1.4; +https://openai.com/gptbot)"
74.7.243.216 - - [25/Aug/2026:17:35:11 +0000] "GET /products/detail/789231343539 HTTP/2.0" 500 0 "https://hyperbarics4u.com/sitemap680.xml" "Mozilla/5.0 AppleWebKit/537.36 (KHTML, like Gecko; compatible; GPTBot/1.4; +https://openai.com/gptbot)"
2a03:2880:f806:a:: - - [25/Aug/2026:17:35:15 +0000] "GET /?c2h2a6i0s3e250771 HTTP/2.0" 500 0 "-" "Mozilla/5.0 (X11; Linux x86_64) AppleWebKit/537.36 (KHTML, like Gecko) Chrome/145.0.0.0 Safari/537.36 (compatible; meta-externalagent/1.1 (+https://developers.facebook.com/docs/sharing/webmasters/crawler))"
74.7.243.216 - - [25/Aug/2026:17:35:32 +0000] "GET /products/detail/789130960727 HTTP/2.0" 500 0 "https://hyperbarics4u.com/sitemap680.xml" "Mozilla/5.0 AppleWebKit/537.36 (KHTML, like Gecko; compatible; GPTBot/1.4; +https://openai.com/gptbot)"
74.7.243.216 - - [25/Aug/2026:17:35:52 +0000] "GET /products/detail/789130971220 HTTP/2.0" 500 0 "https://hyperbarics4u.com/sitemap680.xml" "Mozilla/5.0 AppleWebKit/537.36 (KHTML, like Gecko; compatible; GPTBot/1.4; +https://openai.com/gptbot)"
2a03:2880:f800:29:: - - [25/Aug/2026:17:36:08 +0000] "GET / HTTP/2.0" 500 0 "-" "facebookexternalhit/1.1 (+http://www.facebook.com/externalhit_uatext.php)"
74.7.243.216 - - [25/Aug/2026:17:36:13 +0000] "GET /products/detail/789532803340 HTTP/2.0" 500 0 "https://hyperbarics4u.com/sitemap680.xml" "Mozilla/5.0 AppleWebKit/537.36 (KHTML, like Gecko; compatible; GPTBot/1.4; +https://openai.com/gptbot)"
2a03:2880:f818:75:: - - [25/Aug/2026:17:36:19 +0000] "GET / HTTP/2.0" 500 0 "-" "facebookexternalhit/1.1 (+http://www.facebook.com/externalhit_uatext.php)"
2a03:2880:f806:3d:: - - [25/Aug/2026:17:36:21 +0000] "GET /products/detail/789181936108 HTTP/2.0" 500 0 "-" "Mozilla/5.0 (Windows NT 10.0; Win64; x64) AppleWebKit/537.36 (KHTML, like Gecko) Chrome/145.0.0.0 Safari/537.36 (compatible; meta-externalagent/1.1 (+https://developers.facebook.com/docs/sharing/webmasters/crawler))"
74.7.243.216 - - [25/Aug/2026:17:36:33 +0000] "GET /products/detail/789432237710 HTTP/2.0" 500 0 "https://hyperbarics4u.com/sitemap680.xml" "Mozilla/5.0 AppleWebKit/537.36 (KHTML, like Gecko; compatible; GPTBot/1.4; +https://openai.com/gptbot)"
74.7.243.216 - - [25/Aug/2026:17:36:55 +0000] "GET /products/detail/789036177940 HTTP/2.0" 500 0 "https://hyperbarics4u.com/sitemap680.xml" "Mozilla/5.0 AppleWebKit/537.36 (KHTML, like Gecko; compatible; GPTBot/1.4; +https://openai.com/gptbot)"
74.7.243.216 - - [25/Aug/2026:17:37:16 +0000] "GET /products/detail/789435233205 HTTP/2.0" 500 0 "https://hyperbarics4u.com/sitemap680.xml" "Mozilla/5.0 AppleWebKit/537.36 (KHTML, like Gecko; compatible; GPTBot/1.4; +https://openai.com/gptbot)"
2a03:2880:f806:12:: - - [25/Aug/2026:17:37:28 +0000] "GET /?o5c3c0r5u6s3t4a0t7e41 HTTP/2.0" 500 0 "-" "Mozilla/5.0 (Windows NT 10.0; Win64; x64) AppleWebKit/537.36 (KHTML, like Gecko) Chrome/145.0.0.0 Safari/537.36 (compatible; meta-externalagent/1.1 (+https://developers.facebook.com/docs/sharing/webmasters/crawler))"
74.7.243.216 - - [25/Aug/2026:17:37:37 +0000] "GET /products/detail/789130667379 HTTP/2.0" 500 0 "https://hyperbarics4u.com/sitemap680.xml" "Mozilla/5.0 AppleWebKit/537.36 (KHTML, like Gecko; compatible; GPTBot/1.4; +https://openai.com/gptbot)"
68.67.112.172 - - [25/Aug/2026:17:37:41 +0000] "GET /?p=1743 HTTP/2.0" 500 0 "-" "Mozilla/5.0 AppleWebKit/537.36 (KHTML, like Gecko; compatible; YouBot/1.0; +https://docs.you.com/youbot; env:prod) Chrome/142.0.0.0 Safari/537.36"
74.7.243.216 - - [25/Aug/2026:17:37:58 +0000] "GET /products/detail/789030473320 HTTP/2.0" 500 0 "https://hyperbarics4u.com/sitemap680.xml" "Mozilla/5.0 AppleWebKit/537.36 (KHTML, like Gecko; compatible; GPTBot/1.4; +https://openai.com/gptbot)"
2a03:2880:f80e:1c:: - - [25/Aug/2026:17:38:08 +0000] "GET / HTTP/2.0" 500 0 "-" "facebookexternalhit/1.1 (+http://www.facebook.com/externalhit_uatext.php)"
74.7.243.216 - - [25/Aug/2026:17:38:18 +0000] "GET /products/detail/789529772004 HTTP/2.0" 500 0 "https://hyperbarics4u.com/sitemap680.xml" "Mozilla/5.0 AppleWebKit/537.36 (KHTML, like Gecko; compatible; GPTBot/1.4; +https://openai.com/gptbot)"
2a03:2880:f804:3d:: - - [25/Aug/2026:17:38:19 +0000] "GET / HTTP/2.0" 500 0 "-" "facebookexternalhit/1.1 (+http://www.facebook.com/externalhit_uatext.php)"
114.119.131.231 - - [25/Aug/2026:17:38:32 +0000] "GET /?sitemap-411.xml HTTP/2.0" 200 5870 "https://www.hyperbarics4u.com/sitemap.xml" "Mozilla/5.0 (Linux; Android 7.0;) AppleWebKit/537.36 (HTML, like Gecko) Mobile Safari/537.36 (compatible; PetalBot;+https://webmaster.petalsearch.com/site/petalbot)"
2a03:2880:f806:5:: - - [25/Aug/2026:17:38:36 +0000] "GET /?e6n1s4w8a9t4h9e9m2e6n0t HTTP/2.0" 500 0 "-" "Mozilla/5.0 (X11; Linux x86_64) AppleWebKit/537.36 (KHTML, like Gecko) Chrome/145.0.0.0 Safari/537.36 (compatible; meta-externalagent/1.1 (+https://developers.facebook.com/docs/sharing/webmasters/crawler))"
74.7.243.216 - - [25/Aug/2026:17:38:39 +0000] "GET /products/detail/789435040754 HTTP/2.0" 500 0 "https://hyperbarics4u.com/sitemap680.xml" "Mozilla/5.0 AppleWebKit/537.36 (KHTML, like Gecko; compatible; GPTBot/1.4; +https://openai.com/gptbot)"
74.7.243.216 - - [25/Aug/2026:17:39:01 +0000] "GET /products/detail/789529981554 HTTP/2.0" 500 0 "https://hyperbarics4u.com/sitemap680.xml" "Mozilla/5.0 AppleWebKit/537.36 (KHTML, like Gecko; compatible; GPTBot/1.4; +https://openai.com/gptbot)"
74.7.243.216 - - [25/Aug/2026:17:39:21 +0000] "GET /products/detail/789033170949 HTTP/2.0" 500 0 "https://hyperbarics4u.com/sitemap680.xml" "Mozilla/5.0 AppleWebKit/537.36 (KHTML, like Gecko; compatible; GPTBot/1.4; +https://openai.com/gptbot)"
2a03:2880:f806:15:: - - [25/Aug/2026:17:39:42 +0000] "GET /?c0h2i3l9d0b4e4a0r5i2n7g HTTP/2.0" 500 0 "-" "Mozilla/5.0 (Windows NT 10.0; Win64; x64) AppleWebKit/537.36 (KHTML, like Gecko) Chrome/145.0.0.0 Safari/537.36 (compatible; meta-externalagent/1.1 (+https://developers.facebook.com/docs/sharing/webmasters/crawler))"
74.7.243.216 - - [25/Aug/2026:17:39:42 +0000] "GET /products/detail/789030082955 HTTP/2.0" 500 0 "https://hyperbarics4u.com/sitemap680.xml" "Mozilla/5.0 AppleWebKit/537.36 (KHTML, like Gecko; compatible; GPTBot/1.4; +https://openai.com/gptbot)"
74.7.243.216 - - [25/Aug/2026:17:40:04 +0000] "GET /products/detail/789432076779 HTTP/2.0" 500 0 "https://hyperbarics4u.com/sitemap680.xml" "Mozilla/5.0 AppleWebKit/537.36 (KHTML, like Gecko; compatible; GPTBot/1.4; +https://openai.com/gptbot)"
74.7.243.216 - - [25/Aug/2026:17:40:25 +0000] "GET /products/detail/789234191774 HTTP/2.0" 500 0 "https://hyperbarics4u.com/sitemap680.xml" "Mozilla/5.0 AppleWebKit/537.36 (KHTML, like Gecko; compatible; GPTBot/1.4; +https://openai.com/gptbot)"
74.7.243.216 - - [25/Aug/2026:17:40:47 +0000] "GET /products/detail/789334881210 HTTP/2.0" 500 0 "https://hyperbarics4u.com/sitemap680.xml" "Mozilla/5.0 AppleWebKit/537.36 (KHTML, like Gecko; compatible; GPTBot/1.4; +https://openai.com/gptbot)"
2a03:2880:f806:1b:: - - [25/Aug/2026:17:40:48 +0000] "GET /?w6e7a6t2h5e2r8m2o5s4t HTTP/2.0" 500 0 "-" "Mozilla/5.0 (Windows NT 10.0; Win64; x64) AppleWebKit/537.36 (KHTML, like Gecko) Chrome/145.0.0.0 Safari/537.36 (compatible; meta-externalagent/1.1 (+https://developers.facebook.com/docs/sharing/webmasters/crawler))"
2a03:2880:f810:10:: - - [25/Aug/2026:17:41:03 +0000] "GET / HTTP/2.0" 500 0 "-" "facebookexternalhit/1.1 (+http://www.facebook.com/externalhit_uatext.php)"
74.7.243.216 - - [25/Aug/2026:17:41:08 +0000] "GET /products/detail/789130672090 HTTP/2.0" 500 0 "https://hyperbarics4u.com/sitemap680.xml" "Mozilla/5.0 AppleWebKit/537.36 (KHTML, like Gecko; compatible; GPTBot/1.4; +https://openai.com/gptbot)"
2a03:2880:f814:2:: - - [25/Aug/2026:17:41:15 +0000] "GET / HTTP/2.0" 500 0 "-" "facebookexternalhit/1.1 (+http://www.facebook.com/externalhit_uatext.php)"
100.24.167.60 - - [25/Aug/2026:17:41:23 +0000] "GET /hats HTTP/2.0" 500 0 "-" "Mozilla/5.0 AppleWebKit/537.36 (KHTML, like Gecko; compatible; Amazonbot/0.1; +https://developer.amazon.com/support/amazonbot) Chrome/119.0.6045.214 Safari/537.36"
74.7.243.216 - - [25/Aug/2026:17:41:28 +0000] "GET /products/detail/789532842375 HTTP/2.0" 500 0 "https://hyperbarics4u.com/sitemap680.xml" "Mozilla/5.0 AppleWebKit/537.36 (KHTML, like Gecko; compatible; GPTBot/1.4; +https://openai.com/gptbot)"
74.7.243.216 - - [25/Aug/2026:17:41:49 +0000] "GET /products/detail/789529794477 HTTP/2.0" 500 0 "https://hyperbarics4u.com/sitemap680.xml" "Mozilla/5.0 AppleWebKit/537.36 (KHTML, like Gecko; compatible; GPTBot/1.4; +https://openai.com/gptbot)"
100.29.128.75 - - [25/Aug/2026:17:41:51 +0000] "GET /stores/artists-to-watch HTTP/2.0" 500 0 "-" "Mozilla/5.0 AppleWebKit/537.36 (KHTML, like Gecko; compatible; Amazonbot/0.1; +https://developer.amazon.com/support/amazonbot) Chrome/119.0.6045.214 Safari/537.36"
2a03:2880:f806:37:: - - [25/Aug/2026:17:41:55 +0000] "GET /?a5r3c4h0i7e5p4i7s5c0o8pacy HTTP/2.0" 500 0 "-" "Mozilla/5.0 (Windows NT 10.0; Win64; x64) AppleWebKit/537.36 (KHTML, like Gecko) Chrome/145.0.0.0 Safari/537.36 (compatible; meta-externalagent/1.1 (+https://developers.facebook.com/docs/sharing/webmasters/crawler))"
74.7.243.216 - - [25/Aug/2026:17:42:10 +0000] "GET /products/detail/789033146394 HTTP/2.0" 500 0 "https://hyperbarics4u.com/sitemap680.xml" "Mozilla/5.0 AppleWebKit/537.36 (KHTML, like Gecko; compatible; GPTBot/1.4; +https://openai.com/gptbot)"
74.7.243.216 - - [25/Aug/2026:17:42:31 +0000] "GET /products/detail/789130561510 HTTP/2.0" 500 0 "https://hyperbarics4u.com/sitemap680.xml" "Mozilla/5.0 AppleWebKit/537.36 (KHTML, like Gecko; compatible; GPTBot/1.4; +https://openai.com/gptbot)"
2a03:2880:f80a:44:: - - [25/Aug/2026:17:42:32 +0000] "GET / HTTP/2.0" 500 0 "-" "facebookexternalhit/1.1 (+http://www.facebook.com/externalhit_uatext.php)"
74.7.243.216 - - [25/Aug/2026:17:42:52 +0000] "GET /products/detail/789231171834 HTTP/2.0" 500 0 "https://hyperbarics4u.com/sitemap680.xml" "Mozilla/5.0 AppleWebKit/537.36 (KHTML, like Gecko; compatible; GPTBot/1.4; +https://openai.com/gptbot)"
2a03:2880:f806:27:: - - [25/Aug/2026:17:43:02 +0000] "GET /?s7k3o0l4e8c4i1t3e482 HTTP/2.0" 500 0 "-" "Mozilla/5.0 (Windows NT 10.0; Win64; x64) AppleWebKit/537.36 (KHTML, like Gecko) Chrome/145.0.0.0 Safari/537.36 (compatible; meta-externalagent/1.1 (+https://developers.facebook.com/docs/sharing/webmasters/crawler))"
74.7.243.216 - - [25/Aug/2026:17:43:14 +0000] "GET /products/detail/789432491740 HTTP/2.0" 500 0 "https://hyperbarics4u.com/sitemap680.xml" "Mozilla/5.0 AppleWebKit/537.36 (KHTML, like Gecko; compatible; GPTBot/1.4; +https://openai.com/gptbot)"
104.244.72.22 - - [25/Aug/2026:17:43:17 +0000] "GET /cccsitemap.xml HTTP/2.0" 200 36 "-" "googlebot,bot,google,bing,yahoo"
74.7.243.216 - - [25/Aug/2026:17:43:35 +0000] "GET /products/detail/789334588275 HTTP/2.0" 500 0 "https://hyperbarics4u.com/sitemap680.xml" "Mozilla/5.0 AppleWebKit/537.36 (KHTML, like Gecko; compatible; GPTBot/1.4; +https://openai.com/gptbot)"
74.7.243.216 - - [25/Aug/2026:17:43:55 +0000] "GET /products/detail/789133758070 HTTP/2.0" 500 0 "https://hyperbarics4u.com/sitemap680.xml" "Mozilla/5.0 AppleWebKit/537.36 (KHTML, like Gecko; compatible; GPTBot/1.4; +https://openai.com/gptbot)"
2a03:2880:f806:2e:: - - [25/Aug/2026:17:44:08 +0000] "GET /?i8n2a3u0s1p0i8c5i9o5us HTTP/2.0" 500 0 "-" "Mozilla/5.0 (Macintosh; Intel Mac OS X 10_15_7) AppleWebKit/537.36 (KHTML, like Gecko) Chrome/145.0.0.0 Safari/537.36 (compatible; meta-externalagent/1.1 (+https://developers.facebook.com/docs/sharing/webmasters/crawler))"
74.7.243.216 - - [25/Aug/2026:17:44:16 +0000] "GET /products/detail/789030299839 HTTP/2.0" 500 0 "https://hyperbarics4u.com/sitemap680.xml" "Mozilla/5.0 AppleWebKit/537.36 (KHTML, like Gecko; compatible; GPTBot/1.4; +https://openai.com/gptbot)"
66.249.74.76 - - [25/Aug/2026:17:44:16 +0000] "GET /robots.txt HTTP/2.0" 304 0 "-" "Mozilla/5.0 (compatible; Googlebot/2.1; +http://www.google.com/bot.html)"
66.249.74.76 - - [25/Aug/2026:17:44:16 +0000] "GET /?a9r5i8e0t8a7n1s833 HTTP/2.0" 200 26267 "-" "Mozilla/5.0 (Linux; Android 6.0.1; Nexus 5X Build/MMB29P) AppleWebKit/537.36 (KHTML, like Gecko) Chrome/151.0.7922.173 Mobile Safari/537.36 (compatible; Googlebot/2.1; +http://www.google.com/bot.html)"
66.249.74.130 - - [25/Aug/2026:17:44:33 +0000] "GET /robots.txt HTTP/2.0" 304 0 "-" "Mozilla/5.0 (compatible; Googlebot/2.1; +http://www.google.com/bot.html)"
66.249.74.130 - - [25/Aug/2026:17:44:34 +0000] "GET /2024/03/08/online-pokies-sites-australia/ HTTP/2.0" 200 26038 "-" "Mozilla/5.0 (Linux; Android 6.0.1; Nexus 5X Build/MMB29P) AppleWebKit/537.36 (KHTML, like Gecko) Chrome/151.0.7922.173 Mobile Safari/537.36 (compatible; Googlebot/2.1; +http://www.google.com/bot.html)"
74.7.243.216 - - [25/Aug/2026:17:44:37 +0000] "GET /products/detail/789529620277 HTTP/2.0" 500 0 "https://hyperbarics4u.com/sitemap680.xml" "Mozilla/5.0 AppleWebKit/537.36 (KHTML, like Gecko; compatible; GPTBot/1.4; +https://openai.com/gptbot)"
74.7.175.146 - - [25/Aug/2026:17:44:40 +0000] "GET /robots.txt HTTP/2.0" 304 0 "-" "Mozilla/5.0 (Macintosh; Intel Mac OS X 10_15_7) AppleWebKit/537.36 (KHTML, like Gecko) Chrome/131.0.0.0 Safari/537.36; compatible; OAI-SearchBot/1.4; robots.txt; +https://openai.com/searchbot"
74.7.243.216 - - [25/Aug/2026:17:44:58 +0000] "GET /products/detail/789030196699 HTTP/2.0" 500 0 "https://hyperbarics4u.com/sitemap680.xml" "Mozilla/5.0 AppleWebKit/537.36 (KHTML, like Gecko; compatible; GPTBot/1.4; +https://openai.com/gptbot)"
2a03:2880:f806:43:: - - [25/Aug/2026:17:45:15 +0000] "GET /?b0a8c7k0s5e3t5875 HTTP/2.0" 500 0 "-" "Mozilla/5.0 (Macintosh; Intel Mac OS X 10_15_7) AppleWebKit/537.36 (KHTML, like Gecko) Chrome/145.0.0.0 Safari/537.36 (compatible; meta-externalagent/1.1 (+https://developers.facebook.com/docs/sharing/webmasters/crawler))"
74.7.243.216 - - [25/Aug/2026:17:45:18 +0000] "GET /products/detail/789133661600 HTTP/2.0" 500 0 "https://hyperbarics4u.com/sitemap680.xml" "Mozilla/5.0 AppleWebKit/537.36 (KHTML, like Gecko; compatible; GPTBot/1.4; +https://openai.com/gptbot)"
68.67.112.154 - - [25/Aug/2026:17:45:19 +0000] "GET /?p=1785 HTTP/2.0" 500 0 "-" "Mozilla/5.0 AppleWebKit/537.36 (KHTML, like Gecko; compatible; YouBot/1.0; +https://docs.you.com/youbot; env:prod) Chrome/142.0.0.0 Safari/537.36"
2a03:2880:f818:75:: - - [25/Aug/2026:17:45:33 +0000] "GET / HTTP/2.0" 500 0 "-" "facebookexternalhit/1.1 (+http://www.facebook.com/externalhit_uatext.php)"
74.7.243.216 - - [25/Aug/2026:17:45:38 +0000] "GET /products/detail/789535991977 HTTP/2.0" 500 0 "https://hyperbarics4u.com/sitemap680.xml" "Mozilla/5.0 AppleWebKit/537.36 (KHTML, like Gecko; compatible; GPTBot/1.4; +https://openai.com/gptbot)"
74.7.243.216 - - [25/Aug/2026:17:46:00 +0000] "GET /products/detail/789529914839 HTTP/2.0" 500 0 "https://hyperbarics4u.com/sitemap680.xml" "Mozilla/5.0 AppleWebKit/537.36 (KHTML, like Gecko; compatible; GPTBot/1.4; +https://openai.com/gptbot)"
2a03:2880:f806:3c:: - - [25/Aug/2026:17:46:21 +0000] "GET /?b8e1j7u0c6o839312 HTTP/2.0" 500 0 "-" "Mozilla/5.0 (Macintosh; Intel Mac OS X 10_15_7) AppleWebKit/537.36 (KHTML, like Gecko) Chrome/145.0.0.0 Safari/537.36 (compatible; meta-externalagent/1.1 (+https://developers.facebook.com/docs/sharing/webmasters/crawler))"
74.7.243.216 - - [25/Aug/2026:17:46:22 +0000] "GET /products/detail/789130862839 HTTP/2.0" 500 0 "https://hyperbarics4u.com/sitemap680.xml" "Mozilla/5.0 AppleWebKit/537.36 (KHTML, like Gecko; compatible; GPTBot/1.4; +https://openai.com/gptbot)"
2a03:2880:f80c:41:: - - [25/Aug/2026:17:46:31 +0000] "GET / HTTP/2.0" 500 0 "-" "facebookexternalhit/1.1 (+http://www.facebook.com/externalhit_uatext.php)"
74.7.243.216 - - [25/Aug/2026:17:46:43 +0000] "GET /products/detail/789030405360 HTTP/2.0" 500 0 "https://hyperbarics4u.com/sitemap680.xml" "Mozilla/5.0 AppleWebKit/537.36 (KHTML, like Gecko; compatible; GPTBot/1.4; +https://openai.com/gptbot)"
74.7.243.216 - - [25/Aug/2026:17:47:04 +0000] "GET /products/detail/789234397485 HTTP/2.0" 500 0 "https://hyperbarics4u.com/sitemap680.xml" "Mozilla/5.0 AppleWebKit/537.36 (KHTML, like Gecko; compatible; GPTBot/1.4; +https://openai.com/gptbot)"
74.7.243.216 - - [25/Aug/2026:17:47:26 +0000] "GET /products/detail/789130686277 HTTP/2.0" 500 0 "https://hyperbarics4u.com/sitemap680.xml" "Mozilla/5.0 AppleWebKit/537.36 (KHTML, like Gecko; compatible; GPTBot/1.4; +https://openai.com/gptbot)"
2a03:2880:f806:39:: - - [25/Aug/2026:17:47:29 +0000] "GET /?t0r2a9d3e5s9p2e9o8p9l3e HTTP/2.0" 500 0 "-" "Mozilla/5.0 (Macintosh; Intel Mac OS X 10_15_7) AppleWebKit/537.36 (KHTML, like Gecko) Chrome/145.0.0.0 Safari/537.36 (compatible; meta-externalagent/1.1 (+https://developers.facebook.com/docs/sharing/webmasters/crawler))"
2a03:2880:f802:c:: - - [25/Aug/2026:17:47:30 +0000] "GET / HTTP/2.0" 500 0 "-" "facebookexternalhit/1.1 (+http://www.facebook.com/externalhit_uatext.php)"
74.7.243.216 - - [25/Aug/2026:17:47:46 +0000] "GET /products/detail/789033121920 HTTP/2.0" 500 0 "https://hyperbarics4u.com/sitemap680.xml" "Mozilla/5.0 AppleWebKit/537.36 (KHTML, like Gecko; compatible; GPTBot/1.4; +https://openai.com/gptbot)"
74.7.243.216 - - [25/Aug/2026:17:48:07 +0000] "GET /products/detail/789535585700 HTTP/2.0" 500 0 "https://hyperbarics4u.com/sitemap680.xml" "Mozilla/5.0 AppleWebKit/537.36 (KHTML, like Gecko; compatible; GPTBot/1.4; +https://openai.com/gptbot)"
74.7.243.216 - - [25/Aug/2026:17:48:28 +0000] "GET /products/detail/789136557669 HTTP/2.0" 500 0 "https://hyperbarics4u.com/sitemap680.xml" "Mozilla/5.0 AppleWebKit/537.36 (KHTML, like Gecko; compatible; GPTBot/1.4; +https://openai.com/gptbot)"
2a03:2880:f806:15:: - - [25/Aug/2026:17:48:34 +0000] "GET /?b8r1o9n4z0e3w8i8n1g10 HTTP/2.0" 500 0 "-" "Mozilla/5.0 (Macintosh; Intel Mac OS X 10_15_7) AppleWebKit/537.36 (KHTML, like Gecko) Chrome/145.0.0.0 Safari/537.36 (compatible; meta-externalagent/1.1 (+https://developers.facebook.com/docs/sharing/webmasters/crawler))"
2a03:2880:f804:3d:: - - [25/Aug/2026:17:48:36 +0000] "GET / HTTP/2.0" 500 0 "-" "facebookexternalhit/1.1 (+http://www.facebook.com/externalhit_uatext.php)"
62.60.130.210 - - [25/Aug/2026:17:48:47 +0000] "GET /wp-includes/js/json2.js HTTP/2.0" 500 0 "-" "Mozilla/5.0 (Macintosh; Intel Mac OS X 13_6_2) AppleWebKit/537.36 (KHTML, like Gecko) Chrome/119.0.6045.159 Safari/537.36"
62.60.130.210 - - [25/Aug/2026:17:48:48 +0000] "GET /wp/wp-includes/js/json2.js HTTP/2.0" 500 0 "-" "Mozilla/5.0 (X11; Ubuntu; Linux x86_64) AppleWebKit/537.36 (KHTML, like Gecko) Chrome/121.0.6167.85 Safari/537.36"
74.7.243.216 - - [25/Aug/2026:17:48:48 +0000] "GET /products/detail/789334753277 HTTP/2.0" 500 0 "https://hyperbarics4u.com/sitemap680.xml" "Mozilla/5.0 AppleWebKit/537.36 (KHTML, like Gecko; compatible; GPTBot/1.4; +https://openai.com/gptbot)"
62.60.130.210 - - [25/Aug/2026:17:48:48 +0000] "GET /wordpress/wp-includes/js/json2.js HTTP/2.0" 500 0 "-" "Mozilla/5.0 (Macintosh; Intel Mac OS X 10_15_7) AppleWebKit/537.36 (KHTML, like Gecko) Chrome/119.0.6045.159 Safari/537.36"
62.60.130.210 - - [25/Aug/2026:17:48:49 +0000] "GET /blog/wp-includes/js/json2.js HTTP/2.0" 500 0 "-" "Mozilla/5.0 (X11; Linux x86_64) Gecko/20100101 Firefox/119.0.1"
62.60.130.210 - - [25/Aug/2026:17:48:50 +0000] "GET /new/wp-includes/js/json2.js HTTP/2.0" 500 0 "-" "Mozilla/5.0 (Windows NT 11.0; Win64; x64) AppleWebKit/537.36 (KHTML, like Gecko) Chrome/120.0.6099.130 Safari/537.36"
62.60.130.210 - - [25/Aug/2026:17:48:51 +0000] "GET /old/wp-includes/js/json2.js HTTP/2.0" 500 0 "-" "Mozilla/5.0 (Macintosh; Intel Mac OS X 10_15_7) AppleWebKit/537.36 (KHTML, like Gecko) Chrome/122.0.6261.57 Safari/537.36"
62.60.130.210 - - [25/Aug/2026:17:48:51 +0000] "GET /test/wp-includes/js/json2.js HTTP/2.0" 500 0 "-" "Mozilla/5.0 (X11; Linux x86_64) AppleWebKit/537.36 (KHTML, like Gecko) Chrome/121.0.6167.85 Safari/537.36"
74.7.243.216 - - [25/Aug/2026:17:49:09 +0000] "GET /products/detail/789432396099 HTTP/2.0" 500 0 "https://hyperbarics4u.com/sitemap680.xml" "Mozilla/5.0 AppleWebKit/537.36 (KHTML, like Gecko; compatible; GPTBot/1.4; +https://openai.com/gptbot)"
2a03:2880:f806:3b:: - - [25/Aug/2026:17:49:25 +0000] "GET / HTTP/2.0" 500 0 "-" "facebookexternalhit/1.1 (+http://www.facebook.com/externalhit_uatext.php)"
74.7.243.216 - - [25/Aug/2026:17:49:31 +0000] "GET /products/detail/789331585079 HTTP/2.0" 500 0 "https://hyperbarics4u.com/sitemap680.xml" "Mozilla/5.0 AppleWebKit/537.36 (KHTML, like Gecko; compatible; GPTBot/1.4; +https://openai.com/gptbot)"
2a03:2880:f806:4:: - - [25/Aug/2026:17:49:49 +0000] "GET /?a6g2e6n2c1y675313 HTTP/2.0" 500 0 "-" "Mozilla/5.0 (Windows NT 10.0; Win64; x64) AppleWebKit/537.36 (KHTML, like Gecko) Chrome/145.0.0.0 Safari/537.36 (compatible; meta-externalagent/1.1 (+https://developers.facebook.com/docs/sharing/webmasters/crawler))"
74.7.243.216 - - [25/Aug/2026:17:49:51 +0000] "GET /products/detail/789529969100 HTTP/2.0" 500 0 "https://hyperbarics4u.com/sitemap680.xml" "Mozilla/5.0 AppleWebKit/537.36 (KHTML, like Gecko; compatible; GPTBot/1.4; +https://openai.com/gptbot)"
74.7.243.216 - - [25/Aug/2026:17:50:13 +0000] "GET /products/detail/789331801710 HTTP/2.0" 500 0 "https://hyperbarics4u.com/sitemap680.xml" "Mozilla/5.0 AppleWebKit/537.36 (KHTML, like Gecko; compatible; GPTBot/1.4; +https://openai.com/gptbot)"
74.7.243.216 - - [25/Aug/2026:17:50:33 +0000] "GET /products/detail/789231372944 HTTP/2.0" 500 0 "https://hyperbarics4u.com/sitemap680.xml" "Mozilla/5.0 AppleWebKit/537.36 (KHTML, like Gecko; compatible; GPTBot/1.4; +https://openai.com/gptbot)"
2a03:2880:f806:4:: - - [25/Aug/2026:17:50:48 +0000] "GET /?i0m3m9a0n6i9f7e9s4t40 HTTP/2.0" 500 0 "-" "Mozilla/5.0 (Windows NT 10.0; Win64; x64) AppleWebKit/537.36 (KHTML, like Gecko) Chrome/145.0.0.0 Safari/537.36 (compatible; meta-externalagent/1.1 (+https://developers.facebook.com/docs/sharing/webmasters/crawler))"
74.7.243.216 - - [25/Aug/2026:17:50:55 +0000] "GET /products/detail/789033269979 HTTP/2.0" 500 0 "https://hyperbarics4u.com/sitemap680.xml" "Mozilla/5.0 AppleWebKit/537.36 (KHTML, like Gecko; compatible; GPTBot/1.4; +https://openai.com/gptbot)"
74.7.243.216 - - [25/Aug/2026:17:51:15 +0000] "GET /products/detail/789234247445 HTTP/2.0" 500 0 "https://hyperbarics4u.com/sitemap680.xml" "Mozilla/5.0 AppleWebKit/537.36 (KHTML, like Gecko; compatible; GPTBot/1.4; +https://openai.com/gptbot)"
51.158.206.20 - - [25/Aug/2026:17:51:20 +0000] "GET /wp-content/plugins/wpmudev-updates/changelog.txt HTTP/2.0" 500 0 "-" "Mozilla/5.0 (Macintosh; Intel Mac OS X 10_10_3) AppleWebKit/537.36 (KHTML, like Gecko) Chrome/49.0.2649.67 Safari/537.36"
51.158.206.20 - - [25/Aug/2026:17:51:21 +0000] "GET /?wpmudev-hub=680 HTTP/2.0" 500 0 "https://hyperbarics4u.com/wp-content/plugins/wpmudev-updates/changelog.txt" "Mozilla/5.0 (Macintosh; Intel Mac OS X 10_10_3) AppleWebKit/537.36 (KHTML, like Gecko) Chrome/49.0.2649.67 Safari/537.36"
74.7.243.216 - - [25/Aug/2026:17:51:35 +0000] "GET /products/detail/789130597794 HTTP/2.0" 500 0 "https://hyperbarics4u.com/sitemap680.xml" "Mozilla/5.0 AppleWebKit/537.36 (KHTML, like Gecko; compatible; GPTBot/1.4; +https://openai.com/gptbot)"
2a03:2880:f810:10:: - - [25/Aug/2026:17:51:37 +0000] "GET / HTTP/2.0" 500 0 "-" "facebookexternalhit/1.1 (+http://www.facebook.com/externalhit_uatext.php)"
2a03:2880:f806:35:: - - [25/Aug/2026:17:51:55 +0000] "GET /?d6e9v2o4t6e5d5993 HTTP/2.0" 500 0 "-" "Mozilla/5.0 (Windows NT 10.0; Win64; x64) AppleWebKit/537.36 (KHTML, like Gecko) Chrome/145.0.0.0 Safari/537.36 (compatible; meta-externalagent/1.1 (+https://developers.facebook.com/docs/sharing/webmasters/crawler))"
74.7.243.216 - - [25/Aug/2026:17:51:55 +0000] "GET /products/detail/789130981749 HTTP/2.0" 500 0 "https://hyperbarics4u.com/sitemap680.xml" "Mozilla/5.0 AppleWebKit/537.36 (KHTML, like Gecko; compatible; GPTBot/1.4; +https://openai.com/gptbot)"
74.7.243.216 - - [25/Aug/2026:17:52:16 +0000] "GET /products/detail/789529900284 HTTP/2.0" 500 0 "https://hyperbarics4u.com/sitemap680.xml" "Mozilla/5.0 AppleWebKit/537.36 (KHTML, like Gecko; compatible; GPTBot/1.4; +https://openai.com/gptbot)"
2a03:2880:f816:d:: - - [25/Aug/2026:17:52:26 +0000] "GET / HTTP/2.0" 500 0 "-" "facebookexternalhit/1.1 (+http://www.facebook.com/externalhit_uatext.php)"
74.7.243.216 - - [25/Aug/2026:17:52:36 +0000] "GET /products/detail/789130903659 HTTP/2.0" 500 0 "https://hyperbarics4u.com/sitemap680.xml" "Mozilla/5.0 AppleWebKit/537.36 (KHTML, like Gecko; compatible; GPTBot/1.4; +https://openai.com/gptbot)"
74.7.243.216 - - [25/Aug/2026:17:52:58 +0000] "GET /products/detail/789529860727 HTTP/2.0" 500 0 "https://hyperbarics4u.com/sitemap680.xml" "Mozilla/5.0 AppleWebKit/537.36 (KHTML, like Gecko; compatible; GPTBot/1.4; +https://openai.com/gptbot)"
2a03:2880:f806:44:: - - [25/Aug/2026:17:53:01 +0000] "GET /?h7u2r2t2l8e475147 HTTP/2.0" 500 0 "-" "Mozilla/5.0 (Windows NT 10.0; Win64; x64) AppleWebKit/537.36 (KHTML, like Gecko) Chrome/145.0.0.0 Safari/537.36 (compatible; meta-externalagent/1.1 (+https://developers.facebook.com/docs/sharing/webmasters/crawler))"
114.119.156.206 - - [25/Aug/2026:17:53:11 +0000] "GET /?sitemap-166.xml HTTP/2.0" 200 5868 "https://www.hyperbarics4u.com/sitemap.xml" "Mozilla/5.0 (Linux; Android 7.0;) AppleWebKit/537.36 (HTML, like Gecko) Mobile Safari/537.36 (compatible; PetalBot;+https://webmaster.petalsearch.com/site/petalbot)"
74.7.243.216 - - [25/Aug/2026:17:53:18 +0000] "GET /products/detail/789331821324 HTTP/2.0" 500 0 "https://hyperbarics4u.com/sitemap680.xml" "Mozilla/5.0 AppleWebKit/537.36 (KHTML, like Gecko; compatible; GPTBot/1.4; +https://openai.com/gptbot)"
74.7.243.216 - - [25/Aug/2026:17:53:39 +0000] "GET /products/detail/789231432429 HTTP/2.0" 500 0 "https://hyperbarics4u.com/sitemap680.xml" "Mozilla/5.0 AppleWebKit/537.36 (KHTML, like Gecko; compatible; GPTBot/1.4; +https://openai.com/gptbot)"
74.7.243.216 - - [25/Aug/2026:17:54:00 +0000] "GET /products/detail/789529857969 HTTP/2.0" 500 0 "https://hyperbarics4u.com/sitemap680.xml" "Mozilla/5.0 AppleWebKit/537.36 (KHTML, like Gecko; compatible; GPTBot/1.4; +https://openai.com/gptbot)"
2a03:2880:f806:13:: - - [25/Aug/2026:17:54:08 +0000] "GET /?p4e2l0a5m8i3s41856 HTTP/2.0" 500 0 "-" "Mozilla/5.0 (Macintosh; Intel Mac OS X 10_15_7) AppleWebKit/537.36 (KHTML, like Gecko) Chrome/145.0.0.0 Safari/537.36 (compatible; meta-externalagent/1.1 (+https://developers.facebook.com/docs/sharing/webmasters/crawler))"
74.7.243.216 - - [25/Aug/2026:17:54:22 +0000] "GET /products/detail/789033195585 HTTP/2.0" 500 0 "https://hyperbarics4u.com/sitemap680.xml" "Mozilla/5.0 AppleWebKit/537.36 (KHTML, like Gecko; compatible; GPTBot/1.4; +https://openai.com/gptbot)"
98.84.200.43 - - [25/Aug/2026:17:54:39 +0000] "GET /?p=1656 HTTP/2.0" 500 0 "-" "Mozilla/5.0 AppleWebKit/537.36 (KHTML, like Gecko; compatible; Amazonbot/0.1; +https://developer.amazon.com/support/amazonbot) Chrome/119.0.6045.214 Safari/537.36"
74.7.243.216 - - [25/Aug/2026:17:54:42 +0000] "GET /products/detail/789432410714 HTTP/2.0" 500 0 "https://hyperbarics4u.com/sitemap680.xml" "Mozilla/5.0 AppleWebKit/537.36 (KHTML, like Gecko; compatible; GPTBot/1.4; +https://openai.com/gptbot)"
52.202.233.37 - - [25/Aug/2026:17:54:47 +0000] "GET /?p=1665 HTTP/2.0" 500 0 "-" "Mozilla/5.0 AppleWebKit/537.36 (KHTML, like Gecko; compatible; Amazonbot/0.1; +https://developer.amazon.com/support/amazonbot) Chrome/119.0.6045.214 Safari/537.36"
74.7.243.216 - - [25/Aug/2026:17:55:03 +0000] "GET /products/detail/789529698004 HTTP/2.0" 500 0 "https://hyperbarics4u.com/sitemap680.xml" "Mozilla/5.0 AppleWebKit/537.36 (KHTML, like Gecko; compatible; GPTBot/1.4; +https://openai.com/gptbot)"
2a03:2880:f806:a:: - - [25/Aug/2026:17:55:15 +0000] "GET /?c5o2m3b1a2t2i8v1e6n8e9ss HTTP/2.0" 500 0 "-" "Mozilla/5.0 (Windows NT 10.0; Win64; x64) AppleWebKit/537.36 (KHTML, like Gecko) Chrome/145.0.0.0 Safari/537.36 (compatible; meta-externalagent/1.1 (+https://developers.facebook.com/docs/sharing/webmasters/crawler))"
74.7.243.216 - - [25/Aug/2026:17:55:23 +0000] "GET /products/detail/789532873765 HTTP/2.0" 500 0 "https://hyperbarics4u.com/sitemap680.xml" "Mozilla/5.0 AppleWebKit/537.36 (KHTML, like Gecko; compatible; GPTBot/1.4; +https://openai.com/gptbot)"
2a03:2880:f812:57:: - - [25/Aug/2026:17:55:24 +0000] "GET / HTTP/2.0" 500 0 "-" "facebookexternalhit/1.1 (+http://www.facebook.com/externalhit_uatext.php)"
74.7.243.216 - - [25/Aug/2026:17:55:44 +0000] "GET /products/detail/789130883177 HTTP/2.0" 500 0 "https://hyperbarics4u.com/sitemap680.xml" "Mozilla/5.0 AppleWebKit/537.36 (KHTML, like Gecko; compatible; GPTBot/1.4; +https://openai.com/gptbot)"
74.7.243.216 - - [25/Aug/2026:17:56:05 +0000] "GET /products/detail/789231337685 HTTP/2.0" 500 0 "https://hyperbarics4u.com/sitemap680.xml" "Mozilla/5.0 AppleWebKit/537.36 (KHTML, like Gecko; compatible; GPTBot/1.4; +https://openai.com/gptbot)"
2a03:2880:f806:f:: - - [25/Aug/2026:17:56:22 +0000] "GET /?c2h2y9m7i1c615297 HTTP/2.0" 500 0 "-" "Mozilla/5.0 (Windows NT 10.0; Win64; x64) AppleWebKit/537.36 (KHTML, like Gecko) Chrome/145.0.0.0 Safari/537.36 (compatible; meta-externalagent/1.1 (+https://developers.facebook.com/docs/sharing/webmasters/crawler))"
74.7.229.22 - - [25/Aug/2026:17:56:25 +0000] "GET /product/3-ata-medical-grade-hard-chamber/ HTTP/2.0" 500 0 "-" "Mozilla/5.0 (Macintosh; Intel Mac OS X 10_15_7) AppleWebKit/537.36 (KHTML, like Gecko) Chrome/131.0.0.0 Safari/537.36; compatible; OAI-SearchBot/1.4; +https://openai.com/searchbot"
74.7.243.216 - - [25/Aug/2026:17:56:27 +0000] "GET /products/detail/789331981152 HTTP/2.0" 500 0 "https://hyperbarics4u.com/sitemap680.xml" "Mozilla/5.0 AppleWebKit/537.36 (KHTML, like Gecko; compatible; GPTBot/1.4; +https://openai.com/gptbot)"
74.7.243.216 - - [25/Aug/2026:17:56:47 +0000] "GET /products/detail/789130705319 HTTP/2.0" 500 0 "https://hyperbarics4u.com/sitemap680.xml" "Mozilla/5.0 AppleWebKit/537.36 (KHTML, like Gecko; compatible; GPTBot/1.4; +https://openai.com/gptbot)"
74.7.243.216 - - [25/Aug/2026:17:57:09 +0000] "GET /products/detail/789133574845 HTTP/2.0" 500 0 "https://hyperbarics4u.com/sitemap680.xml" "Mozilla/5.0 AppleWebKit/537.36 (KHTML, like Gecko; compatible; GPTBot/1.4; +https://openai.com/gptbot)"
2a03:2880:f806:1a:: - - [25/Aug/2026:17:57:29 +0000] "GET /?c6h1e7e3r6f8u5l7n0e8s0s HTTP/2.0" 500 0 "-" "Mozilla/5.0 (Windows NT 10.0; Win64; x64) AppleWebKit/537.36 (KHTML, like Gecko) Chrome/145.0.0.0 Safari/537.36 (compatible; meta-externalagent/1.1 (+https://developers.facebook.com/docs/sharing/webmasters/crawler))"
74.7.243.216 - - [25/Aug/2026:17:57:30 +0000] "GET /products/detail/789334694744 HTTP/2.0" 500 0 "https://hyperbarics4u.com/sitemap680.xml" "Mozilla/5.0 AppleWebKit/537.36 (KHTML, like Gecko; compatible; GPTBot/1.4; +https://openai.com/gptbot)"
2a03:2880:f80c:41:: - - [25/Aug/2026:17:57:43 +0000] "GET / HTTP/2.0" 500 0 "-" "facebookexternalhit/1.1 (+http://www.facebook.com/externalhit_uatext.php)"
74.7.243.216 - - [25/Aug/2026:17:57:51 +0000] "GET /products/detail/789133820027 HTTP/2.0" 500 0 "https://hyperbarics4u.com/sitemap680.xml" "Mozilla/5.0 AppleWebKit/537.36 (KHTML, like Gecko; compatible; GPTBot/1.4; +https://openai.com/gptbot)"
74.7.243.216 - - [25/Aug/2026:17:58:12 +0000] "GET /products/detail/789030204114 HTTP/2.0" 500 0 "https://hyperbarics4u.com/sitemap680.xml" "Mozilla/5.0 AppleWebKit/537.36 (KHTML, like Gecko; compatible; GPTBot/1.4; +https://openai.com/gptbot)"
2a03:2880:f808:27:: - - [25/Aug/2026:17:58:26 +0000] "GET / HTTP/2.0" 500 0 "-" "facebookexternalhit/1.1 (+http://www.facebook.com/externalhit_uatext.php)"
74.7.243.216 - - [25/Aug/2026:17:58:34 +0000] "GET /products/detail/789532566345 HTTP/2.0" 500 0 "https://hyperbarics4u.com/sitemap680.xml" "Mozilla/5.0 AppleWebKit/537.36 (KHTML, like Gecko; compatible; GPTBot/1.4; +https://openai.com/gptbot)"
2a03:2880:f806:24:: - - [25/Aug/2026:17:58:35 +0000] "GET /prizes/153454307 HTTP/2.0" 500 0 "-" "Mozilla/5.0 (Macintosh; Intel Mac OS X 10_15_7) AppleWebKit/537.36 (KHTML, like Gecko) Chrome/145.0.0.0 Safari/537.36 (compatible; meta-externalagent/1.1 (+https://developers.facebook.com/docs/sharing/webmasters/crawler))"
2a03:2880:f802:c:: - - [25/Aug/2026:17:58:42 +0000] "GET / HTTP/2.0" 500 0 "-" "facebookexternalhit/1.1 (+http://www.facebook.com/externalhit_uatext.php)"
74.7.243.216 - - [25/Aug/2026:17:58:55 +0000] "GET /products/detail/789532596439 HTTP/2.0" 500 0 "https://hyperbarics4u.com/sitemap680.xml" "Mozilla/5.0 AppleWebKit/537.36 (KHTML, like Gecko; compatible; GPTBot/1.4; +https://openai.com/gptbot)"
74.7.243.216 - - [25/Aug/2026:17:59:17 +0000] "GET /products/detail/789535638415 HTTP/2.0" 500 0 "https://hyperbarics4u.com/sitemap680.xml" "Mozilla/5.0 AppleWebKit/537.36 (KHTML, like Gecko; compatible; GPTBot/1.4; +https://openai.com/gptbot)"
74.7.243.216 - - [25/Aug/2026:17:59:39 +0000] "GET /products/detail/789334626865 HTTP/2.0" 500 0 "https://hyperbarics4u.com/sitemap680.xml" "Mozilla/5.0 AppleWebKit/537.36 (KHTML, like Gecko; compatible; GPTBot/1.4; +https://openai.com/gptbot)"
2a03:2880:f806:1e:: - - [25/Aug/2026:17:59:42 +0000] "GET /?l6e4m1o5n8278916 HTTP/2.0" 500 0 "-" "Mozilla/5.0 (Macintosh; Intel Mac OS X 10_15_7) AppleWebKit/537.36 (KHTML, like Gecko) Chrome/145.0.0.0 Safari/537.36 (compatible; meta-externalagent/1.1 (+https://developers.facebook.com/docs/sharing/webmasters/crawler))"
92.222.108.111 - - [25/Aug/2026:17:59:50 +0000] "GET /robots.txt HTTP/2.0" 304 0 "-" "Mozilla/5.0 (compatible; AhrefsBot/7.0; +http://ahrefs.com/robot/)"
51.81.110.85 - - [25/Aug/2026:17:59:52 +0000] "GET /tag/oxyflow-hyperbaric-therapy/feed/ HTTP/2.0" 500 0 "-" "Mozilla/5.0 (compatible; AhrefsBot/7.0; +http://ahrefs.com/robot/)"
74.7.243.216 - - [25/Aug/2026:17:59:59 +0000] "GET /products/detail/789532733644 HTTP/2.0" 500 0 "https://hyperbarics4u.com/sitemap680.xml" "Mozilla/5.0 AppleWebKit/537.36 (KHTML, like Gecko; compatible; GPTBot/1.4; +https://openai.com/gptbot)"
74.7.243.216 - - [25/Aug/2026:18:00:20 +0000] "GET /products/detail/789432287634 HTTP/2.0" 500 0 "https://hyperbarics4u.com/sitemap680.xml" "Mozilla/5.0 AppleWebKit/537.36 (KHTML, like Gecko; compatible; GPTBot/1.4; +https://openai.com/gptbot)"
2a03:2880:f806:3b:: - - [25/Aug/2026:18:00:38 +0000] "GET / HTTP/2.0" 500 0 "-" "facebookexternalhit/1.1 (+http://www.facebook.com/externalhit_uatext.php)"
74.7.243.216 - - [25/Aug/2026:18:00:41 +0000] "GET /products/detail/789130955494 HTTP/2.0" 500 0 "https://hyperbarics4u.com/sitemap680.xml" "Mozilla/5.0 AppleWebKit/537.36 (KHTML, like Gecko; compatible; GPTBot/1.4; +https://openai.com/gptbot)"
2a03:2880:f806:28:: - - [25/Aug/2026:18:00:47 +0000] "GET /?t2a9x9a1b2i5l7i2t2y5 HTTP/2.0" 500 0 "-" "Mozilla/5.0 (Macintosh; Intel Mac OS X 10_15_7) AppleWebKit/537.36 (KHTML, like Gecko) Chrome/145.0.0.0 Safari/537.36 (compatible; meta-externalagent/1.1 (+https://developers.facebook.com/docs/sharing/webmasters/crawler))"
74.7.243.216 - - [25/Aug/2026:18:01:01 +0000] "GET /products/detail/789030086370 HTTP/2.0" 500 0 "https://hyperbarics4u.com/sitemap680.xml" "Mozilla/5.0 AppleWebKit/537.36 (KHTML, like Gecko; compatible; GPTBot/1.4; +https://openai.com/gptbot)"
68.67.112.133 - - [25/Aug/2026:18:01:19 +0000] "GET /?p=1912 HTTP/2.0" 500 0 "-" "Mozilla/5.0 AppleWebKit/537.36 (KHTML, like Gecko; compatible; YouBot/1.0; +https://docs.you.com/youbot; env:prod) Chrome/142.0.0.0 Safari/537.36"
74.7.243.216 - - [25/Aug/2026:18:01:22 +0000] "GET /products/detail/789435377090 HTTP/2.0" 500 0 "https://hyperbarics4u.com/sitemap680.xml" "Mozilla/5.0 AppleWebKit/537.36 (KHTML, like Gecko; compatible; GPTBot/1.4; +https://openai.com/gptbot)"
102.141.48.128 - - [25/Aug/2026:18:01:29 +0000] "GET /product/hyperbaric-oxygen-chamber-28-inch/ HTTP/2.0" 500 0 "https://www.hyperbarics4u.com/shop/page/2/" "Mozilla/5.0 (Linux; Android 13; M2102J26) AppleWebKit/537.36 (KHTML, like Gecko) Chrome/143.0.5102.4 Mobile Safari/537.36"
74.7.243.216 - - [25/Aug/2026:18:01:42 +0000] "GET /products/detail/789231268139 HTTP/2.0" 500 0 "https://hyperbarics4u.com/sitemap680.xml" "Mozilla/5.0 AppleWebKit/537.36 (KHTML, like Gecko; compatible; GPTBot/1.4; +https://openai.com/gptbot)"
2a03:2880:f806:28:: - - [25/Aug/2026:18:01:55 +0000] "GET /sitemap-subitem-1580.xml HTTP/2.0" 200 5950 "-" "Mozilla/5.0 (Windows NT 10.0; Win64; x64) AppleWebKit/537.36 (KHTML, like Gecko) Chrome/145.0.0.0 Safari/537.36 (compatible; meta-externalagent/1.1 (+https://developers.facebook.com/docs/sharing/webmasters/crawler))"
2a03:2880:f800:29:: - - [25/Aug/2026:18:01:56 +0000] "GET / HTTP/2.0" 500 0 "-" "facebookexternalhit/1.1 (+http://www.facebook.com/externalhit_uatext.php)"
74.7.243.216 - - [25/Aug/2026:18:02:04 +0000] "GET /products/detail/789331673020 HTTP/2.0" 500 0 "https://hyperbarics4u.com/sitemap680.xml" "Mozilla/5.0 AppleWebKit/537.36 (KHTML, like Gecko; compatible; GPTBot/1.4; +https://openai.com/gptbot)"
74.7.243.216 - - [25/Aug/2026:18:02:24 +0000] "GET /products/detail/789331994705 HTTP/2.0" 500 0 "https://hyperbarics4u.com/sitemap680.xml" "Mozilla/5.0 AppleWebKit/537.36 (KHTML, like Gecko; compatible; GPTBot/1.4; +https://openai.com/gptbot)"
74.7.243.216 - - [25/Aug/2026:18:02:44 +0000] "GET /products/detail/789535744520 HTTP/2.0" 500 0 "https://hyperbarics4u.com/sitemap680.xml" "Mozilla/5.0 AppleWebKit/537.36 (KHTML, like Gecko; compatible; GPTBot/1.4; +https://openai.com/gptbot)"
2a03:2880:f806:24:: - - [25/Aug/2026:18:03:02 +0000] "GET /sitemap-subitem-1960.xml HTTP/2.0" 200 5902 "-" "Mozilla/5.0 (X11; Linux x86_64) AppleWebKit/537.36 (KHTML, like Gecko) Chrome/145.0.0.0 Safari/537.36 (compatible; meta-externalagent/1.1 (+https://developers.facebook.com/docs/sharing/webmasters/crawler))"
