2a03:2880:f80e:33:: - - [25/Aug/2026:16:03:01 +0000] "GET /?d6e1v8o9t7e7d6n8e4s0s0 HTTP/2.0" 500 0 "-" "Mozilla/5.0 (Windows NT 10.0; Win64; x64) AppleWebKit/537.36 (KHTML, like Gecko) Chrome/145.0.0.0 Safari/537.36 (compatible; meta-externalagent/1.1 (+https://developers.facebook.com/docs/sharing/webmasters/crawler))"
74.7.243.216 - - [25/Aug/2026:16:03:07 +0000] "GET /products/detail/789331743354 HTTP/2.0" 500 0 "https://hyperbarics4u.com/sitemap680.xml" "Mozilla/5.0 AppleWebKit/537.36 (KHTML, like Gecko; compatible; GPTBot/1.4; +https://openai.com/gptbot)"
114.119.139.110 - - [25/Aug/2026:16:03:08 +0000] "GET /?sitemap-479.xml HTTP/2.0" 200 5851 "https://www.hyperbarics4u.com/sitemap.xml" "Mozilla/5.0 (Linux; Android 7.0;) AppleWebKit/537.36 (HTML, like Gecko) Mobile Safari/537.36 (compatible; PetalBot;+https://webmaster.petalsearch.com/site/petalbot)"
74.7.243.216 - - [25/Aug/2026:16:03:28 +0000] "GET /products/detail/789532952870 HTTP/2.0" 500 0 "https://hyperbarics4u.com/sitemap680.xml" "Mozilla/5.0 AppleWebKit/537.36 (KHTML, like Gecko; compatible; GPTBot/1.4; +https://openai.com/gptbot)"
74.7.243.216 - - [25/Aug/2026:16:03:48 +0000] "GET /products/detail/789133972330 HTTP/2.0" 500 0 "https://hyperbarics4u.com/sitemap680.xml" "Mozilla/5.0 AppleWebKit/537.36 (KHTML, like Gecko; compatible; GPTBot/1.4; +https://openai.com/gptbot)"
74.7.243.216 - - [25/Aug/2026:16:04:08 +0000] "GET /products/detail/789030409540 HTTP/2.0" 500 0 "https://hyperbarics4u.com/sitemap680.xml" "Mozilla/5.0 AppleWebKit/537.36 (KHTML, like Gecko; compatible; GPTBot/1.4; +https://openai.com/gptbot)"
2a03:2880:f80e:46:: - - [25/Aug/2026:16:04:09 +0000] "GET /sitemap-subitem-2677.xml HTTP/2.0" 200 5914 "-" "Mozilla/5.0 (Windows NT 10.0; Win64; x64) AppleWebKit/537.36 (KHTML, like Gecko) Chrome/145.0.0.0 Safari/537.36 (compatible; meta-webindexer/1.1 (+https://developers.facebook.com/docs/sharing/webmasters/crawler))"
2a03:2880:f816:21:: - - [25/Aug/2026:16:04:12 +0000] "GET / HTTP/2.0" 500 0 "-" "facebookexternalhit/1.1 (+http://www.facebook.com/externalhit_uatext.php)"
74.7.243.216 - - [25/Aug/2026:16:04:29 +0000] "GET /products/detail/789532818927 HTTP/2.0" 500 0 "https://hyperbarics4u.com/sitemap680.xml" "Mozilla/5.0 AppleWebKit/537.36 (KHTML, like Gecko; compatible; GPTBot/1.4; +https://openai.com/gptbot)"
74.7.243.216 - - [25/Aug/2026:16:04:50 +0000] "GET /products/detail/789030019780 HTTP/2.0" 500 0 "https://hyperbarics4u.com/sitemap680.xml" "Mozilla/5.0 AppleWebKit/537.36 (KHTML, like Gecko; compatible; GPTBot/1.4; +https://openai.com/gptbot)"
2a03:2880:f80e:6f:: - - [25/Aug/2026:16:05:05 +0000] "GET / HTTP/2.0" 500 0 "-" "facebookexternalhit/1.1 (+http://www.facebook.com/externalhit_uatext.php)"
74.7.243.216 - - [25/Aug/2026:16:05:11 +0000] "GET /products/detail/789529849749 HTTP/2.0" 500 0 "https://hyperbarics4u.com/sitemap680.xml" "Mozilla/5.0 AppleWebKit/537.36 (KHTML, like Gecko; compatible; GPTBot/1.4; +https://openai.com/gptbot)"
2a03:2880:f80e:37:: - - [25/Aug/2026:16:05:15 +0000] "GET /?h6i7p2p7o7p0h5a2g8i4 HTTP/2.0" 500 0 "-" "Mozilla/5.0 (Windows NT 10.0; Win64; x64) AppleWebKit/537.36 (KHTML, like Gecko) Chrome/145.0.0.0 Safari/537.36 (compatible; meta-externalagent/1.1 (+https://developers.facebook.com/docs/sharing/webmasters/crawler))"
74.7.243.216 - - [25/Aug/2026:16:05:32 +0000] "GET /products/detail/789033057052 HTTP/2.0" 500 0 "https://hyperbarics4u.com/sitemap680.xml" "Mozilla/5.0 AppleWebKit/537.36 (KHTML, like Gecko; compatible; GPTBot/1.4; +https://openai.com/gptbot)"
74.7.243.216 - - [25/Aug/2026:16:05:52 +0000] "GET /products/detail/789030339704 HTTP/2.0" 500 0 "https://hyperbarics4u.com/sitemap680.xml" "Mozilla/5.0 AppleWebKit/537.36 (KHTML, like Gecko; compatible; GPTBot/1.4; +https://openai.com/gptbot)"
2a03:2880:f80e:31:: - - [25/Aug/2026:16:05:54 +0000] "GET /?a1n1t9a6g7o7n3i2s6t5i6c HTTP/2.0" 500 0 "-" "Mozilla/5.0 (Windows NT 10.0; Win64; x64) AppleWebKit/537.36 (KHTML, like Gecko) Chrome/145.0.0.0 Safari/537.36 (compatible; meta-externalagent/1.1 (+https://developers.facebook.com/docs/sharing/webmasters/crawler))"
2a03:2880:f80e:37:: - - [25/Aug/2026:16:06:00 +0000] "GET /prizes/311891206 HTTP/2.0" 500 0 "-" "Mozilla/5.0 (Windows NT 10.0; Win64; x64) AppleWebKit/537.36 (KHTML, like Gecko) Chrome/145.0.0.0 Safari/537.36 (compatible; meta-externalagent/1.1 (+https://developers.facebook.com/docs/sharing/webmasters/crawler))"
2a03:2880:f80e:16:: - - [25/Aug/2026:16:06:04 +0000] "GET /products/detail/7894101323023 HTTP/2.0" 500 0 "-" "Mozilla/5.0 (Macintosh; Intel Mac OS X 10_15_7) AppleWebKit/537.36 (KHTML, like Gecko) Chrome/145.0.0.0 Safari/537.36 (compatible; meta-externalagent/1.1 (+https://developers.facebook.com/docs/sharing/webmasters/crawler))"
2a03:2880:f80e:26:: - - [25/Aug/2026:16:06:09 +0000] "GET /?l7o5n4g5a5n2a78 HTTP/2.0" 500 0 "-" "Mozilla/5.0 (Macintosh; Intel Mac OS X 10_15_7) AppleWebKit/537.36 (KHTML, like Gecko) Chrome/145.0.0.0 Safari/537.36 (compatible; meta-externalagent/1.1 (+https://developers.facebook.com/docs/sharing/webmasters/crawler))"
74.7.243.216 - - [25/Aug/2026:16:06:13 +0000] "GET /products/detail/789036188960 HTTP/2.0" 500 0 "https://hyperbarics4u.com/sitemap680.xml" "Mozilla/5.0 AppleWebKit/537.36 (KHTML, like Gecko; compatible; GPTBot/1.4; +https://openai.com/gptbot)"
2a03:2880:f80e:61:: - - [25/Aug/2026:16:06:16 +0000] "GET /prizes/123833832 HTTP/2.0" 500 0 "-" "Mozilla/5.0 (Windows NT 10.0; Win64; x64) AppleWebKit/537.36 (KHTML, like Gecko) Chrome/145.0.0.0 Safari/537.36 (compatible; meta-externalagent/1.1 (+https://developers.facebook.com/docs/sharing/webmasters/crawler))"
2a03:2880:f80e:12:: - - [25/Aug/2026:16:06:21 +0000] "GET /prizes/192810953 HTTP/2.0" 500 0 "-" "Mozilla/5.0 (Windows NT 10.0; Win64; x64) AppleWebKit/537.36 (KHTML, like Gecko) Chrome/145.0.0.0 Safari/537.36 (compatible; meta-externalagent/1.1 (+https://developers.facebook.com/docs/sharing/webmasters/crawler))"
74.7.243.216 - - [25/Aug/2026:16:06:33 +0000] "GET /products/detail/789334704477 HTTP/2.0" 500 0 "https://hyperbarics4u.com/sitemap680.xml" "Mozilla/5.0 AppleWebKit/537.36 (KHTML, like Gecko; compatible; GPTBot/1.4; +https://openai.com/gptbot)"
74.7.243.216 - - [25/Aug/2026:16:06:55 +0000] "GET /products/detail/789331782177 HTTP/2.0" 500 0 "https://hyperbarics4u.com/sitemap680.xml" "Mozilla/5.0 AppleWebKit/537.36 (KHTML, like Gecko; compatible; GPTBot/1.4; +https://openai.com/gptbot)"
74.7.243.216 - - [25/Aug/2026:16:07:16 +0000] "GET /products/detail/789130738989 HTTP/2.0" 500 0 "https://hyperbarics4u.com/sitemap680.xml" "Mozilla/5.0 AppleWebKit/537.36 (KHTML, like Gecko; compatible; GPTBot/1.4; +https://openai.com/gptbot)"
2a03:2880:f812:68:: - - [25/Aug/2026:16:07:21 +0000] "GET / HTTP/2.0" 500 0 "-" "facebookexternalhit/1.1 (+http://www.facebook.com/externalhit_uatext.php)"
2a03:2880:f80e:56:: - - [25/Aug/2026:16:07:28 +0000] "GET /prizes/231320155 HTTP/2.0" 500 0 "-" "Mozilla/5.0 (Macintosh; Intel Mac OS X 10_15_7) AppleWebKit/537.36 (KHTML, like Gecko) Chrome/145.0.0.0 Safari/537.36 (compatible; meta-externalagent/1.1 (+https://developers.facebook.com/docs/sharing/webmasters/crawler))"
74.7.243.216 - - [25/Aug/2026:16:07:36 +0000] "GET /products/detail/789030156560 HTTP/2.0" 500 0 "https://hyperbarics4u.com/sitemap680.xml" "Mozilla/5.0 AppleWebKit/537.36 (KHTML, like Gecko; compatible; GPTBot/1.4; +https://openai.com/gptbot)"
74.7.243.216 - - [25/Aug/2026:16:07:57 +0000] "GET /products/detail/789231492814 HTTP/2.0" 500 0 "https://hyperbarics4u.com/sitemap680.xml" "Mozilla/5.0 AppleWebKit/537.36 (KHTML, like Gecko; compatible; GPTBot/1.4; +https://openai.com/gptbot)"
74.7.243.216 - - [25/Aug/2026:16:08:19 +0000] "GET /products/detail/789234303440 HTTP/2.0" 500 0 "https://hyperbarics4u.com/sitemap680.xml" "Mozilla/5.0 AppleWebKit/537.36 (KHTML, like Gecko; compatible; GPTBot/1.4; +https://openai.com/gptbot)"
2a03:2880:f80e:43:: - - [25/Aug/2026:16:08:34 +0000] "GET /?c5o3c0k9l6i3n8g2162 HTTP/2.0" 500 0 "-" "Mozilla/5.0 (Macintosh; Intel Mac OS X 10_15_7) AppleWebKit/537.36 (KHTML, like Gecko) Chrome/145.0.0.0 Safari/537.36 (compatible; meta-externalagent/1.1 (+https://developers.facebook.com/docs/sharing/webmasters/crawler))"
74.7.243.216 - - [25/Aug/2026:16:08:39 +0000] "GET /products/detail/789030023024 HTTP/2.0" 500 0 "https://hyperbarics4u.com/sitemap680.xml" "Mozilla/5.0 AppleWebKit/537.36 (KHTML, like Gecko; compatible; GPTBot/1.4; +https://openai.com/gptbot)"
74.7.243.216 - - [25/Aug/2026:16:09:00 +0000] "GET /products/detail/789030439052 HTTP/2.0" 500 0 "https://hyperbarics4u.com/sitemap680.xml" "Mozilla/5.0 AppleWebKit/537.36 (KHTML, like Gecko; compatible; GPTBot/1.4; +https://openai.com/gptbot)"
74.7.243.216 - - [25/Aug/2026:16:09:22 +0000] "GET /products/detail/789030055959 HTTP/2.0" 500 0 "https://hyperbarics4u.com/sitemap680.xml" "Mozilla/5.0 AppleWebKit/537.36 (KHTML, like Gecko; compatible; GPTBot/1.4; +https://openai.com/gptbot)"
2a03:2880:f80e:33:: - - [25/Aug/2026:16:09:41 +0000] "GET /products/detail/789258393574 HTTP/2.0" 500 0 "-" "Mozilla/5.0 (Windows NT 10.0; Win64; x64) AppleWebKit/537.36 (KHTML, like Gecko) Chrome/145.0.0.0 Safari/537.36 (compatible; meta-externalagent/1.1 (+https://developers.facebook.com/docs/sharing/webmasters/crawler))"
74.7.243.216 - - [25/Aug/2026:16:09:42 +0000] "GET /products/detail/789435243424 HTTP/2.0" 500 0 "https://hyperbarics4u.com/sitemap680.xml" "Mozilla/5.0 AppleWebKit/537.36 (KHTML, like Gecko; compatible; GPTBot/1.4; +https://openai.com/gptbot)"
74.7.243.216 - - [25/Aug/2026:16:10:04 +0000] "GET /products/detail/789033437909 HTTP/2.0" 500 0 "https://hyperbarics4u.com/sitemap680.xml" "Mozilla/5.0 AppleWebKit/537.36 (KHTML, like Gecko; compatible; GPTBot/1.4; +https://openai.com/gptbot)"
74.7.243.216 - - [25/Aug/2026:16:10:26 +0000] "GET /products/detail/789334990649 HTTP/2.0" 500 0 "https://hyperbarics4u.com/sitemap680.xml" "Mozilla/5.0 AppleWebKit/537.36 (KHTML, like Gecko; compatible; GPTBot/1.4; +https://openai.com/gptbot)"
74.7.243.216 - - [25/Aug/2026:16:10:46 +0000] "GET /products/detail/789030347785 HTTP/2.0" 500 0 "https://hyperbarics4u.com/sitemap680.xml" "Mozilla/5.0 AppleWebKit/537.36 (KHTML, like Gecko; compatible; GPTBot/1.4; +https://openai.com/gptbot)"
2a03:2880:f80e:41:: - - [25/Aug/2026:16:10:48 +0000] "GET /prizes/37407165 HTTP/2.0" 500 0 "-" "Mozilla/5.0 (Macintosh; Intel Mac OS X 10_15_7) AppleWebKit/537.36 (KHTML, like Gecko) Chrome/145.0.0.0 Safari/537.36 (compatible; meta-externalagent/1.1 (+https://developers.facebook.com/docs/sharing/webmasters/crawler))"
74.7.243.216 - - [25/Aug/2026:16:11:07 +0000] "GET /products/detail/789231199889 HTTP/2.0" 500 0 "https://hyperbarics4u.com/sitemap680.xml" "Mozilla/5.0 AppleWebKit/537.36 (KHTML, like Gecko; compatible; GPTBot/1.4; +https://openai.com/gptbot)"
175.143.58.250 - - [25/Aug/2026:16:11:27 +0000] "GET /product/hyperbaric-oxygen-chamber-sitting-type-1-4-ata/ HTTP/2.0" 500 0 "https://www.hyperbarics4u.com/product/hyperbaric-oxygen-chamber-sitting-type-1-4-ata/" "Mozilla/5.0 (Linux; Android 13; OPPO PCLM3) AppleWebKit/537.36 (KHTML, like Gecko) Chrome/141.0.5465.113 Mobile Safari/537.36"
74.7.243.216 - - [25/Aug/2026:16:11:27 +0000] "GET /products/detail/789030264730 HTTP/2.0" 500 0 "https://hyperbarics4u.com/sitemap680.xml" "Mozilla/5.0 AppleWebKit/537.36 (KHTML, like Gecko; compatible; GPTBot/1.4; +https://openai.com/gptbot)"
74.7.243.216 - - [25/Aug/2026:16:11:49 +0000] "GET /products/detail/789030469005 HTTP/2.0" 500 0 "https://hyperbarics4u.com/sitemap680.xml" "Mozilla/5.0 AppleWebKit/537.36 (KHTML, like Gecko; compatible; GPTBot/1.4; +https://openai.com/gptbot)"
2a03:2880:f80e:59:: - - [25/Aug/2026:16:11:55 +0000] "GET /?h6o2t4p0r6e3s3s0378 HTTP/2.0" 500 0 "-" "Mozilla/5.0 (Windows NT 10.0; Win64; x64) AppleWebKit/537.36 (KHTML, like Gecko) Chrome/145.0.0.0 Safari/537.36 (compatible; meta-externalagent/1.1 (+https://developers.facebook.com/docs/sharing/webmasters/crawler))"
74.7.243.216 - - [25/Aug/2026:16:12:10 +0000] "GET /products/detail/789030323650 HTTP/2.0" 500 0 "https://hyperbarics4u.com/sitemap680.xml" "Mozilla/5.0 AppleWebKit/537.36 (KHTML, like Gecko; compatible; GPTBot/1.4; +https://openai.com/gptbot)"
74.7.243.216 - - [25/Aug/2026:16:12:31 +0000] "GET /products/detail/789331827880 HTTP/2.0" 500 0 "https://hyperbarics4u.com/sitemap680.xml" "Mozilla/5.0 AppleWebKit/537.36 (KHTML, like Gecko; compatible; GPTBot/1.4; +https://openai.com/gptbot)"
74.7.243.216 - - [25/Aug/2026:16:12:52 +0000] "GET /products/detail/789130778009 HTTP/2.0" 500 0 "https://hyperbarics4u.com/sitemap680.xml" "Mozilla/5.0 AppleWebKit/537.36 (KHTML, like Gecko; compatible; GPTBot/1.4; +https://openai.com/gptbot)"
2a03:2880:f80e:48:: - - [25/Aug/2026:16:13:01 +0000] "GET /?f9l8u4o2r7i2d8a6t2e7 HTTP/2.0" 500 0 "-" "Mozilla/5.0 (Macintosh; Intel Mac OS X 10_15_7) AppleWebKit/537.36 (KHTML, like Gecko) Chrome/145.0.0.0 Safari/537.36 (compatible; meta-externalagent/1.1 (+https://developers.facebook.com/docs/sharing/webmasters/crawler))"
74.7.243.216 - - [25/Aug/2026:16:13:13 +0000] "GET /products/detail/789231378852 HTTP/2.0" 500 0 "https://hyperbarics4u.com/sitemap680.xml" "Mozilla/5.0 AppleWebKit/537.36 (KHTML, like Gecko; compatible; GPTBot/1.4; +https://openai.com/gptbot)"
74.7.243.216 - - [25/Aug/2026:16:13:35 +0000] "GET /products/detail/789133900334 HTTP/2.0" 500 0 "https://hyperbarics4u.com/sitemap680.xml" "Mozilla/5.0 AppleWebKit/537.36 (KHTML, like Gecko; compatible; GPTBot/1.4; +https://openai.com/gptbot)"
161.153.120.150 - - [25/Aug/2026:16:13:48 +0000] "GET /blog/page/185 HTTP/2.0" 500 0 "-" "Mozilla/5.0 (X11; Linux aarch64) AppleWebKit/537.36 (KHTML, like Gecko) Chrome/139.0.0.0 Safari/537.36"
161.153.120.150 - - [25/Aug/2026:16:13:48 +0000] "GET /blog/page/185 HTTP/2.0" 500 0 "-" "Mozilla/5.0 (X11; Linux aarch64) AppleWebKit/537.36 (KHTML, like Gecko) Chrome/139.0.0.0 Safari/537.36"
74.7.243.216 - - [25/Aug/2026:16:13:55 +0000] "GET /products/detail/789030380469 HTTP/2.0" 500 0 "https://hyperbarics4u.com/sitemap680.xml" "Mozilla/5.0 AppleWebKit/537.36 (KHTML, like Gecko; compatible; GPTBot/1.4; +https://openai.com/gptbot)"
2a03:2880:f80e:26:: - - [25/Aug/2026:16:14:09 +0000] "GET /?d6i2s0c9a6p4a8c8i9t7a5te HTTP/2.0" 500 0 "-" "Mozilla/5.0 (Windows NT 10.0; Win64; x64) AppleWebKit/537.36 (KHTML, like Gecko) Chrome/145.0.0.0 Safari/537.36 (compatible; meta-externalagent/1.1 (+https://developers.facebook.com/docs/sharing/webmasters/crawler))"
74.7.243.216 - - [25/Aug/2026:16:14:16 +0000] "GET /products/detail/789234099709 HTTP/2.0" 500 0 "https://hyperbarics4u.com/sitemap680.xml" "Mozilla/5.0 AppleWebKit/537.36 (KHTML, like Gecko; compatible; GPTBot/1.4; +https://openai.com/gptbot)"
74.7.243.216 - - [25/Aug/2026:16:14:37 +0000] "GET /products/detail/789432403402 HTTP/2.0" 500 0 "https://hyperbarics4u.com/sitemap680.xml" "Mozilla/5.0 AppleWebKit/537.36 (KHTML, like Gecko; compatible; GPTBot/1.4; +https://openai.com/gptbot)"
74.7.243.216 - - [25/Aug/2026:16:14:59 +0000] "GET /products/detail/789033113780 HTTP/2.0" 500 0 "https://hyperbarics4u.com/sitemap680.xml" "Mozilla/5.0 AppleWebKit/537.36 (KHTML, like Gecko; compatible; GPTBot/1.4; +https://openai.com/gptbot)"
2a03:2880:f80e:6d:: - - [25/Aug/2026:16:15:15 +0000] "GET /?c5o2a4r9t3i3c6u7l7a9t8ion HTTP/2.0" 500 0 "-" "Mozilla/5.0 (Windows NT 10.0; Win64; x64) AppleWebKit/537.36 (KHTML, like Gecko) Chrome/145.0.0.0 Safari/537.36 (compatible; meta-externalagent/1.1 (+https://developers.facebook.com/docs/sharing/webmasters/crawler))"
74.7.243.216 - - [25/Aug/2026:16:15:21 +0000] "GET /products/detail/789529695840 HTTP/2.0" 500 0 "https://hyperbarics4u.com/sitemap680.xml" "Mozilla/5.0 AppleWebKit/537.36 (KHTML, like Gecko; compatible; GPTBot/1.4; +https://openai.com/gptbot)"
74.7.243.216 - - [25/Aug/2026:16:15:42 +0000] "GET /products/detail/789331523344 HTTP/2.0" 500 0 "https://hyperbarics4u.com/sitemap680.xml" "Mozilla/5.0 AppleWebKit/537.36 (KHTML, like Gecko; compatible; GPTBot/1.4; +https://openai.com/gptbot)"
74.7.243.216 - - [25/Aug/2026:16:16:03 +0000] "GET /products/detail/789033429427 HTTP/2.0" 500 0 "https://hyperbarics4u.com/sitemap680.xml" "Mozilla/5.0 AppleWebKit/537.36 (KHTML, like Gecko; compatible; GPTBot/1.4; +https://openai.com/gptbot)"
2a03:2880:f80e:2a:: - - [25/Aug/2026:16:16:22 +0000] "GET /sitemap-subitem-2851.xml HTTP/2.0" 200 5902 "-" "Mozilla/5.0 (Windows NT 10.0; Win64; x64) AppleWebKit/537.36 (KHTML, like Gecko) Chrome/145.0.0.0 Safari/537.36 (compatible; meta-externalagent/1.1 (+https://developers.facebook.com/docs/sharing/webmasters/crawler))"
74.7.243.216 - - [25/Aug/2026:16:16:23 +0000] "GET /products/detail/789529987835 HTTP/2.0" 500 0 "https://hyperbarics4u.com/sitemap680.xml" "Mozilla/5.0 AppleWebKit/537.36 (KHTML, like Gecko; compatible; GPTBot/1.4; +https://openai.com/gptbot)"
74.7.243.216 - - [25/Aug/2026:16:16:44 +0000] "GET /products/detail/789030359974 HTTP/2.0" 500 0 "https://hyperbarics4u.com/sitemap680.xml" "Mozilla/5.0 AppleWebKit/537.36 (KHTML, like Gecko; compatible; GPTBot/1.4; +https://openai.com/gptbot)"
74.7.243.216 - - [25/Aug/2026:16:17:06 +0000] "GET /products/detail/789529891659 HTTP/2.0" 500 0 "https://hyperbarics4u.com/sitemap680.xml" "Mozilla/5.0 AppleWebKit/537.36 (KHTML, like Gecko; compatible; GPTBot/1.4; +https://openai.com/gptbot)"
74.7.243.216 - - [25/Aug/2026:16:17:26 +0000] "GET /products/detail/789234359759 HTTP/2.0" 500 0 "https://hyperbarics4u.com/sitemap680.xml" "Mozilla/5.0 AppleWebKit/537.36 (KHTML, like Gecko; compatible; GPTBot/1.4; +https://openai.com/gptbot)"
2a03:2880:f80e:67:: - - [25/Aug/2026:16:17:28 +0000] "GET /?w9i1z1a8r4d59161 HTTP/2.0" 500 0 "-" "Mozilla/5.0 (Windows NT 10.0; Win64; x64) AppleWebKit/537.36 (KHTML, like Gecko) Chrome/145.0.0.0 Safari/537.36 (compatible; meta-externalagent/1.1 (+https://developers.facebook.com/docs/sharing/webmasters/crawler))"
20.219.2.203 - - [25/Aug/2026:16:17:44 +0000] "GET / HTTP/2.0" 500 0 "-" "Mozilla/5.0 (Windows NT 10.0; Win64; x64) AppleWebKit/537.36 (KHTML, like Gecko) Chrome/120.0.0.0 Safari/537.36"
74.7.243.216 - - [25/Aug/2026:16:17:47 +0000] "GET /products/detail/789133687802 HTTP/2.0" 500 0 "https://hyperbarics4u.com/sitemap680.xml" "Mozilla/5.0 AppleWebKit/537.36 (KHTML, like Gecko; compatible; GPTBot/1.4; +https://openai.com/gptbot)"
2a03:2880:f80e:20:: - - [25/Aug/2026:16:18:07 +0000] "GET /products/detail/78909064524 HTTP/2.0" 500 0 "-" "Mozilla/5.0 (Macintosh; Intel Mac OS X 10_15_7) AppleWebKit/537.36 (KHTML, like Gecko) Chrome/145.0.0.0 Safari/537.36 (compatible; meta-externalagent/1.1 (+https://developers.facebook.com/docs/sharing/webmasters/crawler))"
74.7.243.216 - - [25/Aug/2026:16:18:09 +0000] "GET /products/detail/789030315677 HTTP/2.0" 500 0 "https://hyperbarics4u.com/sitemap680.xml" "Mozilla/5.0 AppleWebKit/537.36 (KHTML, like Gecko; compatible; GPTBot/1.4; +https://openai.com/gptbot)"
2a03:2880:f80e:38:: - - [25/Aug/2026:16:18:12 +0000] "GET /?c6i2r3c0u5i7t4i1o9n46 HTTP/2.0" 500 0 "-" "Mozilla/5.0 (Macintosh; Intel Mac OS X 10_15_7) AppleWebKit/537.36 (KHTML, like Gecko) Chrome/145.0.0.0 Safari/537.36 (compatible; meta-externalagent/1.1 (+https://developers.facebook.com/docs/sharing/webmasters/crawler))"
2a03:2880:f80e:59:: - - [25/Aug/2026:16:18:17 +0000] "GET /?g3e4r8a3r5d88716 HTTP/2.0" 500 0 "-" "Mozilla/5.0 (Windows NT 10.0; Win64; x64) AppleWebKit/537.36 (KHTML, like Gecko) Chrome/145.0.0.0 Safari/537.36 (compatible; meta-externalagent/1.1 (+https://developers.facebook.com/docs/sharing/webmasters/crawler))"
2a03:2880:f80e:3a:: - - [25/Aug/2026:16:18:23 +0000] "GET /?i5n2b0r4e9e8d3i3n5g72 HTTP/2.0" 500 0 "-" "Mozilla/5.0 (Macintosh; Intel Mac OS X 10_15_7) AppleWebKit/537.36 (KHTML, like Gecko) Chrome/145.0.0.0 Safari/537.36 (compatible; meta-externalagent/1.1 (+https://developers.facebook.com/docs/sharing/webmasters/crawler))"
2a03:2880:f80e:9:: - - [25/Aug/2026:16:18:29 +0000] "GET /sitemap_index.xml HTTP/2.0" 200 5946 "-" "Mozilla/5.0 (Windows NT 10.0; Win64; x64) AppleWebKit/537.36 (KHTML, like Gecko) Chrome/145.0.0.0 Safari/537.36 (compatible; meta-externalagent/1.1 (+https://developers.facebook.com/docs/sharing/webmasters/crawler))"
74.7.243.216 - - [25/Aug/2026:16:18:30 +0000] "GET /products/detail/789130714894 HTTP/2.0" 500 0 "https://hyperbarics4u.com/sitemap680.xml" "Mozilla/5.0 AppleWebKit/537.36 (KHTML, like Gecko; compatible; GPTBot/1.4; +https://openai.com/gptbot)"
2a03:2880:f80e:3a:: - - [25/Aug/2026:16:18:35 +0000] "GET /prizes/291762024 HTTP/2.0" 500 0 "-" "Mozilla/5.0 (Windows NT 10.0; Win64; x64) AppleWebKit/537.36 (KHTML, like Gecko) Chrome/145.0.0.0 Safari/537.36 (compatible; meta-externalagent/1.1 (+https://developers.facebook.com/docs/sharing/webmasters/crawler))"
74.7.243.216 - - [25/Aug/2026:16:18:51 +0000] "GET /products/detail/789532528930 HTTP/2.0" 500 0 "https://hyperbarics4u.com/sitemap680.xml" "Mozilla/5.0 AppleWebKit/537.36 (KHTML, like Gecko; compatible; GPTBot/1.4; +https://openai.com/gptbot)"
74.7.243.216 - - [25/Aug/2026:16:19:12 +0000] "GET /products/detail/789133802280 HTTP/2.0" 500 0 "https://hyperbarics4u.com/sitemap680.xml" "Mozilla/5.0 AppleWebKit/537.36 (KHTML, like Gecko; compatible; GPTBot/1.4; +https://openai.com/gptbot)"
2a03:2880:f80e:56:: - - [25/Aug/2026:16:19:14 +0000] "GET /?m6e3d9i2c2o0m7m8i6s9s3ure HTTP/2.0" 500 0 "-" "Mozilla/5.0 (Windows NT 10.0; Win64; x64) AppleWebKit/537.36 (KHTML, like Gecko) Chrome/145.0.0.0 Safari/537.36 (compatible; meta-externalagent/1.1 (+https://developers.facebook.com/docs/sharing/webmasters/crawler))"
2a03:2880:f80e:a:: - - [25/Aug/2026:16:19:19 +0000] "GET /?s1t3a1r1i2n9g08355 HTTP/2.0" 500 0 "-" "Mozilla/5.0 (Windows NT 10.0; Win64; x64) AppleWebKit/537.36 (KHTML, like Gecko) Chrome/145.0.0.0 Safari/537.36 (compatible; meta-externalagent/1.1 (+https://developers.facebook.com/docs/sharing/webmasters/crawler))"
2a03:2880:f80e:67:: - - [25/Aug/2026:16:19:24 +0000] "GET /?s4p3a0v0i9n997326 HTTP/2.0" 500 0 "-" "Mozilla/5.0 (Windows NT 10.0; Win64; x64) AppleWebKit/537.36 (KHTML, like Gecko) Chrome/145.0.0.0 Safari/537.36 (compatible; meta-externalagent/1.1 (+https://developers.facebook.com/docs/sharing/webmasters/crawler))"
2a03:2880:f80e:51:: - - [25/Aug/2026:16:19:30 +0000] "GET /?s6t3e3a2l5e6r94877 HTTP/2.0" 500 0 "-" "Mozilla/5.0 (Windows NT 10.0; Win64; x64) AppleWebKit/537.36 (KHTML, like Gecko) Chrome/145.0.0.0 Safari/537.36 (compatible; meta-externalagent/1.1 (+https://developers.facebook.com/docs/sharing/webmasters/crawler))"
74.7.243.216 - - [25/Aug/2026:16:19:33 +0000] "GET /products/detail/789030401189 HTTP/2.0" 500 0 "https://hyperbarics4u.com/sitemap680.xml" "Mozilla/5.0 AppleWebKit/537.36 (KHTML, like Gecko; compatible; GPTBot/1.4; +https://openai.com/gptbot)"
2a03:2880:f80e:59:: - - [25/Aug/2026:16:19:36 +0000] "GET /?r9u3m5n2e7y553459 HTTP/2.0" 500 0 "-" "Mozilla/5.0 (Windows NT 10.0; Win64; x64) AppleWebKit/537.36 (KHTML, like Gecko) Chrome/145.0.0.0 Safari/537.36 (compatible; meta-externalagent/1.1 (+https://developers.facebook.com/docs/sharing/webmasters/crawler))"
2a03:2880:f80e:45:: - - [25/Aug/2026:16:19:41 +0000] "GET /?b6l6i7t9h1e1n4e2s0s7 HTTP/2.0" 500 0 "-" "Mozilla/5.0 (Windows NT 10.0; Win64; x64) AppleWebKit/537.36 (KHTML, like Gecko) Chrome/145.0.0.0 Safari/537.36 (compatible; meta-externalagent/1.1 (+https://developers.facebook.com/docs/sharing/webmasters/crawler))"
74.7.243.216 - - [25/Aug/2026:16:19:54 +0000] "GET /products/detail/789033032875 HTTP/2.0" 500 0 "https://hyperbarics4u.com/sitemap680.xml" "Mozilla/5.0 AppleWebKit/537.36 (KHTML, like Gecko; compatible; GPTBot/1.4; +https://openai.com/gptbot)"
74.7.243.216 - - [25/Aug/2026:16:20:15 +0000] "GET /products/detail/789535797910 HTTP/2.0" 500 0 "https://hyperbarics4u.com/sitemap680.xml" "Mozilla/5.0 AppleWebKit/537.36 (KHTML, like Gecko; compatible; GPTBot/1.4; +https://openai.com/gptbot)"
74.7.243.216 - - [25/Aug/2026:16:20:36 +0000] "GET /products/detail/789130710102 HTTP/2.0" 500 0 "https://hyperbarics4u.com/sitemap680.xml" "Mozilla/5.0 AppleWebKit/537.36 (KHTML, like Gecko; compatible; GPTBot/1.4; +https://openai.com/gptbot)"
2a03:2880:f80e:25:: - - [25/Aug/2026:16:20:48 +0000] "GET /?r2o2d9e1n4t408456 HTTP/2.0" 500 0 "-" "Mozilla/5.0 (Macintosh; Intel Mac OS X 10_15_7) AppleWebKit/537.36 (KHTML, like Gecko) Chrome/145.0.0.0 Safari/537.36 (compatible; meta-externalagent/1.1 (+https://developers.facebook.com/docs/sharing/webmasters/crawler))"
74.7.243.216 - - [25/Aug/2026:16:20:58 +0000] "GET /products/detail/789231078130 HTTP/2.0" 500 0 "https://hyperbarics4u.com/sitemap680.xml" "Mozilla/5.0 AppleWebKit/537.36 (KHTML, like Gecko; compatible; GPTBot/1.4; +https://openai.com/gptbot)"
74.7.243.216 - - [25/Aug/2026:16:21:20 +0000] "GET /products/detail/789130787854 HTTP/2.0" 500 0 "https://hyperbarics4u.com/sitemap680.xml" "Mozilla/5.0 AppleWebKit/537.36 (KHTML, like Gecko; compatible; GPTBot/1.4; +https://openai.com/gptbot)"
74.7.243.216 - - [25/Aug/2026:16:21:40 +0000] "GET /products/detail/789529648552 HTTP/2.0" 500 0 "https://hyperbarics4u.com/sitemap680.xml" "Mozilla/5.0 AppleWebKit/537.36 (KHTML, like Gecko; compatible; GPTBot/1.4; +https://openai.com/gptbot)"
2a03:2880:f80e:3b:: - - [25/Aug/2026:16:21:54 +0000] "GET /?r0e7s8i1s9t2i3n7g HTTP/2.0" 500 0 "-" "Mozilla/5.0 (Macintosh; Intel Mac OS X 10_15_7) AppleWebKit/537.36 (KHTML, like Gecko) Chrome/145.0.0.0 Safari/537.36 (compatible; meta-externalagent/1.1 (+https://developers.facebook.com/docs/sharing/webmasters/crawler))"
74.7.243.216 - - [25/Aug/2026:16:22:01 +0000] "GET /products/detail/789529959854 HTTP/2.0" 500 0 "https://hyperbarics4u.com/sitemap680.xml" "Mozilla/5.0 AppleWebKit/537.36 (KHTML, like Gecko; compatible; GPTBot/1.4; +https://openai.com/gptbot)"
74.7.243.216 - - [25/Aug/2026:16:22:22 +0000] "GET /products/detail/789435335800 HTTP/2.0" 500 0 "https://hyperbarics4u.com/sitemap680.xml" "Mozilla/5.0 AppleWebKit/537.36 (KHTML, like Gecko; compatible; GPTBot/1.4; +https://openai.com/gptbot)"
74.7.243.216 - - [25/Aug/2026:16:22:43 +0000] "GET /products/detail/789036478639 HTTP/2.0" 500 0 "https://hyperbarics4u.com/sitemap680.xml" "Mozilla/5.0 AppleWebKit/537.36 (KHTML, like Gecko; compatible; GPTBot/1.4; +https://openai.com/gptbot)"
2a03:2880:f80e:3b:: - - [25/Aug/2026:16:23:02 +0000] "GET /?m0o2r7e5l0a0n3d9809 HTTP/2.0" 500 0 "-" "Mozilla/5.0 (Windows NT 10.0; Win64; x64) AppleWebKit/537.36 (KHTML, like Gecko) Chrome/145.0.0.0 Safari/537.36 Edg/145.0.0.0 (compatible; meta-externalagent/1.1 (+https://developers.facebook.com/docs/sharing/webmasters/crawler))"
74.7.243.216 - - [25/Aug/2026:16:23:04 +0000] "GET /products/detail/789331679369 HTTP/2.0" 500 0 "https://hyperbarics4u.com/sitemap680.xml" "Mozilla/5.0 AppleWebKit/537.36 (KHTML, like Gecko; compatible; GPTBot/1.4; +https://openai.com/gptbot)"
74.7.243.216 - - [25/Aug/2026:16:23:26 +0000] "GET /products/detail/789535787214 HTTP/2.0" 500 0 "https://hyperbarics4u.com/sitemap680.xml" "Mozilla/5.0 AppleWebKit/537.36 (KHTML, like Gecko; compatible; GPTBot/1.4; +https://openai.com/gptbot)"
74.7.243.216 - - [25/Aug/2026:16:23:47 +0000] "GET /products/detail/789435263889 HTTP/2.0" 500 0 "https://hyperbarics4u.com/sitemap680.xml" "Mozilla/5.0 AppleWebKit/537.36 (KHTML, like Gecko; compatible; GPTBot/1.4; +https://openai.com/gptbot)"
2a03:2880:f80e:25:: - - [25/Aug/2026:16:24:07 +0000] "GET /?a4c2c8o7r6d8a0n0t768 HTTP/2.0" 500 0 "-" "Mozilla/5.0 (Macintosh; Intel Mac OS X 10_15_7) AppleWebKit/537.36 (KHTML, like Gecko) Chrome/145.0.0.0 Safari/537.36 (compatible; meta-externalagent/1.1 (+https://developers.facebook.com/docs/sharing/webmasters/crawler))"
74.7.243.216 - - [25/Aug/2026:16:24:08 +0000] "GET /products/detail/789529650509 HTTP/2.0" 500 0 "https://hyperbarics4u.com/sitemap680.xml" "Mozilla/5.0 AppleWebKit/537.36 (KHTML, like Gecko; compatible; GPTBot/1.4; +https://openai.com/gptbot)"
136.239.213.130 - - [25/Aug/2026:16:24:24 +0000] "POST /xmlrpc.php HTTP/2.0" 403 146 "-" "Mozilla/5.0 (Macintosh; Intel Mac OS X 10_15_7; x64) AppleWebKit/537.36 (KHTML, like Gecko) Edge/96.0.0.0 Safari/537.36"
74.7.243.216 - - [25/Aug/2026:16:24:30 +0000] "GET /products/detail/789030059302 HTTP/2.0" 500 0 "https://hyperbarics4u.com/sitemap680.xml" "Mozilla/5.0 AppleWebKit/537.36 (KHTML, like Gecko; compatible; GPTBot/1.4; +https://openai.com/gptbot)"
74.7.243.216 - - [25/Aug/2026:16:24:52 +0000] "GET /products/detail/789334569034 HTTP/2.0" 500 0 "https://hyperbarics4u.com/sitemap680.xml" "Mozilla/5.0 AppleWebKit/537.36 (KHTML, like Gecko; compatible; GPTBot/1.4; +https://openai.com/gptbot)"
74.7.243.216 - - [25/Aug/2026:16:25:14 +0000] "GET /products/detail/789432008294 HTTP/2.0" 500 0 "https://hyperbarics4u.com/sitemap680.xml" "Mozilla/5.0 AppleWebKit/537.36 (KHTML, like Gecko; compatible; GPTBot/1.4; +https://openai.com/gptbot)"
2a03:2880:f80e:4f:: - - [25/Aug/2026:16:25:14 +0000] "GET /?l2e2g7u9m1e337075 HTTP/2.0" 500 0 "-" "Mozilla/5.0 (X11; Linux x86_64) AppleWebKit/537.36 (KHTML, like Gecko) Chrome/145.0.0.0 Safari/537.36 (compatible; meta-externalagent/1.1 (+https://developers.facebook.com/docs/sharing/webmasters/crawler))"
74.7.243.216 - - [25/Aug/2026:16:25:35 +0000] "GET /products/detail/789331578865 HTTP/2.0" 500 0 "https://hyperbarics4u.com/sitemap680.xml" "Mozilla/5.0 AppleWebKit/537.36 (KHTML, like Gecko; compatible; GPTBot/1.4; +https://openai.com/gptbot)"
74.7.243.216 - - [25/Aug/2026:16:25:56 +0000] "GET /products/detail/789529838915 HTTP/2.0" 500 0 "https://hyperbarics4u.com/sitemap680.xml" "Mozilla/5.0 AppleWebKit/537.36 (KHTML, like Gecko; compatible; GPTBot/1.4; +https://openai.com/gptbot)"
74.7.243.216 - - [25/Aug/2026:16:26:16 +0000] "GET /products/detail/789435480945 HTTP/2.0" 500 0 "https://hyperbarics4u.com/sitemap680.xml" "Mozilla/5.0 AppleWebKit/537.36 (KHTML, like Gecko; compatible; GPTBot/1.4; +https://openai.com/gptbot)"
2a03:2880:f80e:4a:: - - [25/Aug/2026:16:26:21 +0000] "GET /?o5e4c5o9l3o0g9y151 HTTP/2.0" 500 0 "-" "Mozilla/5.0 (Macintosh; Intel Mac OS X 10_15_7) AppleWebKit/537.36 (KHTML, like Gecko) Chrome/145.0.0.0 Safari/537.36 (compatible; meta-externalagent/1.1 (+https://developers.facebook.com/docs/sharing/webmasters/crawler))"
74.7.243.216 - - [25/Aug/2026:16:26:38 +0000] "GET /products/detail/789529769552 HTTP/2.0" 500 0 "https://hyperbarics4u.com/sitemap680.xml" "Mozilla/5.0 AppleWebKit/537.36 (KHTML, like Gecko; compatible; GPTBot/1.4; +https://openai.com/gptbot)"
74.7.243.216 - - [25/Aug/2026:16:26:58 +0000] "GET /products/detail/789532905299 HTTP/2.0" 500 0 "https://hyperbarics4u.com/sitemap680.xml" "Mozilla/5.0 AppleWebKit/537.36 (KHTML, like Gecko; compatible; GPTBot/1.4; +https://openai.com/gptbot)"
74.7.243.216 - - [25/Aug/2026:16:27:20 +0000] "GET /products/detail/789036433677 HTTP/2.0" 500 0 "https://hyperbarics4u.com/sitemap680.xml" "Mozilla/5.0 AppleWebKit/537.36 (KHTML, like Gecko; compatible; GPTBot/1.4; +https://openai.com/gptbot)"
2a03:2880:f80e:6c:: - - [25/Aug/2026:16:27:28 +0000] "GET /products/detail/78945416342 HTTP/2.0" 500 0 "-" "Mozilla/5.0 (Windows NT 10.0; Win64; x64) AppleWebKit/537.36 (KHTML, like Gecko) Chrome/145.0.0.0 Safari/537.36 Edg/145.0.0.0 (compatible; meta-externalagent/1.1 (+https://developers.facebook.com/docs/sharing/webmasters/crawler))"
74.7.243.216 - - [25/Aug/2026:16:27:40 +0000] "GET /products/detail/789529836229 HTTP/2.0" 500 0 "https://hyperbarics4u.com/sitemap680.xml" "Mozilla/5.0 AppleWebKit/537.36 (KHTML, like Gecko; compatible; GPTBot/1.4; +https://openai.com/gptbot)"
74.7.243.216 - - [25/Aug/2026:16:28:00 +0000] "GET /products/detail/789331954154 HTTP/2.0" 500 0 "https://hyperbarics4u.com/sitemap680.xml" "Mozilla/5.0 AppleWebKit/537.36 (KHTML, like Gecko; compatible; GPTBot/1.4; +https://openai.com/gptbot)"
74.7.243.216 - - [25/Aug/2026:16:28:21 +0000] "GET /products/detail/789529897400 HTTP/2.0" 500 0 "https://hyperbarics4u.com/sitemap680.xml" "Mozilla/5.0 AppleWebKit/537.36 (KHTML, like Gecko; compatible; GPTBot/1.4; +https://openai.com/gptbot)"
2a03:2880:f80e:3e:: - - [25/Aug/2026:16:28:36 +0000] "GET /sitemap-subitem-2955.xml HTTP/2.0" 200 5915 "-" "Mozilla/5.0 (Macintosh; Intel Mac OS X 10_15_7) AppleWebKit/537.36 (KHTML, like Gecko) Chrome/145.0.0.0 Safari/537.36 (compatible; meta-externalagent/1.1 (+https://developers.facebook.com/docs/sharing/webmasters/crawler))"
50.19.221.48 - - [25/Aug/2026:16:28:39 +0000] "GET /?p=2145 HTTP/2.0" 500 0 "-" "Mozilla/5.0 AppleWebKit/537.36 (KHTML, like Gecko; compatible; Amazonbot/0.1; +https://developer.amazon.com/support/amazonbot) Chrome/119.0.6045.214 Safari/537.36"
74.7.243.216 - - [25/Aug/2026:16:28:41 +0000] "GET /products/detail/789529855220 HTTP/2.0" 500 0 "https://hyperbarics4u.com/sitemap680.xml" "Mozilla/5.0 AppleWebKit/537.36 (KHTML, like Gecko; compatible; GPTBot/1.4; +https://openai.com/gptbot)"
74.7.243.216 - - [25/Aug/2026:16:29:02 +0000] "GET /products/detail/789529747889 HTTP/2.0" 500 0 "https://hyperbarics4u.com/sitemap680.xml" "Mozilla/5.0 AppleWebKit/537.36 (KHTML, like Gecko; compatible; GPTBot/1.4; +https://openai.com/gptbot)"
74.7.243.216 - - [25/Aug/2026:16:29:23 +0000] "GET /products/detail/789532780027 HTTP/2.0" 500 0 "https://hyperbarics4u.com/sitemap680.xml" "Mozilla/5.0 AppleWebKit/537.36 (KHTML, like Gecko; compatible; GPTBot/1.4; +https://openai.com/gptbot)"
2a03:2880:f80e:2:: - - [25/Aug/2026:16:29:41 +0000] "GET /?y4o7u3t9h170616 HTTP/2.0" 500 0 "-" "Mozilla/5.0 (Macintosh; Intel Mac OS X 10_15_7) AppleWebKit/537.36 (KHTML, like Gecko) Chrome/145.0.0.0 Safari/537.36 (compatible; meta-externalagent/1.1 (+https://developers.facebook.com/docs/sharing/webmasters/crawler))"
74.7.243.216 - - [25/Aug/2026:16:29:44 +0000] "GET /products/detail/789435192419 HTTP/2.0" 500 0 "https://hyperbarics4u.com/sitemap680.xml" "Mozilla/5.0 AppleWebKit/537.36 (KHTML, like Gecko; compatible; GPTBot/1.4; +https://openai.com/gptbot)"
74.7.243.216 - - [25/Aug/2026:16:30:05 +0000] "GET /products/detail/789529953735 HTTP/2.0" 500 0 "https://hyperbarics4u.com/sitemap680.xml" "Mozilla/5.0 AppleWebKit/537.36 (KHTML, like Gecko; compatible; GPTBot/1.4; +https://openai.com/gptbot)"
2a03:2880:f80e:2d:: - - [25/Aug/2026:16:30:22 +0000] "GET /?a6c3t0i3n9i3a6e3689 HTTP/2.0" 500 0 "-" "Mozilla/5.0 (Windows NT 10.0; Win64; x64) AppleWebKit/537.36 (KHTML, like Gecko) Chrome/145.0.0.0 Safari/537.36 (compatible; meta-externalagent/1.1 (+https://developers.facebook.com/docs/sharing/webmasters/crawler))"
74.7.243.216 - - [25/Aug/2026:16:30:25 +0000] "GET /products/detail/789334970670 HTTP/2.0" 500 0 "https://hyperbarics4u.com/sitemap680.xml" "Mozilla/5.0 AppleWebKit/537.36 (KHTML, like Gecko; compatible; GPTBot/1.4; +https://openai.com/gptbot)"
2a03:2880:f80e:60:: - - [25/Aug/2026:16:30:26 +0000] "GET /?v1e2n5d2e0r545253 HTTP/2.0" 500 0 "-" "Mozilla/5.0 (Macintosh; Intel Mac OS X 10_15_7) AppleWebKit/537.36 (KHTML, like Gecko) Chrome/145.0.0.0 Safari/537.36 (compatible; meta-externalagent/1.1 (+https://developers.facebook.com/docs/sharing/webmasters/crawler))"
2a03:2880:f80e:4a:: - - [25/Aug/2026:16:30:30 +0000] "GET /?b0a3c2k9t6o1b2a9c4k32 HTTP/2.0" 500 0 "-" "Mozilla/5.0 (Macintosh; Intel Mac OS X 10_15_7) AppleWebKit/537.36 (KHTML, like Gecko) Chrome/145.0.0.0 Safari/537.36 (compatible; meta-externalagent/1.1 (+https://developers.facebook.com/docs/sharing/webmasters/crawler))"
2a03:2880:f80e:66:: - - [25/Aug/2026:16:30:36 +0000] "GET /?m0e1t2h3i0d3e13085 HTTP/2.0" 500 0 "-" "Mozilla/5.0 (Macintosh; Intel Mac OS X 10_15_7) AppleWebKit/537.36 (KHTML, like Gecko) Chrome/145.0.0.0 Safari/537.36 (compatible; meta-externalagent/1.1 (+https://developers.facebook.com/docs/sharing/webmasters/crawler))"
2a03:2880:f80e:31:: - - [25/Aug/2026:16:30:42 +0000] "GET /sitemap-subitem-983.xml HTTP/2.0" 200 5929 "-" "Mozilla/5.0 (Windows NT 10.0; Win64; x64) AppleWebKit/537.36 (KHTML, like Gecko) Chrome/145.0.0.0 Safari/537.36 (compatible; meta-externalagent/1.1 (+https://developers.facebook.com/docs/sharing/webmasters/crawler))"
74.7.243.216 - - [25/Aug/2026:16:30:47 +0000] "GET /products/detail/789334646214 HTTP/2.0" 500 0 "https://hyperbarics4u.com/sitemap680.xml" "Mozilla/5.0 AppleWebKit/537.36 (KHTML, like Gecko; compatible; GPTBot/1.4; +https://openai.com/gptbot)"
2a03:2880:f80e:7:: - - [25/Aug/2026:16:30:48 +0000] "GET /?g8l8a8u3c2e4s8c7e4n4t HTTP/2.0" 500 0 "-" "Mozilla/5.0 (Windows NT 10.0; Win64; x64) AppleWebKit/537.36 (KHTML, like Gecko) Chrome/145.0.0.0 Safari/537.36 (compatible; meta-externalagent/1.1 (+https://developers.facebook.com/docs/sharing/webmasters/crawler))"
2a03:2880:f814:4:: - - [25/Aug/2026:16:31:01 +0000] "GET / HTTP/2.0" 500 0 "-" "facebookexternalhit/1.1 (+http://www.facebook.com/externalhit_uatext.php)"
74.7.243.216 - - [25/Aug/2026:16:31:08 +0000] "GET /products/detail/789030114014 HTTP/2.0" 500 0 "https://hyperbarics4u.com/sitemap680.xml" "Mozilla/5.0 AppleWebKit/537.36 (KHTML, like Gecko; compatible; GPTBot/1.4; +https://openai.com/gptbot)"
2a03:2880:f80e:4d:: - - [25/Aug/2026:16:31:28 +0000] "GET /prizes/193280751 HTTP/2.0" 500 0 "-" "Mozilla/5.0 (Macintosh; Intel Mac OS X 10_15_7) AppleWebKit/537.36 (KHTML, like Gecko) Chrome/145.0.0.0 Safari/537.36 (compatible; meta-externalagent/1.1 (+https://developers.facebook.com/docs/sharing/webmasters/crawler))"
74.7.243.216 - - [25/Aug/2026:16:31:28 +0000] "GET /products/detail/789529745527 HTTP/2.0" 500 0 "https://hyperbarics4u.com/sitemap680.xml" "Mozilla/5.0 AppleWebKit/537.36 (KHTML, like Gecko; compatible; GPTBot/1.4; +https://openai.com/gptbot)"
2a03:2880:f80e:50:: - - [25/Aug/2026:16:31:32 +0000] "GET /?m2i1s8t7r6a6n8s1p7o6r7t HTTP/2.0" 500 0 "-" "Mozilla/5.0 (X11; Linux x86_64) AppleWebKit/537.36 (KHTML, like Gecko) Chrome/145.0.0.0 Safari/537.36 (compatible; meta-externalagent/1.1 (+https://developers.facebook.com/docs/sharing/webmasters/crawler))"
2a03:2880:f80e:37:: - - [25/Aug/2026:16:31:38 +0000] "GET /?n8e3r5v0o0s8a58590 HTTP/2.0" 500 0 "-" "Mozilla/5.0 (Windows NT 10.0; Win64; x64) AppleWebKit/537.36 (KHTML, like Gecko) Chrome/145.0.0.0 Safari/537.36 (compatible; meta-externalagent/1.1 (+https://developers.facebook.com/docs/sharing/webmasters/crawler))"
2a03:2880:f80e:44:: - - [25/Aug/2026:16:31:43 +0000] "GET /prizes/93885105 HTTP/2.0" 500 0 "-" "Mozilla/5.0 (Windows NT 10.0; Win64; x64) AppleWebKit/537.36 (KHTML, like Gecko) Chrome/145.0.0.0 Safari/537.36 (compatible; meta-externalagent/1.1 (+https://developers.facebook.com/docs/sharing/webmasters/crawler))"
2a03:2880:f80e:1f:: - - [25/Aug/2026:16:31:49 +0000] "GET /?d0i4s7p4a7r1a9d1i7s0ed HTTP/2.0" 500 0 "-" "Mozilla/5.0 (Windows NT 10.0; Win64; x64) AppleWebKit/537.36 (KHTML, like Gecko) Chrome/145.0.0.0 Safari/537.36 (compatible; meta-externalagent/1.1 (+https://developers.facebook.com/docs/sharing/webmasters/crawler))"
74.7.243.216 - - [25/Aug/2026:16:31:50 +0000] "GET /products/detail/789030397027 HTTP/2.0" 500 0 "https://hyperbarics4u.com/sitemap680.xml" "Mozilla/5.0 AppleWebKit/537.36 (KHTML, like Gecko; compatible; GPTBot/1.4; +https://openai.com/gptbot)"
2a03:2880:f80e:2:: - - [25/Aug/2026:16:31:54 +0000] "GET /prizes/138992862 HTTP/2.0" 500 0 "-" "Mozilla/5.0 (Macintosh; Intel Mac OS X 10_15_7) AppleWebKit/537.36 (KHTML, like Gecko) Chrome/145.0.0.0 Safari/537.36 (compatible; meta-externalagent/1.1 (+https://developers.facebook.com/docs/sharing/webmasters/crawler))"
74.7.243.216 - - [25/Aug/2026:16:32:11 +0000] "GET /products/detail/789030331659 HTTP/2.0" 500 0 "https://hyperbarics4u.com/sitemap680.xml" "Mozilla/5.0 AppleWebKit/537.36 (KHTML, like Gecko; compatible; GPTBot/1.4; +https://openai.com/gptbot)"
74.7.243.216 - - [25/Aug/2026:16:32:32 +0000] "GET /products/detail/789334910949 HTTP/2.0" 500 0 "https://hyperbarics4u.com/sitemap680.xml" "Mozilla/5.0 AppleWebKit/537.36 (KHTML, like Gecko; compatible; GPTBot/1.4; +https://openai.com/gptbot)"
2a03:2880:f808:2c:: - - [25/Aug/2026:16:32:38 +0000] "GET / HTTP/2.0" 500 0 "-" "facebookexternalhit/1.1 (+http://www.facebook.com/externalhit_uatext.php)"
74.7.243.216 - - [25/Aug/2026:16:32:53 +0000] "GET /products/detail/789234173289 HTTP/2.0" 500 0 "https://hyperbarics4u.com/sitemap680.xml" "Mozilla/5.0 AppleWebKit/537.36 (KHTML, like Gecko; compatible; GPTBot/1.4; +https://openai.com/gptbot)"
2a03:2880:f80e:39:: - - [25/Aug/2026:16:33:00 +0000] "GET /?g8r1a6t8i8n2e8e4g6r0aumtna HTTP/2.0" 500 0 "-" "Mozilla/5.0 (Macintosh; Intel Mac OS X 10_15_7) AppleWebKit/537.36 (KHTML, like Gecko) Chrome/145.0.0.0 Safari/537.36 (compatible; meta-externalagent/1.1 (+https://developers.facebook.com/docs/sharing/webmasters/crawler))"
74.7.243.216 - - [25/Aug/2026:16:33:13 +0000] "GET /products/detail/789234238144 HTTP/2.0" 500 0 "https://hyperbarics4u.com/sitemap680.xml" "Mozilla/5.0 AppleWebKit/537.36 (KHTML, like Gecko; compatible; GPTBot/1.4; +https://openai.com/gptbot)"
2a03:2880:f80a:12:: - - [25/Aug/2026:16:33:15 +0000] "GET / HTTP/2.0" 500 0 "-" "facebookexternalhit/1.1 (+http://www.facebook.com/externalhit_uatext.php)"
74.7.243.216 - - [25/Aug/2026:16:33:35 +0000] "GET /products/detail/789036366504 HTTP/2.0" 500 0 "https://hyperbarics4u.com/sitemap680.xml" "Mozilla/5.0 AppleWebKit/537.36 (KHTML, like Gecko; compatible; GPTBot/1.4; +https://openai.com/gptbot)"
74.7.243.216 - - [25/Aug/2026:16:33:55 +0000] "GET /products/detail/789529743174 HTTP/2.0" 500 0 "https://hyperbarics4u.com/sitemap680.xml" "Mozilla/5.0 AppleWebKit/537.36 (KHTML, like Gecko; compatible; GPTBot/1.4; +https://openai.com/gptbot)"
2a03:2880:f80e:39:: - - [25/Aug/2026:16:34:08 +0000] "GET /?d1r1a0w3b2r0i6d6g5e38 HTTP/2.0" 500 0 "-" "Mozilla/5.0 (Windows NT 10.0; Win64; x64) AppleWebKit/537.36 (KHTML, like Gecko) Chrome/145.0.0.0 Safari/537.36 (compatible; meta-externalagent/1.1 (+https://developers.facebook.com/docs/sharing/webmasters/crawler))"
74.7.243.216 - - [25/Aug/2026:16:34:16 +0000] "GET /products/detail/789529950689 HTTP/2.0" 500 0 "https://hyperbarics4u.com/sitemap680.xml" "Mozilla/5.0 AppleWebKit/537.36 (KHTML, like Gecko; compatible; GPTBot/1.4; +https://openai.com/gptbot)"
74.7.243.216 - - [25/Aug/2026:16:34:38 +0000] "GET /products/detail/789334841684 HTTP/2.0" 500 0 "https://hyperbarics4u.com/sitemap680.xml" "Mozilla/5.0 AppleWebKit/537.36 (KHTML, like Gecko; compatible; GPTBot/1.4; +https://openai.com/gptbot)"
74.7.243.216 - - [25/Aug/2026:16:34:59 +0000] "GET /products/detail/789529797019 HTTP/2.0" 500 0 "https://hyperbarics4u.com/sitemap680.xml" "Mozilla/5.0 AppleWebKit/537.36 (KHTML, like Gecko; compatible; GPTBot/1.4; +https://openai.com/gptbot)"
2a03:2880:f806:a:: - - [25/Aug/2026:16:35:14 +0000] "GET /prizes/314447751 HTTP/2.0" 500 0 "-" "Mozilla/5.0 (Windows NT 10.0; Win64; x64) AppleWebKit/537.36 (KHTML, like Gecko) Chrome/145.0.0.0 Safari/537.36 (compatible; meta-externalagent/1.1 (+https://developers.facebook.com/docs/sharing/webmasters/crawler))"
74.7.243.216 - - [25/Aug/2026:16:35:20 +0000] "GET /products/detail/789529947652 HTTP/2.0" 500 0 "https://hyperbarics4u.com/sitemap680.xml" "Mozilla/5.0 AppleWebKit/537.36 (KHTML, like Gecko; compatible; GPTBot/1.4; +https://openai.com/gptbot)"
74.7.243.216 - - [25/Aug/2026:16:35:42 +0000] "GET /products/detail/789532536395 HTTP/2.0" 500 0 "https://hyperbarics4u.com/sitemap680.xml" "Mozilla/5.0 AppleWebKit/537.36 (KHTML, like Gecko; compatible; GPTBot/1.4; +https://openai.com/gptbot)"
2a03:2880:f818:52:: - - [25/Aug/2026:16:35:51 +0000] "GET / HTTP/2.0" 500 0 "-" "facebookexternalhit/1.1 (+http://www.facebook.com/externalhit_uatext.php)"
2a03:2880:f800:30:: - - [25/Aug/2026:16:35:53 +0000] "GET / HTTP/2.0" 500 0 "-" "facebookexternalhit/1.1 (+http://www.facebook.com/externalhit_uatext.php)"
74.7.243.216 - - [25/Aug/2026:16:36:02 +0000] "GET /products/detail/789030103580 HTTP/2.0" 500 0 "https://hyperbarics4u.com/sitemap680.xml" "Mozilla/5.0 AppleWebKit/537.36 (KHTML, like Gecko; compatible; GPTBot/1.4; +https://openai.com/gptbot)"
2a03:2880:f806:19:: - - [25/Aug/2026:16:36:22 +0000] "GET /?e6x3o3g6e0n8o1u3s473 HTTP/2.0" 500 0 "-" "Mozilla/5.0 (X11; Linux x86_64) AppleWebKit/537.36 (KHTML, like Gecko) Chrome/145.0.0.0 Safari/537.36 (compatible; meta-externalagent/1.1 (+https://developers.facebook.com/docs/sharing/webmasters/crawler))"
74.7.243.216 - - [25/Aug/2026:16:36:23 +0000] "GET /products/detail/789529652475 HTTP/2.0" 500 0 "https://hyperbarics4u.com/sitemap680.xml" "Mozilla/5.0 AppleWebKit/537.36 (KHTML, like Gecko; compatible; GPTBot/1.4; +https://openai.com/gptbot)"
74.7.243.216 - - [25/Aug/2026:16:36:43 +0000] "GET /products/detail/789033404035 HTTP/2.0" 500 0 "https://hyperbarics4u.com/sitemap680.xml" "Mozilla/5.0 AppleWebKit/537.36 (KHTML, like Gecko; compatible; GPTBot/1.4; +https://openai.com/gptbot)"
74.7.243.216 - - [25/Aug/2026:16:37:05 +0000] "GET /products/detail/789130763309 HTTP/2.0" 500 0 "https://hyperbarics4u.com/sitemap680.xml" "Mozilla/5.0 AppleWebKit/537.36 (KHTML, like Gecko; compatible; GPTBot/1.4; +https://openai.com/gptbot)"
74.7.243.216 - - [25/Aug/2026:16:37:26 +0000] "GET /products/detail/789133548994 HTTP/2.0" 500 0 "https://hyperbarics4u.com/sitemap680.xml" "Mozilla/5.0 AppleWebKit/537.36 (KHTML, like Gecko; compatible; GPTBot/1.4; +https://openai.com/gptbot)"
2a03:2880:f806:19:: - - [25/Aug/2026:16:37:28 +0000] "GET /?a6m4o0r4t0i8z8e1m9e5n0t HTTP/2.0" 500 0 "-" "Mozilla/5.0 (Windows NT 10.0; Win64; x64) AppleWebKit/537.36 (KHTML, like Gecko) Chrome/145.0.0.0 Safari/537.36 (compatible; meta-externalagent/1.1 (+https://developers.facebook.com/docs/sharing/webmasters/crawler))"
2a03:2880:f80e:45:: - - [25/Aug/2026:16:37:32 +0000] "GET / HTTP/2.0" 500 0 "-" "facebookexternalhit/1.1 (+http://www.facebook.com/externalhit_uatext.php)"
74.7.243.216 - - [25/Aug/2026:16:37:48 +0000] "GET /products/detail/789529786905 HTTP/2.0" 500 0 "https://hyperbarics4u.com/sitemap680.xml" "Mozilla/5.0 AppleWebKit/537.36 (KHTML, like Gecko; compatible; GPTBot/1.4; +https://openai.com/gptbot)"
2a03:2880:f804:1f:: - - [25/Aug/2026:16:37:59 +0000] "GET / HTTP/2.0" 500 0 "-" "facebookexternalhit/1.1 (+http://www.facebook.com/externalhit_uatext.php)"
74.7.243.216 - - [25/Aug/2026:16:38:09 +0000] "GET /products/detail/789030219052 HTTP/2.0" 500 0 "https://hyperbarics4u.com/sitemap680.xml" "Mozilla/5.0 AppleWebKit/537.36 (KHTML, like Gecko; compatible; GPTBot/1.4; +https://openai.com/gptbot)"
74.7.243.216 - - [25/Aug/2026:16:38:31 +0000] "GET /products/detail/789033488990 HTTP/2.0" 500 0 "https://hyperbarics4u.com/sitemap680.xml" "Mozilla/5.0 AppleWebKit/537.36 (KHTML, like Gecko; compatible; GPTBot/1.4; +https://openai.com/gptbot)"
2a03:2880:f806:39:: - - [25/Aug/2026:16:38:35 +0000] "GET /products/detail/789243086805 HTTP/2.0" 500 0 "-" "Mozilla/5.0 (X11; Linux x86_64; rv:146.0) Gecko/20100101 Firefox/146.0 (compatible; meta-externalagent/1.1 (+https://developers.facebook.com/docs/sharing/webmasters/crawler))"
74.7.243.216 - - [25/Aug/2026:16:38:52 +0000] "GET /products/detail/789231089019 HTTP/2.0" 500 0 "https://hyperbarics4u.com/sitemap680.xml" "Mozilla/5.0 AppleWebKit/537.36 (KHTML, like Gecko; compatible; GPTBot/1.4; +https://openai.com/gptbot)"
74.7.243.216 - - [25/Aug/2026:16:39:14 +0000] "GET /products/detail/789130653300 HTTP/2.0" 500 0 "https://hyperbarics4u.com/sitemap680.xml" "Mozilla/5.0 AppleWebKit/537.36 (KHTML, like Gecko; compatible; GPTBot/1.4; +https://openai.com/gptbot)"
74.7.243.216 - - [25/Aug/2026:16:39:35 +0000] "GET /products/detail/789133766894 HTTP/2.0" 500 0 "https://hyperbarics4u.com/sitemap680.xml" "Mozilla/5.0 AppleWebKit/537.36 (KHTML, like Gecko; compatible; GPTBot/1.4; +https://openai.com/gptbot)"
2a03:2880:f806:34:: - - [25/Aug/2026:16:39:41 +0000] "GET /?b9e1l3t6a3n1e34175 HTTP/2.0" 500 0 "-" "Mozilla/5.0 (X11; Linux x86_64; rv:147.0) Gecko/20100101 Firefox/147.0 (compatible; meta-externalagent/1.1 (+https://developers.facebook.com/docs/sharing/webmasters/crawler))"
74.7.243.216 - - [25/Aug/2026:16:39:56 +0000] "GET /products/detail/789535701970 HTTP/2.0" 500 0 "https://hyperbarics4u.com/sitemap680.xml" "Mozilla/5.0 AppleWebKit/537.36 (KHTML, like Gecko; compatible; GPTBot/1.4; +https://openai.com/gptbot)"
104.244.72.22 - - [25/Aug/2026:16:40:10 +0000] "GET /cccsitemap.xml HTTP/2.0" 200 36 "-" "googlebot,bot,google,bing,yahoo"
2a03:2880:f814:4:: - - [25/Aug/2026:16:40:16 +0000] "GET / HTTP/2.0" 500 0 "-" "facebookexternalhit/1.1 (+http://www.facebook.com/externalhit_uatext.php)"
74.7.243.216 - - [25/Aug/2026:16:40:17 +0000] "GET /products/detail/789130965969 HTTP/2.0" 500 0 "https://hyperbarics4u.com/sitemap680.xml" "Mozilla/5.0 AppleWebKit/537.36 (KHTML, like Gecko; compatible; GPTBot/1.4; +https://openai.com/gptbot)"
74.7.243.216 - - [25/Aug/2026:16:40:38 +0000] "GET /products/detail/789432069890 HTTP/2.0" 500 0 "https://hyperbarics4u.com/sitemap680.xml" "Mozilla/5.0 AppleWebKit/537.36 (KHTML, like Gecko; compatible; GPTBot/1.4; +https://openai.com/gptbot)"
2a03:2880:f806:2e:: - - [25/Aug/2026:16:40:48 +0000] "GET /?w0e3l3t1e0r6e6d7558 HTTP/2.0" 500 0 "-" "Mozilla/5.0 (Windows NT 10.0; Win64; x64) AppleWebKit/537.36 (KHTML, like Gecko) Chrome/145.0.0.0 Safari/537.36 (compatible; meta-externalagent/1.1 (+https://developers.facebook.com/docs/sharing/webmasters/crawler))"
2a03:2880:f810:42:: - - [25/Aug/2026:16:40:53 +0000] "GET / HTTP/2.0" 500 0 "-" "facebookexternalhit/1.1 (+http://www.facebook.com/externalhit_uatext.php)"
74.7.243.216 - - [25/Aug/2026:16:40:59 +0000] "GET /products/detail/789532626677 HTTP/2.0" 500 0 "https://hyperbarics4u.com/sitemap680.xml" "Mozilla/5.0 AppleWebKit/537.36 (KHTML, like Gecko; compatible; GPTBot/1.4; +https://openai.com/gptbot)"
51.89.15.50 - - [25/Aug/2026:16:41:10 +0000] "GET /wp-admin/js/js/cache.php HTTP/2.0" 500 0 "-" "Mozilla/5.0 (Windows NT 10.0; Win64; x64; rv:149.0) Gecko/20100101 Firefox/149.0"
74.7.243.216 - - [25/Aug/2026:16:41:19 +0000] "GET /products/detail/789030364055 HTTP/2.0" 500 0 "https://hyperbarics4u.com/sitemap680.xml" "Mozilla/5.0 AppleWebKit/537.36 (KHTML, like Gecko; compatible; GPTBot/1.4; +https://openai.com/gptbot)"
