2a03:2880:f80e:1e:: - - [25/Aug/2026:15:25:37 +0000] "GET /?h0a1r9d8a1n2d8f9a8s6t6 HTTP/2.0" 500 0 "-" "Mozilla/5.0 (Macintosh; Intel Mac OS X 10_15_7) AppleWebKit/537.36 (KHTML, like Gecko) Chrome/145.0.0.0 Safari/537.36 (compatible; meta-externalagent/1.1 (+https://developers.facebook.com/docs/sharing/webmasters/crawler))"
74.7.243.216 - - [25/Aug/2026:15:25:39 +0000] "GET /products/detail/789529708959 HTTP/2.0" 500 0 "https://hyperbarics4u.com/sitemap680.xml" "Mozilla/5.0 AppleWebKit/537.36 (KHTML, like Gecko; compatible; GPTBot/1.4; +https://openai.com/gptbot)"
2a03:2880:f80e:2:: - - [25/Aug/2026:15:25:47 +0000] "GET /?e6x1o9p1t4i0l7e4878 HTTP/2.0" 500 0 "-" "Mozilla/5.0 (Macintosh; Intel Mac OS X 10_15_7) AppleWebKit/537.36 (KHTML, like Gecko) Chrome/145.0.0.0 Safari/537.36 (compatible; meta-externalagent/1.1 (+https://developers.facebook.com/docs/sharing/webmasters/crawler))"
74.7.243.216 - - [25/Aug/2026:15:26:00 +0000] "GET /products/detail/789435387435 HTTP/2.0" 500 0 "https://hyperbarics4u.com/sitemap680.xml" "Mozilla/5.0 AppleWebKit/537.36 (KHTML, like Gecko; compatible; GPTBot/1.4; +https://openai.com/gptbot)"
2a03:2880:f80e:61:: - - [25/Aug/2026:15:26:15 +0000] "GET /prizes/207368236 HTTP/2.0" 500 0 "-" "Mozilla/5.0 (Windows NT 10.0; Win64; x64) AppleWebKit/537.36 (KHTML, like Gecko) Chrome/145.0.0.0 Safari/537.36 (compatible; meta-externalagent/1.1 (+https://developers.facebook.com/docs/sharing/webmasters/crawler))"
74.7.243.216 - - [25/Aug/2026:15:26:22 +0000] "GET /products/detail/789030010102 HTTP/2.0" 500 0 "https://hyperbarics4u.com/sitemap680.xml" "Mozilla/5.0 AppleWebKit/537.36 (KHTML, like Gecko; compatible; GPTBot/1.4; +https://openai.com/gptbot)"
2a03:2880:f80e:7:: - - [25/Aug/2026:15:26:23 +0000] "GET /products/detail/78945149511 HTTP/2.0" 500 0 "-" "Mozilla/5.0 (Windows NT 10.0; Win64; x64) AppleWebKit/537.36 (KHTML, like Gecko) Chrome/145.0.0.0 Safari/537.36 (compatible; meta-externalagent/1.1 (+https://developers.facebook.com/docs/sharing/webmasters/crawler))"
2a03:2880:f80e:37:: - - [25/Aug/2026:15:26:29 +0000] "GET /?b7o4i1l4e6d3d8o4w5n88 HTTP/2.0" 500 0 "-" "Mozilla/5.0 (Windows NT 10.0; Win64; x64) AppleWebKit/537.36 (KHTML, like Gecko) Chrome/145.0.0.0 Safari/537.36 (compatible; meta-externalagent/1.1 (+https://developers.facebook.com/docs/sharing/webmasters/crawler))"
2a03:2880:f80e:d:: - - [25/Aug/2026:15:26:35 +0000] "GET /prizes/82710923 HTTP/2.0" 500 0 "-" "Mozilla/5.0 (Windows NT 10.0; Win64; x64) AppleWebKit/537.36 (KHTML, like Gecko) Chrome/145.0.0.0 Safari/537.36 Edg/145.0.0.0 (compatible; meta-externalagent/1.1 (+https://developers.facebook.com/docs/sharing/webmasters/crawler))"
74.7.243.216 - - [25/Aug/2026:15:26:43 +0000] "GET /products/detail/789234127234 HTTP/2.0" 500 0 "https://hyperbarics4u.com/sitemap680.xml" "Mozilla/5.0 AppleWebKit/537.36 (KHTML, like Gecko; compatible; GPTBot/1.4; +https://openai.com/gptbot)"
2a03:2880:f80e:37:: - - [25/Aug/2026:15:26:43 +0000] "GET /prizes/224146600 HTTP/2.0" 500 0 "-" "Mozilla/5.0 (Windows NT 10.0; Win64; x64) AppleWebKit/537.36 (KHTML, like Gecko) Chrome/145.0.0.0 Safari/537.36 (compatible; meta-externalagent/1.1 (+https://developers.facebook.com/docs/sharing/webmasters/crawler))"
74.7.243.216 - - [25/Aug/2026:15:27:05 +0000] "GET /products/detail/789432323564 HTTP/2.0" 500 0 "https://hyperbarics4u.com/sitemap680.xml" "Mozilla/5.0 AppleWebKit/537.36 (KHTML, like Gecko; compatible; GPTBot/1.4; +https://openai.com/gptbot)"
74.7.243.216 - - [25/Aug/2026:15:27:27 +0000] "GET /products/detail/789529789420 HTTP/2.0" 500 0 "https://hyperbarics4u.com/sitemap680.xml" "Mozilla/5.0 AppleWebKit/537.36 (KHTML, like Gecko; compatible; GPTBot/1.4; +https://openai.com/gptbot)"
74.7.243.216 - - [25/Aug/2026:15:27:47 +0000] "GET /products/detail/789432484329 HTTP/2.0" 500 0 "https://hyperbarics4u.com/sitemap680.xml" "Mozilla/5.0 AppleWebKit/537.36 (KHTML, like Gecko; compatible; GPTBot/1.4; +https://openai.com/gptbot)"
2a03:2880:f80e:51:: - - [25/Aug/2026:15:27:49 +0000] "GET /?s6e4m1e1l2e317955 HTTP/2.0" 500 0 "-" "Mozilla/5.0 (Windows NT 10.0; Win64; x64) AppleWebKit/537.36 (KHTML, like Gecko) Chrome/145.0.0.0 Safari/537.36 (compatible; meta-externalagent/1.1 (+https://developers.facebook.com/docs/sharing/webmasters/crawler))"
74.7.243.216 - - [25/Aug/2026:15:28:08 +0000] "GET /products/detail/789130913954 HTTP/2.0" 500 0 "https://hyperbarics4u.com/sitemap680.xml" "Mozilla/5.0 AppleWebKit/537.36 (KHTML, like Gecko; compatible; GPTBot/1.4; +https://openai.com/gptbot)"
74.7.243.216 - - [25/Aug/2026:15:28:29 +0000] "GET /products/detail/789030171030 HTTP/2.0" 500 0 "https://hyperbarics4u.com/sitemap680.xml" "Mozilla/5.0 AppleWebKit/537.36 (KHTML, like Gecko; compatible; GPTBot/1.4; +https://openai.com/gptbot)"
74.7.243.216 - - [25/Aug/2026:15:28:51 +0000] "GET /products/detail/789529676769 HTTP/2.0" 500 0 "https://hyperbarics4u.com/sitemap680.xml" "Mozilla/5.0 AppleWebKit/537.36 (KHTML, like Gecko; compatible; GPTBot/1.4; +https://openai.com/gptbot)"
2a03:2880:f80e:22:: - - [25/Aug/2026:15:28:56 +0000] "GET /products/detail/789313650394 HTTP/2.0" 500 0 "-" "Mozilla/5.0 (Windows NT 10.0; Win64; x64) AppleWebKit/537.36 (KHTML, like Gecko) Chrome/145.0.0.0 Safari/537.36 (compatible; meta-externalagent/1.1 (+https://developers.facebook.com/docs/sharing/webmasters/crawler))"
74.7.243.216 - - [25/Aug/2026:15:29:11 +0000] "GET /products/detail/789432432704 HTTP/2.0" 500 0 "https://hyperbarics4u.com/sitemap680.xml" "Mozilla/5.0 AppleWebKit/537.36 (KHTML, like Gecko; compatible; GPTBot/1.4; +https://openai.com/gptbot)"
74.7.243.216 - - [25/Aug/2026:15:29:32 +0000] "GET /products/detail/789234454344 HTTP/2.0" 500 0 "https://hyperbarics4u.com/sitemap680.xml" "Mozilla/5.0 AppleWebKit/537.36 (KHTML, like Gecko; compatible; GPTBot/1.4; +https://openai.com/gptbot)"
74.7.243.216 - - [25/Aug/2026:15:29:54 +0000] "GET /products/detail/789432042424 HTTP/2.0" 500 0 "https://hyperbarics4u.com/sitemap680.xml" "Mozilla/5.0 AppleWebKit/537.36 (KHTML, like Gecko; compatible; GPTBot/1.4; +https://openai.com/gptbot)"
2a03:2880:f80e:52:: - - [25/Aug/2026:15:30:03 +0000] "GET /products/detail/789441163587 HTTP/2.0" 500 0 "-" "Mozilla/5.0 (Macintosh; Intel Mac OS X 10_15_7) AppleWebKit/537.36 (KHTML, like Gecko) Chrome/145.0.0.0 Safari/537.36 (compatible; meta-externalagent/1.1 (+https://developers.facebook.com/docs/sharing/webmasters/crawler))"
74.7.243.216 - - [25/Aug/2026:15:30:16 +0000] "GET /products/detail/789334792479 HTTP/2.0" 500 0 "https://hyperbarics4u.com/sitemap680.xml" "Mozilla/5.0 AppleWebKit/537.36 (KHTML, like Gecko; compatible; GPTBot/1.4; +https://openai.com/gptbot)"
74.7.243.216 - - [25/Aug/2026:15:30:37 +0000] "GET /products/detail/789030495030 HTTP/2.0" 500 0 "https://hyperbarics4u.com/sitemap680.xml" "Mozilla/5.0 AppleWebKit/537.36 (KHTML, like Gecko; compatible; GPTBot/1.4; +https://openai.com/gptbot)"
74.7.243.216 - - [25/Aug/2026:15:30:57 +0000] "GET /products/detail/789234350350 HTTP/2.0" 500 0 "https://hyperbarics4u.com/sitemap680.xml" "Mozilla/5.0 AppleWebKit/537.36 (KHTML, like Gecko; compatible; GPTBot/1.4; +https://openai.com/gptbot)"
2a03:2880:f814:18:: - - [25/Aug/2026:15:31:04 +0000] "GET / HTTP/2.0" 500 0 "-" "facebookexternalhit/1.1 (+http://www.facebook.com/externalhit_uatext.php)"
2a03:2880:f80e:32:: - - [25/Aug/2026:15:31:09 +0000] "GET /products/detail/78903380114 HTTP/2.0" 500 0 "-" "Mozilla/5.0 (Macintosh; Intel Mac OS X 10_15_7) AppleWebKit/537.36 (KHTML, like Gecko) Chrome/145.0.0.0 Safari/537.36 (compatible; meta-externalagent/1.1 (+https://developers.facebook.com/docs/sharing/webmasters/crawler))"
74.7.243.216 - - [25/Aug/2026:15:31:19 +0000] "GET /products/detail/789133828914 HTTP/2.0" 500 0 "https://hyperbarics4u.com/sitemap680.xml" "Mozilla/5.0 AppleWebKit/537.36 (KHTML, like Gecko; compatible; GPTBot/1.4; +https://openai.com/gptbot)"
74.7.243.216 - - [25/Aug/2026:15:31:39 +0000] "GET /products/detail/789532889514 HTTP/2.0" 500 0 "https://hyperbarics4u.com/sitemap680.xml" "Mozilla/5.0 AppleWebKit/537.36 (KHTML, like Gecko; compatible; GPTBot/1.4; +https://openai.com/gptbot)"
74.7.243.216 - - [25/Aug/2026:15:32:00 +0000] "GET /products/detail/789532787789 HTTP/2.0" 500 0 "https://hyperbarics4u.com/sitemap680.xml" "Mozilla/5.0 AppleWebKit/537.36 (KHTML, like Gecko; compatible; GPTBot/1.4; +https://openai.com/gptbot)"
2a03:2880:f80e:67:: - - [25/Aug/2026:15:32:17 +0000] "GET /?m6i2s5r0u0l4e81610 HTTP/2.0" 500 0 "-" "Mozilla/5.0 (Windows NT 10.0; Win64; x64) AppleWebKit/537.36 (KHTML, like Gecko) Chrome/145.0.0.0 Safari/537.36 (compatible; meta-externalagent/1.1 (+https://developers.facebook.com/docs/sharing/webmasters/crawler))"
74.7.243.216 - - [25/Aug/2026:15:32:21 +0000] "GET /products/detail/789030307740 HTTP/2.0" 500 0 "https://hyperbarics4u.com/sitemap680.xml" "Mozilla/5.0 AppleWebKit/537.36 (KHTML, like Gecko; compatible; GPTBot/1.4; +https://openai.com/gptbot)"
2a03:2880:f808:21:: - - [25/Aug/2026:15:32:42 +0000] "GET / HTTP/2.0" 500 0 "-" "facebookexternalhit/1.1 (+http://www.facebook.com/externalhit_uatext.php)"
74.7.243.216 - - [25/Aug/2026:15:32:42 +0000] "GET /products/detail/789435397789 HTTP/2.0" 500 0 "https://hyperbarics4u.com/sitemap680.xml" "Mozilla/5.0 AppleWebKit/537.36 (KHTML, like Gecko; compatible; GPTBot/1.4; +https://openai.com/gptbot)"
74.7.243.216 - - [25/Aug/2026:15:33:03 +0000] "GET /products/detail/789231245245 HTTP/2.0" 500 0 "https://hyperbarics4u.com/sitemap680.xml" "Mozilla/5.0 AppleWebKit/537.36 (KHTML, like Gecko; compatible; GPTBot/1.4; +https://openai.com/gptbot)"
74.7.243.216 - - [25/Aug/2026:15:33:23 +0000] "GET /products/detail/789234444845 HTTP/2.0" 500 0 "https://hyperbarics4u.com/sitemap680.xml" "Mozilla/5.0 AppleWebKit/537.36 (KHTML, like Gecko; compatible; GPTBot/1.4; +https://openai.com/gptbot)"
2a03:2880:f80e:6c:: - - [25/Aug/2026:15:33:23 +0000] "GET /?f8u4r7c7i2f5e6r0o3u9s HTTP/2.0" 500 0 "-" "Mozilla/5.0 (Windows NT 10.0; Win64; x64) AppleWebKit/537.36 (KHTML, like Gecko) Chrome/145.0.0.0 Safari/537.36 (compatible; meta-externalagent/1.1 (+https://developers.facebook.com/docs/sharing/webmasters/crawler))"
2a03:2880:f80a:17:: - - [25/Aug/2026:15:33:24 +0000] "GET / HTTP/2.0" 500 0 "-" "facebookexternalhit/1.1 (+http://www.facebook.com/externalhit_uatext.php)"
74.7.243.216 - - [25/Aug/2026:15:33:44 +0000] "GET /products/detail/789231444434 HTTP/2.0" 500 0 "https://hyperbarics4u.com/sitemap680.xml" "Mozilla/5.0 AppleWebKit/537.36 (KHTML, like Gecko; compatible; GPTBot/1.4; +https://openai.com/gptbot)"
74.7.243.216 - - [25/Aug/2026:15:34:05 +0000] "GET /products/detail/789130857777 HTTP/2.0" 500 0 "https://hyperbarics4u.com/sitemap680.xml" "Mozilla/5.0 AppleWebKit/537.36 (KHTML, like Gecko; compatible; GPTBot/1.4; +https://openai.com/gptbot)"
74.7.243.216 - - [25/Aug/2026:15:34:26 +0000] "GET /products/detail/789033336719 HTTP/2.0" 500 0 "https://hyperbarics4u.com/sitemap680.xml" "Mozilla/5.0 AppleWebKit/537.36 (KHTML, like Gecko; compatible; GPTBot/1.4; +https://openai.com/gptbot)"
2a03:2880:f80e:3c:: - - [25/Aug/2026:15:34:30 +0000] "GET /products/detail/78952966017 HTTP/2.0" 500 0 "-" "Mozilla/5.0 (Windows NT 10.0; Win64; x64) AppleWebKit/537.36 (KHTML, like Gecko) Chrome/145.0.0.0 Safari/537.36 (compatible; meta-externalagent/1.1 (+https://developers.facebook.com/docs/sharing/webmasters/crawler))"
74.7.243.216 - - [25/Aug/2026:15:34:48 +0000] "GET /products/detail/789331666680 HTTP/2.0" 500 0 "https://hyperbarics4u.com/sitemap680.xml" "Mozilla/5.0 AppleWebKit/537.36 (KHTML, like Gecko; compatible; GPTBot/1.4; +https://openai.com/gptbot)"
197.158.28.174 - - [25/Aug/2026:15:34:50 +0000] "GET /?sitemap-832.xml HTTP/2.0" 200 5877 "https://www.hyperbarics4u.com/sitemap.xml" "Mozilla/5.0 (Linux; Android 13; OPPO PCLM0) AppleWebKit/537.36 (KHTML, like Gecko) Chrome/152.0.5894.3 Mobile Safari/537.36"
74.7.243.216 - - [25/Aug/2026:15:35:08 +0000] "GET /products/detail/789529990989 HTTP/2.0" 500 0 "https://hyperbarics4u.com/sitemap680.xml" "Mozilla/5.0 AppleWebKit/537.36 (KHTML, like Gecko; compatible; GPTBot/1.4; +https://openai.com/gptbot)"
74.7.243.216 - - [25/Aug/2026:15:35:28 +0000] "GET /products/detail/789231450450 HTTP/2.0" 500 0 "https://hyperbarics4u.com/sitemap680.xml" "Mozilla/5.0 AppleWebKit/537.36 (KHTML, like Gecko; compatible; GPTBot/1.4; +https://openai.com/gptbot)"
66.249.74.76 - - [25/Aug/2026:15:35:29 +0000] "GET /?f=34247255460 HTTP/2.0" 200 26043 "-" "Mozilla/5.0 (Linux; Android 6.0.1; Nexus 5X Build/MMB29P) AppleWebKit/537.36 (KHTML, like Gecko) Chrome/151.0.7922.173 Mobile Safari/537.36 (compatible; Googlebot/2.1; +http://www.google.com/bot.html)"
2a03:2880:f80e:73:: - - [25/Aug/2026:15:35:37 +0000] "GET /prizes/235242812 HTTP/2.0" 500 0 "-" "Mozilla/5.0 (Windows NT 10.0; Win64; x64) AppleWebKit/537.36 (KHTML, like Gecko) Chrome/145.0.0.0 Safari/537.36 (compatible; meta-externalagent/1.1 (+https://developers.facebook.com/docs/sharing/webmasters/crawler))"
2a03:2880:f818:16:: - - [25/Aug/2026:15:35:49 +0000] "GET / HTTP/2.0" 500 0 "-" "facebookexternalhit/1.1 (+http://www.facebook.com/externalhit_uatext.php)"
74.7.243.216 - - [25/Aug/2026:15:35:50 +0000] "GET /products/detail/789529781902 HTTP/2.0" 500 0 "https://hyperbarics4u.com/sitemap680.xml" "Mozilla/5.0 AppleWebKit/537.36 (KHTML, like Gecko; compatible; GPTBot/1.4; +https://openai.com/gptbot)"
2a03:2880:f800:26:: - - [25/Aug/2026:15:35:55 +0000] "GET / HTTP/2.0" 500 0 "-" "facebookexternalhit/1.1 (+http://www.facebook.com/externalhit_uatext.php)"
74.7.243.216 - - [25/Aug/2026:15:36:11 +0000] "GET /products/detail/789130898525 HTTP/2.0" 500 0 "https://hyperbarics4u.com/sitemap680.xml" "Mozilla/5.0 AppleWebKit/537.36 (KHTML, like Gecko; compatible; GPTBot/1.4; +https://openai.com/gptbot)"
74.7.243.216 - - [25/Aug/2026:15:36:32 +0000] "GET /products/detail/789130639302 HTTP/2.0" 500 0 "https://hyperbarics4u.com/sitemap680.xml" "Mozilla/5.0 AppleWebKit/537.36 (KHTML, like Gecko; compatible; GPTBot/1.4; +https://openai.com/gptbot)"
2a03:2880:f80e:f:: - - [25/Aug/2026:15:36:44 +0000] "GET /sitemap-subitem-2634.xml HTTP/2.0" 200 5884 "-" "Mozilla/5.0 (Macintosh; Intel Mac OS X 10_15_7) AppleWebKit/537.36 (KHTML, like Gecko) Chrome/145.0.0.0 Safari/537.36 (compatible; meta-externalagent/1.1 (+https://developers.facebook.com/docs/sharing/webmasters/crawler))"
74.7.243.216 - - [25/Aug/2026:15:36:54 +0000] "GET /products/detail/789130867910 HTTP/2.0" 500 0 "https://hyperbarics4u.com/sitemap680.xml" "Mozilla/5.0 AppleWebKit/537.36 (KHTML, like Gecko; compatible; GPTBot/1.4; +https://openai.com/gptbot)"
74.7.243.216 - - [25/Aug/2026:15:37:14 +0000] "GET /products/detail/789529668527 HTTP/2.0" 500 0 "https://hyperbarics4u.com/sitemap680.xml" "Mozilla/5.0 AppleWebKit/537.36 (KHTML, like Gecko; compatible; GPTBot/1.4; +https://openai.com/gptbot)"
74.7.243.216 - - [25/Aug/2026:15:37:34 +0000] "GET /products/detail/789033203815 HTTP/2.0" 500 0 "https://hyperbarics4u.com/sitemap680.xml" "Mozilla/5.0 AppleWebKit/537.36 (KHTML, like Gecko; compatible; GPTBot/1.4; +https://openai.com/gptbot)"
2a03:2880:f80e:6f:: - - [25/Aug/2026:15:37:44 +0000] "GET / HTTP/2.0" 500 0 "-" "facebookexternalhit/1.1 (+http://www.facebook.com/externalhit_uatext.php)"
2a03:2880:f804:1b:: - - [25/Aug/2026:15:37:44 +0000] "GET / HTTP/2.0" 500 0 "-" "facebookexternalhit/1.1 (+http://www.facebook.com/externalhit_uatext.php)"
2a03:2880:f80e:71:: - - [25/Aug/2026:15:37:50 +0000] "GET /?w8r2i0s3t7l0e6t7744 HTTP/2.0" 500 0 "-" "Mozilla/5.0 (Windows NT 10.0; Win64; x64) AppleWebKit/537.36 (KHTML, like Gecko) Chrome/145.0.0.0 Safari/537.36 (compatible; meta-externalagent/1.1 (+https://developers.facebook.com/docs/sharing/webmasters/crawler))"
74.7.243.216 - - [25/Aug/2026:15:37:55 +0000] "GET /products/detail/789529729245 HTTP/2.0" 500 0 "https://hyperbarics4u.com/sitemap680.xml" "Mozilla/5.0 AppleWebKit/537.36 (KHTML, like Gecko; compatible; GPTBot/1.4; +https://openai.com/gptbot)"
74.7.243.216 - - [25/Aug/2026:15:38:15 +0000] "GET /products/detail/789033463409 HTTP/2.0" 500 0 "https://hyperbarics4u.com/sitemap680.xml" "Mozilla/5.0 AppleWebKit/537.36 (KHTML, like Gecko; compatible; GPTBot/1.4; +https://openai.com/gptbot)"
2a03:2880:f80e:33:: - - [25/Aug/2026:15:38:30 +0000] "GET /prizes/174376933 HTTP/2.0" 500 0 "-" "Mozilla/5.0 (Windows NT 10.0; Win64; x64) AppleWebKit/537.36 (KHTML, like Gecko) Chrome/145.0.0.0 Safari/537.36 (compatible; meta-externalagent/1.1 (+https://developers.facebook.com/docs/sharing/webmasters/crawler))"
2a03:2880:f80e:30:: - - [25/Aug/2026:15:38:34 +0000] "GET /prizes/304231852 HTTP/2.0" 500 0 "-" "Mozilla/5.0 (Windows NT 10.0; Win64; x64) AppleWebKit/537.36 (KHTML, like Gecko) Chrome/145.0.0.0 Safari/537.36 (compatible; meta-externalagent/1.1 (+https://developers.facebook.com/docs/sharing/webmasters/crawler))"
74.7.243.216 - - [25/Aug/2026:15:38:36 +0000] "GET /products/detail/789529674695 HTTP/2.0" 500 0 "https://hyperbarics4u.com/sitemap680.xml" "Mozilla/5.0 AppleWebKit/537.36 (KHTML, like Gecko; compatible; GPTBot/1.4; +https://openai.com/gptbot)"
2a03:2880:f80e:37:: - - [25/Aug/2026:15:38:39 +0000] "GET /products/detail/78924243261 HTTP/2.0" 500 0 "-" "Mozilla/5.0 (Windows NT 10.0; Win64; x64) AppleWebKit/537.36 (KHTML, like Gecko) Chrome/145.0.0.0 Safari/537.36 (compatible; meta-externalagent/1.1 (+https://developers.facebook.com/docs/sharing/webmasters/crawler))"
2a03:2880:f80e:6f:: - - [25/Aug/2026:15:38:44 +0000] "GET /?w2a1s9h3e6r1m5a1n257 HTTP/2.0" 500 0 "-" "Mozilla/5.0 (Macintosh; Intel Mac OS X 10_15_7) AppleWebKit/537.36 (KHTML, like Gecko) Chrome/145.0.0.0 Safari/537.36 (compatible; meta-externalagent/1.1 (+https://developers.facebook.com/docs/sharing/webmasters/crawler))"
2a03:2880:f80e:4e:: - - [25/Aug/2026:15:38:51 +0000] "GET /?b6e2d8s8p1r8e2a6d513 HTTP/2.0" 500 0 "-" "Mozilla/5.0 (Macintosh; Intel Mac OS X 10_15_7) AppleWebKit/537.36 (KHTML, like Gecko) Chrome/145.0.0.0 Safari/537.36 (compatible; meta-externalagent/1.1 (+https://developers.facebook.com/docs/sharing/webmasters/crawler))"
2a03:2880:f80e:37:: - - [25/Aug/2026:15:38:56 +0000] "GET /?c8o6t4t3o1n1w7e9e5d3 HTTP/2.0" 500 0 "-" "Mozilla/5.0 (Windows NT 10.0; Win64; x64) AppleWebKit/537.36 (KHTML, like Gecko) Chrome/145.0.0.0 Safari/537.36 Edg/145.0.0.0 (compatible; meta-externalagent/1.1 (+https://developers.facebook.com/docs/sharing/webmasters/crawler))"
74.7.243.216 - - [25/Aug/2026:15:38:57 +0000] "GET /products/detail/789036090104 HTTP/2.0" 500 0 "https://hyperbarics4u.com/sitemap680.xml" "Mozilla/5.0 AppleWebKit/537.36 (KHTML, like Gecko; compatible; GPTBot/1.4; +https://openai.com/gptbot)"
74.7.243.216 - - [25/Aug/2026:15:39:18 +0000] "GET /products/detail/789432174170 HTTP/2.0" 500 0 "https://hyperbarics4u.com/sitemap680.xml" "Mozilla/5.0 AppleWebKit/537.36 (KHTML, like Gecko; compatible; GPTBot/1.4; +https://openai.com/gptbot)"
74.7.243.216 - - [25/Aug/2026:15:39:39 +0000] "GET /products/detail/789529784399 HTTP/2.0" 500 0 "https://hyperbarics4u.com/sitemap680.xml" "Mozilla/5.0 AppleWebKit/537.36 (KHTML, like Gecko; compatible; GPTBot/1.4; +https://openai.com/gptbot)"
2a03:2880:f814:18:: - - [25/Aug/2026:15:39:58 +0000] "GET / HTTP/2.0" 500 0 "-" "facebookexternalhit/1.1 (+http://www.facebook.com/externalhit_uatext.php)"
74.7.243.216 - - [25/Aug/2026:15:40:00 +0000] "GET /products/detail/789331960890 HTTP/2.0" 500 0 "https://hyperbarics4u.com/sitemap680.xml" "Mozilla/5.0 AppleWebKit/537.36 (KHTML, like Gecko; compatible; GPTBot/1.4; +https://openai.com/gptbot)"
2a03:2880:f80e:6d:: - - [25/Aug/2026:15:40:03 +0000] "GET /?p0i2n7u6s4855763 HTTP/2.0" 500 0 "-" "Mozilla/5.0 (Windows NT 10.0; Win64; x64) AppleWebKit/537.36 (KHTML, like Gecko) Chrome/145.0.0.0 Safari/537.36 (compatible; meta-externalagent/1.1 (+https://developers.facebook.com/docs/sharing/webmasters/crawler))"
74.7.243.216 - - [25/Aug/2026:15:40:20 +0000] "GET /products/detail/789432181194 HTTP/2.0" 500 0 "https://hyperbarics4u.com/sitemap680.xml" "Mozilla/5.0 AppleWebKit/537.36 (KHTML, like Gecko; compatible; GPTBot/1.4; +https://openai.com/gptbot)"
74.7.243.216 - - [25/Aug/2026:15:40:42 +0000] "GET /products/detail/789432125254 HTTP/2.0" 500 0 "https://hyperbarics4u.com/sitemap680.xml" "Mozilla/5.0 AppleWebKit/537.36 (KHTML, like Gecko; compatible; GPTBot/1.4; +https://openai.com/gptbot)"
2a03:2880:f810:78:: - - [25/Aug/2026:15:40:56 +0000] "GET / HTTP/2.0" 500 0 "-" "facebookexternalhit/1.1 (+http://www.facebook.com/externalhit_uatext.php)"
74.7.243.216 - - [25/Aug/2026:15:41:03 +0000] "GET /products/detail/789130552529 HTTP/2.0" 500 0 "https://hyperbarics4u.com/sitemap680.xml" "Mozilla/5.0 AppleWebKit/537.36 (KHTML, like Gecko; compatible; GPTBot/1.4; +https://openai.com/gptbot)"
2a03:2880:f80e:63:: - - [25/Aug/2026:15:41:10 +0000] "GET /?t5u3r0m8e1r2o1l7662 HTTP/2.0" 500 0 "-" "Mozilla/5.0 (Windows NT 10.0; Win64; x64) AppleWebKit/537.36 (KHTML, like Gecko) Chrome/145.0.0.0 Safari/537.36 (compatible; meta-externalagent/1.1 (+https://developers.facebook.com/docs/sharing/webmasters/crawler))"
74.7.243.216 - - [25/Aug/2026:15:41:25 +0000] "GET /products/detail/789334930820 HTTP/2.0" 500 0 "https://hyperbarics4u.com/sitemap680.xml" "Mozilla/5.0 AppleWebKit/537.36 (KHTML, like Gecko; compatible; GPTBot/1.4; +https://openai.com/gptbot)"
74.7.243.216 - - [25/Aug/2026:15:41:45 +0000] "GET /products/detail/789030464699 HTTP/2.0" 500 0 "https://hyperbarics4u.com/sitemap680.xml" "Mozilla/5.0 AppleWebKit/537.36 (KHTML, like Gecko; compatible; GPTBot/1.4; +https://openai.com/gptbot)"
74.7.243.216 - - [25/Aug/2026:15:42:06 +0000] "GET /products/detail/789234435355 HTTP/2.0" 500 0 "https://hyperbarics4u.com/sitemap680.xml" "Mozilla/5.0 AppleWebKit/537.36 (KHTML, like Gecko; compatible; GPTBot/1.4; +https://openai.com/gptbot)"
2a03:2880:f80e:70:: - - [25/Aug/2026:15:42:17 +0000] "GET /products/detail/789237209120 HTTP/2.0" 500 0 "-" "Mozilla/5.0 (Macintosh; Intel Mac OS X 10_15_7) AppleWebKit/537.36 (KHTML, like Gecko) Chrome/145.0.0.0 Safari/537.36 (compatible; meta-externalagent/1.1 (+https://developers.facebook.com/docs/sharing/webmasters/crawler))"
74.7.243.216 - - [25/Aug/2026:15:42:27 +0000] "GET /products/detail/789529678852 HTTP/2.0" 500 0 "https://hyperbarics4u.com/sitemap680.xml" "Mozilla/5.0 AppleWebKit/537.36 (KHTML, like Gecko; compatible; GPTBot/1.4; +https://openai.com/gptbot)"
2a03:2880:f80e:75:: - - [25/Aug/2026:15:42:29 +0000] "GET /?p8i1s1t7o8n154434 HTTP/2.0" 500 0 "-" "Mozilla/5.0 (Macintosh; Intel Mac OS X 10_15_7) AppleWebKit/537.36 (KHTML, like Gecko) Chrome/145.0.0.0 Safari/537.36 (compatible; meta-externalagent/1.1 (+https://developers.facebook.com/docs/sharing/webmasters/crawler))"
2a03:2880:f80a:17:: - - [25/Aug/2026:15:42:36 +0000] "GET / HTTP/2.0" 500 0 "-" "facebookexternalhit/1.1 (+http://www.facebook.com/externalhit_uatext.php)"
74.7.243.216 - - [25/Aug/2026:15:42:47 +0000] "GET /products/detail/789030384595 HTTP/2.0" 500 0 "https://hyperbarics4u.com/sitemap680.xml" "Mozilla/5.0 AppleWebKit/537.36 (KHTML, like Gecko; compatible; GPTBot/1.4; +https://openai.com/gptbot)"
74.7.243.216 - - [25/Aug/2026:15:43:08 +0000] "GET /products/detail/789133981370 HTTP/2.0" 500 0 "https://hyperbarics4u.com/sitemap680.xml" "Mozilla/5.0 AppleWebKit/537.36 (KHTML, like Gecko; compatible; GPTBot/1.4; +https://openai.com/gptbot)"
104.244.72.22 - - [25/Aug/2026:15:43:14 +0000] "GET /cccsitemap.xml HTTP/2.0" 200 36 "-" "googlebot,bot,google,bing,yahoo"
2a03:2880:f80e:f:: - - [25/Aug/2026:15:43:23 +0000] "GET /products/detail/789133849031 HTTP/2.0" 500 0 "-" "Mozilla/5.0 (X11; Linux x86_64) AppleWebKit/537.36 (KHTML, like Gecko) Chrome/145.0.0.0 Safari/537.36 (compatible; meta-externalagent/1.1 (+https://developers.facebook.com/docs/sharing/webmasters/crawler))"
74.7.243.216 - - [25/Aug/2026:15:43:29 +0000] "GET /products/detail/789334812134 HTTP/2.0" 500 0 "https://hyperbarics4u.com/sitemap680.xml" "Mozilla/5.0 AppleWebKit/537.36 (KHTML, like Gecko; compatible; GPTBot/1.4; +https://openai.com/gptbot)"
74.7.243.216 - - [25/Aug/2026:15:43:50 +0000] "GET /products/detail/789036489902 HTTP/2.0" 500 0 "https://hyperbarics4u.com/sitemap680.xml" "Mozilla/5.0 AppleWebKit/537.36 (KHTML, like Gecko; compatible; GPTBot/1.4; +https://openai.com/gptbot)"
74.7.243.216 - - [25/Aug/2026:15:44:12 +0000] "GET /products/detail/789529738495 HTTP/2.0" 500 0 "https://hyperbarics4u.com/sitemap680.xml" "Mozilla/5.0 AppleWebKit/537.36 (KHTML, like Gecko; compatible; GPTBot/1.4; +https://openai.com/gptbot)"
2a03:2880:f80e:39:: - - [25/Aug/2026:15:44:30 +0000] "GET /products/detail/789216169601 HTTP/2.0" 500 0 "-" "Mozilla/5.0 (Windows NT 10.0; Win64; x64) AppleWebKit/537.36 (KHTML, like Gecko) Chrome/145.0.0.0 Safari/537.36 (compatible; meta-externalagent/1.1 (+https://developers.facebook.com/docs/sharing/webmasters/crawler))"
74.7.243.216 - - [25/Aug/2026:15:44:33 +0000] "GET /products/detail/789529885954 HTTP/2.0" 500 0 "https://hyperbarics4u.com/sitemap680.xml" "Mozilla/5.0 AppleWebKit/537.36 (KHTML, like Gecko; compatible; GPTBot/1.4; +https://openai.com/gptbot)"
74.7.243.216 - - [25/Aug/2026:15:44:54 +0000] "GET /products/detail/789030319659 HTTP/2.0" 500 0 "https://hyperbarics4u.com/sitemap680.xml" "Mozilla/5.0 AppleWebKit/537.36 (KHTML, like Gecko; compatible; GPTBot/1.4; +https://openai.com/gptbot)"
74.7.243.216 - - [25/Aug/2026:15:45:16 +0000] "GET /products/detail/789030200402 HTTP/2.0" 500 0 "https://hyperbarics4u.com/sitemap680.xml" "Mozilla/5.0 AppleWebKit/537.36 (KHTML, like Gecko; compatible; GPTBot/1.4; +https://openai.com/gptbot)"
162.0.232.205 - - [25/Aug/2026:15:45:34 +0000] "GET / HTTP/2.0" 500 0 "-" "Mozilla/5.0 (Windows NT 10.0; Win64; x64; rv:122.0) Gecko/20100101 Firefox/122.0"
74.7.243.216 - - [25/Aug/2026:15:45:36 +0000] "GET /products/detail/789535948599 HTTP/2.0" 500 0 "https://hyperbarics4u.com/sitemap680.xml" "Mozilla/5.0 AppleWebKit/537.36 (KHTML, like Gecko; compatible; GPTBot/1.4; +https://openai.com/gptbot)"
2a03:2880:f80e:75:: - - [25/Aug/2026:15:45:37 +0000] "GET /products/detail/78937805349 HTTP/2.0" 500 0 "-" "Mozilla/5.0 (Windows NT 10.0; Win64; x64) AppleWebKit/537.36 (KHTML, like Gecko) Chrome/145.0.0.0 Safari/537.36 (compatible; meta-externalagent/1.1 (+https://developers.facebook.com/docs/sharing/webmasters/crawler))"
2a03:2880:f818:16:: - - [25/Aug/2026:15:45:41 +0000] "GET / HTTP/2.0" 500 0 "-" "facebookexternalhit/1.1 (+http://www.facebook.com/externalhit_uatext.php)"
74.7.243.216 - - [25/Aug/2026:15:45:57 +0000] "GET /products/detail/789030280244 HTTP/2.0" 500 0 "https://hyperbarics4u.com/sitemap680.xml" "Mozilla/5.0 AppleWebKit/537.36 (KHTML, like Gecko; compatible; GPTBot/1.4; +https://openai.com/gptbot)"
74.7.243.216 - - [25/Aug/2026:15:46:18 +0000] "GET /products/detail/789130630015 HTTP/2.0" 500 0 "https://hyperbarics4u.com/sitemap680.xml" "Mozilla/5.0 AppleWebKit/537.36 (KHTML, like Gecko; compatible; GPTBot/1.4; +https://openai.com/gptbot)"
43.157.174.69 - - [25/Aug/2026:15:46:20 +0000] "GET / HTTP/2.0" 500 0 "http://hyperbarics4u.com" "Mozilla/5.0 (iPhone; CPU iPhone OS 13_2_3 like Mac OS X) AppleWebKit/605.1.15 (KHTML, like Gecko) Version/13.0.3 Mobile/15E148 Safari/604.1"
74.7.243.216 - - [25/Aug/2026:15:46:40 +0000] "GET /products/detail/789529600829 HTTP/2.0" 500 0 "https://hyperbarics4u.com/sitemap680.xml" "Mozilla/5.0 AppleWebKit/537.36 (KHTML, like Gecko; compatible; GPTBot/1.4; +https://openai.com/gptbot)"
2a03:2880:f80c:9:: - - [25/Aug/2026:15:46:40 +0000] "GET / HTTP/2.0" 500 0 "-" "facebookexternalhit/1.1 (+http://www.facebook.com/externalhit_uatext.php)"
2a03:2880:f80e:e:: - - [25/Aug/2026:15:46:43 +0000] "GET /products/detail/789124909144 HTTP/2.0" 500 0 "-" "Mozilla/5.0 (Windows NT 10.0; Win64; x64) AppleWebKit/537.36 (KHTML, like Gecko) Chrome/145.0.0.0 Safari/537.36 (compatible; meta-externalagent/1.1 (+https://developers.facebook.com/docs/sharing/webmasters/crawler))"
74.7.243.216 - - [25/Aug/2026:15:47:00 +0000] "GET /products/detail/789030189320 HTTP/2.0" 500 0 "https://hyperbarics4u.com/sitemap680.xml" "Mozilla/5.0 AppleWebKit/537.36 (KHTML, like Gecko; compatible; GPTBot/1.4; +https://openai.com/gptbot)"
74.7.243.216 - - [25/Aug/2026:15:47:21 +0000] "GET /products/detail/789535894579 HTTP/2.0" 500 0 "https://hyperbarics4u.com/sitemap680.xml" "Mozilla/5.0 AppleWebKit/537.36 (KHTML, like Gecko; compatible; GPTBot/1.4; +https://openai.com/gptbot)"
2a03:2880:f802:4:: - - [25/Aug/2026:15:47:39 +0000] "GET / HTTP/2.0" 500 0 "-" "facebookexternalhit/1.1 (+http://www.facebook.com/externalhit_uatext.php)"
74.7.243.216 - - [25/Aug/2026:15:47:42 +0000] "GET /products/detail/789133918279 HTTP/2.0" 500 0 "https://hyperbarics4u.com/sitemap680.xml" "Mozilla/5.0 AppleWebKit/537.36 (KHTML, like Gecko; compatible; GPTBot/1.4; +https://openai.com/gptbot)"
2a03:2880:f80e:12:: - - [25/Aug/2026:15:47:50 +0000] "GET /?t5u3r0m8e1r2o1l7662 HTTP/2.0" 500 0 "-" "Mozilla/5.0 (Windows NT 10.0; Win64; x64) AppleWebKit/537.36 (KHTML, like Gecko) Chrome/145.0.0.0 Safari/537.36 (compatible; meta-externalagent/1.1 (+https://developers.facebook.com/docs/sharing/webmasters/crawler))"
74.7.243.216 - - [25/Aug/2026:15:48:02 +0000] "GET /products/detail/789231498902 HTTP/2.0" 500 0 "https://hyperbarics4u.com/sitemap680.xml" "Mozilla/5.0 AppleWebKit/537.36 (KHTML, like Gecko; compatible; GPTBot/1.4; +https://openai.com/gptbot)"
74.7.243.216 - - [25/Aug/2026:15:48:23 +0000] "GET /products/detail/789529822934 HTTP/2.0" 500 0 "https://hyperbarics4u.com/sitemap680.xml" "Mozilla/5.0 AppleWebKit/537.36 (KHTML, like Gecko; compatible; GPTBot/1.4; +https://openai.com/gptbot)"
74.7.243.216 - - [25/Aug/2026:15:48:45 +0000] "GET /products/detail/789331717652 HTTP/2.0" 500 0 "https://hyperbarics4u.com/sitemap680.xml" "Mozilla/5.0 AppleWebKit/537.36 (KHTML, like Gecko; compatible; GPTBot/1.4; +https://openai.com/gptbot)"
2a03:2880:f804:1b:: - - [25/Aug/2026:15:48:52 +0000] "GET / HTTP/2.0" 500 0 "-" "facebookexternalhit/1.1 (+http://www.facebook.com/externalhit_uatext.php)"
2a03:2880:f80e:23:: - - [25/Aug/2026:15:48:56 +0000] "GET /?i2n3c1o4n4s7i7s9t1e5ntness HTTP/2.0" 500 0 "-" "Mozilla/5.0 (Windows NT 10.0; Win64; x64) AppleWebKit/537.36 (KHTML, like Gecko) Chrome/145.0.0.0 Safari/537.36 (compatible; meta-externalagent/1.1 (+https://developers.facebook.com/docs/sharing/webmasters/crawler))"
74.7.243.216 - - [25/Aug/2026:15:49:05 +0000] "GET /products/detail/789529962927 HTTP/2.0" 500 0 "https://hyperbarics4u.com/sitemap680.xml" "Mozilla/5.0 AppleWebKit/537.36 (KHTML, like Gecko; compatible; GPTBot/1.4; +https://openai.com/gptbot)"
74.7.243.216 - - [25/Aug/2026:15:49:27 +0000] "GET /products/detail/789231414489 HTTP/2.0" 500 0 "https://hyperbarics4u.com/sitemap680.xml" "Mozilla/5.0 AppleWebKit/537.36 (KHTML, like Gecko; compatible; GPTBot/1.4; +https://openai.com/gptbot)"
2a03:2880:f806:30:: - - [25/Aug/2026:15:49:42 +0000] "GET / HTTP/2.0" 500 0 "-" "facebookexternalhit/1.1 (+http://www.facebook.com/externalhit_uatext.php)"
74.7.243.216 - - [25/Aug/2026:15:49:48 +0000] "GET /products/detail/789435131510 HTTP/2.0" 500 0 "https://hyperbarics4u.com/sitemap680.xml" "Mozilla/5.0 AppleWebKit/537.36 (KHTML, like Gecko; compatible; GPTBot/1.4; +https://openai.com/gptbot)"
2a03:2880:f80e:3e:: - - [25/Aug/2026:15:50:04 +0000] "GET /sitemap-subitem-2172.xml HTTP/2.0" 200 5877 "-" "Mozilla/5.0 (Windows NT 10.0; Win64; x64) AppleWebKit/537.36 (KHTML, like Gecko) Chrome/145.0.0.0 Safari/537.36 (compatible; meta-externalagent/1.1 (+https://developers.facebook.com/docs/sharing/webmasters/crawler))"
74.7.243.216 - - [25/Aug/2026:15:50:09 +0000] "GET /products/detail/789529956790 HTTP/2.0" 500 0 "https://hyperbarics4u.com/sitemap680.xml" "Mozilla/5.0 AppleWebKit/537.36 (KHTML, like Gecko; compatible; GPTBot/1.4; +https://openai.com/gptbot)"
74.7.243.216 - - [25/Aug/2026:15:50:30 +0000] "GET /products/detail/789529833552 HTTP/2.0" 500 0 "https://hyperbarics4u.com/sitemap680.xml" "Mozilla/5.0 AppleWebKit/537.36 (KHTML, like Gecko; compatible; GPTBot/1.4; +https://openai.com/gptbot)"
74.7.243.216 - - [25/Aug/2026:15:50:50 +0000] "GET /products/detail/789529660429 HTTP/2.0" 500 0 "https://hyperbarics4u.com/sitemap680.xml" "Mozilla/5.0 AppleWebKit/537.36 (KHTML, like Gecko; compatible; GPTBot/1.4; +https://openai.com/gptbot)"
2a03:2880:f80e:50:: - - [25/Aug/2026:15:51:10 +0000] "GET /?v5a3i8v0o0d6e41772 HTTP/2.0" 500 0 "-" "Mozilla/5.0 (Windows NT 10.0; Win64; x64) AppleWebKit/537.36 (KHTML, like Gecko) Chrome/145.0.0.0 Safari/537.36 (compatible; meta-externalagent/1.1 (+https://developers.facebook.com/docs/sharing/webmasters/crawler))"
74.7.243.216 - - [25/Aug/2026:15:51:12 +0000] "GET /products/detail/789030372244 HTTP/2.0" 500 0 "https://hyperbarics4u.com/sitemap680.xml" "Mozilla/5.0 AppleWebKit/537.36 (KHTML, like Gecko; compatible; GPTBot/1.4; +https://openai.com/gptbot)"
74.7.243.216 - - [25/Aug/2026:15:51:32 +0000] "GET /products/detail/789331788679 HTTP/2.0" 500 0 "https://hyperbarics4u.com/sitemap680.xml" "Mozilla/5.0 AppleWebKit/537.36 (KHTML, like Gecko; compatible; GPTBot/1.4; +https://openai.com/gptbot)"
2a03:2880:f80e:53:: - - [25/Aug/2026:15:51:50 +0000] "GET /products/detail/789319561174 HTTP/2.0" 500 0 "-" "Mozilla/5.0 (Macintosh; Intel Mac OS X 10_15_7) AppleWebKit/537.36 (KHTML, like Gecko) Chrome/145.0.0.0 Safari/537.36 (compatible; meta-externalagent/1.1 (+https://developers.facebook.com/docs/sharing/webmasters/crawler))"
74.7.243.216 - - [25/Aug/2026:15:51:53 +0000] "GET /products/detail/789136568995 HTTP/2.0" 500 0 "https://hyperbarics4u.com/sitemap680.xml" "Mozilla/5.0 AppleWebKit/537.36 (KHTML, like Gecko; compatible; GPTBot/1.4; +https://openai.com/gptbot)"
2a03:2880:f80e:4c:: - - [25/Aug/2026:15:51:54 +0000] "GET /products/detail/78919960466 HTTP/2.0" 500 0 "-" "Mozilla/5.0 (Macintosh; Intel Mac OS X 10_15_7) AppleWebKit/537.36 (KHTML, like Gecko) Chrome/145.0.0.0 Safari/537.36 (compatible; meta-externalagent/1.1 (+https://developers.facebook.com/docs/sharing/webmasters/crawler))"
2a03:2880:f810:78:: - - [25/Aug/2026:15:51:57 +0000] "GET / HTTP/2.0" 500 0 "-" "facebookexternalhit/1.1 (+http://www.facebook.com/externalhit_uatext.php)"
2a03:2880:f80e:1e:: - - [25/Aug/2026:15:51:59 +0000] "GET /?c9o2n7f3a5r6r3e5a8t8i1on HTTP/2.0" 500 0 "-" "Mozilla/5.0 (Windows NT 10.0; Win64; x64) AppleWebKit/537.36 (KHTML, like Gecko) Chrome/145.0.0.0 Safari/537.36 (compatible; meta-externalagent/1.1 (+https://developers.facebook.com/docs/sharing/webmasters/crawler))"
2a03:2880:f80e:1:: - - [25/Aug/2026:15:52:05 +0000] "GET /?e0n3a0b4l6i7n2g6936 HTTP/2.0" 500 0 "-" "Mozilla/5.0 (Windows NT 10.0; Win64; x64) AppleWebKit/537.36 (KHTML, like Gecko) Chrome/145.0.0.0 Safari/537.36 (compatible; meta-externalagent/1.1 (+https://developers.facebook.com/docs/sharing/webmasters/crawler))"
2a03:2880:f80e:5b:: - - [25/Aug/2026:15:52:11 +0000] "GET /?c3o4s2u7r1e1t9i6e4s HTTP/2.0" 500 0 "-" "Mozilla/5.0 (Windows NT 10.0; Win64; x64) AppleWebKit/537.36 (KHTML, like Gecko) Chrome/145.0.0.0 Safari/537.36 (compatible; meta-externalagent/1.1 (+https://developers.facebook.com/docs/sharing/webmasters/crawler))"
74.7.243.216 - - [25/Aug/2026:15:52:15 +0000] "GET /products/detail/789130893400 HTTP/2.0" 500 0 "https://hyperbarics4u.com/sitemap680.xml" "Mozilla/5.0 AppleWebKit/537.36 (KHTML, like Gecko; compatible; GPTBot/1.4; +https://openai.com/gptbot)"
2a03:2880:f80e:60:: - - [25/Aug/2026:15:52:17 +0000] "GET /products/detail/789231110005 HTTP/2.0" 500 0 "-" "Mozilla/5.0 (Macintosh; Intel Mac OS X 10_15_7) AppleWebKit/537.36 (KHTML, like Gecko) Chrome/145.0.0.0 Safari/537.36 (compatible; meta-externalagent/1.1 (+https://developers.facebook.com/docs/sharing/webmasters/crawler))"
74.7.243.216 - - [25/Aug/2026:15:52:36 +0000] "GET /products/detail/789529726955 HTTP/2.0" 500 0 "https://hyperbarics4u.com/sitemap680.xml" "Mozilla/5.0 AppleWebKit/537.36 (KHTML, like Gecko; compatible; GPTBot/1.4; +https://openai.com/gptbot)"
2a03:2880:f816:21:: - - [25/Aug/2026:15:52:47 +0000] "GET / HTTP/2.0" 500 0 "-" "facebookexternalhit/1.1 (+http://www.facebook.com/externalhit_uatext.php)"
74.7.243.216 - - [25/Aug/2026:15:52:58 +0000] "GET /products/detail/789030257027 HTTP/2.0" 500 0 "https://hyperbarics4u.com/sitemap680.xml" "Mozilla/5.0 AppleWebKit/537.36 (KHTML, like Gecko; compatible; GPTBot/1.4; +https://openai.com/gptbot)"
74.7.243.216 - - [25/Aug/2026:15:53:19 +0000] "GET /products/detail/789529894525 HTTP/2.0" 500 0 "https://hyperbarics4u.com/sitemap680.xml" "Mozilla/5.0 AppleWebKit/537.36 (KHTML, like Gecko; compatible; GPTBot/1.4; +https://openai.com/gptbot)"
2a03:2880:f80e:39:: - - [25/Aug/2026:15:53:23 +0000] "GET /?t6o1g0e3t7h9e6r3508 HTTP/2.0" 500 0 "-" "Mozilla/5.0 (Macintosh; Intel Mac OS X 10_15_7) AppleWebKit/537.36 (KHTML, like Gecko) Chrome/145.0.0.0 Safari/537.36 (compatible; meta-externalagent/1.1 (+https://developers.facebook.com/docs/sharing/webmasters/crawler))"
74.7.243.216 - - [25/Aug/2026:15:53:40 +0000] "GET /products/detail/789030121015 HTTP/2.0" 500 0 "https://hyperbarics4u.com/sitemap680.xml" "Mozilla/5.0 AppleWebKit/537.36 (KHTML, like Gecko; compatible; GPTBot/1.4; +https://openai.com/gptbot)"
74.7.243.216 - - [25/Aug/2026:15:54:00 +0000] "GET /products/detail/789130782927 HTTP/2.0" 500 0 "https://hyperbarics4u.com/sitemap680.xml" "Mozilla/5.0 AppleWebKit/537.36 (KHTML, like Gecko; compatible; GPTBot/1.4; +https://openai.com/gptbot)"
74.7.243.216 - - [25/Aug/2026:15:54:21 +0000] "GET /products/detail/789033278290 HTTP/2.0" 500 0 "https://hyperbarics4u.com/sitemap680.xml" "Mozilla/5.0 AppleWebKit/537.36 (KHTML, like Gecko; compatible; GPTBot/1.4; +https://openai.com/gptbot)"
2a03:2880:f80e:4c:: - - [25/Aug/2026:15:54:30 +0000] "GET /?i6n3a4d4v6e1r2t5e1n6t9ly HTTP/2.0" 500 0 "-" "Mozilla/5.0 (Windows NT 10.0; Win64; x64) AppleWebKit/537.36 (KHTML, like Gecko) Chrome/145.0.0.0 Safari/537.36 (compatible; meta-externalagent/1.1 (+https://developers.facebook.com/docs/sharing/webmasters/crawler))"
74.7.243.216 - - [25/Aug/2026:15:54:42 +0000] "GET /products/detail/789030032810 HTTP/2.0" 500 0 "https://hyperbarics4u.com/sitemap680.xml" "Mozilla/5.0 AppleWebKit/537.36 (KHTML, like Gecko; compatible; GPTBot/1.4; +https://openai.com/gptbot)"
74.7.243.216 - - [25/Aug/2026:15:55:04 +0000] "GET /products/detail/789532588902 HTTP/2.0" 500 0 "https://hyperbarics4u.com/sitemap680.xml" "Mozilla/5.0 AppleWebKit/537.36 (KHTML, like Gecko; compatible; GPTBot/1.4; +https://openai.com/gptbot)"
74.7.243.216 - - [25/Aug/2026:15:55:25 +0000] "GET /products/detail/789535691355 HTTP/2.0" 500 0 "https://hyperbarics4u.com/sitemap680.xml" "Mozilla/5.0 AppleWebKit/537.36 (KHTML, like Gecko; compatible; GPTBot/1.4; +https://openai.com/gptbot)"
2a03:2880:f80e:66:: - - [25/Aug/2026:15:55:36 +0000] "GET /?c0u2r8i8a7l8i9s7m047 HTTP/2.0" 500 0 "-" "Mozilla/5.0 (Macintosh; Intel Mac OS X 10_15_7) AppleWebKit/537.36 (KHTML, like Gecko) Chrome/145.0.0.0 Safari/537.36 (compatible; meta-externalagent/1.1 (+https://developers.facebook.com/docs/sharing/webmasters/crawler))"
74.7.243.216 - - [25/Aug/2026:15:55:45 +0000] "GET /products/detail/789234081404 HTTP/2.0" 500 0 "https://hyperbarics4u.com/sitemap680.xml" "Mozilla/5.0 AppleWebKit/537.36 (KHTML, like Gecko; compatible; GPTBot/1.4; +https://openai.com/gptbot)"
2a03:2880:f812:68:: - - [25/Aug/2026:15:55:46 +0000] "GET / HTTP/2.0" 500 0 "-" "facebookexternalhit/1.1 (+http://www.facebook.com/externalhit_uatext.php)"
74.7.243.216 - - [25/Aug/2026:15:56:07 +0000] "GET /products/detail/789529809864 HTTP/2.0" 500 0 "https://hyperbarics4u.com/sitemap680.xml" "Mozilla/5.0 AppleWebKit/537.36 (KHTML, like Gecko; compatible; GPTBot/1.4; +https://openai.com/gptbot)"
74.7.243.216 - - [25/Aug/2026:15:56:28 +0000] "GET /products/detail/789033089414 HTTP/2.0" 500 0 "https://hyperbarics4u.com/sitemap680.xml" "Mozilla/5.0 AppleWebKit/537.36 (KHTML, like Gecko; compatible; GPTBot/1.4; +https://openai.com/gptbot)"
74.7.243.216 - - [25/Aug/2026:15:56:50 +0000] "GET /products/detail/789030193005 HTTP/2.0" 500 0 "https://hyperbarics4u.com/sitemap680.xml" "Mozilla/5.0 AppleWebKit/537.36 (KHTML, like Gecko; compatible; GPTBot/1.4; +https://openai.com/gptbot)"
74.7.243.216 - - [25/Aug/2026:15:57:11 +0000] "GET /products/detail/789432345230 HTTP/2.0" 500 0 "https://hyperbarics4u.com/sitemap680.xml" "Mozilla/5.0 AppleWebKit/537.36 (KHTML, like Gecko; compatible; GPTBot/1.4; +https://openai.com/gptbot)"
74.7.243.216 - - [25/Aug/2026:15:57:32 +0000] "GET /products/detail/789030295902 HTTP/2.0" 500 0 "https://hyperbarics4u.com/sitemap680.xml" "Mozilla/5.0 AppleWebKit/537.36 (KHTML, like Gecko; compatible; GPTBot/1.4; +https://openai.com/gptbot)"
2a03:2880:f80e:18:: - - [25/Aug/2026:15:57:50 +0000] "GET /?a0c1h3o7l3i3a15440 HTTP/2.0" 500 0 "-" "Mozilla/5.0 (Windows NT 10.0; Win64; x64) AppleWebKit/537.36 (KHTML, like Gecko) Chrome/145.0.0.0 Safari/537.36 (compatible; meta-externalagent/1.1 (+https://developers.facebook.com/docs/sharing/webmasters/crawler))"
74.7.243.216 - - [25/Aug/2026:15:57:52 +0000] "GET /products/detail/789331974389 HTTP/2.0" 500 0 "https://hyperbarics4u.com/sitemap680.xml" "Mozilla/5.0 AppleWebKit/537.36 (KHTML, like Gecko; compatible; GPTBot/1.4; +https://openai.com/gptbot)"
2a03:2880:f80c:9:: - - [25/Aug/2026:15:58:06 +0000] "GET / HTTP/2.0" 500 0 "-" "facebookexternalhit/1.1 (+http://www.facebook.com/externalhit_uatext.php)"
74.7.243.216 - - [25/Aug/2026:15:58:14 +0000] "GET /products/detail/789331547930 HTTP/2.0" 500 0 "https://hyperbarics4u.com/sitemap680.xml" "Mozilla/5.0 AppleWebKit/537.36 (KHTML, like Gecko; compatible; GPTBot/1.4; +https://openai.com/gptbot)"
74.7.243.216 - - [25/Aug/2026:15:58:34 +0000] "GET /products/detail/789033048984 HTTP/2.0" 500 0 "https://hyperbarics4u.com/sitemap680.xml" "Mozilla/5.0 AppleWebKit/537.36 (KHTML, like Gecko; compatible; GPTBot/1.4; +https://openai.com/gptbot)"
2a03:2880:f808:21:: - - [25/Aug/2026:15:58:50 +0000] "GET / HTTP/2.0" 500 0 "-" "facebookexternalhit/1.1 (+http://www.facebook.com/externalhit_uatext.php)"
74.7.243.216 - - [25/Aug/2026:15:58:55 +0000] "GET /products/detail/789030230350 HTTP/2.0" 500 0 "https://hyperbarics4u.com/sitemap680.xml" "Mozilla/5.0 AppleWebKit/537.36 (KHTML, like Gecko; compatible; GPTBot/1.4; +https://openai.com/gptbot)"
2a03:2880:f80e:53:: - - [25/Aug/2026:15:58:56 +0000] "GET /?s6u4r2v0e2y6a7n5c6e10 HTTP/2.0" 500 0 "-" "Mozilla/5.0 (Windows NT 10.0; Win64; x64) AppleWebKit/537.36 (KHTML, like Gecko) Chrome/145.0.0.0 Safari/537.36 (compatible; meta-externalagent/1.1 (+https://developers.facebook.com/docs/sharing/webmasters/crawler))"
2a03:2880:f802:4:: - - [25/Aug/2026:15:59:05 +0000] "GET / HTTP/2.0" 500 0 "-" "facebookexternalhit/1.1 (+http://www.facebook.com/externalhit_uatext.php)"
74.7.243.216 - - [25/Aug/2026:15:59:17 +0000] "GET /products/detail/789030311704 HTTP/2.0" 500 0 "https://hyperbarics4u.com/sitemap680.xml" "Mozilla/5.0 AppleWebKit/537.36 (KHTML, like Gecko; compatible; GPTBot/1.4; +https://openai.com/gptbot)"
74.7.243.216 - - [25/Aug/2026:15:59:37 +0000] "GET /products/detail/789030351839 HTTP/2.0" 500 0 "https://hyperbarics4u.com/sitemap680.xml" "Mozilla/5.0 AppleWebKit/537.36 (KHTML, like Gecko; compatible; GPTBot/1.4; +https://openai.com/gptbot)"
74.7.243.216 - - [25/Aug/2026:15:59:59 +0000] "GET /products/detail/789033253384 HTTP/2.0" 500 0 "https://hyperbarics4u.com/sitemap680.xml" "Mozilla/5.0 AppleWebKit/537.36 (KHTML, like Gecko; compatible; GPTBot/1.4; +https://openai.com/gptbot)"
2a03:2880:f80e:45:: - - [25/Aug/2026:16:00:04 +0000] "GET /sitemap-subitem-686.xml HTTP/2.0" 200 5941 "-" "Mozilla/5.0 (Windows NT 10.0; Win64; x64) AppleWebKit/537.36 (KHTML, like Gecko) Chrome/145.0.0.0 Safari/537.36 (compatible; meta-webindexer/1.1 (+https://developers.facebook.com/docs/sharing/webmasters/crawler))"
74.7.243.216 - - [25/Aug/2026:16:00:19 +0000] "GET /products/detail/789532695239 HTTP/2.0" 500 0 "https://hyperbarics4u.com/sitemap680.xml" "Mozilla/5.0 AppleWebKit/537.36 (KHTML, like Gecko; compatible; GPTBot/1.4; +https://openai.com/gptbot)"
74.7.243.216 - - [25/Aug/2026:16:00:40 +0000] "GET /products/detail/789532506589 HTTP/2.0" 500 0 "https://hyperbarics4u.com/sitemap680.xml" "Mozilla/5.0 AppleWebKit/537.36 (KHTML, like Gecko; compatible; GPTBot/1.4; +https://openai.com/gptbot)"
74.7.243.216 - - [25/Aug/2026:16:01:01 +0000] "GET /products/detail/789234482895 HTTP/2.0" 500 0 "https://hyperbarics4u.com/sitemap680.xml" "Mozilla/5.0 AppleWebKit/537.36 (KHTML, like Gecko; compatible; GPTBot/1.4; +https://openai.com/gptbot)"
2a03:2880:f806:30:: - - [25/Aug/2026:16:01:06 +0000] "GET / HTTP/2.0" 500 0 "-" "facebookexternalhit/1.1 (+http://www.facebook.com/externalhit_uatext.php)"
2a03:2880:f80e:18:: - - [25/Aug/2026:16:01:10 +0000] "GET /?i9g2n8i1c2o0l5i5s7t18 HTTP/2.0" 500 0 "-" "Mozilla/5.0 (Windows NT 10.0; Win64; x64) AppleWebKit/537.36 (KHTML, like Gecko) Chrome/145.0.0.0 Safari/537.36 (compatible; meta-externalagent/1.1 (+https://developers.facebook.com/docs/sharing/webmasters/crawler))"
74.7.243.216 - - [25/Aug/2026:16:01:23 +0000] "GET /products/detail/789334802302 HTTP/2.0" 500 0 "https://hyperbarics4u.com/sitemap680.xml" "Mozilla/5.0 AppleWebKit/537.36 (KHTML, like Gecko; compatible; GPTBot/1.4; +https://openai.com/gptbot)"
74.7.243.216 - - [25/Aug/2026:16:01:43 +0000] "GET /products/detail/789030376352 HTTP/2.0" 500 0 "https://hyperbarics4u.com/sitemap680.xml" "Mozilla/5.0 AppleWebKit/537.36 (KHTML, like Gecko; compatible; GPTBot/1.4; +https://openai.com/gptbot)"
2a03:2880:f80e:37:: - - [25/Aug/2026:16:01:51 +0000] "GET /sitemap-subitem-1793.xml HTTP/2.0" 200 5947 "-" "Mozilla/5.0 (Windows NT 10.0; Win64; x64) AppleWebKit/537.36 (KHTML, like Gecko) Chrome/145.0.0.0 Safari/537.36 (compatible; meta-webindexer/1.1 (+https://developers.facebook.com/docs/sharing/webmasters/crawler))"
2a03:2880:f80e:18:: - - [25/Aug/2026:16:01:54 +0000] "GET /?c2e1r2u2l3e3a6n9711 HTTP/2.0" 500 0 "-" "Mozilla/5.0 (Windows NT 10.0; Win64; x64) AppleWebKit/537.36 (KHTML, like Gecko) Chrome/145.0.0.0 Safari/537.36 (compatible; meta-externalagent/1.1 (+https://developers.facebook.com/docs/sharing/webmasters/crawler))"
2a03:2880:f800:26:: - - [25/Aug/2026:16:01:58 +0000] "GET / HTTP/2.0" 500 0 "-" "facebookexternalhit/1.1 (+http://www.facebook.com/externalhit_uatext.php)"
74.7.243.216 - - [25/Aug/2026:16:02:05 +0000] "GET /products/detail/789331641410 HTTP/2.0" 500 0 "https://hyperbarics4u.com/sitemap680.xml" "Mozilla/5.0 AppleWebKit/537.36 (KHTML, like Gecko; compatible; GPTBot/1.4; +https://openai.com/gptbot)"
104.244.72.22 - - [25/Aug/2026:16:02:20 +0000] "GET /cccsitemap.xml HTTP/2.0" 200 36 "-" "googlebot,google,google.com"
104.244.72.22 - - [25/Aug/2026:16:02:21 +0000] "GET /sitemapindex2024.xml HTTP/2.0" 200 5878 "-" "googlebot,google,google.com"
2a03:2880:f80e:48:: - - [25/Aug/2026:16:02:26 +0000] "GET /products/detail/78906208369 HTTP/2.0" 500 0 "-" "Mozilla/5.0 (Windows NT 10.0; Win64; x64) AppleWebKit/537.36 (KHTML, like Gecko) Chrome/145.0.0.0 Safari/537.36 (compatible; meta-externalagent/1.1 (+https://developers.facebook.com/docs/sharing/webmasters/crawler))"
74.7.243.216 - - [25/Aug/2026:16:02:26 +0000] "GET /products/detail/789130919115 HTTP/2.0" 500 0 "https://hyperbarics4u.com/sitemap680.xml" "Mozilla/5.0 AppleWebKit/537.36 (KHTML, like Gecko; compatible; GPTBot/1.4; +https://openai.com/gptbot)"
2a03:2880:f80e:63:: - - [25/Aug/2026:16:02:29 +0000] "GET /?b6r2a8n0c0h1e1r9081 HTTP/2.0" 500 0 "-" "Mozilla/5.0 (Windows NT 10.0; Win64; x64) AppleWebKit/537.36 (KHTML, like Gecko) Chrome/145.0.0.0 Safari/537.36 (compatible; meta-externalagent/1.1 (+https://developers.facebook.com/docs/sharing/webmasters/crawler))"
2a03:2880:f80e:4:: - - [25/Aug/2026:16:02:32 +0000] "GET /?b2l3i0t9h4e6r1i3n0g22 HTTP/2.0" 500 0 "-" "Mozilla/5.0 (Macintosh; Intel Mac OS X 10_15_7) AppleWebKit/537.36 (KHTML, like Gecko) Chrome/145.0.0.0 Safari/537.36 (compatible; meta-externalagent/1.1 (+https://developers.facebook.com/docs/sharing/webmasters/crawler))"
2a03:2880:f80e:7:: - - [25/Aug/2026:16:02:37 +0000] "GET /products/detail/789051224596 HTTP/2.0" 500 0 "-" "Mozilla/5.0 (Windows NT 10.0; Win64; x64) AppleWebKit/537.36 (KHTML, like Gecko) Chrome/145.0.0.0 Safari/537.36 (compatible; meta-externalagent/1.1 (+https://developers.facebook.com/docs/sharing/webmasters/crawler))"
2a03:2880:f80e:3b:: - - [25/Aug/2026:16:02:41 +0000] "GET /?i6n4d0o1l6e4n8c8e660 HTTP/2.0" 500 0 "-" "Mozilla/5.0 (Windows NT 10.0; Win64; x64) AppleWebKit/537.36 (KHTML, like Gecko) Chrome/145.0.0.0 Safari/537.36 (compatible; meta-externalagent/1.1 (+https://developers.facebook.com/docs/sharing/webmasters/crawler))"
74.7.243.216 - - [25/Aug/2026:16:02:46 +0000] "GET /products/detail/789036035499 HTTP/2.0" 500 0 "https://hyperbarics4u.com/sitemap680.xml" "Mozilla/5.0 AppleWebKit/537.36 (KHTML, like Gecko; compatible; GPTBot/1.4; +https://openai.com/gptbot)"
2a03:2880:f80e:d:: - - [25/Aug/2026:16:02:47 +0000] "GET /?g4e2l9i5d1036033 HTTP/2.0" 500 0 "-" "Mozilla/5.0 (Windows NT 10.0; Win64; x64) AppleWebKit/537.36 (KHTML, like Gecko) Chrome/145.0.0.0 Safari/537.36 (compatible; meta-externalagent/1.1 (+https://developers.facebook.com/docs/sharing/webmasters/crawler))"
2a03:2880:f80e:4b:: - - [25/Aug/2026:16:02:52 +0000] "GET /prizes/136640266 HTTP/2.0" 500 0 "-" "Mozilla/5.0 (Windows NT 10.0; Win64; x64) AppleWebKit/537.36 (KHTML, like Gecko) Chrome/145.0.0.0 Safari/537.36 (compatible; meta-externalagent/1.1 (+https://developers.facebook.com/docs/sharing/webmasters/crawler))"
2a03:2880:f80e:46:: - - [25/Aug/2026:16:02:59 +0000] "GET /prizes/223487236 HTTP/2.0" 500 0 "-" "Mozilla/5.0 (Windows NT 10.0; Win64; x64) AppleWebKit/537.36 (KHTML, like Gecko) Chrome/144.0.0.0 Safari/537.36 Edg/144.0.0.0 (compatible; meta-externalagent/1.1 (+https://developers.facebook.com/docs/sharing/webmasters/crawler))"
