2a03:2880:f806:17:: - - [25/Aug/2026:13:13:03 +0000] "GET /?s0h5i4m6m7e2r4e9d09 HTTP/2.0" 500 0 "-" "Mozilla/5.0 (Windows NT 10.0; Win64; x64) AppleWebKit/537.36 (KHTML, like Gecko) Chrome/145.0.0.0 Safari/537.36 (compatible; meta-externalagent/1.1 (+https://developers.facebook.com/docs/sharing/webmasters/crawler))"
54.39.210.114 - - [25/Aug/2026:13:13:38 +0000] "GET /robots.txt HTTP/2.0" 200 78 "-" "Mozilla/5.0 (compatible; AhrefsBot/7.0; +http://ahrefs.com/robot/)"
54.39.0.244 - - [25/Aug/2026:13:13:40 +0000] "GET /product/88%E2%80%B3-sitting-soft-1-3-ata-oxyflow-wide-door-hyperbaric-chamber/feed/ HTTP/2.0" 500 0 "-" "Mozilla/5.0 (compatible; AhrefsBot/7.0; +http://ahrefs.com/robot/)"
2a03:2880:f806:34:: - - [25/Aug/2026:13:14:10 +0000] "GET /?o9r2t8h6o0c9e7n8t8e8r1 HTTP/2.0" 500 0 "-" "Mozilla/5.0 (Windows NT 10.0; Win64; x64) AppleWebKit/537.36 (KHTML, like Gecko) Chrome/145.0.0.0 Safari/537.36 (compatible; meta-externalagent/1.1 (+https://developers.facebook.com/docs/sharing/webmasters/crawler))"
2a03:2880:f806:41:: - - [25/Aug/2026:13:15:17 +0000] "GET /?r2e1n0o3u6n9c5e2d8 HTTP/2.0" 500 0 "-" "Mozilla/5.0 (Windows NT 10.0; Win64; x64) AppleWebKit/537.36 (KHTML, like Gecko) Chrome/145.0.0.0 Safari/537.36 (compatible; meta-externalagent/1.1 (+https://developers.facebook.com/docs/sharing/webmasters/crawler))"
2a03:2880:f806:20:: - - [25/Aug/2026:13:16:23 +0000] "GET /sitemap-subitem-1575.xml HTTP/2.0" 200 5835 "-" "Mozilla/5.0 (X11; Linux x86_64) AppleWebKit/537.36 (KHTML, like Gecko) Chrome/145.0.0.0 Safari/537.36 (compatible; meta-webindexer/1.1 (+https://developers.facebook.com/docs/sharing/webmasters/crawler))"
2a03:2880:f806:12:: - - [25/Aug/2026:13:17:30 +0000] "GET /products/detail/78945284933 HTTP/2.0" 500 0 "-" "Mozilla/5.0 (Macintosh; Intel Mac OS X 10_15_7) AppleWebKit/537.36 (KHTML, like Gecko) Chrome/145.0.0.0 Safari/537.36 (compatible; meta-externalagent/1.1 (+https://developers.facebook.com/docs/sharing/webmasters/crawler))"
2a03:2880:f806:f:: - - [25/Aug/2026:13:18:09 +0000] "GET /?d4e2a9t3h2r9o4l6l602 HTTP/2.0" 500 0 "-" "Mozilla/5.0 (X11; Linux x86_64) AppleWebKit/537.36 (KHTML, like Gecko) Chrome/145.0.0.0 Safari/537.36 (compatible; meta-externalagent/1.1 (+https://developers.facebook.com/docs/sharing/webmasters/crawler))"
2a03:2880:f806:2a:: - - [25/Aug/2026:13:18:14 +0000] "GET /?f1o3o6l9f6i5s6h3012 HTTP/2.0" 500 0 "-" "Mozilla/5.0 (Windows NT 10.0; Win64; x64) AppleWebKit/537.36 (KHTML, like Gecko) Chrome/145.0.0.0 Safari/537.36 (compatible; meta-externalagent/1.1 (+https://developers.facebook.com/docs/sharing/webmasters/crawler))"
2a03:2880:f806:41:: - - [25/Aug/2026:13:18:19 +0000] "GET /sitemap-subitem-2312.xml HTTP/2.0" 200 5819 "-" "Mozilla/5.0 (Macintosh; Intel Mac OS X 10_15_7) AppleWebKit/537.36 (KHTML, like Gecko) Chrome/145.0.0.0 Safari/537.36 (compatible; meta-externalagent/1.1 (+https://developers.facebook.com/docs/sharing/webmasters/crawler))"
2a03:2880:f806:33:: - - [25/Aug/2026:13:18:25 +0000] "GET /sitemap-subitem-1136.xml HTTP/2.0" 200 5848 "-" "Mozilla/5.0 (Windows NT 10.0; Win64; x64) AppleWebKit/537.36 (KHTML, like Gecko) Chrome/145.0.0.0 Safari/537.36 Edg/145.0.0.0 (compatible; meta-externalagent/1.1 (+https://developers.facebook.com/docs/sharing/webmasters/crawler))"
2a03:2880:f806:: - - [25/Aug/2026:13:18:59 +0000] "GET /?j8u2n0g8l3y806203 HTTP/2.0" 500 0 "-" "Mozilla/5.0 (Windows NT 10.0; Win64; x64) AppleWebKit/537.36 (KHTML, like Gecko) Chrome/145.0.0.0 Safari/537.36 (compatible; meta-externalagent/1.1 (+https://developers.facebook.com/docs/sharing/webmasters/crawler))"
2a03:2880:f806:3f:: - - [25/Aug/2026:13:19:26 +0000] "GET /sitemap-subitem-2091.xml HTTP/2.0" 200 5827 "-" "Mozilla/5.0 (Windows NT 10.0; Win64; x64) AppleWebKit/537.36 (KHTML, like Gecko) Chrome/145.0.0.0 Safari/537.36 (compatible; meta-externalagent/1.1 (+https://developers.facebook.com/docs/sharing/webmasters/crawler))"
2a03:2880:f806:1f:: - - [25/Aug/2026:13:19:29 +0000] "GET /sitemap-subitem-2020.xml HTTP/2.0" 200 5865 "-" "Mozilla/5.0 (Windows NT 10.0; Win64; x64) AppleWebKit/537.36 (KHTML, like Gecko) Chrome/145.0.0.0 Safari/537.36 (compatible; meta-externalagent/1.1 (+https://developers.facebook.com/docs/sharing/webmasters/crawler))"
2a03:2880:f806:1c:: - - [25/Aug/2026:13:19:52 +0000] "GET /sitemap-subitem-1231.xml HTTP/2.0" 200 5832 "-" "Mozilla/5.0 (Macintosh; Intel Mac OS X 10_15_7) AppleWebKit/537.36 (KHTML, like Gecko) Chrome/145.0.0.0 Safari/537.36 (compatible; meta-externalagent/1.1 (+https://developers.facebook.com/docs/sharing/webmasters/crawler))"
216.73.216.47 - - [25/Aug/2026:13:20:01 +0000] "GET /robots.txt HTTP/2.0" 304 0 "-" "Mozilla/5.0 AppleWebKit/537.36 (KHTML, like Gecko; compatible; ClaudeBot/1.0; +claudebot@anthropic.com)"
216.73.216.47 - - [25/Aug/2026:13:20:01 +0000] "GET /sitemap.xml HTTP/2.0" 200 206 "-" "Mozilla/5.0 AppleWebKit/537.36 (KHTML, like Gecko; compatible; ClaudeBot/1.0; +claudebot@anthropic.com)"
2a03:2880:f806:2a:: - - [25/Aug/2026:13:20:10 +0000] "GET /?s8c2u5r7v0i8e3r8741 HTTP/2.0" 500 0 "-" "Mozilla/5.0 (Macintosh; Intel Mac OS X 10_15_7) AppleWebKit/537.36 (KHTML, like Gecko) Chrome/145.0.0.0 Safari/537.36 (compatible; meta-externalagent/1.1 (+https://developers.facebook.com/docs/sharing/webmasters/crawler))"
2a03:2880:f806:28:: - - [25/Aug/2026:13:20:26 +0000] "GET /products/detail/78903346254 HTTP/2.0" 500 0 "-" "Mozilla/5.0 (Windows NT 10.0; Win64; x64) AppleWebKit/537.36 (KHTML, like Gecko) Chrome/145.0.0.0 Safari/537.36 (compatible; meta-externalagent/1.1 (+https://developers.facebook.com/docs/sharing/webmasters/crawler))"
2a03:2880:f806:44:: - - [25/Aug/2026:13:20:28 +0000] "GET /sitemap-subitem-2653.xml HTTP/2.0" 200 5949 "-" "Mozilla/5.0 (Macintosh; Intel Mac OS X 10_15_7) AppleWebKit/537.36 (KHTML, like Gecko) Chrome/145.0.0.0 Safari/537.36 (compatible; meta-externalagent/1.1 (+https://developers.facebook.com/docs/sharing/webmasters/crawler))"
2a03:2880:f806:1b:: - - [25/Aug/2026:13:20:45 +0000] "GET /sitemap-subitem-1664.xml HTTP/2.0" 200 5907 "-" "Mozilla/5.0 (Windows NT 10.0; Win64; x64) AppleWebKit/537.36 (KHTML, like Gecko) Chrome/145.0.0.0 Safari/537.36 (compatible; meta-externalagent/1.1 (+https://developers.facebook.com/docs/sharing/webmasters/crawler))"
2a03:2880:f806:3:: - - [25/Aug/2026:13:21:00 +0000] "GET /sitemap-subitem-3099.xml HTTP/2.0" 200 5950 "-" "Mozilla/5.0 (Windows NT 10.0; Win64; x64) AppleWebKit/537.36 (KHTML, like Gecko) Chrome/145.0.0.0 Safari/537.36 (compatible; meta-externalagent/1.1 (+https://developers.facebook.com/docs/sharing/webmasters/crawler))"
2a03:2880:f806:41:: - - [25/Aug/2026:13:21:14 +0000] "GET /products/detail/78934859926 HTTP/2.0" 500 0 "-" "Mozilla/5.0 (Macintosh; Intel Mac OS X 10_15_7) AppleWebKit/537.36 (KHTML, like Gecko) Chrome/145.0.0.0 Safari/537.36 (compatible; meta-externalagent/1.1 (+https://developers.facebook.com/docs/sharing/webmasters/crawler))"
2a03:2880:f806:8:: - - [25/Aug/2026:13:21:26 +0000] "GET /sitemap-subitem-486.xml HTTP/2.0" 200 5903 "-" "Mozilla/5.0 (Windows NT 10.0; Win64; x64) AppleWebKit/537.36 (KHTML, like Gecko) Chrome/145.0.0.0 Safari/537.36 (compatible; meta-externalagent/1.1 (+https://developers.facebook.com/docs/sharing/webmasters/crawler))"
2a03:2880:f806:24:: - - [25/Aug/2026:13:21:27 +0000] "GET /sitemap-subitem-381.xml HTTP/2.0" 200 5866 "-" "Mozilla/5.0 (Macintosh; Intel Mac OS X 10_15_7) AppleWebKit/537.36 (KHTML, like Gecko) Chrome/145.0.0.0 Safari/537.36 (compatible; meta-externalagent/1.1 (+https://developers.facebook.com/docs/sharing/webmasters/crawler))"
2a03:2880:f806:: - - [25/Aug/2026:13:21:41 +0000] "GET /sitemap-subitem-2084.xml HTTP/2.0" 200 5882 "-" "Mozilla/5.0 (Macintosh; Intel Mac OS X 10_15_7) AppleWebKit/537.36 (KHTML, like Gecko) Chrome/145.0.0.0 Safari/537.36 (compatible; meta-externalagent/1.1 (+https://developers.facebook.com/docs/sharing/webmasters/crawler))"
2a03:2880:f806:30:: - - [25/Aug/2026:13:21:53 +0000] "GET /sitemap-subitem-843.xml HTTP/2.0" 200 5871 "-" "Mozilla/5.0 (Macintosh; Intel Mac OS X 10_15_7) AppleWebKit/537.36 (KHTML, like Gecko) Chrome/145.0.0.0 Safari/537.36 (compatible; meta-externalagent/1.1 (+https://developers.facebook.com/docs/sharing/webmasters/crawler))"
2a03:2880:f806:3c:: - - [25/Aug/2026:13:22:02 +0000] "GET /sitemap-subitem-1422.xml HTTP/2.0" 200 5946 "-" "Mozilla/5.0 (X11; Linux x86_64) AppleWebKit/537.36 (KHTML, like Gecko) Chrome/145.0.0.0 Safari/537.36 (compatible; meta-externalagent/1.1 (+https://developers.facebook.com/docs/sharing/webmasters/crawler))"
2a03:2880:f806:13:: - - [25/Aug/2026:13:22:10 +0000] "GET /sitemap-subitem-3074.xml HTTP/2.0" 200 5834 "-" "Mozilla/5.0 (Windows NT 10.0; Win64; x64) AppleWebKit/537.36 (KHTML, like Gecko) Chrome/145.0.0.0 Safari/537.36 (compatible; meta-externalagent/1.1 (+https://developers.facebook.com/docs/sharing/webmasters/crawler))"
2a03:2880:f806:15:: - - [25/Aug/2026:13:22:18 +0000] "GET /sitemap-subitem-1312.xml HTTP/2.0" 200 5893 "-" "Mozilla/5.0 (Windows NT 10.0; Win64; x64) AppleWebKit/537.36 (KHTML, like Gecko) Chrome/145.0.0.0 Safari/537.36 (compatible; meta-externalagent/1.1 (+https://developers.facebook.com/docs/sharing/webmasters/crawler))"
2a03:2880:f806:16:: - - [25/Aug/2026:13:22:26 +0000] "GET /sitemap-subitem-2171.xml HTTP/2.0" 200 5802 "-" "Mozilla/5.0 (Windows NT 10.0; Win64; x64) AppleWebKit/537.36 (KHTML, like Gecko) Chrome/145.0.0.0 Safari/537.36 Edg/145.0.0.0 (compatible; meta-externalagent/1.1 (+https://developers.facebook.com/docs/sharing/webmasters/crawler))"
2a03:2880:f806:25:: - - [25/Aug/2026:13:22:33 +0000] "GET /sitemap-subitem-588.xml HTTP/2.0" 200 5950 "-" "Mozilla/5.0 (Windows NT 10.0; Win64; x64) AppleWebKit/537.36 (KHTML, like Gecko) Chrome/145.0.0.0 Safari/537.36 (compatible; meta-externalagent/1.1 (+https://developers.facebook.com/docs/sharing/webmasters/crawler))"
2a03:2880:f806:b:: - - [25/Aug/2026:13:22:40 +0000] "GET /sitemap-subitem-1379.xml HTTP/2.0" 200 5895 "-" "Mozilla/5.0 (Macintosh; Intel Mac OS X 10_15_7) AppleWebKit/537.36 (KHTML, like Gecko) Chrome/145.0.0.0 Safari/537.36 (compatible; meta-externalagent/1.1 (+https://developers.facebook.com/docs/sharing/webmasters/crawler))"
2a03:2880:f806:2:: - - [25/Aug/2026:13:22:45 +0000] "GET /?u9n1p1r2e1c8e5d1e0n7t0edly HTTP/2.0" 500 0 "-" "Mozilla/5.0 (Macintosh; Intel Mac OS X 10_15_7) AppleWebKit/537.36 (KHTML, like Gecko) Chrome/145.0.0.0 Safari/537.36 (compatible; meta-externalagent/1.1 (+https://developers.facebook.com/docs/sharing/webmasters/crawler))"
2a03:2880:f806:1c:: - - [25/Aug/2026:13:22:52 +0000] "GET /?m5a2n9d3i2n5g0o8031 HTTP/2.0" 500 0 "-" "Mozilla/5.0 (Macintosh; Intel Mac OS X 10_15_7) AppleWebKit/537.36 (KHTML, like Gecko) Chrome/145.0.0.0 Safari/537.36 (compatible; meta-externalagent/1.1 (+https://developers.facebook.com/docs/sharing/webmasters/crawler))"
2a03:2880:f806:1a:: - - [25/Aug/2026:13:22:52 +0000] "GET /sitemap-subitem-2426.xml HTTP/2.0" 200 5802 "-" "Mozilla/5.0 (Windows NT 10.0; Win64; x64) AppleWebKit/537.36 (KHTML, like Gecko) Chrome/145.0.0.0 Safari/537.36 (compatible; meta-externalagent/1.1 (+https://developers.facebook.com/docs/sharing/webmasters/crawler))"
2a03:2880:f806:31:: - - [25/Aug/2026:13:22:58 +0000] "GET /prizes/190160781 HTTP/2.0" 500 0 "-" "Mozilla/5.0 (Windows NT 10.0; Win64; x64) AppleWebKit/537.36 (KHTML, like Gecko) Chrome/145.0.0.0 Safari/537.36 (compatible; meta-externalagent/1.1 (+https://developers.facebook.com/docs/sharing/webmasters/crawler))"
2a03:2880:f806:24:: - - [25/Aug/2026:13:22:58 +0000] "GET /?r8e3a4l3i9z3e1d1190 HTTP/2.0" 500 0 "-" "Mozilla/5.0 (Macintosh; Intel Mac OS X 10_15_7) AppleWebKit/537.36 (KHTML, like Gecko) Chrome/145.0.0.0 Safari/537.36 (compatible; meta-externalagent/1.1 (+https://developers.facebook.com/docs/sharing/webmasters/crawler))"
2a03:2880:f806:d:: - - [25/Aug/2026:13:23:05 +0000] "GET /?d0i1s2i2n5s8u0r8e943 HTTP/2.0" 500 0 "-" "Mozilla/5.0 (Macintosh; Intel Mac OS X 10_15_7) AppleWebKit/537.36 (KHTML, like Gecko) Chrome/145.0.0.0 Safari/537.36 (compatible; meta-externalagent/1.1 (+https://developers.facebook.com/docs/sharing/webmasters/crawler))"
2a03:2880:f806:1f:: - - [25/Aug/2026:13:23:06 +0000] "GET /?u9p4b2i1n3d830208 HTTP/2.0" 500 0 "-" "Mozilla/5.0 (Macintosh; Intel Mac OS X 10_15_7) AppleWebKit/537.36 (KHTML, like Gecko) Chrome/145.0.0.0 Safari/537.36 (compatible; meta-externalagent/1.1 (+https://developers.facebook.com/docs/sharing/webmasters/crawler))"
2a03:2880:f806:12:: - - [25/Aug/2026:13:23:14 +0000] "GET /?w9h3e8l9k1e0d16265 HTTP/2.0" 500 0 "-" "Mozilla/5.0 (Macintosh; Intel Mac OS X 10_15_7) AppleWebKit/537.36 (KHTML, like Gecko) Chrome/145.0.0.0 Safari/537.36 (compatible; meta-externalagent/1.1 (+https://developers.facebook.com/docs/sharing/webmasters/crawler))"
2a03:2880:f806:42:: - - [25/Aug/2026:13:23:16 +0000] "GET /?w9r8a2n8g3l5e6094 HTTP/2.0" 500 0 "-" "Mozilla/5.0 (X11; Linux x86_64) AppleWebKit/537.36 (KHTML, like Gecko) Chrome/145.0.0.0 Safari/537.36 (compatible; meta-externalagent/1.1 (+https://developers.facebook.com/docs/sharing/webmasters/crawler))"
2a03:2880:f806:34:: - - [25/Aug/2026:13:23:17 +0000] "GET /?r0o1o6m1a5g2e34758 HTTP/2.0" 500 0 "-" "Mozilla/5.0 (Macintosh; Intel Mac OS X 10_15_7) AppleWebKit/537.36 (KHTML, like Gecko) Chrome/145.0.0.0 Safari/537.36 (compatible; meta-externalagent/1.1 (+https://developers.facebook.com/docs/sharing/webmasters/crawler))"
2a03:2880:f806:34:: - - [25/Aug/2026:13:23:20 +0000] "GET /prizes/105382256 HTTP/2.0" 500 0 "-" "Mozilla/5.0 (Windows NT 10.0; Win64; x64) AppleWebKit/537.36 (KHTML, like Gecko) Chrome/145.0.0.0 Safari/537.36 (compatible; meta-externalagent/1.1 (+https://developers.facebook.com/docs/sharing/webmasters/crawler))"
2a03:2880:f806:8:: - - [25/Aug/2026:13:23:20 +0000] "GET /?s9n8o9w9b4i4r6d581 HTTP/2.0" 500 0 "-" "Mozilla/5.0 (Windows NT 10.0; Win64; x64) AppleWebKit/537.36 (KHTML, like Gecko) Chrome/145.0.0.0 Safari/537.36 (compatible; meta-externalagent/1.1 (+https://developers.facebook.com/docs/sharing/webmasters/crawler))"
2a03:2880:f806:39:: - - [25/Aug/2026:13:23:34 +0000] "GET /?s2u2b6e6r4o0n6e1890 HTTP/2.0" 500 0 "-" "Mozilla/5.0 (Windows NT 10.0; Win64; x64) AppleWebKit/537.36 (KHTML, like Gecko) Chrome/145.0.0.0 Safari/537.36 (compatible; meta-externalagent/1.1 (+https://developers.facebook.com/docs/sharing/webmasters/crawler))"
2a03:2880:f806:22:: - - [25/Aug/2026:13:23:37 +0000] "GET /?l0o2c7o3m8o5t8i4v9i5t6y HTTP/2.0" 500 0 "-" "Mozilla/5.0 (Windows NT 10.0; Win64; x64) AppleWebKit/537.36 (KHTML, like Gecko) Chrome/145.0.0.0 Safari/537.36 (compatible; meta-externalagent/1.1 (+https://developers.facebook.com/docs/sharing/webmasters/crawler))"
2a03:2880:f806:2b:: - - [25/Aug/2026:13:23:39 +0000] "GET /prizes/219300983 HTTP/2.0" 500 0 "-" "Mozilla/5.0 (Macintosh; Intel Mac OS X 10_15_7) AppleWebKit/537.36 (KHTML, like Gecko) Chrome/145.0.0.0 Safari/537.36 (compatible; meta-externalagent/1.1 (+https://developers.facebook.com/docs/sharing/webmasters/crawler))"
2a03:2880:f806:e:: - - [25/Aug/2026:13:23:41 +0000] "GET /?w8a3t5c2h5d9o5g6505 HTTP/2.0" 500 0 "-" "Mozilla/5.0 (Macintosh; Intel Mac OS X 10_15_7) AppleWebKit/537.36 (KHTML, like Gecko) Chrome/145.0.0.0 Safari/537.36 (compatible; meta-externalagent/1.1 (+https://developers.facebook.com/docs/sharing/webmasters/crawler))"
2a03:2880:f806:26:: - - [25/Aug/2026:13:23:43 +0000] "GET /?h4y5p0e1r1b6o9l9i3c4ally HTTP/2.0" 500 0 "-" "Mozilla/5.0 (Macintosh; Intel Mac OS X 10_15_7) AppleWebKit/537.36 (KHTML, like Gecko) Chrome/145.0.0.0 Safari/537.36 (compatible; meta-externalagent/1.1 (+https://developers.facebook.com/docs/sharing/webmasters/crawler))"
2a03:2880:f806:3d:: - - [25/Aug/2026:13:23:47 +0000] "GET /sitemap-subitem-1214.xml HTTP/2.0" 200 5863 "-" "Mozilla/5.0 (Windows NT 10.0; Win64; x64) AppleWebKit/537.36 (KHTML, like Gecko) Chrome/145.0.0.0 Safari/537.36 (compatible; meta-externalagent/1.1 (+https://developers.facebook.com/docs/sharing/webmasters/crawler))"
2a03:2880:f806:1d:: - - [25/Aug/2026:13:23:48 +0000] "GET /?g9i3t5t1e7r9n17419 HTTP/2.0" 500 0 "-" "Mozilla/5.0 (Windows NT 10.0; Win64; x64) AppleWebKit/537.36 (KHTML, like Gecko) Chrome/145.0.0.0 Safari/537.36 (compatible; meta-externalagent/1.1 (+https://developers.facebook.com/docs/sharing/webmasters/crawler))"
2a03:2880:f806:26:: - - [25/Aug/2026:13:24:12 +0000] "GET /?a3r8i2s2t7o3t6e2l8i2an HTTP/2.0" 500 0 "-" "Mozilla/5.0 (Windows NT 10.0; Win64; x64) AppleWebKit/537.36 (KHTML, like Gecko) Chrome/145.0.0.0 Safari/537.36 (compatible; meta-externalagent/1.1 (+https://developers.facebook.com/docs/sharing/webmasters/crawler))"
2a03:2880:f806:3d:: - - [25/Aug/2026:13:24:14 +0000] "GET /?w4e4i0g2h4t3i9e2r242 HTTP/2.0" 500 0 "-" "Mozilla/5.0 (Windows NT 10.0; Win64; x64) AppleWebKit/537.36 (KHTML, like Gecko) Chrome/145.0.0.0 Safari/537.36 (compatible; meta-externalagent/1.1 (+https://developers.facebook.com/docs/sharing/webmasters/crawler))"
2a03:2880:f806:3f:: - - [25/Aug/2026:13:24:20 +0000] "GET /?a1s1h9t2a6r3o9t7h562 HTTP/2.0" 500 0 "-" "Mozilla/5.0 (Windows NT 10.0; Win64; x64) AppleWebKit/537.36 (KHTML, like Gecko) Chrome/145.0.0.0 Safari/537.36 (compatible; meta-externalagent/1.1 (+https://developers.facebook.com/docs/sharing/webmasters/crawler))"
2a03:2880:f806:32:: - - [25/Aug/2026:13:24:41 +0000] "GET /?h2o2r8s0e6t4r3a1d6i5ng HTTP/2.0" 500 0 "-" "Mozilla/5.0 (Windows NT 10.0; Win64; x64) AppleWebKit/537.36 (KHTML, like Gecko) Chrome/145.0.0.0 Safari/537.36 (compatible; meta-externalagent/1.1 (+https://developers.facebook.com/docs/sharing/webmasters/crawler))"
2a03:2880:f806:8:: - - [25/Aug/2026:13:24:51 +0000] "GET /?s5e3c5c9o740956 HTTP/2.0" 500 0 "-" "Mozilla/5.0 (Windows NT 10.0; Win64; x64) AppleWebKit/537.36 (KHTML, like Gecko) Chrome/145.0.0.0 Safari/537.36 (compatible; meta-externalagent/1.1 (+https://developers.facebook.com/docs/sharing/webmasters/crawler))"
2a03:2880:f806:43:: - - [25/Aug/2026:13:24:58 +0000] "GET /?d2l2a7y3e2r654658 HTTP/2.0" 500 0 "-" "Mozilla/5.0 (Macintosh; Intel Mac OS X 10_15_7) AppleWebKit/537.36 (KHTML, like Gecko) Chrome/145.0.0.0 Safari/537.36 (compatible; meta-externalagent/1.1 (+https://developers.facebook.com/docs/sharing/webmasters/crawler))"
2a03:2880:f806:42:: - - [25/Aug/2026:13:25:03 +0000] "GET /?v8e3n5e8r1a7t8e0d097 HTTP/2.0" 500 0 "-" "Mozilla/5.0 (Macintosh; Intel Mac OS X 10_15_7) AppleWebKit/537.36 (KHTML, like Gecko) Chrome/145.0.0.0 Safari/537.36 (compatible; meta-externalagent/1.1 (+https://developers.facebook.com/docs/sharing/webmasters/crawler))"
2a03:2880:f806:32:: - - [25/Aug/2026:13:25:07 +0000] "GET /prizes/16858933 HTTP/2.0" 500 0 "-" "Mozilla/5.0 (Windows NT 10.0; Win64; x64) AppleWebKit/537.36 (KHTML, like Gecko) Chrome/145.0.0.0 Safari/537.36 (compatible; meta-externalagent/1.1 (+https://developers.facebook.com/docs/sharing/webmasters/crawler))"
2a03:2880:f806:2d:: - - [25/Aug/2026:13:25:12 +0000] "GET /?c4a3e4c0i1l0i1a6n248 HTTP/2.0" 500 0 "-" "Mozilla/5.0 (Macintosh; Intel Mac OS X 10_15_7) AppleWebKit/537.36 (KHTML, like Gecko) Chrome/145.0.0.0 Safari/537.36 (compatible; meta-externalagent/1.1 (+https://developers.facebook.com/docs/sharing/webmasters/crawler))"
2a03:2880:f806:34:: - - [25/Aug/2026:13:25:18 +0000] "GET /?g1r3o6c6e9r6y73371 HTTP/2.0" 500 0 "-" "Mozilla/5.0 (Windows NT 10.0; Win64; x64) AppleWebKit/537.36 (KHTML, like Gecko) Chrome/145.0.0.0 Safari/537.36 (compatible; meta-externalagent/1.1 (+https://developers.facebook.com/docs/sharing/webmasters/crawler))"
2a03:2880:f806:37:: - - [25/Aug/2026:13:25:24 +0000] "GET /prizes/154495478 HTTP/2.0" 500 0 "-" "Mozilla/5.0 (Windows NT 10.0; Win64; x64) AppleWebKit/537.36 (KHTML, like Gecko) Chrome/145.0.0.0 Safari/537.36 (compatible; meta-externalagent/1.1 (+https://developers.facebook.com/docs/sharing/webmasters/crawler))"
2a03:2880:f806:18:: - - [25/Aug/2026:13:25:27 +0000] "GET /products/detail/78942019192 HTTP/2.0" 500 0 "-" "Mozilla/5.0 (Macintosh; Intel Mac OS X 10_15_7) AppleWebKit/537.36 (KHTML, like Gecko) Chrome/145.0.0.0 Safari/537.36 (compatible; meta-externalagent/1.1 (+https://developers.facebook.com/docs/sharing/webmasters/crawler))"
2a03:2880:f806:2e:: - - [25/Aug/2026:13:26:34 +0000] "GET /?r6a2b8a8t4i1n3e1531 HTTP/2.0" 500 0 "-" "Mozilla/5.0 (Windows NT 10.0; Win64; x64) AppleWebKit/537.36 (KHTML, like Gecko) Chrome/145.0.0.0 Safari/537.36 (compatible; meta-externalagent/1.1 (+https://developers.facebook.com/docs/sharing/webmasters/crawler))"
2a03:2880:f806:14:: - - [25/Aug/2026:13:27:41 +0000] "GET /?a1c4c2e8s0s0a9r7i9l3y0 HTTP/2.0" 500 0 "-" "Mozilla/5.0 (Macintosh; Intel Mac OS X 10_15_7) AppleWebKit/537.36 (KHTML, like Gecko) Chrome/145.0.0.0 Safari/537.36 (compatible; meta-externalagent/1.1 (+https://developers.facebook.com/docs/sharing/webmasters/crawler))"
2a03:2880:f806:20:: - - [25/Aug/2026:13:28:47 +0000] "GET /?r4e7t8r8a2c2t6305 HTTP/2.0" 500 0 "-" "Mozilla/5.0 (X11; Linux x86_64) AppleWebKit/537.36 (KHTML, like Gecko) Chrome/145.0.0.0 Safari/537.36 (compatible; meta-externalagent/1.1 (+https://developers.facebook.com/docs/sharing/webmasters/crawler))"
2a03:2880:f806:28:: - - [25/Aug/2026:13:29:53 +0000] "GET /?g6l1a1n7d5u1l6a3910 HTTP/2.0" 500 0 "-" "Mozilla/5.0 (Windows NT 10.0; Win64; x64) AppleWebKit/537.36 (KHTML, like Gecko) Chrome/145.0.0.0 Safari/537.36 (compatible; meta-externalagent/1.1 (+https://developers.facebook.com/docs/sharing/webmasters/crawler))"
2a03:2880:f806:12:: - - [25/Aug/2026:13:31:01 +0000] "GET /?d6i3g0i3t9i2z6e1611 HTTP/2.0" 500 0 "-" "Mozilla/5.0 (Windows NT 10.0; Win64; x64) AppleWebKit/537.36 (KHTML, like Gecko) Chrome/145.0.0.0 Safari/537.36 (compatible; meta-externalagent/1.1 (+https://developers.facebook.com/docs/sharing/webmasters/crawler))"
2a03:2880:f814:40:: - - [25/Aug/2026:13:31:01 +0000] "GET / HTTP/2.0" 500 0 "-" "facebookexternalhit/1.1 (+http://www.facebook.com/externalhit_uatext.php)"
2a03:2880:f806:3e:: - - [25/Aug/2026:13:32:07 +0000] "GET /prizes/115264711 HTTP/2.0" 500 0 "-" "Mozilla/5.0 (Macintosh; Intel Mac OS X 10_15_7) AppleWebKit/537.36 (KHTML, like Gecko) Chrome/145.0.0.0 Safari/537.36 (compatible; meta-externalagent/1.1 (+https://developers.facebook.com/docs/sharing/webmasters/crawler))"
2a03:2880:f808:3d:: - - [25/Aug/2026:13:32:45 +0000] "GET / HTTP/2.0" 500 0 "-" "facebookexternalhit/1.1 (+http://www.facebook.com/externalhit_uatext.php)"
2a03:2880:f806:26:: - - [25/Aug/2026:13:33:14 +0000] "GET /?c9l2o4s6e2d9o8w7n075 HTTP/2.0" 500 0 "-" "Mozilla/5.0 (Windows NT 10.0; Win64; x64) AppleWebKit/537.36 (KHTML, like Gecko) Chrome/145.0.0.0 Safari/537.36 (compatible; meta-externalagent/1.1 (+https://developers.facebook.com/docs/sharing/webmasters/crawler))"
2a03:2880:f80a:13:: - - [25/Aug/2026:13:33:20 +0000] "GET / HTTP/2.0" 500 0 "-" "facebookexternalhit/1.1 (+http://www.facebook.com/externalhit_uatext.php)"
2a03:2880:f806:22:: - - [25/Aug/2026:13:34:21 +0000] "GET /?e2x3u4s5t1i9o1n7075 HTTP/2.0" 500 0 "-" "Mozilla/5.0 (X11; Linux x86_64) AppleWebKit/537.36 (KHTML, like Gecko) Chrome/145.0.0.0 Safari/537.36 (compatible; meta-externalagent/1.1 (+https://developers.facebook.com/docs/sharing/webmasters/crawler))"
2a03:2880:f806:10:: - - [25/Aug/2026:13:35:27 +0000] "GET /?s0u1b8i6n8v6o4l7u9t4i6on HTTP/2.0" 500 0 "-" "Mozilla/5.0 (Windows NT 10.0; Win64; x64) AppleWebKit/537.36 (KHTML, like Gecko) Chrome/145.0.0.0 Safari/537.36 (compatible; meta-externalagent/1.1 (+https://developers.facebook.com/docs/sharing/webmasters/crawler))"
2a03:2880:f800:22:: - - [25/Aug/2026:13:35:51 +0000] "GET / HTTP/2.0" 500 0 "-" "facebookexternalhit/1.1 (+http://www.facebook.com/externalhit_uatext.php)"
2a03:2880:f818:21:: - - [25/Aug/2026:13:36:05 +0000] "GET / HTTP/2.0" 500 0 "-" "facebookexternalhit/1.1 (+http://www.facebook.com/externalhit_uatext.php)"
2a03:2880:f806:3d:: - - [25/Aug/2026:13:36:33 +0000] "GET /?n8e7m4a3t7o4b3l5a2s4t HTTP/2.0" 500 0 "-" "Mozilla/5.0 (Windows NT 10.0; Win64; x64) AppleWebKit/537.36 (KHTML, like Gecko) Chrome/145.0.0.0 Safari/537.36 (compatible; meta-externalagent/1.1 (+https://developers.facebook.com/docs/sharing/webmasters/crawler))"
2a03:2880:f80e:6e:: - - [25/Aug/2026:13:37:42 +0000] "GET / HTTP/2.0" 500 0 "-" "facebookexternalhit/1.1 (+http://www.facebook.com/externalhit_uatext.php)"
2a03:2880:f806:10:: - - [25/Aug/2026:13:37:42 +0000] "GET /sitemap-subitem-2285.xml HTTP/2.0" 200 5923 "-" "Mozilla/5.0 (Macintosh; Intel Mac OS X 10_15_7) AppleWebKit/537.36 (KHTML, like Gecko) Chrome/145.0.0.0 Safari/537.36 (compatible; meta-webindexer/1.1 (+https://developers.facebook.com/docs/sharing/webmasters/crawler))"
2a03:2880:f804:47:: - - [25/Aug/2026:13:37:43 +0000] "GET / HTTP/2.0" 500 0 "-" "facebookexternalhit/1.1 (+http://www.facebook.com/externalhit_uatext.php)"
2a03:2880:f806:8:: - - [25/Aug/2026:13:38:47 +0000] "GET /?i6n1s4e9r9t6i0n4g846 HTTP/2.0" 500 0 "-" "Mozilla/5.0 (Macintosh; Intel Mac OS X 10_15_7) AppleWebKit/537.36 (KHTML, like Gecko) Chrome/145.0.0.0 Safari/537.36 (compatible; meta-externalagent/1.1 (+https://developers.facebook.com/docs/sharing/webmasters/crawler))"
2a03:2880:f806:33:: - - [25/Aug/2026:13:39:27 +0000] "GET /?p6r3a8e5m2a4x2i7l5l3a2 HTTP/2.0" 500 0 "-" "Mozilla/5.0 (X11; Linux x86_64) AppleWebKit/537.36 (KHTML, like Gecko) Chrome/145.0.0.0 Safari/537.36 (compatible; meta-externalagent/1.1 (+https://developers.facebook.com/docs/sharing/webmasters/crawler))"
2a03:2880:f806:15:: - - [25/Aug/2026:13:39:36 +0000] "GET /?o9p1h4i0d5o6b2a5t3rachia HTTP/2.0" 500 0 "-" "Mozilla/5.0 (Windows NT 10.0; Win64; x64) AppleWebKit/537.36 (KHTML, like Gecko) Chrome/145.0.0.0 Safari/537.36 (compatible; meta-externalagent/1.1 (+https://developers.facebook.com/docs/sharing/webmasters/crawler))"
2a03:2880:f806:: - - [25/Aug/2026:13:39:53 +0000] "GET /sitemap-subitem-2771.xml HTTP/2.0" 200 5927 "-" "Mozilla/5.0 (Windows NT 10.0; Win64; x64) AppleWebKit/537.36 (KHTML, like Gecko) Chrome/145.0.0.0 Safari/537.36 (compatible; meta-webindexer/1.1 (+https://developers.facebook.com/docs/sharing/webmasters/crawler))"
2a03:2880:f814:40:: - - [25/Aug/2026:13:40:08 +0000] "GET / HTTP/2.0" 500 0 "-" "facebookexternalhit/1.1 (+http://www.facebook.com/externalhit_uatext.php)"
2a03:2880:f810:4e:: - - [25/Aug/2026:13:40:23 +0000] "GET / HTTP/2.0" 500 0 "-" "facebookexternalhit/1.1 (+http://www.facebook.com/externalhit_uatext.php)"
2a03:2880:f806:3d:: - - [25/Aug/2026:13:40:25 +0000] "GET /?s0a3s9i5n0948781 HTTP/2.0" 500 0 "-" "Mozilla/5.0 (Windows NT 10.0; Win64; x64) AppleWebKit/537.36 (KHTML, like Gecko) Chrome/145.0.0.0 Safari/537.36 (compatible; meta-externalagent/1.1 (+https://developers.facebook.com/docs/sharing/webmasters/crawler))"
2a03:2880:f806:2d:: - - [25/Aug/2026:13:41:01 +0000] "GET /?b3l2i2t7h1e1s4o5m3e15 HTTP/2.0" 500 0 "-" "Mozilla/5.0 (Macintosh; Intel Mac OS X 10_15_7) AppleWebKit/537.36 (KHTML, like Gecko) Chrome/145.0.0.0 Safari/537.36 (compatible; meta-externalagent/1.1 (+https://developers.facebook.com/docs/sharing/webmasters/crawler))"
2a03:2880:f806:2b:: - - [25/Aug/2026:13:41:05 +0000] "GET /?b2i7b1l5i1o0p7o9l4e2 HTTP/2.0" 500 0 "-" "Mozilla/5.0 (Windows NT 10.0; Win64; x64) AppleWebKit/537.36 (KHTML, like Gecko) Chrome/145.0.0.0 Safari/537.36 (compatible; meta-externalagent/1.1 (+https://developers.facebook.com/docs/sharing/webmasters/crawler))"
2a03:2880:f806:1a:: - - [25/Aug/2026:13:41:09 +0000] "GET /sitemap-subitem-451.xml HTTP/2.0" 200 5847 "-" "Mozilla/5.0 (Windows NT 10.0; Win64; x64) AppleWebKit/537.36 (KHTML, like Gecko) Chrome/145.0.0.0 Safari/537.36 (compatible; meta-externalagent/1.1 (+https://developers.facebook.com/docs/sharing/webmasters/crawler))"
2a03:2880:f806:c:: - - [25/Aug/2026:13:41:14 +0000] "GET /?d6o2o1r1y6a6r6d2891 HTTP/2.0" 500 0 "-" "Mozilla/5.0 (Windows NT 10.0; Win64; x64) AppleWebKit/537.36 (KHTML, like Gecko) Chrome/145.0.0.0 Safari/537.36 (compatible; meta-externalagent/1.1 (+https://developers.facebook.com/docs/sharing/webmasters/crawler))"
2a03:2880:f806:c:: - - [25/Aug/2026:13:41:47 +0000] "GET /?s9u1p6e3r0a7b0o3u0n2d2 HTTP/2.0" 500 0 "-" "Mozilla/5.0 (Windows NT 10.0; Win64; x64) AppleWebKit/537.36 (KHTML, like Gecko) Chrome/145.0.0.0 Safari/537.36 (compatible; meta-externalagent/1.1 (+https://developers.facebook.com/docs/sharing/webmasters/crawler))"
2a03:2880:f806:1:: - - [25/Aug/2026:13:41:50 +0000] "GET /?o0n3y2c7h5i1a58590 HTTP/2.0" 500 0 "-" "Mozilla/5.0 (Macintosh; Intel Mac OS X 10_15_7) AppleWebKit/537.36 (KHTML, like Gecko) Chrome/145.0.0.0 Safari/537.36 (compatible; meta-externalagent/1.1 (+https://developers.facebook.com/docs/sharing/webmasters/crawler))"
2a03:2880:f806:1:: - - [25/Aug/2026:13:41:54 +0000] "GET /?b6r2e5w8e9r0i4a4n5a54 HTTP/2.0" 500 0 "-" "Mozilla/5.0 (Windows NT 10.0; Win64; x64) AppleWebKit/537.36 (KHTML, like Gecko) Chrome/145.0.0.0 Safari/537.36 (compatible; meta-externalagent/1.1 (+https://developers.facebook.com/docs/sharing/webmasters/crawler))"
2a03:2880:f806:43:: - - [25/Aug/2026:13:41:59 +0000] "GET /?a8m3i7a0b2l0e4n5e2s9s2 HTTP/2.0" 500 0 "-" "Mozilla/5.0 (Windows NT 10.0; Win64; x64) AppleWebKit/537.36 (KHTML, like Gecko) Chrome/145.0.0.0 Safari/537.36 (compatible; meta-externalagent/1.1 (+https://developers.facebook.com/docs/sharing/webmasters/crawler))"
2a03:2880:f806:6:: - - [25/Aug/2026:13:42:04 +0000] "GET /?e8v1a4n6g9e0l0i8c6a0lly HTTP/2.0" 500 0 "-" "Mozilla/5.0 (Windows NT 10.0; Win64; x64) AppleWebKit/537.36 (KHTML, like Gecko) Chrome/145.0.0.0 Safari/537.36 (compatible; meta-externalagent/1.1 (+https://developers.facebook.com/docs/sharing/webmasters/crawler))"
2a03:2880:f806:3a:: - - [25/Aug/2026:13:42:10 +0000] "GET /?r9u3t0h3f2u9l51667 HTTP/2.0" 500 0 "-" "Mozilla/5.0 (Windows NT 10.0; Win64; x64) AppleWebKit/537.36 (KHTML, like Gecko) Chrome/145.0.0.0 Safari/537.36 (compatible; meta-externalagent/1.1 (+https://developers.facebook.com/docs/sharing/webmasters/crawler))"
2a03:2880:f806:24:: - - [25/Aug/2026:13:42:16 +0000] "GET /?g3l1y4c9i6d6i0c5721 HTTP/2.0" 500 0 "-" "Mozilla/5.0 (Windows NT 10.0; Win64; x64) AppleWebKit/537.36 (KHTML, like Gecko) Chrome/145.0.0.0 Safari/537.36 Edg/145.0.0.0 (compatible; meta-externalagent/1.1 (+https://developers.facebook.com/docs/sharing/webmasters/crawler))"
2a03:2880:f806:29:: - - [25/Aug/2026:13:42:20 +0000] "GET /?a1p2p3e9l1l7a5t4i3o4n0 HTTP/2.0" 500 0 "-" "Mozilla/5.0 (Macintosh; Intel Mac OS X 10_15_7) AppleWebKit/537.36 (KHTML, like Gecko) Chrome/145.0.0.0 Safari/537.36 (compatible; meta-externalagent/1.1 (+https://developers.facebook.com/docs/sharing/webmasters/crawler))"
2a03:2880:f80a:13:: - - [25/Aug/2026:13:42:38 +0000] "GET / HTTP/2.0" 500 0 "-" "facebookexternalhit/1.1 (+http://www.facebook.com/externalhit_uatext.php)"
104.244.72.22 - - [25/Aug/2026:13:42:52 +0000] "GET /cccsitemap.xml HTTP/2.0" 200 36 "-" "googlebot,bot,google,bing,yahoo"
179.41.13.214 - - [25/Aug/2026:13:43:00 +0000] "GET /wp-login.php HTTP/2.0" 403 166 "-" "Mozilla/5.0 (Windows NT 10.0; Win64; x64) AppleWebKit/537.36 (KHTML, like Gecko) Chrome/151.0.0.0 Safari/537.36"
2a03:2880:f806:3e:: - - [25/Aug/2026:13:43:27 +0000] "GET /?l7y1d1i0a0n896409 HTTP/2.0" 500 0 "-" "Mozilla/5.0 (Macintosh; Intel Mac OS X 10_15_7) AppleWebKit/537.36 (KHTML, like Gecko) Chrome/145.0.0.0 Safari/537.36 (compatible; meta-externalagent/1.1 (+https://developers.facebook.com/docs/sharing/webmasters/crawler))"
2a03:2880:f806:15:: - - [25/Aug/2026:13:44:34 +0000] "GET /?i4s2o1p2i1e0s9t5i7c79 HTTP/2.0" 500 0 "-" "Mozilla/5.0 (Macintosh; Intel Mac OS X 10_15_7) AppleWebKit/537.36 (KHTML, like Gecko) Chrome/145.0.0.0 Safari/537.36 (compatible; meta-externalagent/1.1 (+https://developers.facebook.com/docs/sharing/webmasters/crawler))"
84.54.44.204 - - [25/Aug/2026:13:44:37 +0000] "GET / HTTP/2.0" 500 0 "https://www.hyperbarics4u.com/" "Mozilla/5.0 (Windows NT 10.0; Win64; x64) AppleWebKit/537.36 (KHTML, like Gecko) Chrome/131.0.0.0 Safari/537.36 Avast/131.0.0.0"
103.167.229.202 - - [25/Aug/2026:13:44:46 +0000] "GET /?v6a3s7c4u4l4a6r6i0t2y5 HTTP/2.0" 500 0 "https://hyperbarics4u.com/?v6a3s7c4u4l4a6r6i0t2y5" "Mozilla/5.0 (Linux; Android 14; OPPO PCLM6) AppleWebKit/537.36 (KHTML, like Gecko) Chrome/141.0.5599.60 Mobile Safari/537.36 MicroMessenger/8.0.31(0x18001B3F) NetType/WIFI Language/zh_CN"
20.203.162.73 - - [25/Aug/2026:13:45:18 +0000] "GET /wp-content/plugins/hellopress/wp_filemanager.php HTTP/2.0" 500 0 "-" "-"
20.203.162.73 - - [25/Aug/2026:13:45:18 +0000] "GET /this_is_a_new_hello_world.php HTTP/2.0" 500 0 "-" "-"
20.203.162.73 - - [25/Aug/2026:13:45:18 +0000] "GET //adminfuns.php HTTP/2.0" 500 0 "-" "-"
20.203.162.73 - - [25/Aug/2026:13:45:19 +0000] "GET /goods.php HTTP/2.0" 500 0 "-" "-"
20.203.162.73 - - [25/Aug/2026:13:45:19 +0000] "GET /100.php HTTP/2.0" 500 0 "-" "-"
20.203.162.73 - - [25/Aug/2026:13:45:20 +0000] "GET /about.php? HTTP/2.0" 500 0 "-" "-"
20.203.162.73 - - [25/Aug/2026:13:45:21 +0000] "GET /about.php HTTP/2.0" 500 0 "-" "-"
20.203.162.73 - - [25/Aug/2026:13:45:21 +0000] "GET /admin.php HTTP/2.0" 500 0 "-" "-"
20.203.162.73 - - [25/Aug/2026:13:45:21 +0000] "GET /admin.php? HTTP/2.0" 500 0 "-" "-"
20.203.162.73 - - [25/Aug/2026:13:45:21 +0000] "GET //themes.php HTTP/2.0" 500 0 "-" "-"
20.203.162.73 - - [25/Aug/2026:13:45:22 +0000] "GET /biufile.php HTTP/2.0" 500 0 "-" "-"
20.203.162.73 - - [25/Aug/2026:13:45:22 +0000] "GET /coffexium.php HTTP/2.0" 500 0 "-" "-"
20.203.162.73 - - [25/Aug/2026:13:45:22 +0000] "GET /coffee.php HTTP/2.0" 500 0 "-" "-"
20.203.162.73 - - [25/Aug/2026:13:45:22 +0000] "GET /classwithtostring.php?p= HTTP/2.0" 500 0 "-" "-"
20.203.162.73 - - [25/Aug/2026:13:45:22 +0000] "GET /wp-ws68.php?p= HTTP/2.0" 500 0 "-" "-"
20.203.162.73 - - [25/Aug/2026:13:45:23 +0000] "GET /mgrr.php HTTP/2.0" 500 0 "-" "-"
20.203.162.73 - - [25/Aug/2026:13:45:23 +0000] "GET /55.php?p= HTTP/2.0" 500 0 "-" "-"
20.203.162.73 - - [25/Aug/2026:13:45:23 +0000] "GET /yj09.php HTTP/2.0" 500 0 "-" "-"
20.203.162.73 - - [25/Aug/2026:13:45:23 +0000] "GET /scxy.php HTTP/2.0" 500 0 "-" "-"
20.203.162.73 - - [25/Aug/2026:13:45:23 +0000] "GET /ws13.php?p= HTTP/2.0" 500 0 "-" "-"
20.203.162.73 - - [25/Aug/2026:13:45:24 +0000] "GET /btx25.php HTTP/2.0" 500 0 "-" "-"
20.203.162.73 - - [25/Aug/2026:13:45:24 +0000] "GET /SDsadqwrf.php HTTP/2.0" 500 0 "-" "-"
20.203.162.73 - - [25/Aug/2026:13:45:24 +0000] "GET /BDKR28WP.php HTTP/2.0" 500 0 "-" "-"
20.203.162.73 - - [25/Aug/2026:13:45:24 +0000] "GET /sky.php HTTP/2.0" 500 0 "-" "-"
20.203.162.73 - - [25/Aug/2026:13:45:25 +0000] "GET /file5.php HTTP/2.0" 500 0 "-" "-"
20.203.162.73 - - [25/Aug/2026:13:45:25 +0000] "GET /xyn.php HTTP/2.0" 500 0 "-" "-"
20.203.162.73 - - [25/Aug/2026:13:45:25 +0000] "GET /inso.php HTTP/2.0" 500 0 "-" "-"
20.203.162.73 - - [25/Aug/2026:13:45:26 +0000] "GET /puc.php HTTP/2.0" 500 0 "-" "-"
20.203.162.73 - - [25/Aug/2026:13:45:26 +0000] "GET /19.php HTTP/2.0" 500 0 "-" "-"
20.203.162.73 - - [25/Aug/2026:13:45:27 +0000] "GET /133.php HTTP/2.0" 500 0 "-" "-"
20.203.162.73 - - [25/Aug/2026:13:45:27 +0000] "GET /1xmomo.php HTTP/2.0" 500 0 "-" "-"
20.203.162.73 - - [25/Aug/2026:13:45:27 +0000] "GET //mosty.php HTTP/2.0" 500 0 "-" "-"
20.203.162.73 - - [25/Aug/2026:13:45:27 +0000] "GET /blurbs.php HTTP/2.0" 500 0 "-" "-"
20.203.162.73 - - [25/Aug/2026:13:45:27 +0000] "GET /h.php HTTP/2.0" 500 0 "-" "-"
20.203.162.73 - - [25/Aug/2026:13:45:28 +0000] "GET /ano.php HTTP/2.0" 500 0 "-" "-"
20.203.162.73 - - [25/Aug/2026:13:45:28 +0000] "GET /ai.php HTTP/2.0" 500 0 "-" "-"
20.203.162.73 - - [25/Aug/2026:13:45:28 +0000] "GET /sf.php HTTP/2.0" 500 0 "-" "-"
20.203.162.73 - - [25/Aug/2026:13:45:30 +0000] "GET /xx.php HTTP/2.0" 500 0 "-" "-"
20.203.162.73 - - [25/Aug/2026:13:45:30 +0000] "GET /uwu.php HTTP/2.0" 500 0 "-" "-"
20.203.162.73 - - [25/Aug/2026:13:45:30 +0000] "GET /signon.php?p= HTTP/2.0" 500 0 "-" "-"
20.203.162.73 - - [25/Aug/2026:13:45:31 +0000] "GET /file61.php HTTP/2.0" 500 0 "-" "-"
20.203.162.73 - - [25/Aug/2026:13:45:31 +0000] "GET /copypaths.php HTTP/2.0" 500 0 "-" "-"
20.203.162.73 - - [25/Aug/2026:13:45:31 +0000] "GET /bless6.php HTTP/2.0" 500 0 "-" "-"
20.203.162.73 - - [25/Aug/2026:13:45:31 +0000] "GET /special.php HTTP/2.0" 500 0 "-" "-"
20.203.162.73 - - [25/Aug/2026:13:45:32 +0000] "GET /fz.php HTTP/2.0" 500 0 "-" "-"
20.203.162.73 - - [25/Aug/2026:13:45:32 +0000] "GET /clque.php HTTP/2.0" 500 0 "-" "-"
20.203.162.73 - - [25/Aug/2026:13:45:32 +0000] "GET /nano.php HTTP/2.0" 500 0 "-" "-"
20.203.162.73 - - [25/Aug/2026:13:45:32 +0000] "GET /.mopj.php HTTP/2.0" 500 0 "-" "-"
20.203.162.73 - - [25/Aug/2026:13:45:32 +0000] "GET /bengi.php HTTP/2.0" 500 0 "-" "-"
20.203.162.73 - - [25/Aug/2026:13:45:33 +0000] "GET /file2.php HTTP/2.0" 500 0 "-" "-"
20.203.162.73 - - [25/Aug/2026:13:45:33 +0000] "GET /gm.php HTTP/2.0" 500 0 "-" "-"
20.203.162.73 - - [25/Aug/2026:13:45:33 +0000] "GET /ws55.php HTTP/2.0" 500 0 "-" "-"
20.203.162.73 - - [25/Aug/2026:13:45:33 +0000] "GET /m.php?p= HTTP/2.0" 500 0 "-" "-"
20.203.162.73 - - [25/Aug/2026:13:45:33 +0000] "GET /33.php HTTP/2.0" 500 0 "-" "-"
20.203.162.73 - - [25/Aug/2026:13:45:34 +0000] "GET /packed.php HTTP/2.0" 500 0 "-" "-"
20.203.162.73 - - [25/Aug/2026:13:45:34 +0000] "GET /wp-content/uploads/ HTTP/2.0" 500 0 "-" "-"
20.203.162.73 - - [25/Aug/2026:13:45:34 +0000] "GET /w.php HTTP/2.0" 500 0 "-" "-"
20.203.162.73 - - [25/Aug/2026:13:45:35 +0000] "GET /ccc.php HTTP/2.0" 500 0 "-" "-"
20.203.162.73 - - [25/Aug/2026:13:45:36 +0000] "GET /file15.php HTTP/2.0" 500 0 "-" "-"
20.203.162.73 - - [25/Aug/2026:13:45:36 +0000] "GET /jp.php HTTP/2.0" 500 0 "-" "-"
20.203.162.73 - - [25/Aug/2026:13:45:36 +0000] "GET /f35.php HTTP/2.0" 500 0 "-" "-"
20.203.162.73 - - [25/Aug/2026:13:45:36 +0000] "GET /shiny.php HTTP/2.0" 500 0 "-" "-"
20.203.162.73 - - [25/Aug/2026:13:45:36 +0000] "GET /images.php HTTP/2.0" 500 0 "-" "-"
20.203.162.73 - - [25/Aug/2026:13:45:37 +0000] "GET /82.php HTTP/2.0" 500 0 "-" "-"
20.203.162.73 - - [25/Aug/2026:13:45:37 +0000] "GET /files.php/new.php HTTP/2.0" 500 0 "-" "-"
20.203.162.73 - - [25/Aug/2026:13:45:38 +0000] "GET /mghnhykio.php/new.php HTTP/2.0" 500 0 "-" "-"
20.203.162.73 - - [25/Aug/2026:13:45:38 +0000] "GET /admin.php/nope.php HTTP/2.0" 500 0 "-" "-"
20.203.162.73 - - [25/Aug/2026:13:45:38 +0000] "GET /lib.php/new.php HTTP/2.0" 500 0 "-" "-"
20.203.162.73 - - [25/Aug/2026:13:45:39 +0000] "GET /info.php/new.php HTTP/2.0" 500 0 "-" "-"
20.203.162.73 - - [25/Aug/2026:13:45:39 +0000] "GET /db.php/new.php HTTP/2.0" 500 0 "-" "-"
20.203.162.73 - - [25/Aug/2026:13:45:39 +0000] "GET /kuda.php HTTP/2.0" 500 0 "-" "-"
20.203.162.73 - - [25/Aug/2026:13:45:39 +0000] "GET /sure.php HTTP/2.0" 500 0 "-" "-"
20.203.162.73 - - [25/Aug/2026:13:45:40 +0000] "GET /gray.php HTTP/2.0" 500 0 "-" "-"
20.203.162.73 - - [25/Aug/2026:13:45:40 +0000] "GET /puki.php HTTP/2.0" 500 0 "-" "-"
20.203.162.73 - - [25/Aug/2026:13:45:40 +0000] "GET /sonic.php HTTP/2.0" 500 0 "-" "-"
20.203.162.73 - - [25/Aug/2026:13:45:41 +0000] "GET /pop.php HTTP/2.0" 500 0 "-" "-"
2a03:2880:f806:8:: - - [25/Aug/2026:13:45:41 +0000] "GET /?r9u1d5i0m7e5n6t0514 HTTP/2.0" 500 0 "-" "Mozilla/5.0 (Windows NT 10.0; Win64; x64) AppleWebKit/537.36 (KHTML, like Gecko) Chrome/145.0.0.0 Safari/537.36 (compatible; meta-externalagent/1.1 (+https://developers.facebook.com/docs/sharing/webmasters/crawler))"
20.203.162.73 - - [25/Aug/2026:13:45:41 +0000] "GET /503.php HTTP/2.0" 500 0 "-" "-"
20.203.162.73 - - [25/Aug/2026:13:45:41 +0000] "GET /fxp.php HTTP/2.0" 500 0 "-" "-"
20.203.162.73 - - [25/Aug/2026:13:45:41 +0000] "GET /vv.php HTTP/2.0" 500 0 "-" "-"
2a03:2880:f818:21:: - - [25/Aug/2026:13:45:42 +0000] "GET / HTTP/2.0" 500 0 "-" "facebookexternalhit/1.1 (+http://www.facebook.com/externalhit_uatext.php)"
20.203.162.73 - - [25/Aug/2026:13:45:42 +0000] "GET /bossu.php HTTP/2.0" 500 0 "-" "-"
20.203.162.73 - - [25/Aug/2026:13:45:42 +0000] "GET /504.php HTTP/2.0" 500 0 "-" "-"
20.203.162.73 - - [25/Aug/2026:13:45:42 +0000] "GET /nice.php?p= HTTP/2.0" 500 0 "-" "-"
20.203.162.73 - - [25/Aug/2026:13:45:43 +0000] "GET /beence.php HTTP/2.0" 500 0 "-" "-"
20.203.162.73 - - [25/Aug/2026:13:45:43 +0000] "GET /222.php HTTP/2.0" 500 0 "-" "-"
20.203.162.73 - - [25/Aug/2026:13:45:43 +0000] "GET /ops.php HTTP/2.0" 500 0 "-" "-"
20.203.162.73 - - [25/Aug/2026:13:45:43 +0000] "GET /4PJcpMFsD8B.php HTTP/2.0" 500 0 "-" "-"
20.203.162.73 - - [25/Aug/2026:13:45:44 +0000] "GET /3PJcpMFsD8B.php HTTP/2.0" 500 0 "-" "-"
2a03:2880:f80c:2d:: - - [25/Aug/2026:13:46:42 +0000] "GET / HTTP/2.0" 500 0 "-" "facebookexternalhit/1.1 (+http://www.facebook.com/externalhit_uatext.php)"
2a03:2880:f806:1a:: - - [25/Aug/2026:13:46:47 +0000] "GET /?r7e2f3r6e4s5h6e1d867 HTTP/2.0" 500 0 "-" "Mozilla/5.0 (Macintosh; Intel Mac OS X 10_15_7) AppleWebKit/537.36 (KHTML, like Gecko) Chrome/145.0.0.0 Safari/537.36 (compatible; meta-externalagent/1.1 (+https://developers.facebook.com/docs/sharing/webmasters/crawler))"
2a03:2880:f802:29:: - - [25/Aug/2026:13:47:41 +0000] "GET / HTTP/2.0" 500 0 "-" "facebookexternalhit/1.1 (+http://www.facebook.com/externalhit_uatext.php)"
2a03:2880:f806:c:: - - [25/Aug/2026:13:47:54 +0000] "GET /?p7r2o8g9u1e180623 HTTP/2.0" 500 0 "-" "Mozilla/5.0 (Windows NT 10.0; Win64; x64) AppleWebKit/537.36 (KHTML, like Gecko) Chrome/145.0.0.0 Safari/537.36 Edg/145.0.0.0 (compatible; meta-externalagent/1.1 (+https://developers.facebook.com/docs/sharing/webmasters/crawler))"
2a03:2880:f804:47:: - - [25/Aug/2026:13:48:49 +0000] "GET / HTTP/2.0" 500 0 "-" "facebookexternalhit/1.1 (+http://www.facebook.com/externalhit_uatext.php)"
2a03:2880:f806:3a:: - - [25/Aug/2026:13:49:01 +0000] "GET /?i3n3t2e5r4c4u6t0a6n5e7ous HTTP/2.0" 500 0 "-" "Mozilla/5.0 (Macintosh; Intel Mac OS X 10_15_7) AppleWebKit/537.36 (KHTML, like Gecko) Chrome/145.0.0.0 Safari/537.36 (compatible; meta-externalagent/1.1 (+https://developers.facebook.com/docs/sharing/webmasters/crawler))"
2a03:2880:f806:: - - [25/Aug/2026:13:49:40 +0000] "GET / HTTP/2.0" 500 0 "-" "facebookexternalhit/1.1 (+http://www.facebook.com/externalhit_uatext.php)"
2a03:2880:f806:: - - [25/Aug/2026:13:50:07 +0000] "GET /?a3d3h1e7s3i6v9e6319 HTTP/2.0" 500 0 "-" "Mozilla/5.0 (Windows NT 10.0; Win64; x64) AppleWebKit/537.36 (KHTML, like Gecko) Chrome/145.0.0.0 Safari/537.36 (compatible; meta-externalagent/1.1 (+https://developers.facebook.com/docs/sharing/webmasters/crawler))"
2a03:2880:f806:1f:: - - [25/Aug/2026:13:51:15 +0000] "GET /sitemap-subitem-888.xml HTTP/2.0" 200 5917 "-" "Mozilla/5.0 (Macintosh; Intel Mac OS X 10_15_7) AppleWebKit/537.36 (KHTML, like Gecko) Chrome/145.0.0.0 Safari/537.36 (compatible; meta-webindexer/1.1 (+https://developers.facebook.com/docs/sharing/webmasters/crawler))"
2a03:2880:f810:4e:: - - [25/Aug/2026:13:51:55 +0000] "GET / HTTP/2.0" 500 0 "-" "facebookexternalhit/1.1 (+http://www.facebook.com/externalhit_uatext.php)"
45.4.191.225 - - [25/Aug/2026:13:51:57 +0000] "GET /?v6a1p6i0d8208747 HTTP/2.0" 500 0 "https://www.hyperbarics4u.com/?v6a1p6i0d8208747" "Mozilla/5.0 (iPhone; CPU iPhone OS 16_2 like Mac OS X) AppleWebKit/605.1.15 (KHTML, like Gecko) Version/16.2 Mobile/15E148 Safari/604.1 MicroMessenger/8.0.47(0x18001B3F) NetType/WIFI Language/zh_CN"
2a03:2880:f806:7:: - - [25/Aug/2026:13:52:20 +0000] "GET /?s0i2l4i4c8i4u0m9014 HTTP/2.0" 500 0 "-" "Mozilla/5.0 (Windows NT 10.0; Win64; x64) AppleWebKit/537.36 (KHTML, like Gecko) Chrome/145.0.0.0 Safari/537.36 (compatible; meta-externalagent/1.1 (+https://developers.facebook.com/docs/sharing/webmasters/crawler))"
2a03:2880:f816:52:: - - [25/Aug/2026:13:52:46 +0000] "GET / HTTP/2.0" 500 0 "-" "facebookexternalhit/1.1 (+http://www.facebook.com/externalhit_uatext.php)"
2a03:2880:f806:28:: - - [25/Aug/2026:13:53:01 +0000] "GET /?y1o4k1e5f3e5l3l5o1w04 HTTP/2.0" 500 0 "-" "Mozilla/5.0 (Windows NT 10.0; Win64; x64) AppleWebKit/537.36 (KHTML, like Gecko) Chrome/145.0.0.0 Safari/537.36 (compatible; meta-externalagent/1.1 (+https://developers.facebook.com/docs/sharing/webmasters/crawler))"
2a03:2880:f806:3b:: - - [25/Aug/2026:13:53:05 +0000] "GET /products/detail/78942098753 HTTP/2.0" 500 0 "-" "Mozilla/5.0 (Windows NT 10.0; Win64; x64) AppleWebKit/537.36 (KHTML, like Gecko) Chrome/145.0.0.0 Safari/537.36 (compatible; meta-externalagent/1.1 (+https://developers.facebook.com/docs/sharing/webmasters/crawler))"
2a03:2880:f806:1e:: - - [25/Aug/2026:13:53:10 +0000] "GET /?l4u1t5e2u7s864203 HTTP/2.0" 500 0 "-" "Mozilla/5.0 (Macintosh; Intel Mac OS X 10_15_7) AppleWebKit/537.36 (KHTML, like Gecko) Chrome/145.0.0.0 Safari/537.36 (compatible; meta-externalagent/1.1 (+https://developers.facebook.com/docs/sharing/webmasters/crawler))"
2a03:2880:f806:18:: - - [25/Aug/2026:13:53:16 +0000] "GET /?e6x1c6i6t7i6v6e7980 HTTP/2.0" 500 0 "-" "Mozilla/5.0 (Macintosh; Intel Mac OS X 10_15_7) AppleWebKit/537.36 (KHTML, like Gecko) Chrome/145.0.0.0 Safari/537.36 (compatible; meta-externalagent/1.1 (+https://developers.facebook.com/docs/sharing/webmasters/crawler))"
2a03:2880:f806:3e:: - - [25/Aug/2026:13:53:22 +0000] "GET /?s6h3o3w8m7a5n19667 HTTP/2.0" 500 0 "-" "Mozilla/5.0 (Windows NT 10.0; Win64; x64) AppleWebKit/537.36 (KHTML, like Gecko) Chrome/145.0.0.0 Safari/537.36 (compatible; meta-externalagent/1.1 (+https://developers.facebook.com/docs/sharing/webmasters/crawler))"
2a03:2880:f806:c:: - - [25/Aug/2026:13:53:28 +0000] "GET /?c6a4m0a4r2a6d5e0r0i9e HTTP/2.0" 500 0 "-" "Mozilla/5.0 (Macintosh; Intel Mac OS X 10_15_7) AppleWebKit/537.36 (KHTML, like Gecko) Chrome/145.0.0.0 Safari/537.36 (compatible; meta-externalagent/1.1 (+https://developers.facebook.com/docs/sharing/webmasters/crawler))"
2a03:2880:f806:27:: - - [25/Aug/2026:13:54:35 +0000] "GET /?i6m2m9a3r3g8i4n0a9t8e2 HTTP/2.0" 500 0 "-" "Mozilla/5.0 (Windows NT 10.0; Win64; x64; rv:147.0) Gecko/20100101 Firefox/147.0 (compatible; meta-externalagent/1.1 (+https://developers.facebook.com/docs/sharing/webmasters/crawler))"
2a03:2880:f806:3e:: - - [25/Aug/2026:13:55:41 +0000] "GET /?i5n3d4i7s7s6o3l9u9b0l9eness HTTP/2.0" 500 0 "-" "Mozilla/5.0 (Windows NT 10.0; Win64; x64; rv:147.0) Gecko/20100101 Firefox/147.0 (compatible; meta-externalagent/1.1 (+https://developers.facebook.com/docs/sharing/webmasters/crawler))"
2a03:2880:f812:79:: - - [25/Aug/2026:13:55:49 +0000] "GET / HTTP/2.0" 500 0 "-" "facebookexternalhit/1.1 (+http://www.facebook.com/externalhit_uatext.php)"
2a03:2880:f806:3f:: - - [25/Aug/2026:13:56:48 +0000] "GET /?p6l1a0s0h4e6t79699 HTTP/2.0" 500 0 "-" "Mozilla/5.0 (Windows NT 10.0; Win64; x64) AppleWebKit/537.36 (KHTML, like Gecko) Chrome/145.0.0.0 Safari/537.36 (compatible; meta-externalagent/1.1 (+https://developers.facebook.com/docs/sharing/webmasters/crawler))"
2a03:2880:f806:29:: - - [25/Aug/2026:13:57:55 +0000] "GET /?s2h1a4n9g7h3a2i7e1d47 HTTP/2.0" 500 0 "-" "Mozilla/5.0 (Windows NT 10.0; Win64; x64) AppleWebKit/537.36 (KHTML, like Gecko) Chrome/145.0.0.0 Safari/537.36 (compatible; meta-externalagent/1.1 (+https://developers.facebook.com/docs/sharing/webmasters/crawler))"
2a03:2880:f80c:2d:: - - [25/Aug/2026:13:58:12 +0000] "GET / HTTP/2.0" 500 0 "-" "facebookexternalhit/1.1 (+http://www.facebook.com/externalhit_uatext.php)"
2a03:2880:f808:3d:: - - [25/Aug/2026:13:58:56 +0000] "GET / HTTP/2.0" 500 0 "-" "facebookexternalhit/1.1 (+http://www.facebook.com/externalhit_uatext.php)"
2a03:2880:f806:f:: - - [25/Aug/2026:13:59:00 +0000] "GET /?c4o4u2n3t9e8r3t6u1r4n0 HTTP/2.0" 500 0 "-" "Mozilla/5.0 (Windows NT 10.0; Win64; x64) AppleWebKit/537.36 (KHTML, like Gecko) Chrome/145.0.0.0 Safari/537.36 (compatible; meta-externalagent/1.1 (+https://developers.facebook.com/docs/sharing/webmasters/crawler))"
2a03:2880:f802:29:: - - [25/Aug/2026:13:59:11 +0000] "GET / HTTP/2.0" 500 0 "-" "facebookexternalhit/1.1 (+http://www.facebook.com/externalhit_uatext.php)"
2a03:2880:f806:3e:: - - [25/Aug/2026:14:00:08 +0000] "GET /?c0i3r2c8u0m6v1a2l7l5a1tion HTTP/2.0" 500 0 "-" "Mozilla/5.0 (Windows NT 10.0; Win64; x64) AppleWebKit/537.36 (KHTML, like Gecko) Chrome/145.0.0.0 Safari/537.36 (compatible; meta-externalagent/1.1 (+https://developers.facebook.com/docs/sharing/webmasters/crawler))"
2a03:2880:f806:: - - [25/Aug/2026:14:01:13 +0000] "GET / HTTP/2.0" 500 0 "-" "facebookexternalhit/1.1 (+http://www.facebook.com/externalhit_uatext.php)"
2a03:2880:f806:6:: - - [25/Aug/2026:14:01:14 +0000] "GET /?d0e2c0i9s4i3o9n1s099 HTTP/2.0" 500 0 "-" "Mozilla/5.0 (Macintosh; Intel Mac OS X 10_15_7) AppleWebKit/537.36 (KHTML, like Gecko) Chrome/145.0.0.0 Safari/537.36 (compatible; meta-externalagent/1.1 (+https://developers.facebook.com/docs/sharing/webmasters/crawler))"
2a03:2880:f800:22:: - - [25/Aug/2026:14:02:07 +0000] "GET / HTTP/2.0" 500 0 "-" "facebookexternalhit/1.1 (+http://www.facebook.com/externalhit_uatext.php)"
2a03:2880:f806:3c:: - - [25/Aug/2026:14:02:21 +0000] "GET /?s0y1l0l4a7b1i3s7m838 HTTP/2.0" 500 0 "-" "Mozilla/5.0 (Windows NT 10.0; Win64; x64) AppleWebKit/537.36 (KHTML, like Gecko) Chrome/145.0.0.0 Safari/537.36 (compatible; meta-externalagent/1.1 (+https://developers.facebook.com/docs/sharing/webmasters/crawler))"
2a03:2880:f806:a:: - - [25/Aug/2026:14:03:28 +0000] "GET /?p0e1a3s2e0s96054 HTTP/2.0" 500 0 "-" "Mozilla/5.0 (Windows NT 10.0; Win64; x64) AppleWebKit/537.36 (KHTML, like Gecko) Chrome/145.0.0.0 Safari/537.36 (compatible; meta-externalagent/1.1 (+https://developers.facebook.com/docs/sharing/webmasters/crawler))"
2a03:2880:f816:52:: - - [25/Aug/2026:14:04:23 +0000] "GET / HTTP/2.0" 500 0 "-" "facebookexternalhit/1.1 (+http://www.facebook.com/externalhit_uatext.php)"
2a03:2880:f806:d:: - - [25/Aug/2026:14:04:35 +0000] "GET /?c0e3d0r9e6n8147 HTTP/2.0" 500 0 "-" "Mozilla/5.0 (Macintosh; Intel Mac OS X 10_15_7) AppleWebKit/537.36 (KHTML, like Gecko) Chrome/145.0.0.0 Safari/537.36 (compatible; meta-externalagent/1.1 (+https://developers.facebook.com/docs/sharing/webmasters/crawler))"
2a03:2880:f80e:6e:: - - [25/Aug/2026:14:05:15 +0000] "GET / HTTP/2.0" 500 0 "-" "facebookexternalhit/1.1 (+http://www.facebook.com/externalhit_uatext.php)"
