74.7.243.216 - - [25/Aug/2026:16:41:40 +0000] "GET /products/detail/789529978427 HTTP/2.0" 500 0 "https://hyperbarics4u.com/sitemap680.xml" "Mozilla/5.0 AppleWebKit/537.36 (KHTML, like Gecko; compatible; GPTBot/1.4; +https://openai.com/gptbot)"
2a03:2880:f806:29:: - - [25/Aug/2026:16:41:54 +0000] "GET /?a6d2v0i8s9e28630 HTTP/2.0" 500 0 "-" "Mozilla/5.0 (Windows NT 10.0; Win64; x64) AppleWebKit/537.36 (KHTML, like Gecko) Chrome/144.0.0.0 Safari/537.36 Edg/144.0.0.0 (compatible; meta-externalagent/1.1 (+https://developers.facebook.com/docs/sharing/webmasters/crawler))"
74.7.243.216 - - [25/Aug/2026:16:42:01 +0000] "GET /products/detail/789030178319 HTTP/2.0" 500 0 "https://hyperbarics4u.com/sitemap680.xml" "Mozilla/5.0 AppleWebKit/537.36 (KHTML, like Gecko; compatible; GPTBot/1.4; +https://openai.com/gptbot)"
74.7.243.216 - - [25/Aug/2026:16:42:22 +0000] "GET /products/detail/789532795560 HTTP/2.0" 500 0 "https://hyperbarics4u.com/sitemap680.xml" "Mozilla/5.0 AppleWebKit/537.36 (KHTML, like Gecko; compatible; GPTBot/1.4; +https://openai.com/gptbot)"
74.7.243.216 - - [25/Aug/2026:16:42:42 +0000] "GET /products/detail/789529799570 HTTP/2.0" 500 0 "https://hyperbarics4u.com/sitemap680.xml" "Mozilla/5.0 AppleWebKit/537.36 (KHTML, like Gecko; compatible; GPTBot/1.4; +https://openai.com/gptbot)"
2a03:2880:f80a:12:: - - [25/Aug/2026:16:42:50 +0000] "GET / HTTP/2.0" 500 0 "-" "facebookexternalhit/1.1 (+http://www.facebook.com/externalhit_uatext.php)"
2a03:2880:f806:e:: - - [25/Aug/2026:16:43:01 +0000] "GET /?d5i2s0c6i2p6l6i3n6a2b5leness HTTP/2.0" 500 0 "-" "Mozilla/5.0 (Macintosh; Intel Mac OS X 10_15_7) AppleWebKit/537.36 (KHTML, like Gecko) Chrome/145.0.0.0 Safari/537.36 (compatible; meta-externalagent/1.1 (+https://developers.facebook.com/docs/sharing/webmasters/crawler))"
74.7.243.216 - - [25/Aug/2026:16:43:03 +0000] "GET /products/detail/789033220302 HTTP/2.0" 500 0 "https://hyperbarics4u.com/sitemap680.xml" "Mozilla/5.0 AppleWebKit/537.36 (KHTML, like Gecko; compatible; GPTBot/1.4; +https://openai.com/gptbot)"
51.89.15.50 - - [25/Aug/2026:16:43:10 +0000] "GET /images/images/cache.php HTTP/2.0" 500 0 "-" "Mozilla/5.0 (Macintosh; Intel Mac OS X 10_15_7) AppleWebKit/537.36 (KHTML, like Gecko) Chrome/146.0.0.0 Safari/537.36"
51.89.15.50 - - [25/Aug/2026:16:43:11 +0000] "GET /assets/images/accesson.php HTTP/2.0" 500 0 "-" "Mozilla/5.0 (Macintosh; Intel Mac OS X 10_15_7) AppleWebKit/537.36 (KHTML, like Gecko) Chrome/147.0.0.0 Safari/537.36"
74.7.243.216 - - [25/Aug/2026:16:43:25 +0000] "GET /products/detail/789030234134 HTTP/2.0" 500 0 "https://hyperbarics4u.com/sitemap680.xml" "Mozilla/5.0 AppleWebKit/537.36 (KHTML, like Gecko; compatible; GPTBot/1.4; +https://openai.com/gptbot)"
74.7.243.216 - - [25/Aug/2026:16:43:47 +0000] "GET /products/detail/789435439295 HTTP/2.0" 500 0 "https://hyperbarics4u.com/sitemap680.xml" "Mozilla/5.0 AppleWebKit/537.36 (KHTML, like Gecko; compatible; GPTBot/1.4; +https://openai.com/gptbot)"
74.7.243.216 - - [25/Aug/2026:16:44:08 +0000] "GET /products/detail/789535840784 HTTP/2.0" 500 0 "https://hyperbarics4u.com/sitemap680.xml" "Mozilla/5.0 AppleWebKit/537.36 (KHTML, like Gecko; compatible; GPTBot/1.4; +https://openai.com/gptbot)"
2a03:2880:f806:18:: - - [25/Aug/2026:16:44:09 +0000] "GET /?m8a1c5r9o7p0e7t3a7l2o3us HTTP/2.0" 500 0 "-" "Mozilla/5.0 (Macintosh; Intel Mac OS X 10_15_7) AppleWebKit/537.36 (KHTML, like Gecko) Chrome/145.0.0.0 Safari/537.36 (compatible; meta-externalagent/1.1 (+https://developers.facebook.com/docs/sharing/webmasters/crawler))"
74.7.243.216 - - [25/Aug/2026:16:44:30 +0000] "GET /products/detail/789432273325 HTTP/2.0" 500 0 "https://hyperbarics4u.com/sitemap680.xml" "Mozilla/5.0 AppleWebKit/537.36 (KHTML, like Gecko; compatible; GPTBot/1.4; +https://openai.com/gptbot)"
74.7.243.216 - - [25/Aug/2026:16:44:50 +0000] "GET /products/detail/789432021919 HTTP/2.0" 500 0 "https://hyperbarics4u.com/sitemap680.xml" "Mozilla/5.0 AppleWebKit/537.36 (KHTML, like Gecko; compatible; GPTBot/1.4; +https://openai.com/gptbot)"
74.7.243.216 - - [25/Aug/2026:16:45:11 +0000] "GET /products/detail/789532772274 HTTP/2.0" 500 0 "https://hyperbarics4u.com/sitemap680.xml" "Mozilla/5.0 AppleWebKit/537.36 (KHTML, like Gecko; compatible; GPTBot/1.4; +https://openai.com/gptbot)"
2a03:2880:f806:28:: - - [25/Aug/2026:16:45:14 +0000] "GET /?f3l2u2o6r9i7t6e2356 HTTP/2.0" 500 0 "-" "Mozilla/5.0 (Windows NT 10.0; Win64; x64) AppleWebKit/537.36 (KHTML, like Gecko) Chrome/145.0.0.0 Safari/537.36 (compatible; meta-externalagent/1.1 (+https://developers.facebook.com/docs/sharing/webmasters/crawler))"
74.7.243.216 - - [25/Aug/2026:16:45:33 +0000] "GET /products/detail/789435050802 HTTP/2.0" 500 0 "https://hyperbarics4u.com/sitemap680.xml" "Mozilla/5.0 AppleWebKit/537.36 (KHTML, like Gecko; compatible; GPTBot/1.4; +https://openai.com/gptbot)"
74.7.243.216 - - [25/Aug/2026:16:45:53 +0000] "GET /products/detail/789030343740 HTTP/2.0" 500 0 "https://hyperbarics4u.com/sitemap680.xml" "Mozilla/5.0 AppleWebKit/537.36 (KHTML, like Gecko; compatible; GPTBot/1.4; +https://openai.com/gptbot)"
2a03:2880:f818:52:: - - [25/Aug/2026:16:45:58 +0000] "GET / HTTP/2.0" 500 0 "-" "facebookexternalhit/1.1 (+http://www.facebook.com/externalhit_uatext.php)"
74.7.243.216 - - [25/Aug/2026:16:46:14 +0000] "GET /products/detail/789030392874 HTTP/2.0" 500 0 "https://hyperbarics4u.com/sitemap680.xml" "Mozilla/5.0 AppleWebKit/537.36 (KHTML, like Gecko; compatible; GPTBot/1.4; +https://openai.com/gptbot)"
2a03:2880:f806:35:: - - [25/Aug/2026:16:46:22 +0000] "GET /?p9a4n2o9p1e9u8s1999 HTTP/2.0" 500 0 "-" "Mozilla/5.0 (Macintosh; Intel Mac OS X 10_15_7) AppleWebKit/537.36 (KHTML, like Gecko) Chrome/145.0.0.0 Safari/537.36 (compatible; meta-externalagent/1.1 (+https://developers.facebook.com/docs/sharing/webmasters/crawler))"
74.7.243.216 - - [25/Aug/2026:16:46:35 +0000] "GET /products/detail/789334540240 HTTP/2.0" 500 0 "https://hyperbarics4u.com/sitemap680.xml" "Mozilla/5.0 AppleWebKit/537.36 (KHTML, like Gecko; compatible; GPTBot/1.4; +https://openai.com/gptbot)"
74.7.243.216 - - [25/Aug/2026:16:46:56 +0000] "GET /products/detail/789231331840 HTTP/2.0" 500 0 "https://hyperbarics4u.com/sitemap680.xml" "Mozilla/5.0 AppleWebKit/537.36 (KHTML, like Gecko; compatible; GPTBot/1.4; +https://openai.com/gptbot)"
2a03:2880:f80c:39:: - - [25/Aug/2026:16:46:57 +0000] "GET / HTTP/2.0" 500 0 "-" "facebookexternalhit/1.1 (+http://www.facebook.com/externalhit_uatext.php)"
74.7.243.216 - - [25/Aug/2026:16:47:17 +0000] "GET /products/detail/789331900590 HTTP/2.0" 500 0 "https://hyperbarics4u.com/sitemap680.xml" "Mozilla/5.0 AppleWebKit/537.36 (KHTML, like Gecko; compatible; GPTBot/1.4; +https://openai.com/gptbot)"
2a03:2880:f806:1f:: - - [25/Aug/2026:16:47:27 +0000] "GET /prizes/66924135 HTTP/2.0" 500 0 "-" "Mozilla/5.0 (X11; Linux x86_64) AppleWebKit/537.36 (KHTML, like Gecko) Chrome/145.0.0.0 Safari/537.36 (compatible; meta-externalagent/1.1 (+https://developers.facebook.com/docs/sharing/webmasters/crawler))"
74.7.243.216 - - [25/Aug/2026:16:47:39 +0000] "GET /products/detail/789435449694 HTTP/2.0" 500 0 "https://hyperbarics4u.com/sitemap680.xml" "Mozilla/5.0 AppleWebKit/537.36 (KHTML, like Gecko; compatible; GPTBot/1.4; +https://openai.com/gptbot)"
2a03:2880:f802:9:: - - [25/Aug/2026:16:47:56 +0000] "GET / HTTP/2.0" 500 0 "-" "facebookexternalhit/1.1 (+http://www.facebook.com/externalhit_uatext.php)"
74.7.243.216 - - [25/Aug/2026:16:47:59 +0000] "GET /products/detail/789529911910 HTTP/2.0" 500 0 "https://hyperbarics4u.com/sitemap680.xml" "Mozilla/5.0 AppleWebKit/537.36 (KHTML, like Gecko; compatible; GPTBot/1.4; +https://openai.com/gptbot)"
223.236.152.43 - - [25/Aug/2026:16:48:06 +0000] "GET /blog/page/178/ HTTP/2.0" 500 0 "https://www.hyperbarics4u.com/blog/page/177/" "Mozilla/5.0 (iPhone; CPU iPhone OS 17_2 like Mac OS X) AppleWebKit/605.1.15 (KHTML, like Gecko) Version/17.2 Mobile/15E148 Safari/604.1 MicroMessenger/8.0.39(0x18001B3F) NetType/WIFI Language/zh_CN"
74.7.243.216 - - [25/Aug/2026:16:48:20 +0000] "GET /products/detail/789535648985 HTTP/2.0" 500 0 "https://hyperbarics4u.com/sitemap680.xml" "Mozilla/5.0 AppleWebKit/537.36 (KHTML, like Gecko; compatible; GPTBot/1.4; +https://openai.com/gptbot)"
2a03:2880:f806:27:: - - [25/Aug/2026:16:48:35 +0000] "GET /?r9e3m4e1l1t52293 HTTP/2.0" 500 0 "-" "Mozilla/5.0 (Macintosh; Intel Mac OS X 10_15_7) AppleWebKit/537.36 (KHTML, like Gecko) Chrome/145.0.0.0 Safari/537.36 (compatible; meta-externalagent/1.1 (+https://developers.facebook.com/docs/sharing/webmasters/crawler))"
74.7.243.216 - - [25/Aug/2026:16:48:41 +0000] "GET /products/detail/789231233852 HTTP/2.0" 500 0 "https://hyperbarics4u.com/sitemap680.xml" "Mozilla/5.0 AppleWebKit/537.36 (KHTML, like Gecko; compatible; GPTBot/1.4; +https://openai.com/gptbot)"
74.7.243.216 - - [25/Aug/2026:16:49:03 +0000] "GET /products/detail/789529606025 HTTP/2.0" 500 0 "https://hyperbarics4u.com/sitemap680.xml" "Mozilla/5.0 AppleWebKit/537.36 (KHTML, like Gecko; compatible; GPTBot/1.4; +https://openai.com/gptbot)"
2a03:2880:f804:1f:: - - [25/Aug/2026:16:49:05 +0000] "GET / HTTP/2.0" 500 0 "-" "facebookexternalhit/1.1 (+http://www.facebook.com/externalhit_uatext.php)"
43.130.14.245 - - [25/Aug/2026:16:49:13 +0000] "GET / HTTP/2.0" 500 0 "http://www.hyperbarics4u.com" "Mozilla/5.0 (iPhone; CPU iPhone OS 13_2_3 like Mac OS X) AppleWebKit/605.1.15 (KHTML, like Gecko) Version/13.0.3 Mobile/15E148 Safari/604.1"
74.7.243.216 - - [25/Aug/2026:16:49:23 +0000] "GET /products/detail/789030207835 HTTP/2.0" 500 0 "https://hyperbarics4u.com/sitemap680.xml" "Mozilla/5.0 AppleWebKit/537.36 (KHTML, like Gecko; compatible; GPTBot/1.4; +https://openai.com/gptbot)"
2a03:2880:f806:44:: - - [25/Aug/2026:16:49:41 +0000] "GET /?a0v3e9r7s8i0o6n9927 HTTP/2.0" 500 0 "-" "Mozilla/5.0 (Windows NT 10.0; Win64; x64) AppleWebKit/537.36 (KHTML, like Gecko) Chrome/145.0.0.0 Safari/537.36 (compatible; meta-externalagent/1.1 (+https://developers.facebook.com/docs/sharing/webmasters/crawler))"
74.7.243.216 - - [25/Aug/2026:16:49:44 +0000] "GET /products/detail/789033454900 HTTP/2.0" 500 0 "https://hyperbarics4u.com/sitemap680.xml" "Mozilla/5.0 AppleWebKit/537.36 (KHTML, like Gecko; compatible; GPTBot/1.4; +https://openai.com/gptbot)"
54.39.203.187 - - [25/Aug/2026:16:49:46 +0000] "GET /tag/hbot/feed/ HTTP/2.0" 500 0 "-" "Mozilla/5.0 (compatible; AhrefsBot/7.0; +http://ahrefs.com/robot/)"
2a03:2880:f806:3a:: - - [25/Aug/2026:16:49:56 +0000] "GET / HTTP/2.0" 500 0 "-" "facebookexternalhit/1.1 (+http://www.facebook.com/externalhit_uatext.php)"
74.7.243.216 - - [25/Aug/2026:16:50:05 +0000] "GET /products/detail/789529874652 HTTP/2.0" 500 0 "https://hyperbarics4u.com/sitemap680.xml" "Mozilla/5.0 AppleWebKit/537.36 (KHTML, like Gecko; compatible; GPTBot/1.4; +https://openai.com/gptbot)"
74.7.243.216 - - [25/Aug/2026:16:50:27 +0000] "GET /products/detail/789435253652 HTTP/2.0" 500 0 "https://hyperbarics4u.com/sitemap680.xml" "Mozilla/5.0 AppleWebKit/537.36 (KHTML, like Gecko; compatible; GPTBot/1.4; +https://openai.com/gptbot)"
74.7.243.216 - - [25/Aug/2026:16:50:47 +0000] "GET /products/detail/789529852480 HTTP/2.0" 500 0 "https://hyperbarics4u.com/sitemap680.xml" "Mozilla/5.0 AppleWebKit/537.36 (KHTML, like Gecko; compatible; GPTBot/1.4; +https://openai.com/gptbot)"
2a03:2880:f806:13:: - - [25/Aug/2026:16:50:48 +0000] "GET /prizes/112990852 HTTP/2.0" 500 0 "-" "Mozilla/5.0 (Windows NT 10.0; Win64; x64) AppleWebKit/537.36 (KHTML, like Gecko) Chrome/145.0.0.0 Safari/537.36 (compatible; meta-externalagent/1.1 (+https://developers.facebook.com/docs/sharing/webmasters/crawler))"
74.7.243.216 - - [25/Aug/2026:16:51:09 +0000] "GET /products/detail/789535959430 HTTP/2.0" 500 0 "https://hyperbarics4u.com/sitemap680.xml" "Mozilla/5.0 AppleWebKit/537.36 (KHTML, like Gecko; compatible; GPTBot/1.4; +https://openai.com/gptbot)"
74.7.243.216 - - [25/Aug/2026:16:51:30 +0000] "GET /products/detail/789234492430 HTTP/2.0" 500 0 "https://hyperbarics4u.com/sitemap680.xml" "Mozilla/5.0 AppleWebKit/537.36 (KHTML, like Gecko; compatible; GPTBot/1.4; +https://openai.com/gptbot)"
74.7.243.216 - - [25/Aug/2026:16:51:51 +0000] "GET /products/detail/789529689402 HTTP/2.0" 500 0 "https://hyperbarics4u.com/sitemap680.xml" "Mozilla/5.0 AppleWebKit/537.36 (KHTML, like Gecko; compatible; GPTBot/1.4; +https://openai.com/gptbot)"
2a03:2880:f806:31:: - - [25/Aug/2026:16:51:54 +0000] "GET /?p6l7u7t6o9n5i9c862 HTTP/2.0" 500 0 "-" "Mozilla/5.0 (Windows NT 10.0; Win64; x64) AppleWebKit/537.36 (KHTML, like Gecko) Chrome/145.0.0.0 Safari/537.36 (compatible; meta-externalagent/1.1 (+https://developers.facebook.com/docs/sharing/webmasters/crawler))"
2a03:2880:f810:42:: - - [25/Aug/2026:16:52:12 +0000] "GET / HTTP/2.0" 500 0 "-" "facebookexternalhit/1.1 (+http://www.facebook.com/externalhit_uatext.php)"
74.7.243.216 - - [25/Aug/2026:16:52:13 +0000] "GET /products/detail/789030355902 HTTP/2.0" 500 0 "https://hyperbarics4u.com/sitemap680.xml" "Mozilla/5.0 AppleWebKit/537.36 (KHTML, like Gecko; compatible; GPTBot/1.4; +https://openai.com/gptbot)"
157.55.39.200 - - [25/Aug/2026:16:52:24 +0000] "GET / HTTP/2.0" 200 25918 "-" "Mozilla/5.0 AppleWebKit/537.36 (KHTML, like Gecko; compatible; bingbot/2.0; +http://www.bing.com/bingbot.htm) Chrome/116.0.1938.76 Safari/537.36"
74.7.243.216 - - [25/Aug/2026:16:52:34 +0000] "GET /products/detail/789532929044 HTTP/2.0" 500 0 "https://hyperbarics4u.com/sitemap680.xml" "Mozilla/5.0 AppleWebKit/537.36 (KHTML, like Gecko; compatible; GPTBot/1.4; +https://openai.com/gptbot)"
163.172.214.79 - - [25/Aug/2026:16:52:35 +0000] "GET /index.php?rest_route=/wp/v2/users HTTP/2.0" 500 0 "-" "Mozilla/5.0 zgrab/0.x"
163.172.214.79 - - [25/Aug/2026:16:52:35 +0000] "GET /index.php?rest_route=/wp/v2/users HTTP/2.0" 500 0 "-" "Mozilla/5.0 zgrab/0.x"
74.7.243.216 - - [25/Aug/2026:16:52:55 +0000] "GET /products/detail/789529929619 HTTP/2.0" 500 0 "https://hyperbarics4u.com/sitemap680.xml" "Mozilla/5.0 AppleWebKit/537.36 (KHTML, like Gecko; compatible; GPTBot/1.4; +https://openai.com/gptbot)"
2a03:2880:f806:19:: - - [25/Aug/2026:16:53:01 +0000] "GET /?u0n7d9e3r8p7r1a7i2s8e HTTP/2.0" 500 0 "-" "Mozilla/5.0 (Windows NT 10.0; Win64; x64) AppleWebKit/537.36 (KHTML, like Gecko) Chrome/145.0.0.0 Safari/537.36 (compatible; meta-externalagent/1.1 (+https://developers.facebook.com/docs/sharing/webmasters/crawler))"
2a03:2880:f816:57:: - - [25/Aug/2026:16:53:03 +0000] "GET / HTTP/2.0" 200 25918 "-" "facebookexternalhit/1.1 (+http://www.facebook.com/externalhit_uatext.php)"
74.7.243.216 - - [25/Aug/2026:16:53:17 +0000] "GET /products/detail/789532756795 HTTP/2.0" 500 0 "https://hyperbarics4u.com/sitemap680.xml" "Mozilla/5.0 AppleWebKit/537.36 (KHTML, like Gecko; compatible; GPTBot/1.4; +https://openai.com/gptbot)"
68.67.112.13 - - [25/Aug/2026:16:53:27 +0000] "GET /robots.txt HTTP/2.0" 304 0 "-" "Mozilla/5.0 AppleWebKit/537.36 (KHTML, like Gecko; compatible; YouBot/1.0; +https://docs.you.com/youbot; env:prod) Chrome/142.0.0.0 Safari/537.36"
68.67.112.13 - - [25/Aug/2026:16:53:34 +0000] "GET /?p=2512 HTTP/2.0" 500 0 "-" "Mozilla/5.0 AppleWebKit/537.36 (KHTML, like Gecko; compatible; YouBot/1.0; +https://docs.you.com/youbot; env:prod) Chrome/142.0.0.0 Safari/537.36"
74.7.243.216 - - [25/Aug/2026:16:53:38 +0000] "GET /products/detail/789535905365 HTTP/2.0" 500 0 "https://hyperbarics4u.com/sitemap680.xml" "Mozilla/5.0 AppleWebKit/537.36 (KHTML, like Gecko; compatible; GPTBot/1.4; +https://openai.com/gptbot)"
52.0.41.164 - - [25/Aug/2026:16:53:55 +0000] "GET /t-shirts HTTP/2.0" 500 0 "-" "Mozilla/5.0 AppleWebKit/537.36 (KHTML, like Gecko; compatible; Amazonbot/0.1; +https://developer.amazon.com/support/amazonbot) Chrome/119.0.6045.214 Safari/537.36"
74.7.243.216 - - [25/Aug/2026:16:53:58 +0000] "GET /products/detail/789535627854 HTTP/2.0" 500 0 "https://hyperbarics4u.com/sitemap680.xml" "Mozilla/5.0 AppleWebKit/537.36 (KHTML, like Gecko; compatible; GPTBot/1.4; +https://openai.com/gptbot)"
2a03:2880:f806:23:: - - [25/Aug/2026:16:54:08 +0000] "GET /?p0h1l7e0g9e5t0h6o9n9tius HTTP/2.0" 500 0 "-" "Mozilla/5.0 (Windows NT 10.0; Win64; x64) AppleWebKit/537.36 (KHTML, like Gecko) Chrome/145.0.0.0 Safari/537.36 (compatible; meta-externalagent/1.1 (+https://developers.facebook.com/docs/sharing/webmasters/crawler))"
74.7.243.216 - - [25/Aug/2026:16:54:20 +0000] "GET /products/detail/789535659564 HTTP/2.0" 500 0 "https://hyperbarics4u.com/sitemap680.xml" "Mozilla/5.0 AppleWebKit/537.36 (KHTML, like Gecko; compatible; GPTBot/1.4; +https://openai.com/gptbot)"
74.7.243.216 - - [25/Aug/2026:16:54:42 +0000] "GET /products/detail/789030327650 HTTP/2.0" 500 0 "https://hyperbarics4u.com/sitemap680.xml" "Mozilla/5.0 AppleWebKit/537.36 (KHTML, like Gecko; compatible; GPTBot/1.4; +https://openai.com/gptbot)"
107.20.181.148 - - [25/Aug/2026:16:54:47 +0000] "GET /magnets HTTP/2.0" 500 0 "-" "Mozilla/5.0 AppleWebKit/537.36 (KHTML, like Gecko; compatible; Amazonbot/0.1; +https://developer.amazon.com/support/amazonbot) Chrome/119.0.6045.214 Safari/537.36"
74.7.243.216 - - [25/Aug/2026:16:55:04 +0000] "GET /products/detail/789432294802 HTTP/2.0" 500 0 "https://hyperbarics4u.com/sitemap680.xml" "Mozilla/5.0 AppleWebKit/537.36 (KHTML, like Gecko; compatible; GPTBot/1.4; +https://openai.com/gptbot)"
2a03:2880:f806:39:: - - [25/Aug/2026:16:55:15 +0000] "GET /?k7h2a3l9i5f398756 HTTP/2.0" 500 0 "-" "Mozilla/5.0 (Windows NT 10.0; Win64; x64) AppleWebKit/537.36 (KHTML, like Gecko) Chrome/145.0.0.0 Safari/537.36 (compatible; meta-externalagent/1.1 (+https://developers.facebook.com/docs/sharing/webmasters/crawler))"
23.23.212.212 - - [25/Aug/2026:16:55:19 +0000] "GET /stores/bipoc-artists HTTP/2.0" 500 0 "-" "Mozilla/5.0 AppleWebKit/537.36 (KHTML, like Gecko; compatible; Amazonbot/0.1; +https://developer.amazon.com/support/amazonbot) Chrome/119.0.6045.214 Safari/537.36"
74.7.243.216 - - [25/Aug/2026:16:55:25 +0000] "GET /products/detail/789529755029 HTTP/2.0" 500 0 "https://hyperbarics4u.com/sitemap680.xml" "Mozilla/5.0 AppleWebKit/537.36 (KHTML, like Gecko; compatible; GPTBot/1.4; +https://openai.com/gptbot)"
188.169.164.24 - - [25/Aug/2026:16:55:29 +0000] "GET /?y6a4t1a6g1h4a5n5943 HTTP/2.0" 500 0 "https://www.hyperbarics4u.com/?y6a4t1a6g1h4a5n5943" "Mozilla/5.0 (iPhone; CPU iPhone OS 16_3 like Mac OS X) AppleWebKit/605.1.15 (KHTML, like Gecko) Version/16.3 Mobile/15E148 Safari/604.1"
74.7.243.216 - - [25/Aug/2026:16:55:45 +0000] "GET /products/detail/789030460402 HTTP/2.0" 500 0 "https://hyperbarics4u.com/sitemap680.xml" "Mozilla/5.0 AppleWebKit/537.36 (KHTML, like Gecko; compatible; GPTBot/1.4; +https://openai.com/gptbot)"
74.7.243.216 - - [25/Aug/2026:16:56:05 +0000] "GET /products/detail/789529733852 HTTP/2.0" 500 0 "https://hyperbarics4u.com/sitemap680.xml" "Mozilla/5.0 AppleWebKit/537.36 (KHTML, like Gecko; compatible; GPTBot/1.4; +https://openai.com/gptbot)"
2a03:2880:f812:2:: - - [25/Aug/2026:16:56:07 +0000] "GET / HTTP/2.0" 200 25918 "-" "facebookexternalhit/1.1 (+http://www.facebook.com/externalhit_uatext.php)"
2a03:2880:f806:b:: - - [25/Aug/2026:16:56:21 +0000] "GET /?s9p3a1s8m6o9d9i8c7a6l9ly HTTP/2.0" 500 0 "-" "Mozilla/5.0 (Windows NT 10.0; Win64; x64) AppleWebKit/537.36 (KHTML, like Gecko) Chrome/145.0.0.0 Safari/537.36 (compatible; meta-externalagent/1.1 (+https://developers.facebook.com/docs/sharing/webmasters/crawler))"
74.7.243.216 - - [25/Aug/2026:16:56:27 +0000] "GET /products/detail/789535970270 HTTP/2.0" 500 0 "https://hyperbarics4u.com/sitemap680.xml" "Mozilla/5.0 AppleWebKit/537.36 (KHTML, like Gecko; compatible; GPTBot/1.4; +https://openai.com/gptbot)"
74.7.243.216 - - [25/Aug/2026:16:56:49 +0000] "GET /products/detail/789030430575 HTTP/2.0" 500 0 "https://hyperbarics4u.com/sitemap680.xml" "Mozilla/5.0 AppleWebKit/537.36 (KHTML, like Gecko; compatible; GPTBot/1.4; +https://openai.com/gptbot)"
74.7.243.216 - - [25/Aug/2026:16:57:09 +0000] "GET /products/detail/789432132215 HTTP/2.0" 500 0 "https://hyperbarics4u.com/sitemap680.xml" "Mozilla/5.0 AppleWebKit/537.36 (KHTML, like Gecko; compatible; GPTBot/1.4; +https://openai.com/gptbot)"
2a03:2880:f806:6:: - - [25/Aug/2026:16:57:28 +0000] "GET /?d0i3l9u0t7e1n4e2s9s47 HTTP/2.0" 500 0 "-" "Mozilla/5.0 (Macintosh; Intel Mac OS X 10_15_7) AppleWebKit/537.36 (KHTML, like Gecko) Chrome/145.0.0.0 Safari/537.36 (compatible; meta-externalagent/1.1 (+https://developers.facebook.com/docs/sharing/webmasters/crawler))"
74.7.243.216 - - [25/Aug/2026:16:57:31 +0000] "GET /products/detail/789030100120 HTTP/2.0" 500 0 "https://hyperbarics4u.com/sitemap680.xml" "Mozilla/5.0 AppleWebKit/537.36 (KHTML, like Gecko; compatible; GPTBot/1.4; +https://openai.com/gptbot)"
74.7.243.216 - - [25/Aug/2026:16:57:52 +0000] "GET /products/detail/789529717885 HTTP/2.0" 500 0 "https://hyperbarics4u.com/sitemap680.xml" "Mozilla/5.0 AppleWebKit/537.36 (KHTML, like Gecko; compatible; GPTBot/1.4; +https://openai.com/gptbot)"
74.7.243.216 - - [25/Aug/2026:16:58:13 +0000] "GET /products/detail/789030490670 HTTP/2.0" 500 0 "https://hyperbarics4u.com/sitemap680.xml" "Mozilla/5.0 AppleWebKit/537.36 (KHTML, like Gecko; compatible; GPTBot/1.4; +https://openai.com/gptbot)"
2a03:2880:f80c:39:: - - [25/Aug/2026:16:58:30 +0000] "GET / HTTP/2.0" 500 0 "-" "facebookexternalhit/1.1 (+http://www.facebook.com/externalhit_uatext.php)"
74.7.243.216 - - [25/Aug/2026:16:58:34 +0000] "GET /products/detail/789432202320 HTTP/2.0" 500 0 "https://hyperbarics4u.com/sitemap680.xml" "Mozilla/5.0 AppleWebKit/537.36 (KHTML, like Gecko; compatible; GPTBot/1.4; +https://openai.com/gptbot)"
2a03:2880:f806:2e:: - - [25/Aug/2026:16:58:35 +0000] "GET /?n0e2g8i3n6o9t3h1154 HTTP/2.0" 500 0 "-" "Mozilla/5.0 (Macintosh; Intel Mac OS X 10_15_7) AppleWebKit/537.36 (KHTML, like Gecko) Chrome/145.0.0.0 Safari/537.36 (compatible; meta-externalagent/1.1 (+https://developers.facebook.com/docs/sharing/webmasters/crawler))"
74.7.243.216 - - [25/Aug/2026:16:58:56 +0000] "GET /products/detail/789532702902 HTTP/2.0" 500 0 "https://hyperbarics4u.com/sitemap680.xml" "Mozilla/5.0 AppleWebKit/537.36 (KHTML, like Gecko; compatible; GPTBot/1.4; +https://openai.com/gptbot)"
2a03:2880:f808:2c:: - - [25/Aug/2026:16:59:17 +0000] "GET / HTTP/2.0" 200 25918 "-" "facebookexternalhit/1.1 (+http://www.facebook.com/externalhit_uatext.php)"
74.7.243.216 - - [25/Aug/2026:16:59:17 +0000] "GET /products/detail/789030335677 HTTP/2.0" 500 0 "https://hyperbarics4u.com/sitemap680.xml" "Mozilla/5.0 AppleWebKit/537.36 (KHTML, like Gecko; compatible; GPTBot/1.4; +https://openai.com/gptbot)"
2a03:2880:f802:9:: - - [25/Aug/2026:16:59:30 +0000] "GET / HTTP/2.0" 500 0 "-" "facebookexternalhit/1.1 (+http://www.facebook.com/externalhit_uatext.php)"
74.7.243.216 - - [25/Aug/2026:16:59:38 +0000] "GET /products/detail/789130792790 HTTP/2.0" 500 0 "https://hyperbarics4u.com/sitemap680.xml" "Mozilla/5.0 AppleWebKit/537.36 (KHTML, like Gecko; compatible; GPTBot/1.4; +https://openai.com/gptbot)"
2a03:2880:f806:30:: - - [25/Aug/2026:16:59:41 +0000] "GET /?q6u3i2n2o7g7e7n1095 HTTP/2.0" 500 0 "-" "Mozilla/5.0 (Windows NT 10.0; Win64; x64) AppleWebKit/537.36 (KHTML, like Gecko) Chrome/145.0.0.0 Safari/537.36 (compatible; meta-externalagent/1.1 (+https://developers.facebook.com/docs/sharing/webmasters/crawler))"
74.7.243.216 - - [25/Aug/2026:16:59:58 +0000] "GET /products/detail/789331566464 HTTP/2.0" 500 0 "https://hyperbarics4u.com/sitemap680.xml" "Mozilla/5.0 AppleWebKit/537.36 (KHTML, like Gecko; compatible; GPTBot/1.4; +https://openai.com/gptbot)"
74.7.243.216 - - [25/Aug/2026:17:00:19 +0000] "GET /products/detail/789231314359 HTTP/2.0" 500 0 "https://hyperbarics4u.com/sitemap680.xml" "Mozilla/5.0 AppleWebKit/537.36 (KHTML, like Gecko; compatible; GPTBot/1.4; +https://openai.com/gptbot)"
74.7.243.216 - - [25/Aug/2026:17:00:41 +0000] "GET /products/detail/789529629477 HTTP/2.0" 500 0 "https://hyperbarics4u.com/sitemap680.xml" "Mozilla/5.0 AppleWebKit/537.36 (KHTML, like Gecko; compatible; GPTBot/1.4; +https://openai.com/gptbot)"
2a03:2880:f806:8:: - - [25/Aug/2026:17:00:55 +0000] "GET /products/detail/789246123612 HTTP/2.0" 500 0 "-" "Mozilla/5.0 (Windows NT 10.0; Win64; x64) AppleWebKit/537.36 (KHTML, like Gecko) Chrome/145.0.0.0 Safari/537.36 (compatible; meta-externalagent/1.1 (+https://developers.facebook.com/docs/sharing/webmasters/crawler))"
74.7.243.216 - - [25/Aug/2026:17:01:01 +0000] "GET /products/detail/789133837810 HTTP/2.0" 500 0 "https://hyperbarics4u.com/sitemap680.xml" "Mozilla/5.0 AppleWebKit/537.36 (KHTML, like Gecko; compatible; GPTBot/1.4; +https://openai.com/gptbot)"
74.7.243.216 - - [25/Aug/2026:17:01:23 +0000] "GET /products/detail/789231034934 HTTP/2.0" 500 0 "https://hyperbarics4u.com/sitemap680.xml" "Mozilla/5.0 AppleWebKit/537.36 (KHTML, like Gecko; compatible; GPTBot/1.4; +https://openai.com/gptbot)"
2a03:2880:f806:3a:: - - [25/Aug/2026:17:01:34 +0000] "GET / HTTP/2.0" 500 0 "-" "facebookexternalhit/1.1 (+http://www.facebook.com/externalhit_uatext.php)"
74.7.243.216 - - [25/Aug/2026:17:01:44 +0000] "GET /products/detail/789529602552 HTTP/2.0" 500 0 "https://hyperbarics4u.com/sitemap680.xml" "Mozilla/5.0 AppleWebKit/537.36 (KHTML, like Gecko; compatible; GPTBot/1.4; +https://openai.com/gptbot)"
2a03:2880:f806:9:: - - [25/Aug/2026:17:01:55 +0000] "GET /prizes/37901943 HTTP/2.0" 500 0 "-" "Mozilla/5.0 (Windows NT 10.0; Win64; x64) AppleWebKit/537.36 (KHTML, like Gecko) Chrome/145.0.0.0 Safari/537.36 (compatible; meta-externalagent/1.1 (+https://developers.facebook.com/docs/sharing/webmasters/crawler))"
74.7.243.216 - - [25/Aug/2026:17:02:05 +0000] "GET /products/detail/789435294654 HTTP/2.0" 500 0 "https://hyperbarics4u.com/sitemap680.xml" "Mozilla/5.0 AppleWebKit/537.36 (KHTML, like Gecko; compatible; GPTBot/1.4; +https://openai.com/gptbot)"
74.7.243.216 - - [25/Aug/2026:17:02:27 +0000] "GET /products/detail/789130634654 HTTP/2.0" 500 0 "https://hyperbarics4u.com/sitemap680.xml" "Mozilla/5.0 AppleWebKit/537.36 (KHTML, like Gecko; compatible; GPTBot/1.4; +https://openai.com/gptbot)"
2a03:2880:f800:30:: - - [25/Aug/2026:17:02:28 +0000] "GET / HTTP/2.0" 200 25918 "-" "facebookexternalhit/1.1 (+http://www.facebook.com/externalhit_uatext.php)"
74.7.243.216 - - [25/Aug/2026:17:02:48 +0000] "GET /products/detail/789432015102 HTTP/2.0" 500 0 "https://hyperbarics4u.com/sitemap680.xml" "Mozilla/5.0 AppleWebKit/537.36 (KHTML, like Gecko; compatible; GPTBot/1.4; +https://openai.com/gptbot)"
209.87.169.204 - - [25/Aug/2026:17:02:54 +0000] "GET /wp-login.php HTTP/2.0" 403 146 "-" "Mozilla/5.0 (Windows NT 10.0; Win64; rv:143.0) Gecko/20100101 Firefox/143.0"
2a03:2880:f806:15:: - - [25/Aug/2026:17:03:02 +0000] "GET /?t7r1i1c6r1o2t8i0s7m26 HTTP/2.0" 500 0 "-" "Mozilla/5.0 (Macintosh; Intel Mac OS X 10_15_7) AppleWebKit/537.36 (KHTML, like Gecko) Chrome/145.0.0.0 Safari/537.36 (compatible; meta-externalagent/1.1 (+https://developers.facebook.com/docs/sharing/webmasters/crawler))"
74.7.243.216 - - [25/Aug/2026:17:03:08 +0000] "GET /products/detail/789231302750 HTTP/2.0" 500 0 "https://hyperbarics4u.com/sitemap680.xml" "Mozilla/5.0 AppleWebKit/537.36 (KHTML, like Gecko; compatible; GPTBot/1.4; +https://openai.com/gptbot)"
74.7.243.216 - - [25/Aug/2026:17:03:28 +0000] "GET /products/detail/789130924285 HTTP/2.0" 500 0 "https://hyperbarics4u.com/sitemap680.xml" "Mozilla/5.0 AppleWebKit/537.36 (KHTML, like Gecko; compatible; GPTBot/1.4; +https://openai.com/gptbot)"
74.7.243.216 - - [25/Aug/2026:17:03:49 +0000] "GET /products/detail/789432266184 HTTP/2.0" 500 0 "https://hyperbarics4u.com/sitemap680.xml" "Mozilla/5.0 AppleWebKit/537.36 (KHTML, like Gecko; compatible; GPTBot/1.4; +https://openai.com/gptbot)"
2a03:2880:f806:1:: - - [25/Aug/2026:17:04:08 +0000] "GET /prizes/249512185 HTTP/2.0" 500 0 "-" "Mozilla/5.0 (Windows NT 10.0; Win64; x64) AppleWebKit/537.36 (KHTML, like Gecko) Chrome/145.0.0.0 Safari/537.36 (compatible; meta-externalagent/1.1 (+https://developers.facebook.com/docs/sharing/webmasters/crawler))"
74.7.243.216 - - [25/Aug/2026:17:04:09 +0000] "GET /products/detail/789133891375 HTTP/2.0" 500 0 "https://hyperbarics4u.com/sitemap680.xml" "Mozilla/5.0 AppleWebKit/537.36 (KHTML, like Gecko; compatible; GPTBot/1.4; +https://openai.com/gptbot)"
74.7.243.216 - - [25/Aug/2026:17:04:31 +0000] "GET /products/detail/789030303785 HTTP/2.0" 500 0 "https://hyperbarics4u.com/sitemap680.xml" "Mozilla/5.0 AppleWebKit/537.36 (KHTML, like Gecko; compatible; GPTBot/1.4; +https://openai.com/gptbot)"
2a03:2880:f816:57:: - - [25/Aug/2026:17:04:46 +0000] "GET / HTTP/2.0" 500 0 "-" "facebookexternalhit/1.1 (+http://www.facebook.com/externalhit_uatext.php)"
74.7.243.216 - - [25/Aug/2026:17:04:52 +0000] "GET /products/detail/789033412490 HTTP/2.0" 500 0 "https://hyperbarics4u.com/sitemap680.xml" "Mozilla/5.0 AppleWebKit/537.36 (KHTML, like Gecko; compatible; GPTBot/1.4; +https://openai.com/gptbot)"
74.7.243.216 - - [25/Aug/2026:17:05:14 +0000] "GET /products/detail/789334521089 HTTP/2.0" 500 0 "https://hyperbarics4u.com/sitemap680.xml" "Mozilla/5.0 AppleWebKit/537.36 (KHTML, like Gecko; compatible; GPTBot/1.4; +https://openai.com/gptbot)"
2a03:2880:f806:2a:: - - [25/Aug/2026:17:05:15 +0000] "GET /?d8i2s2e7m2b5o4s8s2o7m0 HTTP/2.0" 500 0 "-" "Mozilla/5.0 (Windows NT 10.0; Win64; x64) AppleWebKit/537.36 (KHTML, like Gecko) Chrome/145.0.0.0 Safari/537.36 (compatible; meta-externalagent/1.1 (+https://developers.facebook.com/docs/sharing/webmasters/crawler))"
74.7.243.216 - - [25/Aug/2026:17:05:35 +0000] "GET /products/detail/789130548052 HTTP/2.0" 500 0 "https://hyperbarics4u.com/sitemap680.xml" "Mozilla/5.0 AppleWebKit/537.36 (KHTML, like Gecko; compatible; GPTBot/1.4; +https://openai.com/gptbot)"
2a03:2880:f80e:45:: - - [25/Aug/2026:17:05:40 +0000] "GET / HTTP/2.0" 200 25918 "-" "facebookexternalhit/1.1 (+http://www.facebook.com/externalhit_uatext.php)"
74.7.243.216 - - [25/Aug/2026:17:05:57 +0000] "GET /products/detail/789130606955 HTTP/2.0" 500 0 "https://hyperbarics4u.com/sitemap680.xml" "Mozilla/5.0 AppleWebKit/537.36 (KHTML, like Gecko; compatible; GPTBot/1.4; +https://openai.com/gptbot)"
74.7.243.216 - - [25/Aug/2026:17:06:18 +0000] "GET /products/detail/789535916160 HTTP/2.0" 500 0 "https://hyperbarics4u.com/sitemap680.xml" "Mozilla/5.0 AppleWebKit/537.36 (KHTML, like Gecko; compatible; GPTBot/1.4; +https://openai.com/gptbot)"
2a03:2880:f806:2:: - - [25/Aug/2026:17:06:22 +0000] "GET /?o4n1t3a9r8i8e6n0s9i2s3 HTTP/2.0" 500 0 "-" "Mozilla/5.0 (Windows NT 10.0; Win64; x64) AppleWebKit/537.36 (KHTML, like Gecko) Chrome/145.0.0.0 Safari/537.36 (compatible; meta-externalagent/1.1 (+https://developers.facebook.com/docs/sharing/webmasters/crawler))"
74.7.243.216 - - [25/Aug/2026:17:06:39 +0000] "GET /products/detail/789435284390 HTTP/2.0" 500 0 "https://hyperbarics4u.com/sitemap680.xml" "Mozilla/5.0 AppleWebKit/537.36 (KHTML, like Gecko; compatible; GPTBot/1.4; +https://openai.com/gptbot)"
74.7.243.216 - - [25/Aug/2026:17:07:00 +0000] "GET /products/detail/789130539125 HTTP/2.0" 500 0 "https://hyperbarics4u.com/sitemap680.xml" "Mozilla/5.0 AppleWebKit/537.36 (KHTML, like Gecko; compatible; GPTBot/1.4; +https://openai.com/gptbot)"
74.7.243.216 - - [25/Aug/2026:17:07:22 +0000] "GET /products/detail/789130695780 HTTP/2.0" 500 0 "https://hyperbarics4u.com/sitemap680.xml" "Mozilla/5.0 AppleWebKit/537.36 (KHTML, like Gecko; compatible; GPTBot/1.4; +https://openai.com/gptbot)"
2a03:2880:f806:17:: - - [25/Aug/2026:17:07:28 +0000] "GET /products/detail/78934575655 HTTP/2.0" 500 0 "-" "Mozilla/5.0 (Macintosh; Intel Mac OS X 10_15_7) AppleWebKit/537.36 (KHTML, like Gecko) Chrome/145.0.0.0 Safari/537.36 (compatible; meta-externalagent/1.1 (+https://developers.facebook.com/docs/sharing/webmasters/crawler))"
74.7.243.216 - - [25/Aug/2026:17:07:44 +0000] "GET /products/detail/789036101052 HTTP/2.0" 500 0 "https://hyperbarics4u.com/sitemap680.xml" "Mozilla/5.0 AppleWebKit/537.36 (KHTML, like Gecko; compatible; GPTBot/1.4; +https://openai.com/gptbot)"
2a03:2880:f812:2:: - - [25/Aug/2026:17:07:58 +0000] "GET / HTTP/2.0" 500 0 "-" "facebookexternalhit/1.1 (+http://www.facebook.com/externalhit_uatext.php)"
74.7.243.216 - - [25/Aug/2026:17:08:04 +0000] "GET /products/detail/789435428905 HTTP/2.0" 500 0 "https://hyperbarics4u.com/sitemap680.xml" "Mozilla/5.0 AppleWebKit/537.36 (KHTML, like Gecko; compatible; GPTBot/1.4; +https://openai.com/gptbot)"
74.7.243.216 - - [25/Aug/2026:17:08:25 +0000] "GET /products/detail/789435274135 HTTP/2.0" 500 0 "https://hyperbarics4u.com/sitemap680.xml" "Mozilla/5.0 AppleWebKit/537.36 (KHTML, like Gecko; compatible; GPTBot/1.4; +https://openai.com/gptbot)"
2a03:2880:f806:19:: - - [25/Aug/2026:17:08:34 +0000] "GET /?m0i3n2g9l4i4n9g5004 HTTP/2.0" 500 0 "-" "Mozilla/5.0 (Macintosh; Intel Mac OS X 10_15_7) AppleWebKit/537.36 (KHTML, like Gecko) Chrome/145.0.0.0 Safari/537.36 (compatible; meta-externalagent/1.1 (+https://developers.facebook.com/docs/sharing/webmasters/crawler))"
74.7.243.216 - - [25/Aug/2026:17:08:46 +0000] "GET /products/detail/789532897402 HTTP/2.0" 500 0 "https://hyperbarics4u.com/sitemap680.xml" "Mozilla/5.0 AppleWebKit/537.36 (KHTML, like Gecko; compatible; GPTBot/1.4; +https://openai.com/gptbot)"
74.7.243.216 - - [25/Aug/2026:17:09:07 +0000] "GET /products/detail/789532764530 HTTP/2.0" 500 0 "https://hyperbarics4u.com/sitemap680.xml" "Mozilla/5.0 AppleWebKit/537.36 (KHTML, like Gecko; compatible; GPTBot/1.4; +https://openai.com/gptbot)"
74.7.243.216 - - [25/Aug/2026:17:09:28 +0000] "GET /products/detail/789334578650 HTTP/2.0" 500 0 "https://hyperbarics4u.com/sitemap680.xml" "Mozilla/5.0 AppleWebKit/537.36 (KHTML, like Gecko; compatible; GPTBot/1.4; +https://openai.com/gptbot)"
2a03:2880:f806:27:: - - [25/Aug/2026:17:09:41 +0000] "GET /?l7e7t8h3e905288 HTTP/2.0" 500 0 "-" "Mozilla/5.0 (Macintosh; Intel Mac OS X 10_15_7) AppleWebKit/537.36 (KHTML, like Gecko) Chrome/145.0.0.0 Safari/537.36 (compatible; meta-externalagent/1.1 (+https://developers.facebook.com/docs/sharing/webmasters/crawler))"
74.7.243.216 - - [25/Aug/2026:17:09:49 +0000] "GET /products/detail/789036024605 HTTP/2.0" 500 0 "https://hyperbarics4u.com/sitemap680.xml" "Mozilla/5.0 AppleWebKit/537.36 (KHTML, like Gecko; compatible; GPTBot/1.4; +https://openai.com/gptbot)"
74.7.243.216 - - [25/Aug/2026:17:10:10 +0000] "GET /products/detail/789036321902 HTTP/2.0" 500 0 "https://hyperbarics4u.com/sitemap680.xml" "Mozilla/5.0 AppleWebKit/537.36 (KHTML, like Gecko; compatible; GPTBot/1.4; +https://openai.com/gptbot)"
74.7.243.216 - - [25/Aug/2026:17:10:31 +0000] "GET /products/detail/789334782665 HTTP/2.0" 500 0 "https://hyperbarics4u.com/sitemap680.xml" "Mozilla/5.0 AppleWebKit/537.36 (KHTML, like Gecko; compatible; GPTBot/1.4; +https://openai.com/gptbot)"
2a03:2880:f806:27:: - - [25/Aug/2026:17:10:47 +0000] "GET /?g9r4e2a0s4e9d00801 HTTP/2.0" 500 0 "-" "Mozilla/5.0 (Windows NT 10.0; Win64; x64) AppleWebKit/537.36 (KHTML, like Gecko) Chrome/145.0.0.0 Safari/537.36 (compatible; meta-externalagent/1.1 (+https://developers.facebook.com/docs/sharing/webmasters/crawler))"
74.7.243.216 - - [25/Aug/2026:17:10:52 +0000] "GET /products/detail/789030253189 HTTP/2.0" 500 0 "https://hyperbarics4u.com/sitemap680.xml" "Mozilla/5.0 AppleWebKit/537.36 (KHTML, like Gecko; compatible; GPTBot/1.4; +https://openai.com/gptbot)"
74.7.243.216 - - [25/Aug/2026:17:11:13 +0000] "GET /products/detail/789130616152 HTTP/2.0" 500 0 "https://hyperbarics4u.com/sitemap680.xml" "Mozilla/5.0 AppleWebKit/537.36 (KHTML, like Gecko; compatible; GPTBot/1.4; +https://openai.com/gptbot)"
74.7.243.216 - - [25/Aug/2026:17:11:35 +0000] "GET /products/detail/789331616284 HTTP/2.0" 500 0 "https://hyperbarics4u.com/sitemap680.xml" "Mozilla/5.0 AppleWebKit/537.36 (KHTML, like Gecko; compatible; GPTBot/1.4; +https://openai.com/gptbot)"
2a03:2880:f806:26:: - - [25/Aug/2026:17:11:55 +0000] "GET /?p5l1a9n6t5a9i3n763 HTTP/2.0" 500 0 "-" "Mozilla/5.0 (Windows NT 10.0; Win64; x64) AppleWebKit/537.36 (KHTML, like Gecko) Chrome/145.0.0.0 Safari/537.36 (compatible; meta-externalagent/1.1 (+https://developers.facebook.com/docs/sharing/webmasters/crawler))"
74.7.243.216 - - [25/Aug/2026:17:11:55 +0000] "GET /products/detail/789130530234 HTTP/2.0" 500 0 "https://hyperbarics4u.com/sitemap680.xml" "Mozilla/5.0 AppleWebKit/537.36 (KHTML, like Gecko; compatible; GPTBot/1.4; +https://openai.com/gptbot)"
74.7.243.216 - - [25/Aug/2026:17:12:17 +0000] "GET /products/detail/789231051065 HTTP/2.0" 500 0 "https://hyperbarics4u.com/sitemap680.xml" "Mozilla/5.0 AppleWebKit/537.36 (KHTML, like Gecko; compatible; GPTBot/1.4; +https://openai.com/gptbot)"
74.7.243.216 - - [25/Aug/2026:17:12:38 +0000] "GET /products/detail/789133784569 HTTP/2.0" 500 0 "https://hyperbarics4u.com/sitemap680.xml" "Mozilla/5.0 AppleWebKit/537.36 (KHTML, like Gecko; compatible; GPTBot/1.4; +https://openai.com/gptbot)"
74.7.243.216 - - [25/Aug/2026:17:13:00 +0000] "GET /products/detail/789529752640 HTTP/2.0" 500 0 "https://hyperbarics4u.com/sitemap680.xml" "Mozilla/5.0 AppleWebKit/537.36 (KHTML, like Gecko; compatible; GPTBot/1.4; +https://openai.com/gptbot)"
2a03:2880:f806:29:: - - [25/Aug/2026:17:13:02 +0000] "GET /prizes/305316923 HTTP/2.0" 500 0 "-" "Mozilla/5.0 (Windows NT 10.0; Win64; x64) AppleWebKit/537.36 (KHTML, like Gecko) Chrome/145.0.0.0 Safari/537.36 (compatible; meta-externalagent/1.1 (+https://developers.facebook.com/docs/sharing/webmasters/crawler))"
74.7.243.216 - - [25/Aug/2026:17:13:21 +0000] "GET /products/detail/789231239544 HTTP/2.0" 500 0 "https://hyperbarics4u.com/sitemap680.xml" "Mozilla/5.0 AppleWebKit/537.36 (KHTML, like Gecko; compatible; GPTBot/1.4; +https://openai.com/gptbot)"
74.7.243.216 - - [25/Aug/2026:17:13:41 +0000] "GET /products/detail/789130521379 HTTP/2.0" 500 0 "https://hyperbarics4u.com/sitemap680.xml" "Mozilla/5.0 AppleWebKit/537.36 (KHTML, like Gecko; compatible; GPTBot/1.4; +https://openai.com/gptbot)"
74.7.243.216 - - [25/Aug/2026:17:14:01 +0000] "GET /products/detail/789435202602 HTTP/2.0" 500 0 "https://hyperbarics4u.com/sitemap680.xml" "Mozilla/5.0 AppleWebKit/537.36 (KHTML, like Gecko; compatible; GPTBot/1.4; +https://openai.com/gptbot)"
2a03:2880:f806:14:: - - [25/Aug/2026:17:14:07 +0000] "GET /?t3e6m3p4l0e13655 HTTP/2.0" 500 0 "-" "Mozilla/5.0 (Macintosh; Intel Mac OS X 10_15_7) AppleWebKit/537.36 (KHTML, like Gecko) Chrome/145.0.0.0 Safari/537.36 (compatible; meta-externalagent/1.1 (+https://developers.facebook.com/docs/sharing/webmasters/crawler))"
74.7.243.216 - - [25/Aug/2026:17:14:23 +0000] "GET /products/detail/789030215304 HTTP/2.0" 500 0 "https://hyperbarics4u.com/sitemap680.xml" "Mozilla/5.0 AppleWebKit/537.36 (KHTML, like Gecko; compatible; GPTBot/1.4; +https://openai.com/gptbot)"
74.7.243.216 - - [25/Aug/2026:17:14:44 +0000] "GET /products/detail/789030368145 HTTP/2.0" 500 0 "https://hyperbarics4u.com/sitemap680.xml" "Mozilla/5.0 AppleWebKit/537.36 (KHTML, like Gecko; compatible; GPTBot/1.4; +https://openai.com/gptbot)"
74.7.243.216 - - [25/Aug/2026:17:15:05 +0000] "GET /products/detail/789130691024 HTTP/2.0" 500 0 "https://hyperbarics4u.com/sitemap680.xml" "Mozilla/5.0 AppleWebKit/537.36 (KHTML, like Gecko; compatible; GPTBot/1.4; +https://openai.com/gptbot)"
2a03:2880:f806:2a:: - - [25/Aug/2026:17:15:14 +0000] "GET /?o8l1d9n8e3s9s13101 HTTP/2.0" 500 0 "-" "Mozilla/5.0 (Windows NT 10.0; Win64; x64) AppleWebKit/537.36 (KHTML, like Gecko) Chrome/145.0.0.0 Safari/537.36 (compatible; meta-externalagent/1.1 (+https://developers.facebook.com/docs/sharing/webmasters/crawler))"
74.7.243.216 - - [25/Aug/2026:17:15:27 +0000] "GET /products/detail/789234340950 HTTP/2.0" 500 0 "https://hyperbarics4u.com/sitemap680.xml" "Mozilla/5.0 AppleWebKit/537.36 (KHTML, like Gecko; compatible; GPTBot/1.4; +https://openai.com/gptbot)"
74.7.243.216 - - [25/Aug/2026:17:15:47 +0000] "GET /products/detail/789435356427 HTTP/2.0" 500 0 "https://hyperbarics4u.com/sitemap680.xml" "Mozilla/5.0 AppleWebKit/537.36 (KHTML, like Gecko; compatible; GPTBot/1.4; +https://openai.com/gptbot)"
216.73.216.47 - - [25/Aug/2026:17:16:07 +0000] "GET /robots.txt HTTP/2.0" 304 0 "-" "Mozilla/5.0 AppleWebKit/537.36 (KHTML, like Gecko; compatible; ClaudeBot/1.0; +claudebot@anthropic.com)"
216.73.216.47 - - [25/Aug/2026:17:16:07 +0000] "GET /sitemap.xml HTTP/2.0" 200 206 "-" "Mozilla/5.0 AppleWebKit/537.36 (KHTML, like Gecko; compatible; ClaudeBot/1.0; +claudebot@anthropic.com)"
74.7.243.216 - - [25/Aug/2026:17:16:07 +0000] "GET /products/detail/789234378604 HTTP/2.0" 500 0 "https://hyperbarics4u.com/sitemap680.xml" "Mozilla/5.0 AppleWebKit/537.36 (KHTML, like Gecko; compatible; GPTBot/1.4; +https://openai.com/gptbot)"
2a03:2880:f806:3a:: - - [25/Aug/2026:17:16:21 +0000] "GET /?p5i3m3p2i6n7e0l5l9a03 HTTP/2.0" 500 0 "-" "Mozilla/5.0 (Windows NT 10.0; Win64; x64) AppleWebKit/537.36 (KHTML, like Gecko) Chrome/145.0.0.0 Safari/537.36 (compatible; meta-externalagent/1.1 (+https://developers.facebook.com/docs/sharing/webmasters/crawler))"
74.7.243.216 - - [25/Aug/2026:17:16:28 +0000] "GET /products/detail/789234054014 HTTP/2.0" 500 0 "https://hyperbarics4u.com/sitemap680.xml" "Mozilla/5.0 AppleWebKit/537.36 (KHTML, like Gecko; compatible; GPTBot/1.4; +https://openai.com/gptbot)"
74.7.243.216 - - [25/Aug/2026:17:16:48 +0000] "GET /products/detail/789133506089 HTTP/2.0" 500 0 "https://hyperbarics4u.com/sitemap680.xml" "Mozilla/5.0 AppleWebKit/537.36 (KHTML, like Gecko; compatible; GPTBot/1.4; +https://openai.com/gptbot)"
74.7.243.216 - - [25/Aug/2026:17:17:08 +0000] "GET /products/detail/789529609534 HTTP/2.0" 500 0 "https://hyperbarics4u.com/sitemap680.xml" "Mozilla/5.0 AppleWebKit/537.36 (KHTML, like Gecko; compatible; GPTBot/1.4; +https://openai.com/gptbot)"
2a03:2880:f806:d:: - - [25/Aug/2026:17:17:28 +0000] "GET /?a9n2t2i0t5y4p1y7852 HTTP/2.0" 500 0 "-" "Mozilla/5.0 (Windows NT 10.0; Win64; x64) AppleWebKit/537.36 (KHTML, like Gecko) Chrome/145.0.0.0 Safari/537.36 (compatible; meta-externalagent/1.1 (+https://developers.facebook.com/docs/sharing/webmasters/crawler))"
43.240.55.20 - - [25/Aug/2026:17:17:29 +0000] "GET /?u6n2d7e6r3f8o0l8l4o5w5 HTTP/2.0" 500 0 "https://www.hyperbarics4u.com/?u6n2d7e6r3f8o0l8l4o5w5" "Mozilla/5.0 (iPhone; CPU iPhone OS 16_1 like Mac OS X) AppleWebKit/605.1.15 (KHTML, like Gecko) Version/16.1 Mobile/15E148 Safari/604.1 MicroMessenger/8.0.37(0x18001B3F) NetType/WIFI Language/zh_CN"
74.7.243.216 - - [25/Aug/2026:17:17:30 +0000] "GET /products/detail/789432153152 HTTP/2.0" 500 0 "https://hyperbarics4u.com/sitemap680.xml" "Mozilla/5.0 AppleWebKit/537.36 (KHTML, like Gecko; compatible; GPTBot/1.4; +https://openai.com/gptbot)"
74.7.243.216 - - [25/Aug/2026:17:17:52 +0000] "GET /products/detail/789532913205 HTTP/2.0" 500 0 "https://hyperbarics4u.com/sitemap680.xml" "Mozilla/5.0 AppleWebKit/537.36 (KHTML, like Gecko; compatible; GPTBot/1.4; +https://openai.com/gptbot)"
74.7.243.216 - - [25/Aug/2026:17:18:13 +0000] "GET /products/detail/789036333039 HTTP/2.0" 500 0 "https://hyperbarics4u.com/sitemap680.xml" "Mozilla/5.0 AppleWebKit/537.36 (KHTML, like Gecko; compatible; GPTBot/1.4; +https://openai.com/gptbot)"
74.7.243.216 - - [25/Aug/2026:17:18:33 +0000] "GET /products/detail/789130934652 HTTP/2.0" 500 0 "https://hyperbarics4u.com/sitemap680.xml" "Mozilla/5.0 AppleWebKit/537.36 (KHTML, like Gecko; compatible; GPTBot/1.4; +https://openai.com/gptbot)"
2a03:2880:f806:2d:: - - [25/Aug/2026:17:18:34 +0000] "GET /?f0a3u6n7i2130111 HTTP/2.0" 500 0 "-" "Mozilla/5.0 (Windows NT 10.0; Win64; x64) AppleWebKit/537.36 (KHTML, like Gecko) Chrome/145.0.0.0 Safari/537.36 (compatible; meta-externalagent/1.1 (+https://developers.facebook.com/docs/sharing/webmasters/crawler))"
74.7.243.216 - - [25/Aug/2026:17:18:53 +0000] "GET /products/detail/789331654027 HTTP/2.0" 500 0 "https://hyperbarics4u.com/sitemap680.xml" "Mozilla/5.0 AppleWebKit/537.36 (KHTML, like Gecko; compatible; GPTBot/1.4; +https://openai.com/gptbot)"
74.7.243.216 - - [25/Aug/2026:17:19:15 +0000] "GET /products/detail/789231462509 HTTP/2.0" 500 0 "https://hyperbarics4u.com/sitemap680.xml" "Mozilla/5.0 AppleWebKit/537.36 (KHTML, like Gecko; compatible; GPTBot/1.4; +https://openai.com/gptbot)"
161.153.125.246 - - [25/Aug/2026:17:19:31 +0000] "GET /2026/06/19/dragonia-casino-votre-nouvelle-destination-etoilee-pour-le-jeu-en-ligne-en-france HTTP/2.0" 500 0 "-" "Mozilla/5.0 (X11; Linux aarch64) AppleWebKit/537.36 (KHTML, like Gecko) Chrome/139.0.0.0 Safari/537.36"
161.153.125.246 - - [25/Aug/2026:17:19:31 +0000] "GET /2026/06/19/dragonia-casino-votre-nouvelle-destination-etoilee-pour-le-jeu-en-ligne-en-france HTTP/2.0" 500 0 "-" "Mozilla/5.0 (X11; Linux aarch64) AppleWebKit/537.36 (KHTML, like Gecko) Chrome/139.0.0.0 Safari/537.36"
74.7.243.216 - - [25/Aug/2026:17:19:36 +0000] "GET /products/detail/789532641850 HTTP/2.0" 500 0 "https://hyperbarics4u.com/sitemap680.xml" "Mozilla/5.0 AppleWebKit/537.36 (KHTML, like Gecko; compatible; GPTBot/1.4; +https://openai.com/gptbot)"
2a03:2880:f806:2:: - - [25/Aug/2026:17:19:42 +0000] "GET /?d0e2d4e1c8o4r6o9u6s58 HTTP/2.0" 500 0 "-" "Mozilla/5.0 (Windows NT 10.0; Win64; x64) AppleWebKit/537.36 (KHTML, like Gecko) Chrome/145.0.0.0 Safari/537.36 (compatible; meta-externalagent/1.1 (+https://developers.facebook.com/docs/sharing/webmasters/crawler))"
193.151.191.15 - - [25/Aug/2026:17:19:42 +0000] "GET /wp-login.php HTTP/2.0" 403 146 "https://hyperbarics4u.com/wp-login.php" "Mozilla/5.0 (Windows NT 10.0; Win64; x64; rv:150.0) Gecko/20100101 Firefox/150.0"
45.141.128.45 - - [25/Aug/2026:17:19:43 +0000] "GET /wp-login.php HTTP/2.0" 403 146 "https://hyperbarics4u.com/wp-login.php" "Mozilla/5.0 (Windows NT 10.0; Win64; x64; rv:150.0) Gecko/20100101 Firefox/150.0"
45.141.128.45 - - [25/Aug/2026:17:19:43 +0000] "GET /wp-admin/ HTTP/2.0" 500 0 "https://hyperbarics4u.com/wp-admin/" "Mozilla/5.0 (Windows NT 10.0; Win64; x64; rv:150.0) Gecko/20100101 Firefox/150.0"
74.7.243.216 - - [25/Aug/2026:17:19:58 +0000] "GET /products/detail/789432462150 HTTP/2.0" 500 0 "https://hyperbarics4u.com/sitemap680.xml" "Mozilla/5.0 AppleWebKit/537.36 (KHTML, like Gecko; compatible; GPTBot/1.4; +https://openai.com/gptbot)"
74.7.243.216 - - [25/Aug/2026:17:20:20 +0000] "GET /products/detail/789532619104 HTTP/2.0" 500 0 "https://hyperbarics4u.com/sitemap680.xml" "Mozilla/5.0 AppleWebKit/537.36 (KHTML, like Gecko; compatible; GPTBot/1.4; +https://openai.com/gptbot)"
45.148.10.8 - - [25/Aug/2026:17:20:33 +0000] "GET /_profiler/phpinfo HTTP/2.0" 500 0 "-" "Mozilla/5.0 (iPad; CPU OS 12_3 like Mac OS X) AppleWebKit/605.1.15 (KHTML, like Gecko) CriOS/76.0.3809.81 Mobile/15E148 Safari/605.1"
74.7.243.216 - - [25/Aug/2026:17:20:42 +0000] "GET /products/detail/789036244195 HTTP/2.0" 500 0 "https://hyperbarics4u.com/sitemap680.xml" "Mozilla/5.0 AppleWebKit/537.36 (KHTML, like Gecko; compatible; GPTBot/1.4; +https://openai.com/gptbot)"
2a03:2880:f806:7:: - - [25/Aug/2026:17:20:48 +0000] "GET /?c0o2n2c3i8n1n5a1t5e33 HTTP/2.0" 500 0 "-" "Mozilla/5.0 (Windows NT 10.0; Win64; x64) AppleWebKit/537.36 (KHTML, like Gecko) Chrome/145.0.0.0 Safari/537.36 (compatible; meta-externalagent/1.1 (+https://developers.facebook.com/docs/sharing/webmasters/crawler))"
74.7.243.216 - - [25/Aug/2026:17:21:02 +0000] "GET /products/detail/789036411250 HTTP/2.0" 500 0 "https://hyperbarics4u.com/sitemap680.xml" "Mozilla/5.0 AppleWebKit/537.36 (KHTML, like Gecko; compatible; GPTBot/1.4; +https://openai.com/gptbot)"
74.7.243.216 - - [25/Aug/2026:17:21:23 +0000] "GET /products/detail/789130648625 HTTP/2.0" 500 0 "https://hyperbarics4u.com/sitemap680.xml" "Mozilla/5.0 AppleWebKit/537.36 (KHTML, like Gecko; compatible; GPTBot/1.4; +https://openai.com/gptbot)"
74.7.243.216 - - [25/Aug/2026:17:21:45 +0000] "GET /products/detail/789435460102 HTTP/2.0" 500 0 "https://hyperbarics4u.com/sitemap680.xml" "Mozilla/5.0 AppleWebKit/537.36 (KHTML, like Gecko; compatible; GPTBot/1.4; +https://openai.com/gptbot)"
2a03:2880:f806:26:: - - [25/Aug/2026:17:21:55 +0000] "GET /?m3i2l2o8r2d368022 HTTP/2.0" 500 0 "-" "Mozilla/5.0 (Macintosh; Intel Mac OS X 10_15_7) AppleWebKit/537.36 (KHTML, like Gecko) Chrome/145.0.0.0 Safari/537.36 (compatible; meta-externalagent/1.1 (+https://developers.facebook.com/docs/sharing/webmasters/crawler))"
74.7.243.216 - - [25/Aug/2026:17:22:06 +0000] "GET /products/detail/789231367045 HTTP/2.0" 500 0 "https://hyperbarics4u.com/sitemap680.xml" "Mozilla/5.0 AppleWebKit/537.36 (KHTML, like Gecko; compatible; GPTBot/1.4; +https://openai.com/gptbot)"
74.7.243.216 - - [25/Aug/2026:17:22:28 +0000] "GET /products/detail/789532611540 HTTP/2.0" 500 0 "https://hyperbarics4u.com/sitemap680.xml" "Mozilla/5.0 AppleWebKit/537.36 (KHTML, like Gecko; compatible; GPTBot/1.4; +https://openai.com/gptbot)"
74.7.243.216 - - [25/Aug/2026:17:22:48 +0000] "GET /products/detail/789432309165 HTTP/2.0" 500 0 "https://hyperbarics4u.com/sitemap680.xml" "Mozilla/5.0 AppleWebKit/537.36 (KHTML, like Gecko; compatible; GPTBot/1.4; +https://openai.com/gptbot)"
2a03:2880:f806:15:: - - [25/Aug/2026:17:23:01 +0000] "GET /?m3o1n6o6m2y5a2r8i2a6n4 HTTP/2.0" 500 0 "-" "Mozilla/5.0 (Macintosh; Intel Mac OS X 10_15_7) AppleWebKit/537.36 (KHTML, like Gecko) Chrome/145.0.0.0 Safari/537.36 (compatible; meta-externalagent/1.1 (+https://developers.facebook.com/docs/sharing/webmasters/crawler))"
74.7.243.216 - - [25/Aug/2026:17:23:10 +0000] "GET /products/detail/789231045679 HTTP/2.0" 500 0 "https://hyperbarics4u.com/sitemap680.xml" "Mozilla/5.0 AppleWebKit/537.36 (KHTML, like Gecko; compatible; GPTBot/1.4; +https://openai.com/gptbot)"
74.7.243.216 - - [25/Aug/2026:17:23:31 +0000] "GET /products/detail/789231480665 HTTP/2.0" 500 0 "https://hyperbarics4u.com/sitemap680.xml" "Mozilla/5.0 AppleWebKit/537.36 (KHTML, like Gecko; compatible; GPTBot/1.4; +https://openai.com/gptbot)"
74.7.243.216 - - [25/Aug/2026:17:23:53 +0000] "GET /products/detail/789432056139 HTTP/2.0" 500 0 "https://hyperbarics4u.com/sitemap680.xml" "Mozilla/5.0 AppleWebKit/537.36 (KHTML, like Gecko; compatible; GPTBot/1.4; +https://openai.com/gptbot)"
