74.7.227.21 - - [25/Aug/2026:13:33:59 +0000] "GET /wp-includes/images/icon-library/sides-top.svg HTTP/2.0" 200 214 "https://drhyperbaric.com/wp-includes/images/icon-library/" "Mozilla/5.0 AppleWebKit/537.36 (KHTML, like Gecko; compatible; GPTBot/1.4; +https://openai.com/gptbot)"
74.7.227.21 - - [25/Aug/2026:13:34:00 +0000] "GET /wp-includes/images/icon-library/lock-small.svg HTTP/2.0" 200 222 "https://drhyperbaric.com/wp-includes/images/icon-library/" "Mozilla/5.0 AppleWebKit/537.36 (KHTML, like Gecko; compatible; GPTBot/1.4; +https://openai.com/gptbot)"
74.7.227.21 - - [25/Aug/2026:13:34:01 +0000] "GET /wp-content/plugins/essential-addons-elementor/assets/front-end/js/edit/advanced-tooltip.js HTTP/2.0" 200 2629 "https://drhyperbaric.com/wp-content/plugins/essential-addons-elementor/assets/front-end/js/edit/" "Mozilla/5.0 AppleWebKit/537.36 (KHTML, like Gecko; compatible; GPTBot/1.4; +https://openai.com/gptbot)"
74.7.227.21 - - [25/Aug/2026:13:34:01 +0000] "GET /wp-content/plugins/essential-addons-elementor/assets/front-end/js/edit/eael-xd-copy.js HTTP/2.0" 200 3924 "https://drhyperbaric.com/wp-content/plugins/essential-addons-elementor/assets/front-end/js/edit/" "Mozilla/5.0 AppleWebKit/537.36 (KHTML, like Gecko; compatible; GPTBot/1.4; +https://openai.com/gptbot)"
74.7.227.21 - - [25/Aug/2026:13:34:02 +0000] "GET /wp-content/plugins/essential-addons-elementor/assets/front-end/js/edit/advanced-data-table.js HTTP/2.0" 200 2587 "https://drhyperbaric.com/wp-content/plugins/essential-addons-elementor/assets/front-end/js/edit/" "Mozilla/5.0 AppleWebKit/537.36 (KHTML, like Gecko; compatible; GPTBot/1.4; +https://openai.com/gptbot)"
74.7.227.21 - - [25/Aug/2026:13:34:02 +0000] "GET /wp-content/plugins/essential-addons-elementor/assets/front-end/js/edit/eael-xd-copy.min.js HTTP/2.0" 200 2619 "https://drhyperbaric.com/wp-content/plugins/essential-addons-elementor/assets/front-end/js/edit/" "Mozilla/5.0 AppleWebKit/537.36 (KHTML, like Gecko; compatible; GPTBot/1.4; +https://openai.com/gptbot)"
216.73.216.212 - - [25/Aug/2026:13:34:02 +0000] "GET /wp-content/plugins/templately/includes/Core/Maintenance.php HTTP/2.0" 200 0 "-" "Mozilla/5.0 AppleWebKit/537.36 (KHTML, like Gecko; compatible; ClaudeBot/1.0; +claudebot@anthropic.com)"
74.7.227.21 - - [25/Aug/2026:13:34:03 +0000] "GET /wp-content/plugins/essential-addons-elementor/assets/front-end/js/edit/advanced-data-table.min.js HTTP/2.0" 200 1458 "https://drhyperbaric.com/wp-content/plugins/essential-addons-elementor/assets/front-end/js/edit/" "Mozilla/5.0 AppleWebKit/537.36 (KHTML, like Gecko; compatible; GPTBot/1.4; +https://openai.com/gptbot)"
74.7.227.21 - - [25/Aug/2026:13:34:03 +0000] "GET /wp-content/plugins/essential-addons-elementor/assets/front-end/js/edit/advanced-tooltip.min.js HTTP/2.0" 200 1378 "https://drhyperbaric.com/wp-content/plugins/essential-addons-elementor/assets/front-end/js/edit/" "Mozilla/5.0 AppleWebKit/537.36 (KHTML, like Gecko; compatible; GPTBot/1.4; +https://openai.com/gptbot)"
74.7.227.21 - - [25/Aug/2026:13:34:04 +0000] "GET /wp-includes/images/icon-library/sides-all.svg HTTP/2.0" 200 153 "https://drhyperbaric.com/wp-includes/images/icon-library/" "Mozilla/5.0 AppleWebKit/537.36 (KHTML, like Gecko; compatible; GPTBot/1.4; +https://openai.com/gptbot)"
74.7.227.21 - - [25/Aug/2026:13:34:04 +0000] "GET /wp-includes/images/icon-library/line-solid.svg HTTP/2.0" 200 101 "https://drhyperbaric.com/wp-includes/images/icon-library/" "Mozilla/5.0 AppleWebKit/537.36 (KHTML, like Gecko; compatible; GPTBot/1.4; +https://openai.com/gptbot)"
74.7.227.21 - - [25/Aug/2026:13:34:05 +0000] "GET /wp-includes/images/icon-library/map-marker.svg HTTP/2.0" 200 305 "https://drhyperbaric.com/wp-includes/images/icon-library/" "Mozilla/5.0 AppleWebKit/537.36 (KHTML, like Gecko; compatible; GPTBot/1.4; +https://openai.com/gptbot)"
74.7.227.21 - - [25/Aug/2026:13:34:05 +0000] "GET /wp-includes/images/icon-library/arrow-down.svg HTTP/2.0" 200 143 "https://drhyperbaric.com/wp-includes/images/icon-library/" "Mozilla/5.0 AppleWebKit/537.36 (KHTML, like Gecko; compatible; GPTBot/1.4; +https://openai.com/gptbot)"
74.7.227.21 - - [25/Aug/2026:13:34:06 +0000] "GET /wp-includes/images/icon-library/site-logo.svg HTTP/2.0" 200 263 "https://drhyperbaric.com/wp-includes/images/icon-library/" "Mozilla/5.0 AppleWebKit/537.36 (KHTML, like Gecko; compatible; GPTBot/1.4; +https://openai.com/gptbot)"
74.7.227.21 - - [25/Aug/2026:13:34:06 +0000] "GET /wp-includes/images/icon-library/align-none.svg HTTP/2.0" 200 136 "https://drhyperbaric.com/wp-includes/images/icon-library/" "Mozilla/5.0 AppleWebKit/537.36 (KHTML, like Gecko; compatible; GPTBot/1.4; +https://openai.com/gptbot)"
74.7.227.21 - - [25/Aug/2026:13:34:07 +0000] "GET /wp-includes/images/icon-library/corner-all.svg HTTP/2.0" 200 251 "https://drhyperbaric.com/wp-includes/images/icon-library/" "Mozilla/5.0 AppleWebKit/537.36 (KHTML, like Gecko; compatible; GPTBot/1.4; +https://openai.com/gptbot)"
216.73.216.212 - - [25/Aug/2026:13:34:07 +0000] "GET /wp-content/plugins/code-snippets/php/views/manage.php HTTP/2.0" 200 0 "-" "Mozilla/5.0 AppleWebKit/537.36 (KHTML, like Gecko; compatible; ClaudeBot/1.0; +claudebot@anthropic.com)"
74.7.227.21 - - [25/Aug/2026:13:34:07 +0000] "GET /wp-includes/images/icon-library/pin-small.svg HTTP/2.0" 200 208 "https://drhyperbaric.com/wp-includes/images/icon-library/" "Mozilla/5.0 AppleWebKit/537.36 (KHTML, like Gecko; compatible; GPTBot/1.4; +https://openai.com/gptbot)"
74.7.227.21 - - [25/Aug/2026:13:34:08 +0000] "GET /wp-content/plugins/essential-addons-elementor/assets/front-end/js/edit/+c.iframeUrl+ HTTP/2.0" 404 265 "https://drhyperbaric.com/wp-content/plugins/essential-addons-elementor/assets/front-end/js/edit/eael-xd-copy.min.js" "Mozilla/5.0 AppleWebKit/537.36 (KHTML, like Gecko; compatible; GPTBot/1.4; +https://openai.com/gptbot)"
74.7.227.21 - - [25/Aug/2026:13:34:08 +0000] "GET /wp-includes/images/icon-library/cart.svg HTTP/2.0" 200 276 "https://drhyperbaric.com/wp-includes/images/icon-library/" "Mozilla/5.0 AppleWebKit/537.36 (KHTML, like Gecko; compatible; GPTBot/1.4; +https://openai.com/gptbot)"
74.7.227.21 - - [25/Aug/2026:13:34:09 +0000] "GET /wp-includes/images/icon-library/thumbs-up.svg HTTP/2.0" 200 289 "https://drhyperbaric.com/wp-includes/images/icon-library/" "Mozilla/5.0 AppleWebKit/537.36 (KHTML, like Gecko; compatible; GPTBot/1.4; +https://openai.com/gptbot)"
74.7.227.21 - - [25/Aug/2026:13:34:10 +0000] "GET /wp-includes/images/icon-library/block-meta.svg HTTP/2.0" 200 274 "https://drhyperbaric.com/wp-includes/images/icon-library/" "Mozilla/5.0 AppleWebKit/537.36 (KHTML, like Gecko; compatible; GPTBot/1.4; +https://openai.com/gptbot)"
74.7.227.21 - - [25/Aug/2026:13:34:10 +0000] "GET /wp-includes/images/icon-library/chart-bar.svg HTTP/2.0" 200 183 "https://drhyperbaric.com/wp-includes/images/icon-library/" "Mozilla/5.0 AppleWebKit/537.36 (KHTML, like Gecko; compatible; GPTBot/1.4; +https://openai.com/gptbot)"
74.7.227.21 - - [25/Aug/2026:13:34:11 +0000] "GET /wp-includes/images/icon-library/sides-left.svg HTTP/2.0" 200 215 "https://drhyperbaric.com/wp-includes/images/icon-library/" "Mozilla/5.0 AppleWebKit/537.36 (KHTML, like Gecko; compatible; GPTBot/1.4; +https://openai.com/gptbot)"
74.7.227.21 - - [25/Aug/2026:13:34:11 +0000] "GET /wp-includes/images/icon-library/align-left.svg HTTP/2.0" 200 135 "https://drhyperbaric.com/wp-includes/images/icon-library/" "Mozilla/5.0 AppleWebKit/537.36 (KHTML, like Gecko; compatible; GPTBot/1.4; +https://openai.com/gptbot)"
74.7.227.21 - - [25/Aug/2026:13:34:12 +0000] "GET /wp-includes/images/icon-library/arrow-left.svg HTTP/2.0" 200 138 "https://drhyperbaric.com/wp-includes/images/icon-library/" "Mozilla/5.0 AppleWebKit/537.36 (KHTML, like Gecko; compatible; GPTBot/1.4; +https://openai.com/gptbot)"
74.7.227.21 - - [25/Aug/2026:13:34:12 +0000] "GET /wp-includes/images/icon-library/term-count.svg HTTP/2.0" 200 607 "https://drhyperbaric.com/wp-includes/images/icon-library/" "Mozilla/5.0 AppleWebKit/537.36 (KHTML, like Gecko; compatible; GPTBot/1.4; +https://openai.com/gptbot)"
216.73.216.212 - - [25/Aug/2026:13:34:12 +0000] "GET /wp-content/plugins/woocommerce/src/Admin/RemoteInboxNotifications/PluginVersionRuleProcessor.php HTTP/2.0" 200 0 "-" "Mozilla/5.0 AppleWebKit/537.36 (KHTML, like Gecko; compatible; ClaudeBot/1.0; +claudebot@anthropic.com)"
74.7.227.21 - - [25/Aug/2026:13:34:13 +0000] "GET /wp-includes/images/icon-library/not-found.svg HTTP/2.0" 200 452 "https://drhyperbaric.com/wp-includes/images/icon-library/" "Mozilla/5.0 AppleWebKit/537.36 (KHTML, like Gecko; compatible; GPTBot/1.4; +https://openai.com/gptbot)"
74.7.227.21 - - [25/Aug/2026:13:34:13 +0000] "GET /wp-includes/images/icon-library/chevron-up.svg HTTP/2.0" 200 134 "https://drhyperbaric.com/wp-includes/images/icon-library/" "Mozilla/5.0 AppleWebKit/537.36 (KHTML, like Gecko; compatible; GPTBot/1.4; +https://openai.com/gptbot)"
74.7.227.21 - - [25/Aug/2026:13:34:14 +0000] "GET /wp-includes/images/icon-library/pull-left.svg HTTP/2.0" 200 134 "https://drhyperbaric.com/wp-includes/images/icon-library/" "Mozilla/5.0 AppleWebKit/537.36 (KHTML, like Gecko; compatible; GPTBot/1.4; +https://openai.com/gptbot)"
74.7.227.21 - - [25/Aug/2026:13:34:14 +0000] "GET /wp-includes/images/icon-library/star-empty.svg HTTP/2.0" 200 361 "https://drhyperbaric.com/wp-includes/images/icon-library/" "Mozilla/5.0 AppleWebKit/537.36 (KHTML, like Gecko; compatible; GPTBot/1.4; +https://openai.com/gptbot)"
74.7.227.21 - - [25/Aug/2026:13:34:15 +0000] "GET /wp-includes/images/icon-library/word-count.svg HTTP/2.0" 200 622 "https://drhyperbaric.com/wp-includes/images/icon-library/" "Mozilla/5.0 AppleWebKit/537.36 (KHTML, like Gecko; compatible; GPTBot/1.4; +https://openai.com/gptbot)"
74.7.227.21 - - [25/Aug/2026:13:34:15 +0000] "GET /wp-includes/images/icon-library/star-half.svg HTTP/2.0" 200 312 "https://drhyperbaric.com/wp-includes/images/icon-library/" "Mozilla/5.0 AppleWebKit/537.36 (KHTML, like Gecko; compatible; GPTBot/1.4; +https://openai.com/gptbot)"
2a03:2880:f806:36:: - - [25/Aug/2026:13:34:16 +0000] "GET /a=224863117 HTTP/2.0" 404 265 "-" "Mozilla/5.0 (X11; Linux x86_64) AppleWebKit/537.36 (KHTML, like Gecko) Chrome/145.0.0.0 Safari/537.36 (compatible; meta-externalagent/1.1 (+https://developers.facebook.com/docs/sharing/webmasters/crawler))"
74.7.227.21 - - [25/Aug/2026:13:34:16 +0000] "GET /wp-includes/images/icon-library/pull-right.svg HTTP/2.0" 200 134 "https://drhyperbaric.com/wp-includes/images/icon-library/" "Mozilla/5.0 AppleWebKit/537.36 (KHTML, like Gecko; compatible; GPTBot/1.4; +https://openai.com/gptbot)"
74.7.227.21 - - [25/Aug/2026:13:34:16 +0000] "GET /wp-includes/images/icon-library/at-symbol.svg HTTP/2.0" 200 526 "https://drhyperbaric.com/wp-includes/images/icon-library/" "Mozilla/5.0 AppleWebKit/537.36 (KHTML, like Gecko; compatible; GPTBot/1.4; +https://openai.com/gptbot)"
74.7.227.21 - - [25/Aug/2026:13:34:17 +0000] "GET /wp-includes/images/icon-library/text-color.svg HTTP/2.0" 200 162 "https://drhyperbaric.com/wp-includes/images/icon-library/" "Mozilla/5.0 AppleWebKit/537.36 (KHTML, like Gecko; compatible; GPTBot/1.4; +https://openai.com/gptbot)"
216.73.216.212 - - [25/Aug/2026:13:34:17 +0000] "GET /wp-content/plugins/elementor-pro/modules/pricing/module.php HTTP/2.0" 200 0 "-" "Mozilla/5.0 AppleWebKit/537.36 (KHTML, like Gecko; compatible; ClaudeBot/1.0; +claudebot@anthropic.com)"
74.7.227.21 - - [25/Aug/2026:13:34:18 +0000] "GET /wp-includes/images/icon-library/tabs-menu.svg HTTP/2.0" 200 250 "https://drhyperbaric.com/wp-includes/images/icon-library/" "Mozilla/5.0 AppleWebKit/537.36 (KHTML, like Gecko; compatible; GPTBot/1.4; +https://openai.com/gptbot)"
74.7.227.21 - - [25/Aug/2026:13:34:18 +0000] "GET /wp-includes/images/icon-library/add-card.svg HTTP/2.0" 200 248 "https://drhyperbaric.com/wp-includes/images/icon-library/" "Mozilla/5.0 AppleWebKit/537.36 (KHTML, like Gecko; compatible; GPTBot/1.4; +https://openai.com/gptbot)"
74.7.227.21 - - [25/Aug/2026:13:34:19 +0000] "GET /wp-includes/images/icon-library/arrow-up.svg HTTP/2.0" 200 134 "https://drhyperbaric.com/wp-includes/images/icon-library/" "Mozilla/5.0 AppleWebKit/537.36 (KHTML, like Gecko; compatible; GPTBot/1.4; +https://openai.com/gptbot)"
74.7.227.21 - - [25/Aug/2026:13:34:19 +0000] "GET /wp-includes/images/icon-library/level-up.svg HTTP/2.0" 200 260 "https://drhyperbaric.com/wp-includes/images/icon-library/" "Mozilla/5.0 AppleWebKit/537.36 (KHTML, like Gecko; compatible; GPTBot/1.4; +https://openai.com/gptbot)"
74.7.227.21 - - [25/Aug/2026:13:34:19 +0000] "GET /wp-content/plugins/essential-blocks/assets/fontawesome/ HTTP/2.0" 200 413 "https://drhyperbaric.com/wp-content/plugins/essential-blocks/assets/" "Mozilla/5.0 AppleWebKit/537.36 (KHTML, like Gecko; compatible; GPTBot/1.4; +https://openai.com/gptbot)"
74.7.227.21 - - [25/Aug/2026:13:34:20 +0000] "GET /wp-includes/images/icon-library/shield.svg HTTP/2.0" 200 267 "https://drhyperbaric.com/wp-includes/images/icon-library/" "Mozilla/5.0 AppleWebKit/537.36 (KHTML, like Gecko; compatible; GPTBot/1.4; +https://openai.com/gptbot)"
74.7.227.21 - - [25/Aug/2026:13:34:21 +0000] "GET /wp-includes/images/icon-library/unseen.svg HTTP/2.0" 200 333 "https://drhyperbaric.com/wp-includes/images/icon-library/" "Mozilla/5.0 AppleWebKit/537.36 (KHTML, like Gecko; compatible; GPTBot/1.4; +https://openai.com/gptbot)"
74.7.227.21 - - [25/Aug/2026:13:34:21 +0000] "GET /wp-includes/images/icon-library/column.svg HTTP/2.0" 200 202 "https://drhyperbaric.com/wp-includes/images/icon-library/" "Mozilla/5.0 AppleWebKit/537.36 (KHTML, like Gecko; compatible; GPTBot/1.4; +https://openai.com/gptbot)"
74.7.227.21 - - [25/Aug/2026:13:34:22 +0000] "GET /wp-includes/images/icon-library/people.svg HTTP/2.0" 200 270 "https://drhyperbaric.com/wp-includes/images/icon-library/" "Mozilla/5.0 AppleWebKit/537.36 (KHTML, like Gecko; compatible; GPTBot/1.4; +https://openai.com/gptbot)"
74.7.227.21 - - [25/Aug/2026:13:34:22 +0000] "GET /wp-includes/images/icon-library/styles.svg HTTP/2.0" 200 216 "https://drhyperbaric.com/wp-includes/images/icon-library/" "Mozilla/5.0 AppleWebKit/537.36 (KHTML, like Gecko; compatible; GPTBot/1.4; +https://openai.com/gptbot)"
216.73.216.212 - - [25/Aug/2026:13:34:22 +0000] "GET /wp-content/plugins/templately/includes/API/Dependencies.php HTTP/2.0" 500 0 "-" "Mozilla/5.0 AppleWebKit/537.36 (KHTML, like Gecko; compatible; ClaudeBot/1.0; +claudebot@anthropic.com)"
74.7.227.21 - - [25/Aug/2026:13:34:23 +0000] "GET /wp-includes/images/icon-library/pencil.svg HTTP/2.0" 200 135 "https://drhyperbaric.com/wp-includes/images/icon-library/" "Mozilla/5.0 AppleWebKit/537.36 (KHTML, like Gecko; compatible; GPTBot/1.4; +https://openai.com/gptbot)"
74.7.227.21 - - [25/Aug/2026:13:34:23 +0000] "GET /wp-includes/images/icon-library/create.svg HTTP/2.0" 200 133 "https://drhyperbaric.com/wp-includes/images/icon-library/" "Mozilla/5.0 AppleWebKit/537.36 (KHTML, like Gecko; compatible; GPTBot/1.4; +https://openai.com/gptbot)"
74.7.227.21 - - [25/Aug/2026:13:34:24 +0000] "GET /wp-includes/images/icon-library/border.svg HTTP/2.0" 200 380 "https://drhyperbaric.com/wp-includes/images/icon-library/" "Mozilla/5.0 AppleWebKit/537.36 (KHTML, like Gecko; compatible; GPTBot/1.4; +https://openai.com/gptbot)"
74.7.227.21 - - [25/Aug/2026:13:34:24 +0000] "GET /wp-includes/images/icon-library/symbol.svg HTTP/2.0" 200 248 "https://drhyperbaric.com/wp-includes/images/icon-library/" "Mozilla/5.0 AppleWebKit/537.36 (KHTML, like Gecko; compatible; GPTBot/1.4; +https://openai.com/gptbot)"
74.7.227.21 - - [25/Aug/2026:13:34:25 +0000] "GET /wp-includes/images/icon-library/link-off.svg HTTP/2.0" 200 248 "https://drhyperbaric.com/wp-includes/images/icon-library/" "Mozilla/5.0 AppleWebKit/537.36 (KHTML, like Gecko; compatible; GPTBot/1.4; +https://openai.com/gptbot)"
74.7.227.21 - - [25/Aug/2026:13:34:25 +0000] "GET /wp-content/plugins/essential-blocks/assets/fontawesome/webfonts/ HTTP/2.0" 200 546 "https://drhyperbaric.com/wp-content/plugins/essential-blocks/assets/fontawesome/" "Mozilla/5.0 AppleWebKit/537.36 (KHTML, like Gecko; compatible; GPTBot/1.4; +https://openai.com/gptbot)"
74.7.227.21 - - [25/Aug/2026:13:34:26 +0000] "GET /wp-includes/images/icon-library/move-to.svg HTTP/2.0" 200 497 "https://drhyperbaric.com/wp-includes/images/icon-library/" "Mozilla/5.0 AppleWebKit/537.36 (KHTML, like Gecko; compatible; GPTBot/1.4; +https://openai.com/gptbot)"
74.7.227.21 - - [25/Aug/2026:13:34:26 +0000] "GET /wp-includes/images/icon-library/button.svg HTTP/2.0" 200 183 "https://drhyperbaric.com/wp-includes/images/icon-library/" "Mozilla/5.0 AppleWebKit/537.36 (KHTML, like Gecko; compatible; GPTBot/1.4; +https://openai.com/gptbot)"
74.7.227.21 - - [25/Aug/2026:13:34:27 +0000] "GET /wp-includes/images/icon-library/unlock.svg HTTP/2.0" 200 247 "https://drhyperbaric.com/wp-includes/images/icon-library/" "Mozilla/5.0 AppleWebKit/537.36 (KHTML, like Gecko; compatible; GPTBot/1.4; +https://openai.com/gptbot)"
74.7.227.21 - - [25/Aug/2026:13:34:27 +0000] "GET /wp-includes/images/icon-library/tablet.svg HTTP/2.0" 200 199 "https://drhyperbaric.com/wp-includes/images/icon-library/" "Mozilla/5.0 AppleWebKit/537.36 (KHTML, like Gecko; compatible; GPTBot/1.4; +https://openai.com/gptbot)"
216.73.216.212 - - [25/Aug/2026:13:34:27 +0000] "GET /wp-content/plugins/elementor-pro/modules/popup/document.php HTTP/2.0" 200 0 "-" "Mozilla/5.0 AppleWebKit/537.36 (KHTML, like Gecko; compatible; ClaudeBot/1.0; +claudebot@anthropic.com)"
74.7.227.21 - - [25/Aug/2026:13:34:28 +0000] "GET /wp-includes/images/icon-library/square.svg HTTP/2.0" 200 206 "https://drhyperbaric.com/wp-includes/images/icon-library/" "Mozilla/5.0 AppleWebKit/537.36 (KHTML, like Gecko; compatible; GPTBot/1.4; +https://openai.com/gptbot)"
74.7.227.21 - - [25/Aug/2026:13:34:28 +0000] "GET /wp-includes/images/icon-library/header.svg HTTP/2.0" 200 220 "https://drhyperbaric.com/wp-includes/images/icon-library/" "Mozilla/5.0 AppleWebKit/537.36 (KHTML, like Gecko; compatible; GPTBot/1.4; +https://openai.com/gptbot)"
74.7.227.21 - - [25/Aug/2026:13:34:29 +0000] "GET /wp-includes/images/icon-library/shadow.svg HTTP/2.0" 200 269 "https://drhyperbaric.com/wp-includes/images/icon-library/" "Mozilla/5.0 AppleWebKit/537.36 (KHTML, like Gecko; compatible; GPTBot/1.4; +https://openai.com/gptbot)"
74.7.227.21 - - [25/Aug/2026:13:34:30 +0000] "GET /wp-includes/images/icon-library/upload.svg HTTP/2.0" 200 164 "https://drhyperbaric.com/wp-includes/images/icon-library/" "Mozilla/5.0 AppleWebKit/537.36 (KHTML, like Gecko; compatible; GPTBot/1.4; +https://openai.com/gptbot)"
74.7.227.21 - - [25/Aug/2026:13:34:30 +0000] "GET /wp-includes/images/icon-library/handle.svg HTTP/2.0" 200 119 "https://drhyperbaric.com/wp-includes/images/icon-library/" "Mozilla/5.0 AppleWebKit/537.36 (KHTML, like Gecko; compatible; GPTBot/1.4; +https://openai.com/gptbot)"
74.7.227.21 - - [25/Aug/2026:13:34:31 +0000] "GET /wp-includes/images/icon-library/drafts.svg HTTP/2.0" 200 241 "https://drhyperbaric.com/wp-includes/images/icon-library/" "Mozilla/5.0 AppleWebKit/537.36 (KHTML, like Gecko; compatible; GPTBot/1.4; +https://openai.com/gptbot)"
74.7.227.21 - - [25/Aug/2026:13:34:31 +0000] "GET /wp-content/plugins/essential-blocks/assets/fontawesome/webfonts/fa-regular-400.ttf HTTP/2.0" 200 68004 "https://drhyperbaric.com/wp-content/plugins/essential-blocks/assets/fontawesome/webfonts/" "Mozilla/5.0 AppleWebKit/537.36 (KHTML, like Gecko; compatible; GPTBot/1.4; +https://openai.com/gptbot)"
74.7.227.21 - - [25/Aug/2026:13:34:32 +0000] "GET /wp-content/plugins/essential-blocks/assets/fontawesome/webfonts/fa-solid-900.ttf HTTP/2.0" 200 419720 "https://drhyperbaric.com/wp-content/plugins/essential-blocks/assets/fontawesome/webfonts/" "Mozilla/5.0 AppleWebKit/537.36 (KHTML, like Gecko; compatible; GPTBot/1.4; +https://openai.com/gptbot)"
74.7.227.21 - - [25/Aug/2026:13:34:32 +0000] "GET /wp-content/plugins/essential-blocks/assets/fontawesome/webfonts/fa-brands-400.ttf HTTP/2.0" 200 207972 "https://drhyperbaric.com/wp-content/plugins/essential-blocks/assets/fontawesome/webfonts/" "Mozilla/5.0 AppleWebKit/537.36 (KHTML, like Gecko; compatible; GPTBot/1.4; +https://openai.com/gptbot)"
216.73.216.212 - - [25/Aug/2026:13:34:32 +0000] "GET /wp-content/plugins/elementor-pro/core/editor/editor.php HTTP/2.0" 200 0 "-" "Mozilla/5.0 AppleWebKit/537.36 (KHTML, like Gecko; compatible; ClaudeBot/1.0; +claudebot@anthropic.com)"
74.7.227.21 - - [25/Aug/2026:13:34:33 +0000] "GET /wp-content/plugins/essential-blocks/assets/fontawesome/webfonts/fa-brands-400.woff2 HTTP/2.0" 200 117372 "https://drhyperbaric.com/wp-content/plugins/essential-blocks/assets/fontawesome/webfonts/" "Mozilla/5.0 AppleWebKit/537.36 (KHTML, like Gecko; compatible; GPTBot/1.4; +https://openai.com/gptbot)"
74.7.227.21 - - [25/Aug/2026:13:34:33 +0000] "GET /wp-content/plugins/essential-blocks/assets/fontawesome/webfonts/fa-regular-400.woff2 HTTP/2.0" 200 25452 "https://drhyperbaric.com/wp-content/plugins/essential-blocks/assets/fontawesome/webfonts/" "Mozilla/5.0 AppleWebKit/537.36 (KHTML, like Gecko; compatible; GPTBot/1.4; +https://openai.com/gptbot)"
74.7.227.21 - - [25/Aug/2026:13:34:34 +0000] "GET /wp-content/plugins/essential-blocks/assets/fontawesome/webfonts/fa-solid-900.woff2 HTTP/2.0" 200 156496 "https://drhyperbaric.com/wp-content/plugins/essential-blocks/assets/fontawesome/webfonts/" "Mozilla/5.0 AppleWebKit/537.36 (KHTML, like Gecko; compatible; GPTBot/1.4; +https://openai.com/gptbot)"
74.7.227.21 - - [25/Aug/2026:13:34:34 +0000] "GET /wp-includes/images/icon-library/footer.svg HTTP/2.0" 200 237 "https://drhyperbaric.com/wp-includes/images/icon-library/" "Mozilla/5.0 AppleWebKit/537.36 (KHTML, like Gecko; compatible; GPTBot/1.4; +https://openai.com/gptbot)"
74.7.227.21 - - [25/Aug/2026:13:34:35 +0000] "GET /wp-includes/images/icon-library/widget.svg HTTP/2.0" 200 272 "https://drhyperbaric.com/wp-includes/images/icon-library/" "Mozilla/5.0 AppleWebKit/537.36 (KHTML, like Gecko; compatible; GPTBot/1.4; +https://openai.com/gptbot)"
2a03:2880:f816:52:: - - [25/Aug/2026:13:34:35 +0000] "GET / HTTP/2.0" 200 435 "-" "facebookexternalhit/1.1 (+http://www.facebook.com/externalhit_uatext.php)"
74.7.227.21 - - [25/Aug/2026:13:34:35 +0000] "GET /wp-includes/images/icon-library/layout.svg HTTP/2.0" 200 185 "https://drhyperbaric.com/wp-includes/images/icon-library/" "Mozilla/5.0 AppleWebKit/537.36 (KHTML, like Gecko; compatible; GPTBot/1.4; +https://openai.com/gptbot)"
74.7.227.21 - - [25/Aug/2026:13:34:36 +0000] "GET /wp-includes/images/icon-library/funnel.svg HTTP/2.0" 200 143 "https://drhyperbaric.com/wp-includes/images/icon-library/" "Mozilla/5.0 AppleWebKit/537.36 (KHTML, like Gecko; compatible; GPTBot/1.4; +https://openai.com/gptbot)"
74.7.227.21 - - [25/Aug/2026:13:34:36 +0000] "GET /wp-includes/images/icon-library/backup.svg HTTP/2.0" 200 216 "https://drhyperbaric.com/wp-includes/images/icon-library/" "Mozilla/5.0 AppleWebKit/537.36 (KHTML, like Gecko; compatible; GPTBot/1.4; +https://openai.com/gptbot)"
74.7.227.21 - - [25/Aug/2026:13:34:37 +0000] "GET /wp-includes/images/icon-library/swatch.svg HTTP/2.0" 200 400 "https://drhyperbaric.com/wp-includes/images/icon-library/" "Mozilla/5.0 AppleWebKit/537.36 (KHTML, like Gecko; compatible; GPTBot/1.4; +https://openai.com/gptbot)"
74.7.227.21 - - [25/Aug/2026:13:34:37 +0000] "GET /wp-includes/images/icon-library/connection.svg HTTP/2.0" 200 350 "https://drhyperbaric.com/wp-includes/images/icon-library/" "Mozilla/5.0 AppleWebKit/537.36 (KHTML, like Gecko; compatible; GPTBot/1.4; +https://openai.com/gptbot)"
216.73.216.212 - - [25/Aug/2026:13:34:37 +0000] "GET /wp-content/plugins/elementor/core/debug/inspector.php HTTP/2.0" 200 0 "-" "Mozilla/5.0 AppleWebKit/537.36 (KHTML, like Gecko; compatible; ClaudeBot/1.0; +claudebot@anthropic.com)"
74.7.227.21 - - [25/Aug/2026:13:34:38 +0000] "GET /wp-includes/images/icon-library/pending.svg HTTP/2.0" 200 243 "https://drhyperbaric.com/wp-includes/images/icon-library/" "Mozilla/5.0 AppleWebKit/537.36 (KHTML, like Gecko; compatible; GPTBot/1.4; +https://openai.com/gptbot)"
74.7.227.21 - - [25/Aug/2026:13:34:38 +0000] "GET /wp-includes/images/icon-library/plugins.svg HTTP/2.0" 200 217 "https://drhyperbaric.com/wp-includes/images/icon-library/" "Mozilla/5.0 AppleWebKit/537.36 (KHTML, like Gecko; compatible; GPTBot/1.4; +https://openai.com/gptbot)"
74.7.227.21 - - [25/Aug/2026:13:34:39 +0000] "GET /wp-includes/images/icon-library/replace.svg HTTP/2.0" 200 303 "https://drhyperbaric.com/wp-includes/images/icon-library/" "Mozilla/5.0 AppleWebKit/537.36 (KHTML, like Gecko; compatible; GPTBot/1.4; +https://openai.com/gptbot)"
74.7.227.21 - - [25/Aug/2026:13:34:39 +0000] "GET /wp-includes/images/icon-library/sidebar.svg HTTP/2.0" 200 229 "https://drhyperbaric.com/wp-includes/images/icon-library/" "Mozilla/5.0 AppleWebKit/537.36 (KHTML, like Gecko; compatible; GPTBot/1.4; +https://openai.com/gptbot)"
74.7.227.21 - - [25/Aug/2026:13:34:40 +0000] "GET /wp-includes/images/icon-library/columns.svg HTTP/2.0" 200 212 "https://drhyperbaric.com/wp-includes/images/icon-library/" "Mozilla/5.0 AppleWebKit/537.36 (KHTML, like Gecko; compatible; GPTBot/1.4; +https://openai.com/gptbot)"
74.7.227.21 - - [25/Aug/2026:13:34:40 +0000] "GET /wp-includes/images/icon-library/heading.svg HTTP/2.0" 200 122 "https://drhyperbaric.com/wp-includes/images/icon-library/" "Mozilla/5.0 AppleWebKit/537.36 (KHTML, like Gecko; compatible; GPTBot/1.4; +https://openai.com/gptbot)"
74.7.227.21 - - [25/Aug/2026:13:34:41 +0000] "GET /wp-includes/images/icon-library/classic.svg HTTP/2.0" 200 234 "https://drhyperbaric.com/wp-includes/images/icon-library/" "Mozilla/5.0 AppleWebKit/537.36 (KHTML, like Gecko; compatible; GPTBot/1.4; +https://openai.com/gptbot)"
74.7.227.21 - - [25/Aug/2026:13:34:42 +0000] "GET /wp-includes/images/icon-library/percent.svg HTTP/2.0" 200 212 "https://drhyperbaric.com/wp-includes/images/icon-library/" "Mozilla/5.0 AppleWebKit/537.36 (KHTML, like Gecko; compatible; GPTBot/1.4; +https://openai.com/gptbot)"
74.7.227.21 - - [25/Aug/2026:13:34:42 +0000] "GET /wp-includes/images/icon-library/receipt.svg HTTP/2.0" 200 318 "https://drhyperbaric.com/wp-includes/images/icon-library/" "Mozilla/5.0 AppleWebKit/537.36 (KHTML, like Gecko; compatible; GPTBot/1.4; +https://openai.com/gptbot)"
74.7.227.21 - - [25/Aug/2026:13:34:43 +0000] "GET /wp-includes/images/icon-library/ungroup.svg HTTP/2.0" 200 219 "https://drhyperbaric.com/wp-includes/images/icon-library/" "Mozilla/5.0 AppleWebKit/537.36 (KHTML, like Gecko; compatible; GPTBot/1.4; +https://openai.com/gptbot)"
74.7.227.21 - - [25/Aug/2026:13:34:43 +0000] "GET /wp-includes/images/icon-library/details.svg HTTP/2.0" 200 217 "https://drhyperbaric.com/wp-includes/images/icon-library/" "Mozilla/5.0 AppleWebKit/537.36 (KHTML, like Gecko; compatible; GPTBot/1.4; +https://openai.com/gptbot)"
216.73.216.212 - - [25/Aug/2026:13:34:43 +0000] "GET /wp-content/plugins/woocommerce/src/Internal/OrderCouponDataMigrator.php HTTP/2.0" 500 0 "-" "Mozilla/5.0 AppleWebKit/537.36 (KHTML, like Gecko; compatible; ClaudeBot/1.0; +claudebot@anthropic.com)"
74.7.227.21 - - [25/Aug/2026:13:34:44 +0000] "GET /wp-includes/images/icon-library/shipping.svg HTTP/2.0" 200 330 "https://drhyperbaric.com/wp-includes/images/icon-library/" "Mozilla/5.0 AppleWebKit/537.36 (KHTML, like Gecko; compatible; GPTBot/1.4; +https://openai.com/gptbot)"
74.7.227.21 - - [25/Aug/2026:13:34:44 +0000] "GET /wp-includes/images/icon-library/settings.svg HTTP/2.0" 200 236 "https://drhyperbaric.com/wp-includes/images/icon-library/" "Mozilla/5.0 AppleWebKit/537.36 (KHTML, like Gecko; compatible; GPTBot/1.4; +https://openai.com/gptbot)"
74.7.227.21 - - [25/Aug/2026:13:34:45 +0000] "GET /wp-includes/images/icon-library/fullscreen.svg HTTP/2.0" 200 204 "https://drhyperbaric.com/wp-includes/images/icon-library/" "Mozilla/5.0 AppleWebKit/537.36 (KHTML, like Gecko; compatible; GPTBot/1.4; +https://openai.com/gptbot)"
74.7.227.21 - - [25/Aug/2026:13:34:45 +0000] "GET /wp-includes/images/icon-library/wordpress.svg HTTP/2.0" 200 480 "https://drhyperbaric.com/wp-includes/images/icon-library/" "Mozilla/5.0 AppleWebKit/537.36 (KHTML, like Gecko; compatible; GPTBot/1.4; +https://openai.com/gptbot)"
74.7.227.21 - - [25/Aug/2026:13:34:46 +0000] "GET /wp-includes/images/icon-library/previous.svg HTTP/2.0" 200 168 "https://drhyperbaric.com/wp-includes/images/icon-library/" "Mozilla/5.0 AppleWebKit/537.36 (KHTML, like Gecko; compatible; GPTBot/1.4; +https://openai.com/gptbot)"
74.7.227.21 - - [25/Aug/2026:13:34:46 +0000] "GET /wp-includes/images/icon-library/separator.svg HTTP/2.0" 200 133 "https://drhyperbaric.com/wp-includes/images/icon-library/" "Mozilla/5.0 AppleWebKit/537.36 (KHTML, like Gecko; compatible; GPTBot/1.4; +https://openai.com/gptbot)"
74.7.227.21 - - [25/Aug/2026:13:34:47 +0000] "GET /wp-includes/images/icon-library/calendar.svg HTTP/2.0" 200 208 "https://drhyperbaric.com/wp-includes/images/icon-library/" "Mozilla/5.0 AppleWebKit/537.36 (KHTML, like Gecko; compatible; GPTBot/1.4; +https://openai.com/gptbot)"
74.7.227.21 - - [25/Aug/2026:13:34:47 +0000] "GET /wp-includes/images/icon-library/accordion.svg HTTP/2.0" 200 196 "https://drhyperbaric.com/wp-includes/images/icon-library/" "Mozilla/5.0 AppleWebKit/537.36 (KHTML, like Gecko; compatible; GPTBot/1.4; +https://openai.com/gptbot)"
74.7.227.21 - - [25/Aug/2026:13:34:48 +0000] "GET /wp-includes/images/icon-library/language.svg HTTP/2.0" 200 285 "https://drhyperbaric.com/wp-includes/images/icon-library/" "Mozilla/5.0 AppleWebKit/537.36 (KHTML, like Gecko; compatible; GPTBot/1.4; +https://openai.com/gptbot)"
216.73.216.212 - - [25/Aug/2026:13:34:48 +0000] "GET /wp-content/plugins/contact-form-7/includes/swv/script-loader.php HTTP/2.0" 500 0 "-" "Mozilla/5.0 AppleWebKit/537.36 (KHTML, like Gecko; compatible; ClaudeBot/1.0; +claudebot@anthropic.com)"
74.7.227.21 - - [25/Aug/2026:13:34:48 +0000] "GET /wp-includes/images/icon-library/subscript.svg HTTP/2.0" 200 269 "https://drhyperbaric.com/wp-includes/images/icon-library/" "Mozilla/5.0 AppleWebKit/537.36 (KHTML, like Gecko; compatible; GPTBot/1.4; +https://openai.com/gptbot)"
74.7.227.21 - - [25/Aug/2026:13:34:49 +0000] "GET /wp-includes/images/icon-library/envelope.svg HTTP/2.0" 200 229 "https://drhyperbaric.com/wp-includes/images/icon-library/" "Mozilla/5.0 AppleWebKit/537.36 (KHTML, like Gecko; compatible; GPTBot/1.4; +https://openai.com/gptbot)"
74.7.227.21 - - [25/Aug/2026:13:34:49 +0000] "GET /wp-includes/images/icon-library/paragraph.svg HTTP/2.0" 200 213 "https://drhyperbaric.com/wp-includes/images/icon-library/" "Mozilla/5.0 AppleWebKit/537.36 (KHTML, like Gecko; compatible; GPTBot/1.4; +https://openai.com/gptbot)"
74.7.227.21 - - [25/Aug/2026:13:34:50 +0000] "GET /wp-includes/images/icon-library/navigation.svg HTTP/2.0" 200 245 "https://drhyperbaric.com/wp-includes/images/icon-library/" "Mozilla/5.0 AppleWebKit/537.36 (KHTML, like Gecko; compatible; GPTBot/1.4; +https://openai.com/gptbot)"
74.7.227.21 - - [25/Aug/2026:13:34:51 +0000] "GET /wp-includes/images/icon-library/lifesaver.svg HTTP/2.0" 200 396 "https://drhyperbaric.com/wp-includes/images/icon-library/" "Mozilla/5.0 AppleWebKit/537.36 (KHTML, like Gecko; compatible; GPTBot/1.4; +https://openai.com/gptbot)"
74.7.227.21 - - [25/Aug/2026:13:34:51 +0000] "GET /wp-includes/images/icon-library/page-break.svg HTTP/2.0" 200 199 "https://drhyperbaric.com/wp-includes/images/icon-library/" "Mozilla/5.0 AppleWebKit/537.36 (KHTML, like Gecko; compatible; GPTBot/1.4; +https://openai.com/gptbot)"
74.7.227.21 - - [25/Aug/2026:13:34:52 +0000] "GET /wp-includes/images/icon-library/info.svg HTTP/2.0" 200 246 "https://drhyperbaric.com/wp-includes/images/icon-library/" "Mozilla/5.0 AppleWebKit/537.36 (KHTML, like Gecko; compatible; GPTBot/1.4; +https://openai.com/gptbot)"
74.7.227.21 - - [25/Aug/2026:13:34:52 +0000] "GET /wp-includes/images/icon-library/accordion-item.svg HTTP/2.0" 200 196 "https://drhyperbaric.com/wp-includes/images/icon-library/" "Mozilla/5.0 AppleWebKit/537.36 (KHTML, like Gecko; compatible; GPTBot/1.4; +https://openai.com/gptbot)"
74.7.227.21 - - [25/Aug/2026:13:34:53 +0000] "GET /wp-content/plugins/essential-addons-elementor/assets/front-end/js/view/ HTTP/2.0" 200 1553 "https://drhyperbaric.com/wp-content/plugins/essential-addons-elementor/assets/front-end/js/" "Mozilla/5.0 AppleWebKit/537.36 (KHTML, like Gecko; compatible; GPTBot/1.4; +https://openai.com/gptbot)"
216.73.216.212 - - [25/Aug/2026:13:34:53 +0000] "GET /wp-content/plugins/google-site-kit/includes/Core/User_Input/Site_Specific_Answers.php HTTP/2.0" 500 0 "-" "Mozilla/5.0 AppleWebKit/537.36 (KHTML, like Gecko; compatible; ClaudeBot/1.0; +claudebot@anthropic.com)"
74.7.227.21 - - [25/Aug/2026:13:34:53 +0000] "GET /wp-includes/images/icon-library/caution.svg HTTP/2.0" 200 249 "https://drhyperbaric.com/wp-includes/images/icon-library/" "Mozilla/5.0 AppleWebKit/537.36 (KHTML, like Gecko; compatible; GPTBot/1.4; +https://openai.com/gptbot)"
74.7.227.21 - - [25/Aug/2026:13:34:54 +0000] "GET /wp-includes/images/icon-library/buttons.svg HTTP/2.0" 200 339 "https://drhyperbaric.com/wp-includes/images/icon-library/" "Mozilla/5.0 AppleWebKit/537.36 (KHTML, like Gecko; compatible; GPTBot/1.4; +https://openai.com/gptbot)"
74.7.227.21 - - [25/Aug/2026:13:34:54 +0000] "GET /wp-includes/images/icon-library/desktop.svg HTTP/2.0" 200 233 "https://drhyperbaric.com/wp-includes/images/icon-library/" "Mozilla/5.0 AppleWebKit/537.36 (KHTML, like Gecko; compatible; GPTBot/1.4; +https://openai.com/gptbot)"
74.7.227.21 - - [25/Aug/2026:13:34:55 +0000] "GET /wp-includes/images/icon-library/caption.svg HTTP/2.0" 200 211 "https://drhyperbaric.com/wp-includes/images/icon-library/" "Mozilla/5.0 AppleWebKit/537.36 (KHTML, like Gecko; compatible; GPTBot/1.4; +https://openai.com/gptbot)"
74.7.227.21 - - [25/Aug/2026:13:34:55 +0000] "GET /wp-includes/images/icon-library/shuffle.svg HTTP/2.0" 200 480 "https://drhyperbaric.com/wp-includes/images/icon-library/" "Mozilla/5.0 AppleWebKit/537.36 (KHTML, like Gecko; compatible; GPTBot/1.4; +https://openai.com/gptbot)"
74.7.227.21 - - [25/Aug/2026:13:34:56 +0000] "GET /wp-includes/images/icon-library/offline.svg HTTP/2.0" 200 423 "https://drhyperbaric.com/wp-includes/images/icon-library/" "Mozilla/5.0 AppleWebKit/537.36 (KHTML, like Gecko; compatible; GPTBot/1.4; +https://openai.com/gptbot)"
74.7.227.21 - - [25/Aug/2026:13:34:56 +0000] "GET /wp-includes/images/icon-library/payment.svg HTTP/2.0" 200 226 "https://drhyperbaric.com/wp-includes/images/icon-library/" "Mozilla/5.0 AppleWebKit/537.36 (KHTML, like Gecko; compatible; GPTBot/1.4; +https://openai.com/gptbot)"
74.7.227.21 - - [25/Aug/2026:13:34:57 +0000] "GET /wp-includes/images/icon-library/dashboard.svg HTTP/2.0" 200 239 "https://drhyperbaric.com/wp-includes/images/icon-library/" "Mozilla/5.0 AppleWebKit/537.36 (KHTML, like Gecko; compatible; GPTBot/1.4; +https://openai.com/gptbot)"
74.7.227.21 - - [25/Aug/2026:13:34:57 +0000] "GET /wp-includes/images/icon-library/background.svg HTTP/2.0" 200 238 "https://drhyperbaric.com/wp-includes/images/icon-library/" "Mozilla/5.0 AppleWebKit/537.36 (KHTML, like Gecko; compatible; GPTBot/1.4; +https://openai.com/gptbot)"
74.7.227.21 - - [25/Aug/2026:13:34:58 +0000] "GET /wp-includes/images/icon-library/published.svg HTTP/2.0" 200 200 "https://drhyperbaric.com/wp-includes/images/icon-library/" "Mozilla/5.0 AppleWebKit/537.36 (KHTML, like Gecko; compatible; GPTBot/1.4; +https://openai.com/gptbot)"
216.73.216.212 - - [25/Aug/2026:13:34:58 +0000] "GET /wp-content/plugins/woocommerce/src/Checkout/Helpers/ReserveStockException.php HTTP/2.0" 200 0 "-" "Mozilla/5.0 AppleWebKit/537.36 (KHTML, like Gecko; compatible; ClaudeBot/1.0; +claudebot@anthropic.com)"
74.7.227.21 - - [25/Aug/2026:13:34:58 +0000] "GET /wp-content/plugins/essential-addons-elementor/assets/front-end/js/view/woo-product-slider.js HTTP/2.0" 200 2825 "https://drhyperbaric.com/wp-content/plugins/essential-addons-elementor/assets/front-end/js/view/" "Mozilla/5.0 AppleWebKit/537.36 (KHTML, like Gecko; compatible; GPTBot/1.4; +https://openai.com/gptbot)"
74.7.227.21 - - [25/Aug/2026:13:34:59 +0000] "GET /wp-content/plugins/essential-addons-elementor/assets/front-end/js/view/woo-product-slider.min.js HTTP/2.0" 200 1563 "https://drhyperbaric.com/wp-content/plugins/essential-addons-elementor/assets/front-end/js/view/" "Mozilla/5.0 AppleWebKit/537.36 (KHTML, like Gecko; compatible; GPTBot/1.4; +https://openai.com/gptbot)"
74.7.227.21 - - [25/Aug/2026:13:34:59 +0000] "GET /wp-content/plugins/essential-addons-elementor/assets/front-end/js/view/testimonial-slider.js HTTP/2.0" 200 3265 "https://drhyperbaric.com/wp-content/plugins/essential-addons-elementor/assets/front-end/js/view/" "Mozilla/5.0 AppleWebKit/537.36 (KHTML, like Gecko; compatible; GPTBot/1.4; +https://openai.com/gptbot)"
74.7.227.21 - - [25/Aug/2026:13:35:00 +0000] "GET /wp-content/plugins/essential-addons-elementor/assets/front-end/js/view/advanced-search.min.js HTTP/2.0" 200 3380 "https://drhyperbaric.com/wp-content/plugins/essential-addons-elementor/assets/front-end/js/view/" "Mozilla/5.0 AppleWebKit/537.36 (KHTML, like Gecko; compatible; GPTBot/1.4; +https://openai.com/gptbot)"
74.7.227.21 - - [25/Aug/2026:13:35:00 +0000] "GET /wp-content/plugins/essential-addons-elementor/assets/front-end/js/view/section-particles.js HTTP/2.0" 200 2420 "https://drhyperbaric.com/wp-content/plugins/essential-addons-elementor/assets/front-end/js/view/" "Mozilla/5.0 AppleWebKit/537.36 (KHTML, like Gecko; compatible; GPTBot/1.4; +https://openai.com/gptbot)"
74.7.227.21 - - [25/Aug/2026:13:35:01 +0000] "GET /wp-content/plugins/essential-addons-elementor/assets/front-end/js/view/advanced-tooltip.js HTTP/2.0" 200 2521 "https://drhyperbaric.com/wp-content/plugins/essential-addons-elementor/assets/front-end/js/view/" "Mozilla/5.0 AppleWebKit/537.36 (KHTML, like Gecko; compatible; GPTBot/1.4; +https://openai.com/gptbot)"
74.7.227.21 - - [25/Aug/2026:13:35:01 +0000] "GET /wp-content/plugins/essential-addons-elementor/assets/front-end/js/view/section-parallax.js HTTP/2.0" 200 2656 "https://drhyperbaric.com/wp-content/plugins/essential-addons-elementor/assets/front-end/js/view/" "Mozilla/5.0 AppleWebKit/537.36 (KHTML, like Gecko; compatible; GPTBot/1.4; +https://openai.com/gptbot)"
74.7.227.21 - - [25/Aug/2026:13:35:02 +0000] "GET /wp-content/plugins/essential-addons-elementor/assets/front-end/js/view/smooth-animation.js HTTP/2.0" 200 6002 "https://drhyperbaric.com/wp-content/plugins/essential-addons-elementor/assets/front-end/js/view/" "Mozilla/5.0 AppleWebKit/537.36 (KHTML, like Gecko; compatible; GPTBot/1.4; +https://openai.com/gptbot)"
74.7.227.21 - - [25/Aug/2026:13:35:02 +0000] "GET /wp-content/plugins/essential-addons-elementor/assets/front-end/js/view/interactive-cards.js HTTP/2.0" 200 1637 "https://drhyperbaric.com/wp-content/plugins/essential-addons-elementor/assets/front-end/js/view/" "Mozilla/5.0 AppleWebKit/537.36 (KHTML, like Gecko; compatible; GPTBot/1.4; +https://openai.com/gptbot)"
216.73.216.212 - - [25/Aug/2026:13:35:03 +0000] "GET /wp-content/plugins/woocommerce/src/Admin/RemoteInboxNotifications/EvaluateAndGetStatus.php HTTP/2.0" 200 0 "-" "Mozilla/5.0 AppleWebKit/537.36 (KHTML, like Gecko; compatible; ClaudeBot/1.0; +claudebot@anthropic.com)"
74.7.227.21 - - [25/Aug/2026:13:35:03 +0000] "GET /wp-content/plugins/essential-addons-elementor/assets/front-end/js/view/woo-cross-sells.min.js HTTP/2.0" 200 867 "https://drhyperbaric.com/wp-content/plugins/essential-addons-elementor/assets/front-end/js/view/" "Mozilla/5.0 AppleWebKit/537.36 (KHTML, like Gecko; compatible; GPTBot/1.4; +https://openai.com/gptbot)"
74.7.227.21 - - [25/Aug/2026:13:35:03 +0000] "GET /wp-content/plugins/essential-addons-elementor/assets/front-end/js/view/content-timeline.js HTTP/2.0" 200 2933 "https://drhyperbaric.com/wp-content/plugins/essential-addons-elementor/assets/front-end/js/view/" "Mozilla/5.0 AppleWebKit/537.36 (KHTML, like Gecko; compatible; GPTBot/1.4; +https://openai.com/gptbot)"
74.7.227.21 - - [25/Aug/2026:13:35:04 +0000] "GET /wp-content/plugins/essential-addons-elementor/assets/front-end/js/view/woo-checkout-pro.min.js HTTP/2.0" 200 2555 "https://drhyperbaric.com/wp-content/plugins/essential-addons-elementor/assets/front-end/js/view/" "Mozilla/5.0 AppleWebKit/537.36 (KHTML, like Gecko; compatible; GPTBot/1.4; +https://openai.com/gptbot)"
74.7.227.21 - - [25/Aug/2026:13:35:04 +0000] "GET /wp-content/plugins/essential-addons-elementor/assets/front-end/js/view/adv-google-map.min.js HTTP/2.0" 200 2908 "https://drhyperbaric.com/wp-content/plugins/essential-addons-elementor/assets/front-end/js/view/" "Mozilla/5.0 AppleWebKit/537.36 (KHTML, like Gecko; compatible; GPTBot/1.4; +https://openai.com/gptbot)"
74.7.227.21 - - [25/Aug/2026:13:35:05 +0000] "GET /wp-content/plugins/essential-addons-elementor/assets/front-end/js/view/advanced-search.js HTTP/2.0" 200 5401 "https://drhyperbaric.com/wp-content/plugins/essential-addons-elementor/assets/front-end/js/view/" "Mozilla/5.0 AppleWebKit/537.36 (KHTML, like Gecko; compatible; GPTBot/1.4; +https://openai.com/gptbot)"
74.7.227.21 - - [25/Aug/2026:13:35:06 +0000] "GET /wp-content/plugins/essential-addons-elementor/assets/front-end/js/view/image-scroller.min.js HTTP/2.0" 200 694 "https://drhyperbaric.com/wp-content/plugins/essential-addons-elementor/assets/front-end/js/view/" "Mozilla/5.0 AppleWebKit/537.36 (KHTML, like Gecko; compatible; GPTBot/1.4; +https://openai.com/gptbot)"
74.7.227.21 - - [25/Aug/2026:13:35:06 +0000] "GET /wp-content/plugins/essential-addons-elementor/assets/front-end/js/view/image-hotspots.min.js HTTP/2.0" 200 933 "https://drhyperbaric.com/wp-content/plugins/essential-addons-elementor/assets/front-end/js/view/" "Mozilla/5.0 AppleWebKit/537.36 (KHTML, like Gecko; compatible; GPTBot/1.4; +https://openai.com/gptbot)"
74.7.227.21 - - [25/Aug/2026:13:35:07 +0000] "GET /wp-content/plugins/essential-addons-elementor/assets/front-end/js/view/img-comparison.min.js HTTP/2.0" 200 876 "https://drhyperbaric.com/wp-content/plugins/essential-addons-elementor/assets/front-end/js/view/" "Mozilla/5.0 AppleWebKit/537.36 (KHTML, like Gecko; compatible; GPTBot/1.4; +https://openai.com/gptbot)"
74.7.227.21 - - [25/Aug/2026:13:35:07 +0000] "GET /wp-content/plugins/essential-addons-elementor/assets/front-end/js/view/toggle.min.js HTTP/2.0" 200 796 "https://drhyperbaric.com/wp-content/plugins/essential-addons-elementor/assets/front-end/js/view/" "Mozilla/5.0 AppleWebKit/537.36 (KHTML, like Gecko; compatible; GPTBot/1.4; +https://openai.com/gptbot)"
74.7.227.21 - - [25/Aug/2026:13:35:08 +0000] "GET /wp-content/plugins/essential-addons-elementor/assets/front-end/js/view/data-table.js HTTP/2.0" 200 1297 "https://drhyperbaric.com/wp-content/plugins/essential-addons-elementor/assets/front-end/js/view/" "Mozilla/5.0 AppleWebKit/537.36 (KHTML, like Gecko; compatible; GPTBot/1.4; +https://openai.com/gptbot)"
216.73.216.212 - - [25/Aug/2026:13:35:08 +0000] "GET /wp-content/plugins/essential-blocks/src/blocks/breadcrumbs/ HTTP/2.0" 200 424 "-" "Mozilla/5.0 AppleWebKit/537.36 (KHTML, like Gecko; compatible; ClaudeBot/1.0; +claudebot@anthropic.com)"
74.7.227.21 - - [25/Aug/2026:13:35:08 +0000] "GET /wp-content/plugins/essential-addons-elementor/assets/front-end/js/view/section-particles.min.js HTTP/2.0" 200 1322 "https://drhyperbaric.com/wp-content/plugins/essential-addons-elementor/assets/front-end/js/view/" "Mozilla/5.0 AppleWebKit/537.36 (KHTML, like Gecko; compatible; GPTBot/1.4; +https://openai.com/gptbot)"
74.7.227.21 - - [25/Aug/2026:13:35:09 +0000] "GET /wp-content/plugins/essential-addons-elementor/assets/front-end/js/view/interactive-cards.min.js HTTP/2.0" 200 796 "https://drhyperbaric.com/wp-content/plugins/essential-addons-elementor/assets/front-end/js/view/" "Mozilla/5.0 AppleWebKit/537.36 (KHTML, like Gecko; compatible; GPTBot/1.4; +https://openai.com/gptbot)"
74.7.227.21 - - [25/Aug/2026:13:35:09 +0000] "GET /wp-content/plugins/essential-addons-elementor/assets/front-end/js/view/counter.min.js HTTP/2.0" 200 707 "https://drhyperbaric.com/wp-content/plugins/essential-addons-elementor/assets/front-end/js/view/" "Mozilla/5.0 AppleWebKit/537.36 (KHTML, like Gecko; compatible; GPTBot/1.4; +https://openai.com/gptbot)"
74.7.227.21 - - [25/Aug/2026:13:35:10 +0000] "GET /wp-content/plugins/essential-addons-elementor/assets/front-end/js/view/woo-cross-sells.js HTTP/2.0" 200 1696 "https://drhyperbaric.com/wp-content/plugins/essential-addons-elementor/assets/front-end/js/view/" "Mozilla/5.0 AppleWebKit/537.36 (KHTML, like Gecko; compatible; GPTBot/1.4; +https://openai.com/gptbot)"
74.7.227.21 - - [25/Aug/2026:13:35:10 +0000] "GET /wp-content/plugins/essential-addons-elementor/assets/front-end/js/view/testimonial-slider.min.js HTTP/2.0" 200 1819 "https://drhyperbaric.com/wp-content/plugins/essential-addons-elementor/assets/front-end/js/view/" "Mozilla/5.0 AppleWebKit/537.36 (KHTML, like Gecko; compatible; GPTBot/1.4; +https://openai.com/gptbot)"
74.7.227.21 - - [25/Aug/2026:13:35:11 +0000] "GET /wp-content/plugins/essential-addons-elementor/assets/front-end/js/view/image-scroller.js HTTP/2.0" 200 1489 "https://drhyperbaric.com/wp-content/plugins/essential-addons-elementor/assets/front-end/js/view/" "Mozilla/5.0 AppleWebKit/537.36 (KHTML, like Gecko; compatible; GPTBot/1.4; +https://openai.com/gptbot)"
74.7.227.21 - - [25/Aug/2026:13:35:11 +0000] "GET /wp-content/plugins/essential-addons-elementor/assets/front-end/js/view/smooth-animation.min.js HTTP/2.0" 200 3396 "https://drhyperbaric.com/wp-content/plugins/essential-addons-elementor/assets/front-end/js/view/" "Mozilla/5.0 AppleWebKit/537.36 (KHTML, like Gecko; compatible; GPTBot/1.4; +https://openai.com/gptbot)"
74.7.227.21 - - [25/Aug/2026:13:35:12 +0000] "GET /wp-content/plugins/essential-addons-elementor/assets/front-end/js/view/image-hotspots.js HTTP/2.0" 200 1998 "https://drhyperbaric.com/wp-content/plugins/essential-addons-elementor/assets/front-end/js/view/" "Mozilla/5.0 AppleWebKit/537.36 (KHTML, like Gecko; compatible; GPTBot/1.4; +https://openai.com/gptbot)"
74.7.227.21 - - [25/Aug/2026:13:35:12 +0000] "GET /wp-content/plugins/essential-addons-elementor/assets/front-end/js/view/progress-bar.js HTTP/2.0" 200 1347 "https://drhyperbaric.com/wp-content/plugins/essential-addons-elementor/assets/front-end/js/view/" "Mozilla/5.0 AppleWebKit/537.36 (KHTML, like Gecko; compatible; GPTBot/1.4; +https://openai.com/gptbot)"
74.7.227.21 - - [25/Aug/2026:13:35:13 +0000] "GET /wp-content/plugins/essential-addons-elementor/assets/front-end/js/view/logo-carousel.js HTTP/2.0" 200 3417 "https://drhyperbaric.com/wp-content/plugins/essential-addons-elementor/assets/front-end/js/view/" "Mozilla/5.0 AppleWebKit/537.36 (KHTML, like Gecko; compatible; GPTBot/1.4; +https://openai.com/gptbot)"
216.73.216.212 - - [25/Aug/2026:13:35:13 +0000] "GET /wp-content/plugins/woocommerce/includes/admin/class-wc-admin-customize.php HTTP/2.0" 200 0 "-" "Mozilla/5.0 AppleWebKit/537.36 (KHTML, like Gecko; compatible; ClaudeBot/1.0; +claudebot@anthropic.com)"
74.7.227.21 - - [25/Aug/2026:13:35:13 +0000] "GET /wp-content/plugins/essential-addons-elementor/assets/front-end/js/view/advanced-menu.js HTTP/2.0" 200 3473 "https://drhyperbaric.com/wp-content/plugins/essential-addons-elementor/assets/front-end/js/view/" "Mozilla/5.0 AppleWebKit/537.36 (KHTML, like Gecko; compatible; GPTBot/1.4; +https://openai.com/gptbot)"
74.7.227.21 - - [25/Aug/2026:13:35:14 +0000] "GET /wp-content/plugins/essential-addons-elementor/assets/front-end/js/view/offcanvas.js HTTP/2.0" 200 1298 "https://drhyperbaric.com/wp-content/plugins/essential-addons-elementor/assets/front-end/js/view/" "Mozilla/5.0 AppleWebKit/537.36 (KHTML, like Gecko; compatible; GPTBot/1.4; +https://openai.com/gptbot)"
74.7.227.21 - - [25/Aug/2026:13:35:14 +0000] "GET /wp-content/plugins/essential-addons-elementor/assets/front-end/js/view/woo-checkout-pro.js HTTP/2.0" 200 4495 "https://drhyperbaric.com/wp-content/plugins/essential-addons-elementor/assets/front-end/js/view/" "Mozilla/5.0 AppleWebKit/537.36 (KHTML, like Gecko; compatible; GPTBot/1.4; +https://openai.com/gptbot)"
74.7.227.21 - - [25/Aug/2026:13:35:15 +0000] "GET /wp-content/plugins/essential-addons-elementor/assets/front-end/js/view/content-timeline.min.js HTTP/2.0" 200 1575 "https://drhyperbaric.com/wp-content/plugins/essential-addons-elementor/assets/front-end/js/view/" "Mozilla/5.0 AppleWebKit/537.36 (KHTML, like Gecko; compatible; GPTBot/1.4; +https://openai.com/gptbot)"
74.7.227.21 - - [25/Aug/2026:13:35:15 +0000] "GET /wp-content/plugins/essential-addons-elementor/assets/front-end/js/view/adv-google-map.js HTTP/2.0" 200 4827 "https://drhyperbaric.com/wp-content/plugins/essential-addons-elementor/assets/front-end/js/view/" "Mozilla/5.0 AppleWebKit/537.36 (KHTML, like Gecko; compatible; GPTBot/1.4; +https://openai.com/gptbot)"
74.7.227.21 - - [25/Aug/2026:13:35:16 +0000] "GET /wp-content/plugins/essential-addons-elementor/assets/front-end/js/view/data-table.min.js HTTP/2.0" 200 562 "https://drhyperbaric.com/wp-content/plugins/essential-addons-elementor/assets/front-end/js/view/" "Mozilla/5.0 AppleWebKit/537.36 (KHTML, like Gecko; compatible; GPTBot/1.4; +https://openai.com/gptbot)"
74.7.227.21 - - [25/Aug/2026:13:35:17 +0000] "GET /wp-content/plugins/essential-addons-elementor/assets/front-end/js/view/progress-bar.min.js HTTP/2.0" 200 605 "https://drhyperbaric.com/wp-content/plugins/essential-addons-elementor/assets/front-end/js/view/" "Mozilla/5.0 AppleWebKit/537.36 (KHTML, like Gecko; compatible; GPTBot/1.4; +https://openai.com/gptbot)"
