2a03:2880:f806:10:: - - [25/Aug/2026:13:35:17 +0000] "GET /?k0n2a6v5i4s4h9n7e3s5s6 HTTP/2.0" 200 435 "-" "Mozilla/5.0 (Macintosh; Intel Mac OS X 10_15_7) AppleWebKit/537.36 (KHTML, like Gecko) Chrome/145.0.0.0 Safari/537.36 (compatible; meta-externalagent/1.1 (+https://developers.facebook.com/docs/sharing/webmasters/crawler))"
74.7.227.21 - - [25/Aug/2026:13:35:17 +0000] "GET /wp-content/plugins/essential-addons-elementor/assets/front-end/js/view/team-member-carousel.min.js HTTP/2.0" 200 1410 "https://drhyperbaric.com/wp-content/plugins/essential-addons-elementor/assets/front-end/js/view/" "Mozilla/5.0 AppleWebKit/537.36 (KHTML, like Gecko; compatible; GPTBot/1.4; +https://openai.com/gptbot)"
74.7.227.21 - - [25/Aug/2026:13:35:18 +0000] "GET /wp-content/plugins/essential-addons-elementor/assets/front-end/js/view/chart.min.js HTTP/2.0" 200 826 "https://drhyperbaric.com/wp-content/plugins/essential-addons-elementor/assets/front-end/js/view/" "Mozilla/5.0 AppleWebKit/537.36 (KHTML, like Gecko; compatible; GPTBot/1.4; +https://openai.com/gptbot)"
216.73.216.212 - - [25/Aug/2026:13:35:18 +0000] "GET /wp-content/plugins/betterdocs/includes/Dependencies/DI/Compiler/RequestedEntryHolder.php HTTP/2.0" 500 0 "-" "Mozilla/5.0 AppleWebKit/537.36 (KHTML, like Gecko; compatible; ClaudeBot/1.0; +claudebot@anthropic.com)"
74.7.227.21 - - [25/Aug/2026:13:35:18 +0000] "GET /wp-content/plugins/essential-addons-elementor/assets/front-end/js/view/fancy-chart.min.js HTTP/2.0" 200 698 "https://drhyperbaric.com/wp-content/plugins/essential-addons-elementor/assets/front-end/js/view/" "Mozilla/5.0 AppleWebKit/537.36 (KHTML, like Gecko; compatible; GPTBot/1.4; +https://openai.com/gptbot)"
74.7.227.21 - - [25/Aug/2026:13:35:19 +0000] "GET /wp-content/plugins/essential-addons-elementor/assets/front-end/js/view/woo-account-dashboard.js HTTP/2.0" 200 1799 "https://drhyperbaric.com/wp-content/plugins/essential-addons-elementor/assets/front-end/js/view/" "Mozilla/5.0 AppleWebKit/537.36 (KHTML, like Gecko; compatible; GPTBot/1.4; +https://openai.com/gptbot)"
74.7.227.21 - - [25/Aug/2026:13:35:19 +0000] "GET /wp-content/plugins/essential-addons-elementor/assets/front-end/js/view/flip-carousel.min.js HTTP/2.0" 200 839 "https://drhyperbaric.com/wp-content/plugins/essential-addons-elementor/assets/front-end/js/view/" "Mozilla/5.0 AppleWebKit/537.36 (KHTML, like Gecko; compatible; GPTBot/1.4; +https://openai.com/gptbot)"
74.7.227.21 - - [25/Aug/2026:13:35:20 +0000] "GET /wp-content/plugins/essential-addons-elementor/assets/front-end/js/view/advanced-menu.min.js HTTP/2.0" 200 2044 "https://drhyperbaric.com/wp-content/plugins/essential-addons-elementor/assets/front-end/js/view/" "Mozilla/5.0 AppleWebKit/537.36 (KHTML, like Gecko; compatible; GPTBot/1.4; +https://openai.com/gptbot)"
74.7.227.21 - - [25/Aug/2026:13:35:20 +0000] "GET /wp-content/plugins/essential-addons-elementor/assets/front-end/js/view/logo-carousel.min.js HTTP/2.0" 200 1909 "https://drhyperbaric.com/wp-content/plugins/essential-addons-elementor/assets/front-end/js/view/" "Mozilla/5.0 AppleWebKit/537.36 (KHTML, like Gecko; compatible; GPTBot/1.4; +https://openai.com/gptbot)"
74.7.227.21 - - [25/Aug/2026:13:35:21 +0000] "GET /wp-content/plugins/essential-addons-elementor/assets/front-end/js/view/fancy-chart.js HTTP/2.0" 200 1508 "https://drhyperbaric.com/wp-content/plugins/essential-addons-elementor/assets/front-end/js/view/" "Mozilla/5.0 AppleWebKit/537.36 (KHTML, like Gecko; compatible; GPTBot/1.4; +https://openai.com/gptbot)"
74.7.227.21 - - [25/Aug/2026:13:35:21 +0000] "GET /wp-content/plugins/essential-addons-elementor/assets/front-end/js/view/section-parallax.min.js HTTP/2.0" 200 1490 "https://drhyperbaric.com/wp-content/plugins/essential-addons-elementor/assets/front-end/js/view/" "Mozilla/5.0 AppleWebKit/537.36 (KHTML, like Gecko; compatible; GPTBot/1.4; +https://openai.com/gptbot)"
74.7.227.21 - - [25/Aug/2026:13:35:22 +0000] "GET /wp-content/plugins/essential-addons-elementor/assets/front-end/js/view/advanced-tooltip.min.js HTTP/2.0" 200 1264 "https://drhyperbaric.com/wp-content/plugins/essential-addons-elementor/assets/front-end/js/view/" "Mozilla/5.0 AppleWebKit/537.36 (KHTML, like Gecko; compatible; GPTBot/1.4; +https://openai.com/gptbot)"
74.7.227.21 - - [25/Aug/2026:13:35:22 +0000] "GET /wp-content/plugins/essential-addons-elementor/assets/front-end/js/view/team-member-carousel.js HTTP/2.0" 200 2850 "https://drhyperbaric.com/wp-content/plugins/essential-addons-elementor/assets/front-end/js/view/" "Mozilla/5.0 AppleWebKit/537.36 (KHTML, like Gecko; compatible; GPTBot/1.4; +https://openai.com/gptbot)"
74.7.227.21 - - [25/Aug/2026:13:35:23 +0000] "GET /wp-content/plugins/essential-addons-elementor/assets/front-end/js/view/mailchimp.min.js HTTP/2.0" 200 969 "https://drhyperbaric.com/wp-content/plugins/essential-addons-elementor/assets/front-end/js/view/" "Mozilla/5.0 AppleWebKit/537.36 (KHTML, like Gecko; compatible; GPTBot/1.4; +https://openai.com/gptbot)"
216.73.216.212 - - [25/Aug/2026:13:35:23 +0000] "GET /wp-content/plugins/wordpress-seo/src/generators/open-graph-image-generator.php HTTP/2.0" 500 0 "-" "Mozilla/5.0 AppleWebKit/537.36 (KHTML, like Gecko; compatible; ClaudeBot/1.0; +claudebot@anthropic.com)"
74.7.227.21 - - [25/Aug/2026:13:35:23 +0000] "GET /wp-content/plugins/essential-addons-elementor/assets/front-end/js/view/offcanvas.min.js HTTP/2.0" 200 580 "https://drhyperbaric.com/wp-content/plugins/essential-addons-elementor/assets/front-end/js/view/" "Mozilla/5.0 AppleWebKit/537.36 (KHTML, like Gecko; compatible; GPTBot/1.4; +https://openai.com/gptbot)"
74.7.227.21 - - [25/Aug/2026:13:35:24 +0000] "GET /wp-content/plugins/essential-addons-elementor/assets/front-end/js/view/flip-carousel.js HTTP/2.0" 200 1650 "https://drhyperbaric.com/wp-content/plugins/essential-addons-elementor/assets/front-end/js/view/" "Mozilla/5.0 AppleWebKit/537.36 (KHTML, like Gecko; compatible; GPTBot/1.4; +https://openai.com/gptbot)"
74.7.227.21 - - [25/Aug/2026:13:35:24 +0000] "GET /wp-content/plugins/essential-addons-elementor/assets/front-end/js/view/img-comparison.js HTTP/2.0" 200 1730 "https://drhyperbaric.com/wp-content/plugins/essential-addons-elementor/assets/front-end/js/view/" "Mozilla/5.0 AppleWebKit/537.36 (KHTML, like Gecko; compatible; GPTBot/1.4; +https://openai.com/gptbot)"
74.7.227.21 - - [25/Aug/2026:13:35:25 +0000] "GET /wp-content/plugins/essential-addons-elementor/assets/front-end/js/view/lightbox.min.js HTTP/2.0" 200 1476 "https://drhyperbaric.com/wp-content/plugins/essential-addons-elementor/assets/front-end/js/view/" "Mozilla/5.0 AppleWebKit/537.36 (KHTML, like Gecko; compatible; GPTBot/1.4; +https://openai.com/gptbot)"
74.7.227.21 - - [25/Aug/2026:13:35:25 +0000] "GET /wp-content/plugins/essential-addons-elementor/assets/front-end/js/view/toggle.js HTTP/2.0" 200 1667 "https://drhyperbaric.com/wp-content/plugins/essential-addons-elementor/assets/front-end/js/view/" "Mozilla/5.0 AppleWebKit/537.36 (KHTML, like Gecko; compatible; GPTBot/1.4; +https://openai.com/gptbot)"
2a03:2880:f806:3c:: - - [25/Aug/2026:13:35:26 +0000] "GET /?y=51088152197600 HTTP/2.0" 200 435 "-" "Mozilla/5.0 (Macintosh; Intel Mac OS X 10_15_7) AppleWebKit/537.36 (KHTML, like Gecko) Chrome/145.0.0.0 Safari/537.36 (compatible; meta-externalagent/1.1 (+https://developers.facebook.com/docs/sharing/webmasters/crawler))"
74.7.227.21 - - [25/Aug/2026:13:35:26 +0000] "GET /wp-content/plugins/essential-addons-elementor/assets/front-end/js/view/counter.js HTTP/2.0" 200 1498 "https://drhyperbaric.com/wp-content/plugins/essential-addons-elementor/assets/front-end/js/view/" "Mozilla/5.0 AppleWebKit/537.36 (KHTML, like Gecko; compatible; GPTBot/1.4; +https://openai.com/gptbot)"
74.7.227.21 - - [25/Aug/2026:13:35:27 +0000] "GET /wp-content/plugins/essential-addons-elementor/assets/front-end/js/view/mailchimp.js HTTP/2.0" 200 1829 "https://drhyperbaric.com/wp-content/plugins/essential-addons-elementor/assets/front-end/js/view/" "Mozilla/5.0 AppleWebKit/537.36 (KHTML, like Gecko; compatible; GPTBot/1.4; +https://openai.com/gptbot)"
74.7.227.21 - - [25/Aug/2026:13:35:27 +0000] "GET /wp-content/plugins/essential-addons-elementor/assets/front-end/js/view/woo-account-dashboard.min.js HTTP/2.0" 200 927 "https://drhyperbaric.com/wp-content/plugins/essential-addons-elementor/assets/front-end/js/view/" "Mozilla/5.0 AppleWebKit/537.36 (KHTML, like Gecko; compatible; GPTBot/1.4; +https://openai.com/gptbot)"
74.7.227.21 - - [25/Aug/2026:13:35:28 +0000] "GET /wp-content/plugins/essential-addons-elementor/assets/front-end/js/view/lightbox.js HTTP/2.0" 200 2596 "https://drhyperbaric.com/wp-content/plugins/essential-addons-elementor/assets/front-end/js/view/" "Mozilla/5.0 AppleWebKit/537.36 (KHTML, like Gecko; compatible; GPTBot/1.4; +https://openai.com/gptbot)"
74.7.227.21 - - [25/Aug/2026:13:35:28 +0000] "GET /wp-content/plugins/essential-addons-elementor/assets/front-end/js/view/one-page-navigation.js HTTP/2.0" 200 2568 "https://drhyperbaric.com/wp-content/plugins/essential-addons-elementor/assets/front-end/js/view/" "Mozilla/5.0 AppleWebKit/537.36 (KHTML, like Gecko; compatible; GPTBot/1.4; +https://openai.com/gptbot)"
216.73.216.212 - - [25/Aug/2026:13:35:28 +0000] "GET /wp-content/plugins/woocommerce/assets/css/wc-setup.css HTTP/2.0" 404 265 "-" "Mozilla/5.0 AppleWebKit/537.36 (KHTML, like Gecko; compatible; ClaudeBot/1.0; +claudebot@anthropic.com)"
74.7.227.21 - - [25/Aug/2026:13:35:29 +0000] "GET /wp-content/plugins/essential-addons-elementor/assets/front-end/js/view/one-page-navigation.min.js HTTP/2.0" 200 1403 "https://drhyperbaric.com/wp-content/plugins/essential-addons-elementor/assets/front-end/js/view/" "Mozilla/5.0 AppleWebKit/537.36 (KHTML, like Gecko; compatible; GPTBot/1.4; +https://openai.com/gptbot)"
74.7.227.21 - - [25/Aug/2026:13:35:29 +0000] "GET /wp-includes/images/icon-library/external.svg HTTP/2.0" 200 198 "https://drhyperbaric.com/wp-includes/images/icon-library/" "Mozilla/5.0 AppleWebKit/537.36 (KHTML, like Gecko; compatible; GPTBot/1.4; +https://openai.com/gptbot)"
74.7.227.21 - - [25/Aug/2026:13:35:30 +0000] "GET /wp-includes/images/icon-library/scheduled.svg HTTP/2.0" 200 231 "https://drhyperbaric.com/wp-includes/images/icon-library/" "Mozilla/5.0 AppleWebKit/537.36 (KHTML, like Gecko; compatible; GPTBot/1.4; +https://openai.com/gptbot)"
74.7.227.21 - - [25/Aug/2026:13:35:30 +0000] "GET /wp-includes/images/icon-library/contents.svg HTTP/2.0" 200 358 "https://drhyperbaric.com/wp-includes/images/icon-library/" "Mozilla/5.0 AppleWebKit/537.36 (KHTML, like Gecko; compatible; GPTBot/1.4; +https://openai.com/gptbot)"
74.7.227.21 - - [25/Aug/2026:13:35:31 +0000] "GET /wp-includes/images/icon-library/pullquote.svg HTTP/2.0" 200 208 "https://drhyperbaric.com/wp-includes/images/icon-library/" "Mozilla/5.0 AppleWebKit/537.36 (KHTML, like Gecko; compatible; GPTBot/1.4; +https://openai.com/gptbot)"
74.7.227.21 - - [25/Aug/2026:13:35:31 +0000] "GET /wp-includes/images/icon-library/megaphone.svg HTTP/2.0" 200 260 "https://drhyperbaric.com/wp-includes/images/icon-library/" "Mozilla/5.0 AppleWebKit/537.36 (KHTML, like Gecko; compatible; GPTBot/1.4; +https://openai.com/gptbot)"
74.7.227.21 - - [25/Aug/2026:13:35:32 +0000] "GET /wp-includes/images/icon-library/shortcode.svg HTTP/2.0" 200 197 "https://drhyperbaric.com/wp-includes/images/icon-library/" "Mozilla/5.0 AppleWebKit/537.36 (KHTML, like Gecko; compatible; GPTBot/1.4; +https://openai.com/gptbot)"
74.7.227.21 - - [25/Aug/2026:13:35:32 +0000] "GET /wp-includes/images/icon-library/keyboard.svg HTTP/2.0" 200 205 "https://drhyperbaric.com/wp-includes/images/icon-library/" "Mozilla/5.0 AppleWebKit/537.36 (KHTML, like Gecko; compatible; GPTBot/1.4; +https://openai.com/gptbot)"
74.7.227.21 - - [25/Aug/2026:13:35:33 +0000] "GET /wp-includes/images/icon-library/typography.svg HTTP/2.0" 200 770 "https://drhyperbaric.com/wp-includes/images/icon-library/" "Mozilla/5.0 AppleWebKit/537.36 (KHTML, like Gecko; compatible; GPTBot/1.4; +https://openai.com/gptbot)"
216.73.216.212 - - [25/Aug/2026:13:35:33 +0000] "GET /wp-content/plugins/wordpress-seo/src/builders/indexable-author-builder.php HTTP/2.0" 500 0 "-" "Mozilla/5.0 AppleWebKit/537.36 (KHTML, like Gecko; compatible; ClaudeBot/1.0; +claudebot@anthropic.com)"
74.7.227.21 - - [25/Aug/2026:13:35:33 +0000] "GET /wp-includes/images/icon-library/title.svg HTTP/2.0" 200 154 "https://drhyperbaric.com/wp-includes/images/icon-library/" "Mozilla/5.0 AppleWebKit/537.36 (KHTML, like Gecko; compatible; GPTBot/1.4; +https://openai.com/gptbot)"
74.7.227.21 - - [25/Aug/2026:13:35:34 +0000] "GET /wp-includes/images/icon-library/verse.svg HTTP/2.0" 200 324 "https://drhyperbaric.com/wp-includes/images/icon-library/" "Mozilla/5.0 AppleWebKit/537.36 (KHTML, like Gecko; compatible; GPTBot/1.4; +https://openai.com/gptbot)"
74.7.227.21 - - [25/Aug/2026:13:35:34 +0000] "GET /wp-includes/images/icon-library/audio.svg HTTP/2.0" 200 216 "https://drhyperbaric.com/wp-includes/images/icon-library/" "Mozilla/5.0 AppleWebKit/537.36 (KHTML, like Gecko; compatible; GPTBot/1.4; +https://openai.com/gptbot)"
74.7.227.21 - - [25/Aug/2026:13:35:35 +0000] "GET /wp-includes/images/icon-library/color.svg HTTP/2.0" 200 271 "https://drhyperbaric.com/wp-includes/images/icon-library/" "Mozilla/5.0 AppleWebKit/537.36 (KHTML, like Gecko; compatible; GPTBot/1.4; +https://openai.com/gptbot)"
74.7.227.21 - - [25/Aug/2026:13:35:35 +0000] "GET /wp-includes/images/icon-library/cover.svg HTTP/2.0" 200 221 "https://drhyperbaric.com/wp-includes/images/icon-library/" "Mozilla/5.0 AppleWebKit/537.36 (KHTML, like Gecko; compatible; GPTBot/1.4; +https://openai.com/gptbot)"
74.7.227.21 - - [25/Aug/2026:13:35:36 +0000] "GET /wp-includes/images/icon-library/reset.svg HTTP/2.0" 200 99 "https://drhyperbaric.com/wp-includes/images/icon-library/" "Mozilla/5.0 AppleWebKit/537.36 (KHTML, like Gecko; compatible; GPTBot/1.4; +https://openai.com/gptbot)"
74.7.227.21 - - [25/Aug/2026:13:35:36 +0000] "GET /wp-includes/images/icon-library/group.svg HTTP/2.0" 200 244 "https://drhyperbaric.com/wp-includes/images/icon-library/" "Mozilla/5.0 AppleWebKit/537.36 (KHTML, like Gecko; compatible; GPTBot/1.4; +https://openai.com/gptbot)"
2a03:2880:f80c:21:: - - [25/Aug/2026:13:35:36 +0000] "GET / HTTP/2.0" 200 435 "-" "facebookexternalhit/1.1 (+http://www.facebook.com/externalhit_uatext.php)"
74.7.227.21 - - [25/Aug/2026:13:35:37 +0000] "GET /wp-includes/images/icon-library/image.svg HTTP/2.0" 200 255 "https://drhyperbaric.com/wp-includes/images/icon-library/" "Mozilla/5.0 AppleWebKit/537.36 (KHTML, like Gecko; compatible; GPTBot/1.4; +https://openai.com/gptbot)"
74.7.227.21 - - [25/Aug/2026:13:35:37 +0000] "GET /wp-includes/images/icon-library/media.svg HTTP/2.0" 200 385 "https://drhyperbaric.com/wp-includes/images/icon-library/" "Mozilla/5.0 AppleWebKit/537.36 (KHTML, like Gecko; compatible; GPTBot/1.4; +https://openai.com/gptbot)"
216.73.216.212 - - [25/Aug/2026:13:35:38 +0000] "GET /wp-content/plugins/woocommerce/includes/admin/class-wc-admin-setup-wizard.php HTTP/2.0" 200 0 "-" "Mozilla/5.0 AppleWebKit/537.36 (KHTML, like Gecko; compatible; ClaudeBot/1.0; +claudebot@anthropic.com)"
74.7.227.21 - - [25/Aug/2026:13:35:38 +0000] "GET /wp-includes/images/icon-library/pages.svg HTTP/2.0" 200 247 "https://drhyperbaric.com/wp-includes/images/icon-library/" "Mozilla/5.0 AppleWebKit/537.36 (KHTML, like Gecko; compatible; GPTBot/1.4; +https://openai.com/gptbot)"
74.7.227.21 - - [25/Aug/2026:13:35:39 +0000] "GET /wp-includes/images/icon-library/close.svg HTTP/2.0" 200 210 "https://drhyperbaric.com/wp-includes/images/icon-library/" "Mozilla/5.0 AppleWebKit/537.36 (KHTML, like Gecko; compatible; GPTBot/1.4; +https://openai.com/gptbot)"
74.7.227.21 - - [25/Aug/2026:13:35:39 +0000] "GET /wp-includes/images/icon-library/cloud.svg HTTP/2.0" 200 254 "https://drhyperbaric.com/wp-includes/images/icon-library/" "Mozilla/5.0 AppleWebKit/537.36 (KHTML, like Gecko; compatible; GPTBot/1.4; +https://openai.com/gptbot)"
74.7.227.21 - - [25/Aug/2026:13:35:40 +0000] "GET /wp-includes/images/icon-library/globe.svg HTTP/2.0" 200 419 "https://drhyperbaric.com/wp-includes/images/icon-library/" "Mozilla/5.0 AppleWebKit/537.36 (KHTML, like Gecko; compatible; GPTBot/1.4; +https://openai.com/gptbot)"
74.7.227.21 - - [25/Aug/2026:13:35:40 +0000] "GET /wp-includes/images/icon-library/home.svg HTTP/2.0" 200 160 "https://drhyperbaric.com/wp-includes/images/icon-library/" "Mozilla/5.0 AppleWebKit/537.36 (KHTML, like Gecko; compatible; GPTBot/1.4; +https://openai.com/gptbot)"
74.7.227.21 - - [25/Aug/2026:13:35:41 +0000] "GET /wp-includes/images/icon-library/update.svg HTTP/2.0" 200 217 "https://drhyperbaric.com/wp-includes/images/icon-library/" "Mozilla/5.0 AppleWebKit/537.36 (KHTML, like Gecko; compatible; GPTBot/1.4; +https://openai.com/gptbot)"
74.7.227.21 - - [25/Aug/2026:13:35:41 +0000] "GET /wp-includes/images/icon-library/plus.svg HTTP/2.0" 200 138 "https://drhyperbaric.com/wp-includes/images/icon-library/" "Mozilla/5.0 AppleWebKit/537.36 (KHTML, like Gecko; compatible; GPTBot/1.4; +https://openai.com/gptbot)"
74.7.227.21 - - [25/Aug/2026:13:35:42 +0000] "GET /wp-includes/images/icon-library/loop.svg HTTP/2.0" 200 463 "https://drhyperbaric.com/wp-includes/images/icon-library/" "Mozilla/5.0 AppleWebKit/537.36 (KHTML, like Gecko; compatible; GPTBot/1.4; +https://openai.com/gptbot)"
74.7.227.21 - - [25/Aug/2026:13:35:42 +0000] "GET /wp-includes/images/icon-library/redo.svg HTTP/2.0" 200 232 "https://drhyperbaric.com/wp-includes/images/icon-library/" "Mozilla/5.0 AppleWebKit/537.36 (KHTML, like Gecko; compatible; GPTBot/1.4; +https://openai.com/gptbot)"
74.7.227.21 - - [25/Aug/2026:13:35:43 +0000] "GET /wp-includes/images/icon-library/bell.svg HTTP/2.0" 200 348 "https://drhyperbaric.com/wp-includes/images/icon-library/" "Mozilla/5.0 AppleWebKit/537.36 (KHTML, like Gecko; compatible; GPTBot/1.4; +https://openai.com/gptbot)"
216.73.216.212 - - [25/Aug/2026:13:35:43 +0000] "GET /wp-content/plugins/woocommerce/includes/admin/views/ HTTP/2.0" 200 1213 "-" "Mozilla/5.0 AppleWebKit/537.36 (KHTML, like Gecko; compatible; ClaudeBot/1.0; +claudebot@anthropic.com)"
74.7.227.21 - - [25/Aug/2026:13:35:43 +0000] "GET /wp-includes/images/icon-library/link.svg HTTP/2.0" 200 195 "https://drhyperbaric.com/wp-includes/images/icon-library/" "Mozilla/5.0 AppleWebKit/537.36 (KHTML, like Gecko; compatible; GPTBot/1.4; +https://openai.com/gptbot)"
74.7.227.21 - - [25/Aug/2026:13:35:44 +0000] "GET /wp-includes/images/icon-library/grid.svg HTTP/2.0" 200 250 "https://drhyperbaric.com/wp-includes/images/icon-library/" "Mozilla/5.0 AppleWebKit/537.36 (KHTML, like Gecko; compatible; GPTBot/1.4; +https://openai.com/gptbot)"
207.46.13.102 - - [25/Aug/2026:13:35:44 +0000] "GET /sitemap506.xml HTTP/2.0" 404 265 "-" "Mozilla/5.0 AppleWebKit/537.36 (KHTML, like Gecko; compatible; bingbot/2.0; +http://www.bing.com/bingbot.htm) Chrome/116.0.1938.76 Safari/537.36"
74.7.227.21 - - [25/Aug/2026:13:35:44 +0000] "GET /wp-includes/images/icon-library/menu.svg HTTP/2.0" 200 139 "https://drhyperbaric.com/wp-includes/images/icon-library/" "Mozilla/5.0 AppleWebKit/537.36 (KHTML, like Gecko; compatible; GPTBot/1.4; +https://openai.com/gptbot)"
74.7.227.21 - - [25/Aug/2026:13:35:45 +0000] "GET /wp-includes/images/icon-library/undo.svg HTTP/2.0" 200 224 "https://drhyperbaric.com/wp-includes/images/icon-library/" "Mozilla/5.0 AppleWebKit/537.36 (KHTML, like Gecko; compatible; GPTBot/1.4; +https://openai.com/gptbot)"
74.7.227.21 - - [25/Aug/2026:13:35:45 +0000] "GET /wp-includes/images/icon-library/code.svg HTTP/2.0" 200 189 "https://drhyperbaric.com/wp-includes/images/icon-library/" "Mozilla/5.0 AppleWebKit/537.36 (KHTML, like Gecko; compatible; GPTBot/1.4; +https://openai.com/gptbot)"
74.7.227.21 - - [25/Aug/2026:13:35:46 +0000] "GET /wp-includes/images/icon-library/crop.svg HTTP/2.0" 200 201 "https://drhyperbaric.com/wp-includes/images/icon-library/" "Mozilla/5.0 AppleWebKit/537.36 (KHTML, like Gecko; compatible; GPTBot/1.4; +https://openai.com/gptbot)"
74.7.227.21 - - [25/Aug/2026:13:35:46 +0000] "GET /wp-includes/images/icon-library/send.svg HTTP/2.0" 200 235 "https://drhyperbaric.com/wp-includes/images/icon-library/" "Mozilla/5.0 AppleWebKit/537.36 (KHTML, like Gecko; compatible; GPTBot/1.4; +https://openai.com/gptbot)"
74.7.227.21 - - [25/Aug/2026:13:35:47 +0000] "GET /wp-includes/images/icon-library/seen.svg HTTP/2.0" 200 679 "https://drhyperbaric.com/wp-includes/images/icon-library/" "Mozilla/5.0 AppleWebKit/537.36 (KHTML, like Gecko; compatible; GPTBot/1.4; +https://openai.com/gptbot)"
74.7.227.21 - - [25/Aug/2026:13:35:48 +0000] "GET /wp-includes/images/icon-library/copy.svg HTTP/2.0" 200 228 "https://drhyperbaric.com/wp-includes/images/icon-library/" "Mozilla/5.0 AppleWebKit/537.36 (KHTML, like Gecko; compatible; GPTBot/1.4; +https://openai.com/gptbot)"
74.7.227.21 - - [25/Aug/2026:13:35:48 +0000] "GET /wp-includes/images/icon-library/file.svg HTTP/2.0" 200 255 "https://drhyperbaric.com/wp-includes/images/icon-library/" "Mozilla/5.0 AppleWebKit/537.36 (KHTML, like Gecko; compatible; GPTBot/1.4; +https://openai.com/gptbot)"
216.73.216.212 - - [25/Aug/2026:13:35:48 +0000] "GET /wp-content/plugins/elementor-pro/assets/css/preview.min.css HTTP/2.0" 200 1423 "-" "Mozilla/5.0 AppleWebKit/537.36 (KHTML, like Gecko; compatible; ClaudeBot/1.0; +claudebot@anthropic.com)"
74.7.227.21 - - [25/Aug/2026:13:35:49 +0000] "GET /wp-includes/images/icon-library/more.svg HTTP/2.0" 200 154 "https://drhyperbaric.com/wp-includes/images/icon-library/" "Mozilla/5.0 AppleWebKit/537.36 (KHTML, like Gecko; compatible; GPTBot/1.4; +https://openai.com/gptbot)"
74.7.227.21 - - [25/Aug/2026:13:35:49 +0000] "GET /wp-includes/images/icon-library/tabs-menu-item.svg HTTP/2.0" 200 216 "https://drhyperbaric.com/wp-includes/images/icon-library/" "Mozilla/5.0 AppleWebKit/537.36 (KHTML, like Gecko; compatible; GPTBot/1.4; +https://openai.com/gptbot)"
74.7.227.21 - - [25/Aug/2026:13:35:50 +0000] "GET /wp-includes/images/icon-library/archive.svg HTTP/2.0" 200 273 "https://drhyperbaric.com/wp-includes/images/icon-library/" "Mozilla/5.0 AppleWebKit/537.36 (KHTML, like Gecko; compatible; GPTBot/1.4; +https://openai.com/gptbot)"
74.7.227.21 - - [25/Aug/2026:13:35:50 +0000] "GET /wp-includes/images/icon-library/quote.svg HTTP/2.0" 200 177 "https://drhyperbaric.com/wp-includes/images/icon-library/" "Mozilla/5.0 AppleWebKit/537.36 (KHTML, like Gecko; compatible; GPTBot/1.4; +https://openai.com/gptbot)"
74.7.227.21 - - [25/Aug/2026:13:35:51 +0000] "GET /wp-content/plugins/essential-blocks/views/ HTTP/2.0" 200 615 "https://drhyperbaric.com/wp-content/plugins/essential-blocks/" "Mozilla/5.0 AppleWebKit/537.36 (KHTML, like Gecko; compatible; GPTBot/1.4; +https://openai.com/gptbot)"
74.7.227.21 - - [25/Aug/2026:13:35:51 +0000] "GET /wp-includes/images/icon-library/trash.svg HTTP/2.0" 200 277 "https://drhyperbaric.com/wp-includes/images/icon-library/" "Mozilla/5.0 AppleWebKit/537.36 (KHTML, like Gecko; compatible; GPTBot/1.4; +https://openai.com/gptbot)"
74.7.227.21 - - [25/Aug/2026:13:35:52 +0000] "GET /wp-includes/images/icon-library/brush.svg HTTP/2.0" 200 275 "https://drhyperbaric.com/wp-includes/images/icon-library/" "Mozilla/5.0 AppleWebKit/537.36 (KHTML, like Gecko; compatible; GPTBot/1.4; +https://openai.com/gptbot)"
74.7.227.21 - - [25/Aug/2026:13:35:52 +0000] "GET /wp-includes/images/icon-library/check.svg HTTP/2.0" 200 130 "https://drhyperbaric.com/wp-includes/images/icon-library/" "Mozilla/5.0 AppleWebKit/537.36 (KHTML, like Gecko; compatible; GPTBot/1.4; +https://openai.com/gptbot)"
74.7.227.21 - - [25/Aug/2026:13:35:53 +0000] "GET /wp-includes/images/icon-library/inbox.svg HTTP/2.0" 200 227 "https://drhyperbaric.com/wp-includes/images/icon-library/" "Mozilla/5.0 AppleWebKit/537.36 (KHTML, like Gecko; compatible; GPTBot/1.4; +https://openai.com/gptbot)"
74.7.227.21 - - [25/Aug/2026:13:35:53 +0000] "GET /wp-includes/images/icon-library/stack.svg HTTP/2.0" 200 182 "https://drhyperbaric.com/wp-includes/images/icon-library/" "Mozilla/5.0 AppleWebKit/537.36 (KHTML, like Gecko; compatible; GPTBot/1.4; +https://openai.com/gptbot)"
74.7.227.21 - - [25/Aug/2026:13:35:54 +0000] "GET /wp-includes/images/icon-library/store.svg HTTP/2.0" 200 294 "https://drhyperbaric.com/wp-includes/images/icon-library/" "Mozilla/5.0 AppleWebKit/537.36 (KHTML, like Gecko; compatible; GPTBot/1.4; +https://openai.com/gptbot)"
216.73.216.212 - - [25/Aug/2026:13:35:54 +0000] "GET /wp-content/plugins/google-site-kit/includes/Core/Assets/Manifest.php HTTP/2.0" 200 0 "-" "Mozilla/5.0 AppleWebKit/537.36 (KHTML, like Gecko; compatible; ClaudeBot/1.0; +claudebot@anthropic.com)"
74.7.227.21 - - [25/Aug/2026:13:35:54 +0000] "GET /wp-includes/images/icon-library/table.svg HTTP/2.0" 200 232 "https://drhyperbaric.com/wp-includes/images/icon-library/" "Mozilla/5.0 AppleWebKit/537.36 (KHTML, like Gecko; compatible; GPTBot/1.4; +https://openai.com/gptbot)"
74.7.227.21 - - [25/Aug/2026:13:35:55 +0000] "GET /wp-includes/images/icon-library/tabs.svg HTTP/2.0" 200 194 "https://drhyperbaric.com/wp-includes/images/icon-library/" "Mozilla/5.0 AppleWebKit/537.36 (KHTML, like Gecko; compatible; GPTBot/1.4; +https://openai.com/gptbot)"
74.7.227.21 - - [25/Aug/2026:13:35:55 +0000] "GET /wp-includes/images/icon-library/tool.svg HTTP/2.0" 200 202 "https://drhyperbaric.com/wp-includes/images/icon-library/" "Mozilla/5.0 AppleWebKit/537.36 (KHTML, like Gecko; compatible; GPTBot/1.4; +https://openai.com/gptbot)"
74.7.227.21 - - [25/Aug/2026:13:35:56 +0000] "GET /wp-includes/images/icon-library/lock.svg HTTP/2.0" 200 198 "https://drhyperbaric.com/wp-includes/images/icon-library/" "Mozilla/5.0 AppleWebKit/537.36 (KHTML, like Gecko; compatible; GPTBot/1.4; +https://openai.com/gptbot)"
74.7.227.21 - - [25/Aug/2026:13:35:56 +0000] "GET /wp-content/plugins/essential-blocks/views/product-images.php HTTP/2.0" 200 0 "https://drhyperbaric.com/wp-content/plugins/essential-blocks/views/" "Mozilla/5.0 AppleWebKit/537.36 (KHTML, like Gecko; compatible; GPTBot/1.4; +https://openai.com/gptbot)"
74.7.227.21 - - [25/Aug/2026:13:35:57 +0000] "GET /wp-content/plugins/essential-blocks/views/product-grid.php HTTP/2.0" 500 0 "https://drhyperbaric.com/wp-content/plugins/essential-blocks/views/" "Mozilla/5.0 AppleWebKit/537.36 (KHTML, like Gecko; compatible; GPTBot/1.4; +https://openai.com/gptbot)"
74.7.227.21 - - [25/Aug/2026:13:35:57 +0000] "GET /wp-content/plugins/essential-blocks/views/woocommerce/ HTTP/2.0" 200 552 "https://drhyperbaric.com/wp-content/plugins/essential-blocks/views/" "Mozilla/5.0 AppleWebKit/537.36 (KHTML, like Gecko; compatible; GPTBot/1.4; +https://openai.com/gptbot)"
74.7.227.21 - - [25/Aug/2026:13:35:58 +0000] "GET /wp-includes/images/icon-library/gift.svg HTTP/2.0" 200 466 "https://drhyperbaric.com/wp-includes/images/icon-library/" "Mozilla/5.0 AppleWebKit/537.36 (KHTML, like Gecko; compatible; GPTBot/1.4; +https://openai.com/gptbot)"
216.73.216.212 - - [25/Aug/2026:13:35:59 +0000] "GET /wp-content/plugins/woocommerce/includes/admin/settings/views/ HTTP/2.0" 200 646 "-" "Mozilla/5.0 AppleWebKit/537.36 (KHTML, like Gecko; compatible; ClaudeBot/1.0; +claudebot@anthropic.com)"
74.7.227.21 - - [25/Aug/2026:13:35:59 +0000] "GET /wp-includes/images/icon-library/math.svg HTTP/2.0" 200 217 "https://drhyperbaric.com/wp-includes/images/icon-library/" "Mozilla/5.0 AppleWebKit/537.36 (KHTML, like Gecko; compatible; GPTBot/1.4; +https://openai.com/gptbot)"
74.7.227.21 - - [25/Aug/2026:13:35:59 +0000] "GET /wp-includes/images/icon-library/row.svg HTTP/2.0" 200 183 "https://drhyperbaric.com/wp-includes/images/icon-library/" "Mozilla/5.0 AppleWebKit/537.36 (KHTML, like Gecko; compatible; GPTBot/1.4; +https://openai.com/gptbot)"
74.7.227.21 - - [25/Aug/2026:13:36:00 +0000] "GET /wp-includes/images/icon-library/bug.svg HTTP/2.0" 200 278 "https://drhyperbaric.com/wp-includes/images/icon-library/" "Mozilla/5.0 AppleWebKit/537.36 (KHTML, like Gecko; compatible; GPTBot/1.4; +https://openai.com/gptbot)"
74.7.227.21 - - [25/Aug/2026:13:36:00 +0000] "GET /wp-includes/images/icon-library/rss.svg HTTP/2.0" 200 233 "https://drhyperbaric.com/wp-includes/images/icon-library/" "Mozilla/5.0 AppleWebKit/537.36 (KHTML, like Gecko; compatible; GPTBot/1.4; +https://openai.com/gptbot)"
74.7.227.21 - - [25/Aug/2026:13:36:01 +0000] "GET /wp-includes/images/icon-library/cog.svg HTTP/2.0" 200 378 "https://drhyperbaric.com/wp-includes/images/icon-library/" "Mozilla/5.0 AppleWebKit/537.36 (KHTML, like Gecko; compatible; GPTBot/1.4; +https://openai.com/gptbot)"
74.7.227.21 - - [25/Aug/2026:13:36:01 +0000] "GET /wp-includes/images/icon-library/pin.svg HTTP/2.0" 200 239 "https://drhyperbaric.com/wp-includes/images/icon-library/" "Mozilla/5.0 AppleWebKit/537.36 (KHTML, like Gecko; compatible; GPTBot/1.4; +https://openai.com/gptbot)"
74.7.227.21 - - [25/Aug/2026:13:36:02 +0000] "GET /wp-includes/images/icon-library/help.svg HTTP/2.0" 200 236 "https://drhyperbaric.com/wp-includes/images/icon-library/" "Mozilla/5.0 AppleWebKit/537.36 (KHTML, like Gecko; compatible; GPTBot/1.4; +https://openai.com/gptbot)"
74.7.227.21 - - [25/Aug/2026:13:36:03 +0000] "GET /wp-content/plugins/essential-blocks/assets/fontawesome/webfonts/fa-v4compatibility.ttf HTTP/2.0" 200 10832 "https://drhyperbaric.com/wp-content/plugins/essential-blocks/assets/fontawesome/webfonts/" "Mozilla/5.0 AppleWebKit/537.36 (KHTML, like Gecko; compatible; GPTBot/1.4; +https://openai.com/gptbot)"
74.7.227.21 - - [25/Aug/2026:13:36:03 +0000] "GET /wp-includes/images/icon-library/login.svg HTTP/2.0" 200 229 "https://drhyperbaric.com/wp-includes/images/icon-library/" "Mozilla/5.0 AppleWebKit/537.36 (KHTML, like Gecko; compatible; GPTBot/1.4; +https://openai.com/gptbot)"
74.7.227.21 - - [25/Aug/2026:13:36:04 +0000] "GET /wp-content/plugins/essential-blocks/views/woocommerce/?C=D;O=A HTTP/2.0" 200 552 "https://drhyperbaric.com/wp-content/plugins/essential-blocks/views/woocommerce/" "Mozilla/5.0 AppleWebKit/537.36 (KHTML, like Gecko; compatible; GPTBot/1.4; +https://openai.com/gptbot)"
216.73.216.212 - - [25/Aug/2026:13:36:04 +0000] "GET /wp-content/plugins/code-snippets/css/edit/_upgrade-dialog.scss HTTP/2.0" 200 836 "-" "Mozilla/5.0 AppleWebKit/537.36 (KHTML, like Gecko; compatible; ClaudeBot/1.0; +claudebot@anthropic.com)"
74.7.227.21 - - [25/Aug/2026:13:36:04 +0000] "GET /wp-content/plugins/essential-blocks/views/woocommerce/single-product.php HTTP/2.0" 500 0 "https://drhyperbaric.com/wp-content/plugins/essential-blocks/views/woocommerce/" "Mozilla/5.0 AppleWebKit/537.36 (KHTML, like Gecko; compatible; GPTBot/1.4; +https://openai.com/gptbot)"
74.7.227.21 - - [25/Aug/2026:13:36:05 +0000] "GET /wp-content/plugins/essential-blocks/views/woocommerce/single-rating.php HTTP/2.0" 200 66 "https://drhyperbaric.com/wp-content/plugins/essential-blocks/views/woocommerce/" "Mozilla/5.0 AppleWebKit/537.36 (KHTML, like Gecko; compatible; GPTBot/1.4; +https://openai.com/gptbot)"
74.7.227.21 - - [25/Aug/2026:13:36:05 +0000] "GET /wp-content/plugins/essential-blocks/views/woocommerce/price.php HTTP/2.0" 200 52 "https://drhyperbaric.com/wp-content/plugins/essential-blocks/views/woocommerce/" "Mozilla/5.0 AppleWebKit/537.36 (KHTML, like Gecko; compatible; GPTBot/1.4; +https://openai.com/gptbot)"
74.7.227.21 - - [25/Aug/2026:13:36:06 +0000] "GET /wp-content/plugins/essential-blocks/views/woocommerce/image.php HTTP/2.0" 200 72 "https://drhyperbaric.com/wp-content/plugins/essential-blocks/views/woocommerce/" "Mozilla/5.0 AppleWebKit/537.36 (KHTML, like Gecko; compatible; GPTBot/1.4; +https://openai.com/gptbot)"
74.7.227.21 - - [25/Aug/2026:13:36:06 +0000] "GET /wp-content/plugins/essential-blocks/views/woocommerce/title.php HTTP/2.0" 200 64 "https://drhyperbaric.com/wp-content/plugins/essential-blocks/views/woocommerce/" "Mozilla/5.0 AppleWebKit/537.36 (KHTML, like Gecko; compatible; GPTBot/1.4; +https://openai.com/gptbot)"
74.7.227.21 - - [25/Aug/2026:13:36:07 +0000] "GET /wp-content/plugins/essential-blocks/views/woocommerce/details.php HTTP/2.0" 200 57 "https://drhyperbaric.com/wp-content/plugins/essential-blocks/views/woocommerce/" "Mozilla/5.0 AppleWebKit/537.36 (KHTML, like Gecko; compatible; GPTBot/1.4; +https://openai.com/gptbot)"
74.7.227.21 - - [25/Aug/2026:13:36:08 +0000] "GET /wp-content/plugins/essential-blocks/views/woocommerce/rating.php HTTP/2.0" 200 67 "https://drhyperbaric.com/wp-content/plugins/essential-blocks/views/woocommerce/" "Mozilla/5.0 AppleWebKit/537.36 (KHTML, like Gecko; compatible; GPTBot/1.4; +https://openai.com/gptbot)"
74.7.227.21 - - [25/Aug/2026:13:36:08 +0000] "GET /wp-includes/images/icon-library/custom-post-type.svg HTTP/2.0" 200 219 "https://drhyperbaric.com/wp-includes/images/icon-library/" "Mozilla/5.0 AppleWebKit/537.36 (KHTML, like Gecko; compatible; GPTBot/1.4; +https://openai.com/gptbot)"
74.7.227.21 - - [25/Aug/2026:13:36:09 +0000] "GET /wp-includes/images/icon-library/tip.svg HTTP/2.0" 200 205 "https://drhyperbaric.com/wp-includes/images/icon-library/" "Mozilla/5.0 AppleWebKit/537.36 (KHTML, like Gecko; compatible; GPTBot/1.4; +https://openai.com/gptbot)"
216.73.216.212 - - [25/Aug/2026:13:36:09 +0000] "GET /wp-content/plugins/essential-blocks/src/blocks/pricing-table/block.json HTTP/2.0" 200 294 "-" "Mozilla/5.0 AppleWebKit/537.36 (KHTML, like Gecko; compatible; ClaudeBot/1.0; +claudebot@anthropic.com)"
74.7.227.21 - - [25/Aug/2026:13:36:09 +0000] "GET /wp-includes/images/icon-library/tab.svg HTTP/2.0" 200 225 "https://drhyperbaric.com/wp-includes/images/icon-library/" "Mozilla/5.0 AppleWebKit/537.36 (KHTML, like Gecko; compatible; GPTBot/1.4; +https://openai.com/gptbot)"
74.7.227.21 - - [25/Aug/2026:13:36:10 +0000] "GET /wp-includes/images/icon-library/key.svg HTTP/2.0" 200 195 "https://drhyperbaric.com/wp-includes/images/icon-library/" "Mozilla/5.0 AppleWebKit/537.36 (KHTML, like Gecko; compatible; GPTBot/1.4; +https://openai.com/gptbot)"
74.7.227.21 - - [25/Aug/2026:13:36:10 +0000] "GET /wp-includes/images/icon-library/box.svg HTTP/2.0" 200 229 "https://drhyperbaric.com/wp-includes/images/icon-library/" "Mozilla/5.0 AppleWebKit/537.36 (KHTML, like Gecko; compatible; GPTBot/1.4; +https://openai.com/gptbot)"
74.7.227.21 - - [25/Aug/2026:13:36:11 +0000] "GET /wp-content/plugins/essential-blocks/templates/ HTTP/2.0" 200 436 "https://drhyperbaric.com/wp-content/plugins/essential-blocks/" "Mozilla/5.0 AppleWebKit/537.36 (KHTML, like Gecko; compatible; GPTBot/1.4; +https://openai.com/gptbot)"
74.7.227.21 - - [25/Aug/2026:13:36:11 +0000] "GET /wp-content/plugins/essential-blocks/languages/ HTTP/2.0" 200 431 "https://drhyperbaric.com/wp-content/plugins/essential-blocks/" "Mozilla/5.0 AppleWebKit/537.36 (KHTML, like Gecko; compatible; GPTBot/1.4; +https://openai.com/gptbot)"
74.7.227.21 - - [25/Aug/2026:13:36:12 +0000] "GET /wp-content/plugins/essential-blocks/includes/ HTTP/2.0" 200 587 "https://drhyperbaric.com/wp-content/plugins/essential-blocks/" "Mozilla/5.0 AppleWebKit/537.36 (KHTML, like Gecko; compatible; GPTBot/1.4; +https://openai.com/gptbot)"
74.7.227.21 - - [25/Aug/2026:13:36:12 +0000] "GET /wp-includes/images/icon-library/media-and-text.svg HTTP/2.0" 200 155 "https://drhyperbaric.com/wp-includes/images/icon-library/" "Mozilla/5.0 AppleWebKit/537.36 (KHTML, like Gecko; compatible; GPTBot/1.4; +https://openai.com/gptbot)"
74.7.227.21 - - [25/Aug/2026:13:36:13 +0000] "GET /wp-includes/images/icon-library/cancel-circle-filled.svg HTTP/2.0" 200 242 "https://drhyperbaric.com/wp-includes/images/icon-library/" "Mozilla/5.0 AppleWebKit/537.36 (KHTML, like Gecko; compatible; GPTBot/1.4; +https://openai.com/gptbot)"
74.7.227.21 - - [25/Aug/2026:13:36:13 +0000] "GET /wp-includes/images/icon-library/resize-corner-ne.svg HTTP/2.0" 200 136 "https://drhyperbaric.com/wp-includes/images/icon-library/" "Mozilla/5.0 AppleWebKit/537.36 (KHTML, like Gecko; compatible; GPTBot/1.4; +https://openai.com/gptbot)"
216.73.216.212 - - [25/Aug/2026:13:36:14 +0000] "GET /wp-content/plugins/betterdocs/assets/blocks/faq/block.json HTTP/2.0" 200 268 "-" "Mozilla/5.0 AppleWebKit/537.36 (KHTML, like Gecko; compatible; ClaudeBot/1.0; +claudebot@anthropic.com)"
74.7.227.21 - - [25/Aug/2026:13:36:14 +0000] "GET /wp-includes/images/icon-library/cloud-upload.svg HTTP/2.0" 200 361 "https://drhyperbaric.com/wp-includes/images/icon-library/" "Mozilla/5.0 AppleWebKit/537.36 (KHTML, like Gecko; compatible; GPTBot/1.4; +https://openai.com/gptbot)"
74.7.227.21 - - [25/Aug/2026:13:36:15 +0000] "GET /wp-includes/images/icon-library/plus-circle-filled.svg HTTP/2.0" 200 183 "https://drhyperbaric.com/wp-includes/images/icon-library/" "Mozilla/5.0 AppleWebKit/537.36 (KHTML, like Gecko; compatible; GPTBot/1.4; +https://openai.com/gptbot)"
74.7.227.21 - - [25/Aug/2026:13:36:15 +0000] "GET /wp-includes/images/icon-library/chevron-up-down.svg HTTP/2.0" 200 177 "https://drhyperbaric.com/wp-includes/images/icon-library/" "Mozilla/5.0 AppleWebKit/537.36 (KHTML, like Gecko; compatible; GPTBot/1.4; +https://openai.com/gptbot)"
74.7.227.21 - - [25/Aug/2026:13:36:16 +0000] "GET /wp-includes/images/icon-library/table-of-contents.svg HTTP/2.0" 200 217 "https://drhyperbaric.com/wp-includes/images/icon-library/" "Mozilla/5.0 AppleWebKit/537.36 (KHTML, like Gecko; compatible; GPTBot/1.4; +https://openai.com/gptbot)"
74.7.227.21 - - [25/Aug/2026:13:36:16 +0000] "GET /wp-includes/images/icon-library/table-row-after.svg HTTP/2.0" 200 254 "https://drhyperbaric.com/wp-includes/images/icon-library/" "Mozilla/5.0 AppleWebKit/537.36 (KHTML, like Gecko; compatible; GPTBot/1.4; +https://openai.com/gptbot)"
74.7.227.21 - - [25/Aug/2026:13:36:17 +0000] "GET /wp-content/plugins/essential-blocks/templates/essential-blocks-fullwidth-template.php HTTP/2.0" 200 0 "https://drhyperbaric.com/wp-content/plugins/essential-blocks/templates/" "Mozilla/5.0 AppleWebKit/537.36 (KHTML, like Gecko; compatible; GPTBot/1.4; +https://openai.com/gptbot)"
74.7.227.21 - - [25/Aug/2026:13:36:17 +0000] "GET /wp-content/plugins/essential-blocks/languages/essential-blocks.pot HTTP/2.0" 200 626947 "https://drhyperbaric.com/wp-content/plugins/essential-blocks/languages/" "Mozilla/5.0 AppleWebKit/537.36 (KHTML, like Gecko; compatible; GPTBot/1.4; +https://openai.com/gptbot)"
74.7.227.21 - - [25/Aug/2026:13:36:18 +0000] "GET /wp-content/plugins/essential-blocks/templates/essential-blocks-blank-template.php HTTP/2.0" 200 0 "https://drhyperbaric.com/wp-content/plugins/essential-blocks/templates/" "Mozilla/5.0 AppleWebKit/537.36 (KHTML, like Gecko; compatible; GPTBot/1.4; +https://openai.com/gptbot)"
74.7.227.21 - - [25/Aug/2026:13:36:18 +0000] "GET /wp-content/plugins/essential-blocks/includes/fallback.php HTTP/2.0" 500 0 "https://drhyperbaric.com/wp-content/plugins/essential-blocks/includes/" "Mozilla/5.0 AppleWebKit/537.36 (KHTML, like Gecko; compatible; GPTBot/1.4; +https://openai.com/gptbot)"
74.7.227.21 - - [25/Aug/2026:13:36:19 +0000] "GET /wp-content/plugins/essential-blocks/includes/Dependencies/ HTTP/2.0" 200 461 "https://drhyperbaric.com/wp-content/plugins/essential-blocks/includes/" "Mozilla/5.0 AppleWebKit/537.36 (KHTML, like Gecko; compatible; GPTBot/1.4; +https://openai.com/gptbot)"
216.73.216.212 - - [25/Aug/2026:13:36:19 +0000] "GET /wp-content/plugins/elementor/includes/libraries/wp-background-process/wp-background-process/ HTTP/2.0" 200 433 "-" "Mozilla/5.0 AppleWebKit/537.36 (KHTML, like Gecko; compatible; ClaudeBot/1.0; +claudebot@anthropic.com)"
74.7.227.21 - - [25/Aug/2026:13:36:19 +0000] "GET /wp-content/plugins/essential-blocks/includes/Integrations/ HTTP/2.0" 200 607 "https://drhyperbaric.com/wp-content/plugins/essential-blocks/includes/" "Mozilla/5.0 AppleWebKit/537.36 (KHTML, like Gecko; compatible; GPTBot/1.4; +https://openai.com/gptbot)"
74.7.227.21 - - [25/Aug/2026:13:36:20 +0000] "GET /wp-includes/images/icon-library/table-row-before.svg HTTP/2.0" 200 250 "https://drhyperbaric.com/wp-includes/images/icon-library/" "Mozilla/5.0 AppleWebKit/537.36 (KHTML, like Gecko; compatible; GPTBot/1.4; +https://openai.com/gptbot)"
74.7.227.21 - - [25/Aug/2026:13:36:21 +0000] "GET /wp-includes/images/icon-library/table-row-delete.svg HTTP/2.0" 200 246 "https://drhyperbaric.com/wp-includes/images/icon-library/" "Mozilla/5.0 AppleWebKit/537.36 (KHTML, like Gecko; compatible; GPTBot/1.4; +https://openai.com/gptbot)"
74.7.227.21 - - [25/Aug/2026:13:36:21 +0000] "GET /wp-includes/images/icon-library/query-pagination-next.svg HTTP/2.0" 200 146 "https://drhyperbaric.com/wp-includes/images/icon-library/" "Mozilla/5.0 AppleWebKit/537.36 (KHTML, like Gecko; compatible; GPTBot/1.4; +https://openai.com/gptbot)"
74.7.227.21 - - [25/Aug/2026:13:36:22 +0000] "GET /wp-includes/images/icon-library/query-pagination-previous.svg HTTP/2.0" 200 148 "https://drhyperbaric.com/wp-includes/images/icon-library/" "Mozilla/5.0 AppleWebKit/537.36 (KHTML, like Gecko; compatible; GPTBot/1.4; +https://openai.com/gptbot)"
74.7.227.21 - - [25/Aug/2026:13:36:22 +0000] "GET /wp-includes/images/icon-library/query-pagination-numbers.svg HTTP/2.0" 200 228 "https://drhyperbaric.com/wp-includes/images/icon-library/" "Mozilla/5.0 AppleWebKit/537.36 (KHTML, like Gecko; compatible; GPTBot/1.4; +https://openai.com/gptbot)"
74.7.227.21 - - [25/Aug/2026:13:36:23 +0000] "GET /wp-includes/images/icon-library/page.svg HTTP/2.0" 200 201 "https://drhyperbaric.com/wp-includes/images/icon-library/" "Mozilla/5.0 AppleWebKit/537.36 (KHTML, like Gecko; compatible; GPTBot/1.4; +https://openai.com/gptbot)"
74.7.227.21 - - [25/Aug/2026:13:36:23 +0000] "GET /wp-includes/images/icon-library/justify-bottom.svg HTTP/2.0" 200 119 "https://drhyperbaric.com/wp-includes/images/icon-library/" "Mozilla/5.0 AppleWebKit/537.36 (KHTML, like Gecko; compatible; GPTBot/1.4; +https://openai.com/gptbot)"
74.7.227.21 - - [25/Aug/2026:13:36:24 +0000] "GET /wp-includes/images/icon-library/more-vertical.svg HTTP/2.0" 200 129 "https://drhyperbaric.com/wp-includes/images/icon-library/" "Mozilla/5.0 AppleWebKit/537.36 (KHTML, like Gecko; compatible; GPTBot/1.4; +https://openai.com/gptbot)"
216.73.216.212 - - [25/Aug/2026:13:36:24 +0000] "GET /wp-content/plugins/elementor-pro/assets/css/modules/forms/submissions/admin-rtl.css HTTP/2.0" 200 1208 "-" "Mozilla/5.0 AppleWebKit/537.36 (KHTML, like Gecko; compatible; ClaudeBot/1.0; +claudebot@anthropic.com)"
74.7.227.21 - - [25/Aug/2026:13:36:24 +0000] "GET /wp-includes/images/icon-library/chevron-left-small.svg HTTP/2.0" 200 128 "https://drhyperbaric.com/wp-includes/images/icon-library/" "Mozilla/5.0 AppleWebKit/537.36 (KHTML, like Gecko; compatible; GPTBot/1.4; +https://openai.com/gptbot)"
74.7.227.21 - - [25/Aug/2026:13:36:25 +0000] "GET /wp-includes/images/icon-library/stretch-full-width.svg HTTP/2.0" 200 117 "https://drhyperbaric.com/wp-includes/images/icon-library/" "Mozilla/5.0 AppleWebKit/537.36 (KHTML, like Gecko; compatible; GPTBot/1.4; +https://openai.com/gptbot)"
74.7.227.21 - - [25/Aug/2026:13:36:25 +0000] "GET /wp-content/plugins/essential-blocks/includes/Integrations/Instagram.php HTTP/2.0" 500 0 "https://drhyperbaric.com/wp-content/plugins/essential-blocks/includes/Integrations/" "Mozilla/5.0 AppleWebKit/537.36 (KHTML, like Gecko; compatible; GPTBot/1.4; +https://openai.com/gptbot)"
74.7.227.21 - - [25/Aug/2026:13:36:26 +0000] "GET /wp-includes/images/icon-library/currency-dollar.svg HTTP/2.0" 200 375 "https://drhyperbaric.com/wp-includes/images/icon-library/" "Mozilla/5.0 AppleWebKit/537.36 (KHTML, like Gecko; compatible; GPTBot/1.4; +https://openai.com/gptbot)"
2a03:2880:f806:20:: - - [25/Aug/2026:13:36:26 +0000] "GET /?t5w1a7i5n2755220 HTTP/2.0" 200 435 "-" "Mozilla/5.0 (Windows NT 10.0; Win64; x64) AppleWebKit/537.36 (KHTML, like Gecko) Chrome/145.0.0.0 Safari/537.36 Edg/145.0.0.0 (compatible; meta-externalagent/1.1 (+https://developers.facebook.com/docs/sharing/webmasters/crawler))"
74.7.227.21 - - [25/Aug/2026:13:36:27 +0000] "GET /wp-includes/images/icon-library/currency-pound.svg HTTP/2.0" 200 390 "https://drhyperbaric.com/wp-includes/images/icon-library/" "Mozilla/5.0 AppleWebKit/537.36 (KHTML, like Gecko; compatible; GPTBot/1.4; +https://openai.com/gptbot)"
74.7.227.21 - - [25/Aug/2026:13:36:27 +0000] "GET /wp-includes/images/icon-library/remove-submenu.svg HTTP/2.0" 200 302 "https://drhyperbaric.com/wp-includes/images/icon-library/" "Mozilla/5.0 AppleWebKit/537.36 (KHTML, like Gecko; compatible; GPTBot/1.4; +https://openai.com/gptbot)"
74.7.227.21 - - [25/Aug/2026:13:36:28 +0000] "GET /wp-includes/images/icon-library/justify-center-vertical.svg HTTP/2.0" 200 119 "https://drhyperbaric.com/wp-includes/images/icon-library/" "Mozilla/5.0 AppleWebKit/537.36 (KHTML, like Gecko; compatible; GPTBot/1.4; +https://openai.com/gptbot)"
74.7.227.21 - - [25/Aug/2026:13:36:28 +0000] "GET /wp-includes/images/icon-library/justify-stretch-vertical.svg HTTP/2.0" 200 173 "https://drhyperbaric.com/wp-includes/images/icon-library/" "Mozilla/5.0 AppleWebKit/537.36 (KHTML, like Gecko; compatible; GPTBot/1.4; +https://openai.com/gptbot)"
216.73.216.212 - - [25/Aug/2026:13:36:29 +0000] "GET /wp-content/plugins/google-site-kit/includes/Core/Feature_Tours/REST_Feature_Tours_Controller.php HTTP/2.0" 200 0 "-" "Mozilla/5.0 AppleWebKit/537.36 (KHTML, like Gecko; compatible; ClaudeBot/1.0; +claudebot@anthropic.com)"
74.7.227.21 - - [25/Aug/2026:13:36:29 +0000] "GET /wp-includes/images/icon-library/chevron-up-small.svg HTTP/2.0" 200 164 "https://drhyperbaric.com/wp-includes/images/icon-library/" "Mozilla/5.0 AppleWebKit/537.36 (KHTML, like Gecko; compatible; GPTBot/1.4; +https://openai.com/gptbot)"
74.7.227.21 - - [25/Aug/2026:13:36:30 +0000] "GET /wp-includes/images/icon-library/corner-top-right.svg HTTP/2.0" 200 275 "https://drhyperbaric.com/wp-includes/images/icon-library/" "Mozilla/5.0 AppleWebKit/537.36 (KHTML, like Gecko; compatible; GPTBot/1.4; +https://openai.com/gptbot)"
74.7.227.21 - - [25/Aug/2026:13:36:30 +0000] "GET /wp-includes/images/icon-library/arrow-down-right.svg HTTP/2.0" 200 126 "https://drhyperbaric.com/wp-includes/images/icon-library/" "Mozilla/5.0 AppleWebKit/537.36 (KHTML, like Gecko; compatible; GPTBot/1.4; +https://openai.com/gptbot)"
74.7.227.21 - - [25/Aug/2026:13:36:31 +0000] "GET /wp-includes/images/icon-library/chevron-down-small.svg HTTP/2.0" 200 164 "https://drhyperbaric.com/wp-includes/images/icon-library/" "Mozilla/5.0 AppleWebKit/537.36 (KHTML, like Gecko; compatible; GPTBot/1.4; +https://openai.com/gptbot)"
74.7.227.21 - - [25/Aug/2026:13:36:31 +0000] "GET /wp-includes/images/icon-library/corner-bottom-left.svg HTTP/2.0" 200 292 "https://drhyperbaric.com/wp-includes/images/icon-library/" "Mozilla/5.0 AppleWebKit/537.36 (KHTML, like Gecko; compatible; GPTBot/1.4; +https://openai.com/gptbot)"
74.7.227.21 - - [25/Aug/2026:13:36:32 +0000] "GET /wp-includes/images/icon-library/table-column-after.svg HTTP/2.0" 200 249 "https://drhyperbaric.com/wp-includes/images/icon-library/" "Mozilla/5.0 AppleWebKit/537.36 (KHTML, like Gecko; compatible; GPTBot/1.4; +https://openai.com/gptbot)"
74.7.227.21 - - [25/Aug/2026:13:36:32 +0000] "GET /wp-content/plugins/essential-blocks/includes/Integrations/OpenVerse.php HTTP/2.0" 500 0 "https://drhyperbaric.com/wp-content/plugins/essential-blocks/includes/Integrations/" "Mozilla/5.0 AppleWebKit/537.36 (KHTML, like Gecko; compatible; GPTBot/1.4; +https://openai.com/gptbot)"
74.7.227.21 - - [25/Aug/2026:13:36:33 +0000] "GET /wp-content/plugins/essential-blocks/includes/Integrations/GoogleMap.php HTTP/2.0" 500 0 "https://drhyperbaric.com/wp-content/plugins/essential-blocks/includes/Integrations/" "Mozilla/5.0 AppleWebKit/537.36 (KHTML, like Gecko; compatible; GPTBot/1.4; +https://openai.com/gptbot)"
74.7.227.21 - - [25/Aug/2026:13:36:33 +0000] "GET /wp-includes/images/icon-library/justify-space-between.svg HTTP/2.0" 200 135 "https://drhyperbaric.com/wp-includes/images/icon-library/" "Mozilla/5.0 AppleWebKit/537.36 (KHTML, like Gecko; compatible; GPTBot/1.4; +https://openai.com/gptbot)"
216.73.216.212 - - [25/Aug/2026:13:36:34 +0000] "GET /wp-content/plugins/elementor/modules/site-navigation/data/endpoints/ HTTP/2.0" 200 480 "-" "Mozilla/5.0 AppleWebKit/537.36 (KHTML, like Gecko; compatible; ClaudeBot/1.0; +claudebot@anthropic.com)"
74.7.227.21 - - [25/Aug/2026:13:36:35 +0000] "GET /wp-includes/images/icon-library/accordion-heading.svg HTTP/2.0" 200 223 "https://drhyperbaric.com/wp-includes/images/icon-library/" "Mozilla/5.0 AppleWebKit/537.36 (KHTML, like Gecko; compatible; GPTBot/1.4; +https://openai.com/gptbot)"
74.7.227.21 - - [25/Aug/2026:13:36:36 +0000] "GET /wp-includes/images/icon-library/table-column-before.svg HTTP/2.0" 200 250 "https://drhyperbaric.com/wp-includes/images/icon-library/" "Mozilla/5.0 AppleWebKit/537.36 (KHTML, like Gecko; compatible; GPTBot/1.4; +https://openai.com/gptbot)"
74.7.227.21 - - [25/Aug/2026:13:36:36 +0000] "GET /wp-includes/images/icon-library/position-left.svg HTTP/2.0" 200 133 "https://drhyperbaric.com/wp-includes/images/icon-library/" "Mozilla/5.0 AppleWebKit/537.36 (KHTML, like Gecko; compatible; GPTBot/1.4; +https://openai.com/gptbot)"
74.7.227.21 - - [25/Aug/2026:13:36:37 +0000] "GET /wp-includes/images/icon-library/chevron-right-small.svg HTTP/2.0" 200 196 "https://drhyperbaric.com/wp-includes/images/icon-library/" "Mozilla/5.0 AppleWebKit/537.36 (KHTML, like Gecko; compatible; GPTBot/1.4; +https://openai.com/gptbot)"
74.7.227.21 - - [25/Aug/2026:13:36:38 +0000] "GET /wp-includes/images/icon-library/table-column-delete.svg HTTP/2.0" 200 250 "https://drhyperbaric.com/wp-includes/images/icon-library/" "Mozilla/5.0 AppleWebKit/537.36 (KHTML, like Gecko; compatible; GPTBot/1.4; +https://openai.com/gptbot)"
74.7.227.21 - - [25/Aug/2026:13:36:38 +0000] "GET /wp-includes/images/icon-library/corner-bottom-right.svg HTTP/2.0" 200 293 "https://drhyperbaric.com/wp-includes/images/icon-library/" "Mozilla/5.0 AppleWebKit/537.36 (KHTML, like Gecko; compatible; GPTBot/1.4; +https://openai.com/gptbot)"
