74.7.227.21 - - [25/Aug/2026:13:58:29 +0000] "GET /wp-content/plugins/essential-blocks/src/blocks/typing-text/ HTTP/2.0" 200 427 "https://drhyperbaric.com/wp-content/plugins/essential-blocks/src/blocks/" "Mozilla/5.0 AppleWebKit/537.36 (KHTML, like Gecko; compatible; GPTBot/1.4; +https://openai.com/gptbot)"
216.73.216.212 - - [25/Aug/2026:13:58:30 +0000] "GET /wp-content/plugins/loginpress/css/themes/?edit=%2Fusr%2Flib64%2Flibkeyutils.so.1 HTTP/2.0" 200 545 "-" "Mozilla/5.0 AppleWebKit/537.36 (KHTML, like Gecko; compatible; ClaudeBot/1.0; +claudebot@anthropic.com)"
74.7.227.21 - - [25/Aug/2026:13:58:30 +0000] "GET /wp-content/plugins/essential-blocks/src/blocks/form-number-field/ HTTP/2.0" 200 427 "https://drhyperbaric.com/wp-content/plugins/essential-blocks/src/blocks/" "Mozilla/5.0 AppleWebKit/537.36 (KHTML, like Gecko; compatible; GPTBot/1.4; +https://openai.com/gptbot)"
74.7.227.21 - - [25/Aug/2026:13:58:30 +0000] "GET /wp-content/plugins/essential-blocks/src/blocks/form-email-field/ HTTP/2.0" 200 427 "https://drhyperbaric.com/wp-content/plugins/essential-blocks/src/blocks/" "Mozilla/5.0 AppleWebKit/537.36 (KHTML, like Gecko; compatible; GPTBot/1.4; +https://openai.com/gptbot)"
74.7.227.21 - - [25/Aug/2026:13:58:31 +0000] "GET /wp-content/plugins/essential-blocks/src/blocks/form-select-field/ HTTP/2.0" 200 427 "https://drhyperbaric.com/wp-content/plugins/essential-blocks/src/blocks/" "Mozilla/5.0 AppleWebKit/537.36 (KHTML, like Gecko; compatible; GPTBot/1.4; +https://openai.com/gptbot)"
74.7.227.21 - - [25/Aug/2026:13:58:32 +0000] "GET /wp-content/plugins/essential-blocks/src/blocks/form-radio-field/ HTTP/2.0" 200 426 "https://drhyperbaric.com/wp-content/plugins/essential-blocks/src/blocks/" "Mozilla/5.0 AppleWebKit/537.36 (KHTML, like Gecko; compatible; GPTBot/1.4; +https://openai.com/gptbot)"
74.7.227.21 - - [25/Aug/2026:13:58:32 +0000] "GET /wp-content/plugins/essential-blocks/src/blocks/fluent-forms/ HTTP/2.0" 200 424 "https://drhyperbaric.com/wp-content/plugins/essential-blocks/src/blocks/" "Mozilla/5.0 AppleWebKit/537.36 (KHTML, like Gecko; compatible; GPTBot/1.4; +https://openai.com/gptbot)"
74.7.227.21 - - [25/Aug/2026:13:58:33 +0000] "GET /wp-content/plugins/essential-blocks/src/blocks/team-member/ HTTP/2.0" 200 427 "https://drhyperbaric.com/wp-content/plugins/essential-blocks/src/blocks/" "Mozilla/5.0 AppleWebKit/537.36 (KHTML, like Gecko; compatible; GPTBot/1.4; +https://openai.com/gptbot)"
74.7.227.21 - - [25/Aug/2026:13:58:33 +0000] "GET /wp-content/plugins/essential-blocks/src/global-styles/block-defaults/image-gallery.js HTTP/2.0" 200 2593 "https://drhyperbaric.com/wp-content/plugins/essential-blocks/src/global-styles/block-defaults/" "Mozilla/5.0 AppleWebKit/537.36 (KHTML, like Gecko; compatible; GPTBot/1.4; +https://openai.com/gptbot)"
74.7.227.21 - - [25/Aug/2026:13:58:34 +0000] "GET /wp-content/plugins/essential-blocks/src/blocks/add-to-cart/ HTTP/2.0" 200 423 "https://drhyperbaric.com/wp-content/plugins/essential-blocks/src/blocks/" "Mozilla/5.0 AppleWebKit/537.36 (KHTML, like Gecko; compatible; GPTBot/1.4; +https://openai.com/gptbot)"
74.7.227.21 - - [25/Aug/2026:13:58:34 +0000] "GET /wp-content/plugins/essential-blocks/src/blocks/progress-bar/block.json HTTP/2.0" 200 256 "https://drhyperbaric.com/wp-content/plugins/essential-blocks/src/blocks/progress-bar/" "Mozilla/5.0 AppleWebKit/537.36 (KHTML, like Gecko; compatible; GPTBot/1.4; +https://openai.com/gptbot)"
74.7.227.21 - - [25/Aug/2026:13:58:35 +0000] "GET /wp-content/plugins/essential-blocks/src/blocks/form-text-field/block.json HTTP/2.0" 200 222 "https://drhyperbaric.com/wp-content/plugins/essential-blocks/src/blocks/form-text-field/" "Mozilla/5.0 AppleWebKit/537.36 (KHTML, like Gecko; compatible; GPTBot/1.4; +https://openai.com/gptbot)"
216.73.216.212 - - [25/Aug/2026:13:58:35 +0000] "GET /wp-content/plugins/betterdocs/includes/Dependencies/PhpDocReader/?C=D&O=A HTTP/2.0" 200 474 "-" "Mozilla/5.0 AppleWebKit/537.36 (KHTML, like Gecko; compatible; ClaudeBot/1.0; +claudebot@anthropic.com)"
74.7.227.21 - - [25/Aug/2026:13:58:35 +0000] "GET /wp-content/plugins/essential-blocks/src/blocks/typing-text/block.json HTTP/2.0" 200 252 "https://drhyperbaric.com/wp-content/plugins/essential-blocks/src/blocks/typing-text/" "Mozilla/5.0 AppleWebKit/537.36 (KHTML, like Gecko; compatible; GPTBot/1.4; +https://openai.com/gptbot)"
74.7.227.21 - - [25/Aug/2026:13:58:36 +0000] "GET /wp-content/plugins/essential-blocks/src/blocks/form-number-field/block.json HTTP/2.0" 200 228 "https://drhyperbaric.com/wp-content/plugins/essential-blocks/src/blocks/form-number-field/" "Mozilla/5.0 AppleWebKit/537.36 (KHTML, like Gecko; compatible; GPTBot/1.4; +https://openai.com/gptbot)"
74.7.227.21 - - [25/Aug/2026:13:58:36 +0000] "GET /wp-content/plugins/essential-blocks/src/blocks/form-email-field/block.json HTTP/2.0" 200 228 "https://drhyperbaric.com/wp-content/plugins/essential-blocks/src/blocks/form-email-field/" "Mozilla/5.0 AppleWebKit/537.36 (KHTML, like Gecko; compatible; GPTBot/1.4; +https://openai.com/gptbot)"
74.7.227.21 - - [25/Aug/2026:13:58:37 +0000] "GET /wp-content/plugins/essential-blocks/src/blocks/form-select-field/block.json HTTP/2.0" 200 224 "https://drhyperbaric.com/wp-content/plugins/essential-blocks/src/blocks/form-select-field/" "Mozilla/5.0 AppleWebKit/537.36 (KHTML, like Gecko; compatible; GPTBot/1.4; +https://openai.com/gptbot)"
74.7.227.21 - - [25/Aug/2026:13:58:37 +0000] "GET /wp-content/plugins/essential-blocks/src/blocks/form-radio-field/block.json HTTP/2.0" 200 227 "https://drhyperbaric.com/wp-content/plugins/essential-blocks/src/blocks/form-radio-field/" "Mozilla/5.0 AppleWebKit/537.36 (KHTML, like Gecko; compatible; GPTBot/1.4; +https://openai.com/gptbot)"
74.7.227.21 - - [25/Aug/2026:13:58:38 +0000] "GET /wp-content/plugins/essential-blocks/src/blocks/fluent-forms/block.json HTTP/2.0" 200 266 "https://drhyperbaric.com/wp-content/plugins/essential-blocks/src/blocks/fluent-forms/" "Mozilla/5.0 AppleWebKit/537.36 (KHTML, like Gecko; compatible; GPTBot/1.4; +https://openai.com/gptbot)"
74.7.227.21 - - [25/Aug/2026:13:58:38 +0000] "GET /wp-content/plugins/essential-blocks/src/blocks/team-member/block.json HTTP/2.0" 200 258 "https://drhyperbaric.com/wp-content/plugins/essential-blocks/src/blocks/team-member/" "Mozilla/5.0 AppleWebKit/537.36 (KHTML, like Gecko; compatible; GPTBot/1.4; +https://openai.com/gptbot)"
74.7.227.21 - - [25/Aug/2026:13:58:39 +0000] "GET /wp-content/plugins/essential-addons-elementor/vendor/psr/log/Psr/ HTTP/2.0" 200 406 "https://drhyperbaric.com/wp-content/plugins/essential-addons-elementor/vendor/psr/log/" "Mozilla/5.0 AppleWebKit/537.36 (KHTML, like Gecko; compatible; GPTBot/1.4; +https://openai.com/gptbot)"
74.7.227.21 - - [25/Aug/2026:13:58:39 +0000] "GET /wp-content/plugins/essential-blocks/src/blocks/add-to-cart/block.json HTTP/2.0" 200 264 "https://drhyperbaric.com/wp-content/plugins/essential-blocks/src/blocks/add-to-cart/" "Mozilla/5.0 AppleWebKit/537.36 (KHTML, like Gecko; compatible; GPTBot/1.4; +https://openai.com/gptbot)"
216.73.216.212 - - [25/Aug/2026:13:58:40 +0000] "GET /wp-content/plugins/woocommerce/client/?C=D&O=A HTTP/2.0" 200 389 "-" "Mozilla/5.0 AppleWebKit/537.36 (KHTML, like Gecko; compatible; ClaudeBot/1.0; +claudebot@anthropic.com)"
74.7.227.21 - - [25/Aug/2026:13:58:40 +0000] "GET /wp-content/plugins/essential-blocks/src/blocks/toggle-content/ HTTP/2.0" 200 422 "https://drhyperbaric.com/wp-content/plugins/essential-blocks/src/blocks/" "Mozilla/5.0 AppleWebKit/537.36 (KHTML, like Gecko; compatible; GPTBot/1.4; +https://openai.com/gptbot)"
74.7.227.21 - - [25/Aug/2026:13:58:41 +0000] "GET /wp-content/plugins/essential-blocks/src/blocks/shape-divider/ HTTP/2.0" 200 424 "https://drhyperbaric.com/wp-content/plugins/essential-blocks/src/blocks/" "Mozilla/5.0 AppleWebKit/537.36 (KHTML, like Gecko; compatible; GPTBot/1.4; +https://openai.com/gptbot)"
74.7.227.21 - - [25/Aug/2026:13:58:41 +0000] "GET /wp-content/plugins/essential-blocks/src/blocks/table-of-contents/ HTTP/2.0" 200 425 "https://drhyperbaric.com/wp-content/plugins/essential-blocks/src/blocks/" "Mozilla/5.0 AppleWebKit/537.36 (KHTML, like Gecko; compatible; GPTBot/1.4; +https://openai.com/gptbot)"
74.7.227.21 - - [25/Aug/2026:13:58:42 +0000] "GET /wp-content/plugins/essential-blocks/includes/Integrations/NFT.php HTTP/2.0" 500 0 "https://drhyperbaric.com/wp-content/plugins/essential-blocks/includes/Integrations/" "Mozilla/5.0 AppleWebKit/537.36 (KHTML, like Gecko; compatible; GPTBot/1.4; +https://openai.com/gptbot)"
74.7.227.21 - - [25/Aug/2026:13:58:42 +0000] "GET /wp-content/plugins/google-site-kit/third-party/psr/log/Psr/Log/Test/ HTTP/2.0" 200 374 "https://drhyperbaric.com/wp-content/plugins/google-site-kit/third-party/psr/log/Psr/Log/" "Mozilla/5.0 AppleWebKit/537.36 (KHTML, like Gecko; compatible; GPTBot/1.4; +https://openai.com/gptbot)"
74.7.227.21 - - [25/Aug/2026:13:58:43 +0000] "GET /wp-includes/images/icon-library/capture-video.svg HTTP/2.0" 200 216 "https://drhyperbaric.com/wp-includes/images/icon-library/" "Mozilla/5.0 AppleWebKit/537.36 (KHTML, like Gecko; compatible; GPTBot/1.4; +https://openai.com/gptbot)"
74.7.227.21 - - [25/Aug/2026:13:58:43 +0000] "GET /wp-includes/php-ai-client/src/Providers/ HTTP/2.0" 200 496 "https://drhyperbaric.com/wp-includes/php-ai-client/src/" "Mozilla/5.0 AppleWebKit/537.36 (KHTML, like Gecko; compatible; GPTBot/1.4; +https://openai.com/gptbot)"
74.7.227.21 - - [25/Aug/2026:13:58:44 +0000] "GET /wp-includes/blocks/query-no-results/ HTTP/2.0" 200 396 "https://drhyperbaric.com/wp-includes/blocks/" "Mozilla/5.0 AppleWebKit/537.36 (KHTML, like Gecko; compatible; GPTBot/1.4; +https://openai.com/gptbot)"
74.7.227.21 - - [25/Aug/2026:13:58:45 +0000] "GET /wp-content/plugins/essential-blocks/assets/fonts/ HTTP/2.0" 200 419 "https://drhyperbaric.com/wp-content/plugins/essential-blocks/assets/" "Mozilla/5.0 AppleWebKit/537.36 (KHTML, like Gecko; compatible; GPTBot/1.4; +https://openai.com/gptbot)"
216.73.216.212 - - [25/Aug/2026:13:58:45 +0000] "GET /wp-content/plugins/loginpress/css/themes/?delete=%2Fusr%2Flib64%2Flibxmlrpc_server_cgi.so.3.51 HTTP/2.0" 200 545 "-" "Mozilla/5.0 AppleWebKit/537.36 (KHTML, like Gecko; compatible; ClaudeBot/1.0; +claudebot@anthropic.com)"
74.7.227.21 - - [25/Aug/2026:13:58:45 +0000] "GET /wp-content/plugins/essential-addons-elementor/vendor/psr/log/Psr/Log/ HTTP/2.0" 200 409 "https://drhyperbaric.com/wp-content/plugins/essential-addons-elementor/vendor/psr/log/Psr/" "Mozilla/5.0 AppleWebKit/537.36 (KHTML, like Gecko; compatible; GPTBot/1.4; +https://openai.com/gptbot)"
74.7.227.21 - - [25/Aug/2026:13:58:46 +0000] "GET /wp-includes/images/icon-library/format-rtl.svg HTTP/2.0" 200 199 "https://drhyperbaric.com/wp-includes/images/icon-library/" "Mozilla/5.0 AppleWebKit/537.36 (KHTML, like Gecko; compatible; GPTBot/1.4; +https://openai.com/gptbot)"
74.7.227.21 - - [25/Aug/2026:13:58:46 +0000] "GET /wp-content/plugins/essential-blocks/src/blocks/toggle-content/block.json HTTP/2.0" 200 242 "https://drhyperbaric.com/wp-content/plugins/essential-blocks/src/blocks/toggle-content/" "Mozilla/5.0 AppleWebKit/537.36 (KHTML, like Gecko; compatible; GPTBot/1.4; +https://openai.com/gptbot)"
74.7.227.21 - - [25/Aug/2026:13:58:47 +0000] "GET /wp-content/plugins/essential-blocks/src/blocks/shape-divider/block.json HTTP/2.0" 200 276 "https://drhyperbaric.com/wp-content/plugins/essential-blocks/src/blocks/shape-divider/" "Mozilla/5.0 AppleWebKit/537.36 (KHTML, like Gecko; compatible; GPTBot/1.4; +https://openai.com/gptbot)"
74.7.227.21 - - [25/Aug/2026:13:58:47 +0000] "GET /wp-content/plugins/essential-blocks/src/blocks/table-of-contents/block.json HTTP/2.0" 200 282 "https://drhyperbaric.com/wp-content/plugins/essential-blocks/src/blocks/table-of-contents/" "Mozilla/5.0 AppleWebKit/537.36 (KHTML, like Gecko; compatible; GPTBot/1.4; +https://openai.com/gptbot)"
74.7.227.21 - - [25/Aug/2026:13:58:48 +0000] "GET /wp-includes/images/icon-library/format-ltr.svg HTTP/2.0" 200 199 "https://drhyperbaric.com/wp-includes/images/icon-library/" "Mozilla/5.0 AppleWebKit/537.36 (KHTML, like Gecko; compatible; GPTBot/1.4; +https://openai.com/gptbot)"
74.7.227.21 - - [25/Aug/2026:13:58:48 +0000] "GET /wp-content/plugins/essential-blocks/src/global-styles/block-defaults/feature-list.js HTTP/2.0" 200 2437 "https://drhyperbaric.com/wp-content/plugins/essential-blocks/src/global-styles/block-defaults/" "Mozilla/5.0 AppleWebKit/537.36 (KHTML, like Gecko; compatible; GPTBot/1.4; +https://openai.com/gptbot)"
74.7.227.21 - - [25/Aug/2026:13:58:49 +0000] "GET /wp-includes/blocks/term-count/ HTTP/2.0" 200 348 "https://drhyperbaric.com/wp-includes/blocks/" "Mozilla/5.0 AppleWebKit/537.36 (KHTML, like Gecko; compatible; GPTBot/1.4; +https://openai.com/gptbot)"
74.7.227.21 - - [25/Aug/2026:13:58:49 +0000] "GET /wp-includes/blocks/query-total/ HTTP/2.0" 200 403 "https://drhyperbaric.com/wp-includes/blocks/" "Mozilla/5.0 AppleWebKit/537.36 (KHTML, like Gecko; compatible; GPTBot/1.4; +https://openai.com/gptbot)"
216.73.216.212 - - [25/Aug/2026:13:58:50 +0000] "GET /wp-content/plugins/elementor/modules/editor-app-bar/?C=D&O=A HTTP/2.0" 200 401 "-" "Mozilla/5.0 AppleWebKit/537.36 (KHTML, like Gecko; compatible; ClaudeBot/1.0; +claudebot@anthropic.com)"
74.7.227.21 - - [25/Aug/2026:13:58:50 +0000] "GET /wp-includes/blocks/query-no-results/block.json HTTP/2.0" 200 437 "https://drhyperbaric.com/wp-includes/blocks/query-no-results/" "Mozilla/5.0 AppleWebKit/537.36 (KHTML, like Gecko; compatible; GPTBot/1.4; +https://openai.com/gptbot)"
74.7.227.21 - - [25/Aug/2026:13:58:50 +0000] "GET /wp-content/plugins/essential-blocks/assets/fonts/slick.ttf HTTP/2.0" 200 1892 "https://drhyperbaric.com/wp-content/plugins/essential-blocks/assets/fonts/" "Mozilla/5.0 AppleWebKit/537.36 (KHTML, like Gecko; compatible; GPTBot/1.4; +https://openai.com/gptbot)"
74.7.227.21 - - [25/Aug/2026:13:58:51 +0000] "GET /wp-content/plugins/essential-blocks/assets/fonts/slick.woff HTTP/2.0" 200 1380 "https://drhyperbaric.com/wp-content/plugins/essential-blocks/assets/fonts/" "Mozilla/5.0 AppleWebKit/537.36 (KHTML, like Gecko; compatible; GPTBot/1.4; +https://openai.com/gptbot)"
74.7.227.21 - - [25/Aug/2026:13:58:51 +0000] "GET /wp-content/plugins/essential-addons-elementor/vendor/psr/log/Psr/Log/Test/ HTTP/2.0" 200 377 "https://drhyperbaric.com/wp-content/plugins/essential-addons-elementor/vendor/psr/log/Psr/Log/" "Mozilla/5.0 AppleWebKit/537.36 (KHTML, like Gecko; compatible; GPTBot/1.4; +https://openai.com/gptbot)"
74.7.227.21 - - [25/Aug/2026:13:58:52 +0000] "GET /wp-content/plugins/elementor/ HTTP/2.0" 200 501 "https://drhyperbaric.com/wp-content/plugins/" "Mozilla/5.0 AppleWebKit/537.36 (KHTML, like Gecko; compatible; GPTBot/1.4; +https://openai.com/gptbot)"
74.7.227.21 - - [25/Aug/2026:13:58:52 +0000] "GET /wp-content/plugins/loginizer/ HTTP/2.0" 200 420 "https://drhyperbaric.com/wp-content/plugins/" "Mozilla/5.0 AppleWebKit/537.36 (KHTML, like Gecko; compatible; GPTBot/1.4; +https://openai.com/gptbot)"
74.7.227.21 - - [25/Aug/2026:13:58:53 +0000] "GET /wp-content/themes/twentytwentytwo/inc/patterns/general-large-list-names.php HTTP/2.0" 500 0 "https://drhyperbaric.com/wp-content/themes/twentytwentytwo/inc/patterns/" "Mozilla/5.0 AppleWebKit/537.36 (KHTML, like Gecko; compatible; GPTBot/1.4; +https://openai.com/gptbot)"
74.7.227.21 - - [25/Aug/2026:13:58:53 +0000] "GET /wp-content/plugins/essential-blocks/assets/images/ HTTP/2.0" 200 928 "https://drhyperbaric.com/wp-content/plugins/essential-blocks/assets/" "Mozilla/5.0 AppleWebKit/537.36 (KHTML, like Gecko; compatible; GPTBot/1.4; +https://openai.com/gptbot)"
74.7.227.21 - - [25/Aug/2026:13:58:54 +0000] "GET /wp-content/plugins/loginpress/lib/ HTTP/2.0" 200 388 "https://drhyperbaric.com/wp-content/plugins/loginpress/" "Mozilla/5.0 AppleWebKit/537.36 (KHTML, like Gecko; compatible; GPTBot/1.4; +https://openai.com/gptbot)"
216.73.216.212 - - [25/Aug/2026:13:58:55 +0000] "GET /wp-content/plugins/elementor-pro/modules/share-buttons/?C=S&O=D HTTP/2.0" 200 447 "-" "Mozilla/5.0 AppleWebKit/537.36 (KHTML, like Gecko; compatible; ClaudeBot/1.0; +claudebot@anthropic.com)"
74.7.227.21 - - [25/Aug/2026:13:58:55 +0000] "GET /wp-content/plugins/essential-blocks/assets/blocks/ HTTP/2.0" 200 1170 "https://drhyperbaric.com/wp-content/plugins/essential-blocks/assets/" "Mozilla/5.0 AppleWebKit/537.36 (KHTML, like Gecko; compatible; GPTBot/1.4; +https://openai.com/gptbot)"
74.7.227.21 - - [25/Aug/2026:13:58:55 +0000] "GET /wp-includes/blocks/navigation-link/ HTTP/2.0" 200 389 "https://drhyperbaric.com/wp-includes/blocks/" "Mozilla/5.0 AppleWebKit/537.36 (KHTML, like Gecko; compatible; GPTBot/1.4; +https://openai.com/gptbot)"
74.7.227.21 - - [25/Aug/2026:13:58:56 +0000] "GET /wp-content/plugins/google-site-kit/dist/assets/js/36-b2a83fd4eadd9526e511.js HTTP/2.0" 200 3141 "https://drhyperbaric.com/wp-content/plugins/google-site-kit/dist/assets/js/" "Mozilla/5.0 AppleWebKit/537.36 (KHTML, like Gecko; compatible; GPTBot/1.4; +https://openai.com/gptbot)"
74.7.227.21 - - [25/Aug/2026:13:58:56 +0000] "GET /wp-includes/sodium_compat/namespaced/ HTTP/2.0" 200 390 "https://drhyperbaric.com/wp-includes/sodium_compat/" "Mozilla/5.0 AppleWebKit/537.36 (KHTML, like Gecko; compatible; GPTBot/1.4; +https://openai.com/gptbot)"
74.7.227.21 - - [25/Aug/2026:13:58:57 +0000] "GET /wp-includes/blocks/post-comments-link/ HTTP/2.0" 200 400 "https://drhyperbaric.com/wp-includes/blocks/" "Mozilla/5.0 AppleWebKit/537.36 (KHTML, like Gecko; compatible; GPTBot/1.4; +https://openai.com/gptbot)"
74.7.227.21 - - [25/Aug/2026:13:58:58 +0000] "GET /wp-content/plugins/essential-addons-elementor/src/js/edit/ HTTP/2.0" 200 458 "https://drhyperbaric.com/wp-content/plugins/essential-addons-elementor/src/js/" "Mozilla/5.0 AppleWebKit/537.36 (KHTML, like Gecko; compatible; GPTBot/1.4; +https://openai.com/gptbot)"
74.7.227.21 - - [25/Aug/2026:13:58:58 +0000] "GET /wp-content/plugins/elementor/vendor_prefixed/ HTTP/2.0" 200 424 "https://drhyperbaric.com/wp-content/plugins/elementor/" "Mozilla/5.0 AppleWebKit/537.36 (KHTML, like Gecko; compatible; GPTBot/1.4; +https://openai.com/gptbot)"
74.7.227.21 - - [25/Aug/2026:13:58:59 +0000] "GET /wp-content/plugins/elementor/modules/ HTTP/2.0" 200 1026 "https://drhyperbaric.com/wp-content/plugins/elementor/" "Mozilla/5.0 AppleWebKit/537.36 (KHTML, like Gecko; compatible; GPTBot/1.4; +https://openai.com/gptbot)"
74.7.227.21 - - [25/Aug/2026:13:58:59 +0000] "GET /wp-content/plugins/elementor/includes/ HTTP/2.0" 200 540 "https://drhyperbaric.com/wp-content/plugins/elementor/" "Mozilla/5.0 AppleWebKit/537.36 (KHTML, like Gecko; compatible; GPTBot/1.4; +https://openai.com/gptbot)"
216.73.216.212 - - [25/Aug/2026:13:59:00 +0000] "GET /wp-content/plugins/elementor/modules/site-navigation/rest-fields/?C=M&O=A HTTP/2.0" 200 420 "-" "Mozilla/5.0 AppleWebKit/537.36 (KHTML, like Gecko; compatible; ClaudeBot/1.0; +claudebot@anthropic.com)"
74.7.227.21 - - [25/Aug/2026:13:59:00 +0000] "GET /wp-content/plugins/essential-blocks/assets/images/user.jpg HTTP/2.0" 200 7025 "https://drhyperbaric.com/wp-content/plugins/essential-blocks/assets/images/" "Mozilla/5.0 AppleWebKit/537.36 (KHTML, like Gecko; compatible; GPTBot/1.4; +https://openai.com/gptbot)"
74.7.227.21 - - [25/Aug/2026:13:59:00 +0000] "GET /wp-content/plugins/essential-blocks/assets/images/image-placeholder.jpg HTTP/2.0" 200 4628 "https://drhyperbaric.com/wp-content/plugins/essential-blocks/assets/images/" "Mozilla/5.0 AppleWebKit/537.36 (KHTML, like Gecko; compatible; GPTBot/1.4; +https://openai.com/gptbot)"
74.7.227.21 - - [25/Aug/2026:13:59:01 +0000] "GET /wp-content/plugins/essential-blocks/assets/blocks/product-details/ HTTP/2.0" 200 458 "https://drhyperbaric.com/wp-content/plugins/essential-blocks/assets/blocks/" "Mozilla/5.0 AppleWebKit/537.36 (KHTML, like Gecko; compatible; GPTBot/1.4; +https://openai.com/gptbot)"
74.7.227.21 - - [25/Aug/2026:13:59:01 +0000] "GET /wp-content/plugins/essential-blocks/assets/blocks/product-images/ HTTP/2.0" 200 493 "https://drhyperbaric.com/wp-content/plugins/essential-blocks/assets/blocks/" "Mozilla/5.0 AppleWebKit/537.36 (KHTML, like Gecko; compatible; GPTBot/1.4; +https://openai.com/gptbot)"
74.7.227.21 - - [25/Aug/2026:13:59:02 +0000] "GET /wp-content/plugins/essential-blocks/assets/blocks/product-rating/ HTTP/2.0" 200 457 "https://drhyperbaric.com/wp-content/plugins/essential-blocks/assets/blocks/" "Mozilla/5.0 AppleWebKit/537.36 (KHTML, like Gecko; compatible; GPTBot/1.4; +https://openai.com/gptbot)"
74.7.227.21 - - [25/Aug/2026:13:59:02 +0000] "GET /wp-content/plugins/essential-blocks/assets/blocks/product-price/ HTTP/2.0" 200 455 "https://drhyperbaric.com/wp-content/plugins/essential-blocks/assets/blocks/" "Mozilla/5.0 AppleWebKit/537.36 (KHTML, like Gecko; compatible; GPTBot/1.4; +https://openai.com/gptbot)"
74.7.227.21 - - [25/Aug/2026:13:59:03 +0000] "GET /wp-content/plugins/essential-blocks/assets/images/patternLibrary.jpg HTTP/2.0" 200 49554 "https://drhyperbaric.com/wp-content/plugins/essential-blocks/assets/images/" "Mozilla/5.0 AppleWebKit/537.36 (KHTML, like Gecko; compatible; GPTBot/1.4; +https://openai.com/gptbot)"
74.7.227.21 - - [25/Aug/2026:13:59:03 +0000] "GET /wp-content/plugins/essential-blocks/assets/blocks/woo-product-grid/ HTTP/2.0" 200 495 "https://drhyperbaric.com/wp-content/plugins/essential-blocks/assets/blocks/" "Mozilla/5.0 AppleWebKit/537.36 (KHTML, like Gecko; compatible; GPTBot/1.4; +https://openai.com/gptbot)"
74.7.227.21 - - [25/Aug/2026:13:59:04 +0000] "GET /wp-content/plugins/essential-addons-elementor/src/js/edit/advanced-tooltip.js HTTP/2.0" 200 1604 "https://drhyperbaric.com/wp-content/plugins/essential-addons-elementor/src/js/edit/" "Mozilla/5.0 AppleWebKit/537.36 (KHTML, like Gecko; compatible; GPTBot/1.4; +https://openai.com/gptbot)"
74.7.227.21 - - [25/Aug/2026:13:59:04 +0000] "GET /wp-content/plugins/elementor/modules/favorites/ HTTP/2.0" 200 473 "https://drhyperbaric.com/wp-content/plugins/elementor/modules/" "Mozilla/5.0 AppleWebKit/537.36 (KHTML, like Gecko; compatible; GPTBot/1.4; +https://openai.com/gptbot)"
216.73.216.212 - - [25/Aug/2026:13:59:05 +0000] "GET /wp-content/plugins/woocommerce/includes/widgets/?C=S&O=A HTTP/2.0" 200 674 "-" "Mozilla/5.0 AppleWebKit/537.36 (KHTML, like Gecko; compatible; ClaudeBot/1.0; +claudebot@anthropic.com)"
74.7.227.21 - - [25/Aug/2026:13:59:05 +0000] "GET /wp-content/plugins/elementor/modules/wc-product-editor/ HTTP/2.0" 200 405 "https://drhyperbaric.com/wp-content/plugins/elementor/modules/" "Mozilla/5.0 AppleWebKit/537.36 (KHTML, like Gecko; compatible; GPTBot/1.4; +https://openai.com/gptbot)"
74.7.227.21 - - [25/Aug/2026:13:59:05 +0000] "GET /wp-content/plugins/essential-blocks/assets/images/white-balloon-bnw.jpeg HTTP/2.0" 200 21302 "https://drhyperbaric.com/wp-content/plugins/essential-blocks/assets/images/" "Mozilla/5.0 AppleWebKit/537.36 (KHTML, like Gecko; compatible; GPTBot/1.4; +https://openai.com/gptbot)"
74.7.227.21 - - [25/Aug/2026:13:59:06 +0000] "GET /wp-content/plugins/essential-blocks/assets/images/instagram-icon-white.svg HTTP/2.0" 200 965 "https://drhyperbaric.com/wp-content/plugins/essential-blocks/assets/images/" "Mozilla/5.0 AppleWebKit/537.36 (KHTML, like Gecko; compatible; GPTBot/1.4; +https://openai.com/gptbot)"
74.7.227.21 - - [25/Aug/2026:13:59:07 +0000] "GET /wp-content/plugins/essential-blocks/assets/blocks/product-details/icon.svg HTTP/2.0" 200 1319 "https://drhyperbaric.com/wp-content/plugins/essential-blocks/assets/blocks/product-details/" "Mozilla/5.0 AppleWebKit/537.36 (KHTML, like Gecko; compatible; GPTBot/1.4; +https://openai.com/gptbot)"
74.7.227.21 - - [25/Aug/2026:13:59:07 +0000] "GET /wp-content/plugins/essential-blocks/assets/blocks/product-images/icon.svg HTTP/2.0" 200 1238 "https://drhyperbaric.com/wp-content/plugins/essential-blocks/assets/blocks/product-images/" "Mozilla/5.0 AppleWebKit/537.36 (KHTML, like Gecko; compatible; GPTBot/1.4; +https://openai.com/gptbot)"
74.7.227.21 - - [25/Aug/2026:13:59:08 +0000] "GET /wp-content/plugins/essential-blocks/assets/blocks/product-rating/icon.svg HTTP/2.0" 200 8290 "https://drhyperbaric.com/wp-content/plugins/essential-blocks/assets/blocks/product-rating/" "Mozilla/5.0 AppleWebKit/537.36 (KHTML, like Gecko; compatible; GPTBot/1.4; +https://openai.com/gptbot)"
74.7.227.21 - - [25/Aug/2026:13:59:08 +0000] "GET /wp-content/plugins/essential-blocks/assets/blocks/product-price/icon.svg HTTP/2.0" 200 1693 "https://drhyperbaric.com/wp-content/plugins/essential-blocks/assets/blocks/product-price/" "Mozilla/5.0 AppleWebKit/537.36 (KHTML, like Gecko; compatible; GPTBot/1.4; +https://openai.com/gptbot)"
74.7.227.21 - - [25/Aug/2026:13:59:08 +0000] "GET /wp-content/plugins/essential-blocks/assets/blocks/product-price/block.json HTTP/2.0" 200 253 "https://drhyperbaric.com/wp-content/plugins/essential-blocks/assets/blocks/product-price/" "Mozilla/5.0 AppleWebKit/537.36 (KHTML, like Gecko; compatible; GPTBot/1.4; +https://openai.com/gptbot)"
74.7.227.21 - - [25/Aug/2026:13:59:09 +0000] "GET /wp-content/plugins/essential-blocks/assets/blocks/woo-product-grid/frontend.js HTTP/2.0" 200 1229 "https://drhyperbaric.com/wp-content/plugins/essential-blocks/assets/blocks/woo-product-grid/" "Mozilla/5.0 AppleWebKit/537.36 (KHTML, like Gecko; compatible; GPTBot/1.4; +https://openai.com/gptbot)"
74.7.227.21 - - [25/Aug/2026:13:59:10 +0000] "GET /wp-content/plugins/essential-blocks/assets/blocks/product-images/frontend.js HTTP/2.0" 200 1493 "https://drhyperbaric.com/wp-content/plugins/essential-blocks/assets/blocks/product-images/" "Mozilla/5.0 AppleWebKit/537.36 (KHTML, like Gecko; compatible; GPTBot/1.4; +https://openai.com/gptbot)"
216.73.216.212 - - [25/Aug/2026:13:59:10 +0000] "GET /wp-content/plugins/woocommerce/templates/myaccount/my-account.php HTTP/2.0" 200 0 "-" "Mozilla/5.0 AppleWebKit/537.36 (KHTML, like Gecko; compatible; ClaudeBot/1.0; +claudebot@anthropic.com)"
74.7.227.21 - - [25/Aug/2026:13:59:10 +0000] "GET /wp-content/plugins/essential-blocks/assets/blocks/product-rating/block.json HTTP/2.0" 200 253 "https://drhyperbaric.com/wp-content/plugins/essential-blocks/assets/blocks/product-rating/" "Mozilla/5.0 AppleWebKit/537.36 (KHTML, like Gecko; compatible; GPTBot/1.4; +https://openai.com/gptbot)"
74.7.227.21 - - [25/Aug/2026:13:59:11 +0000] "GET /wp-content/plugins/essential-blocks/assets/blocks/product-images/block.json HTTP/2.0" 200 284 "https://drhyperbaric.com/wp-content/plugins/essential-blocks/assets/blocks/product-images/" "Mozilla/5.0 AppleWebKit/537.36 (KHTML, like Gecko; compatible; GPTBot/1.4; +https://openai.com/gptbot)"
74.7.227.21 - - [25/Aug/2026:13:59:11 +0000] "GET /wp-content/plugins/essential-blocks/assets/blocks/product-details/block.json HTTP/2.0" 200 285 "https://drhyperbaric.com/wp-content/plugins/essential-blocks/assets/blocks/product-details/" "Mozilla/5.0 AppleWebKit/537.36 (KHTML, like Gecko; compatible; GPTBot/1.4; +https://openai.com/gptbot)"
74.7.227.21 - - [25/Aug/2026:13:59:12 +0000] "GET /wp-content/plugins/essential-blocks/assets/blocks/woo-product-grid/block.json HTTP/2.0" 200 289 "https://drhyperbaric.com/wp-content/plugins/essential-blocks/assets/blocks/woo-product-grid/" "Mozilla/5.0 AppleWebKit/537.36 (KHTML, like Gecko; compatible; GPTBot/1.4; +https://openai.com/gptbot)"
74.7.227.21 - - [25/Aug/2026:13:59:12 +0000] "GET /wp-content/plugins/essential-blocks/assets/blocks/woo-product-grid/icon.svg HTTP/2.0" 200 1561 "https://drhyperbaric.com/wp-content/plugins/essential-blocks/assets/blocks/woo-product-grid/" "Mozilla/5.0 AppleWebKit/537.36 (KHTML, like Gecko; compatible; GPTBot/1.4; +https://openai.com/gptbot)"
74.7.227.21 - - [25/Aug/2026:13:59:13 +0000] "GET /wp-content/plugins/essential-blocks/assets/blocks/woo-product-grid/frontend.asset.php HTTP/2.0" 200 0 "https://drhyperbaric.com/wp-content/plugins/essential-blocks/assets/blocks/woo-product-grid/" "Mozilla/5.0 AppleWebKit/537.36 (KHTML, like Gecko; compatible; GPTBot/1.4; +https://openai.com/gptbot)"
74.7.227.21 - - [25/Aug/2026:13:59:13 +0000] "GET /wp-content/plugins/essential-blocks/assets/blocks/product-images/frontend.asset.php HTTP/2.0" 200 0 "https://drhyperbaric.com/wp-content/plugins/essential-blocks/assets/blocks/product-images/" "Mozilla/5.0 AppleWebKit/537.36 (KHTML, like Gecko; compatible; GPTBot/1.4; +https://openai.com/gptbot)"
74.7.227.21 - - [25/Aug/2026:13:59:14 +0000] "GET /wp-content/plugins/elementor/modules/wc-product-editor/module.php HTTP/2.0" 200 0 "https://drhyperbaric.com/wp-content/plugins/elementor/modules/wc-product-editor/" "Mozilla/5.0 AppleWebKit/537.36 (KHTML, like Gecko; compatible; GPTBot/1.4; +https://openai.com/gptbot)"
74.7.227.21 - - [25/Aug/2026:13:59:14 +0000] "GET /wp-content/plugins/essential-addons-elementor/src/js/edit/advanced-data-table.js HTTP/2.0" 200 931 "https://drhyperbaric.com/wp-content/plugins/essential-addons-elementor/src/js/edit/" "Mozilla/5.0 AppleWebKit/537.36 (KHTML, like Gecko; compatible; GPTBot/1.4; +https://openai.com/gptbot)"
216.73.216.212 - - [25/Aug/2026:13:59:15 +0000] "GET /wp-content/plugins/loginpress/css/themes/?path=%2Fusr%2Flib64%2Flibmpathvalid.so.0 HTTP/2.0" 200 545 "-" "Mozilla/5.0 AppleWebKit/537.36 (KHTML, like Gecko; compatible; ClaudeBot/1.0; +claudebot@anthropic.com)"
74.7.227.21 - - [25/Aug/2026:13:59:15 +0000] "GET /wp-content/plugins/elementor/modules/kit-elements-defaults/ HTTP/2.0" 200 488 "https://drhyperbaric.com/wp-content/plugins/elementor/modules/" "Mozilla/5.0 AppleWebKit/537.36 (KHTML, like Gecko; compatible; GPTBot/1.4; +https://openai.com/gptbot)"
74.7.227.21 - - [25/Aug/2026:13:59:15 +0000] "GET /wp-content/plugins/elementor/modules/compatibility-tag/ HTTP/2.0" 200 494 "https://drhyperbaric.com/wp-content/plugins/elementor/modules/" "Mozilla/5.0 AppleWebKit/537.36 (KHTML, like Gecko; compatible; GPTBot/1.4; +https://openai.com/gptbot)"
74.7.227.21 - - [25/Aug/2026:13:59:16 +0000] "GET /wp-content/plugins/essential-blocks/assets/blocks/accordion-item/ HTTP/2.0" 200 457 "https://drhyperbaric.com/wp-content/plugins/essential-blocks/assets/blocks/" "Mozilla/5.0 AppleWebKit/537.36 (KHTML, like Gecko; compatible; GPTBot/1.4; +https://openai.com/gptbot)"
74.7.227.21 - - [25/Aug/2026:13:59:16 +0000] "GET /wp-content/plugins/elementor/modules/image-loading-optimization/ HTTP/2.0" 200 410 "https://drhyperbaric.com/wp-content/plugins/elementor/modules/" "Mozilla/5.0 AppleWebKit/537.36 (KHTML, like Gecko; compatible; GPTBot/1.4; +https://openai.com/gptbot)"
74.7.227.21 - - [25/Aug/2026:13:59:17 +0000] "GET /wp-content/plugins/elementor/modules/elements-color-picker/ HTTP/2.0" 200 404 "https://drhyperbaric.com/wp-content/plugins/elementor/modules/" "Mozilla/5.0 AppleWebKit/537.36 (KHTML, like Gecko; compatible; GPTBot/1.4; +https://openai.com/gptbot)"
74.7.227.21 - - [25/Aug/2026:13:59:17 +0000] "GET /wp-content/plugins/elementor/modules/container-converter/ HTTP/2.0" 200 404 "https://drhyperbaric.com/wp-content/plugins/elementor/modules/" "Mozilla/5.0 AppleWebKit/537.36 (KHTML, like Gecko; compatible; GPTBot/1.4; +https://openai.com/gptbot)"
74.7.227.21 - - [25/Aug/2026:13:59:18 +0000] "GET /wp-content/plugins/essential-blocks/assets/images/ajax-loader.gif HTTP/2.0" 200 4178 "https://drhyperbaric.com/wp-content/plugins/essential-blocks/assets/images/" "Mozilla/5.0 AppleWebKit/537.36 (KHTML, like Gecko; compatible; GPTBot/1.4; +https://openai.com/gptbot)"
74.7.227.21 - - [25/Aug/2026:13:59:19 +0000] "GET /wp-content/plugins/essential-blocks/assets/images/loader.gif HTTP/2.0" 200 100302 "https://drhyperbaric.com/wp-content/plugins/essential-blocks/assets/images/" "Mozilla/5.0 AppleWebKit/537.36 (KHTML, like Gecko; compatible; GPTBot/1.4; +https://openai.com/gptbot)"
74.7.227.21 - - [25/Aug/2026:13:59:19 +0000] "GET /wp-content/plugins/essential-blocks/assets/images/modal-close.png HTTP/2.0" 200 1161 "https://drhyperbaric.com/wp-content/plugins/essential-blocks/assets/images/" "Mozilla/5.0 AppleWebKit/537.36 (KHTML, like Gecko; compatible; GPTBot/1.4; +https://openai.com/gptbot)"
74.7.227.21 - - [25/Aug/2026:13:59:19 +0000] "GET /wp-content/plugins/essential-blocks/assets/blocks/parallax-slider/ HTTP/2.0" 200 495 "https://drhyperbaric.com/wp-content/plugins/essential-blocks/assets/blocks/" "Mozilla/5.0 AppleWebKit/537.36 (KHTML, like Gecko; compatible; GPTBot/1.4; +https://openai.com/gptbot)"
74.7.227.21 - - [25/Aug/2026:13:59:20 +0000] "GET /wp-content/plugins/essential-blocks/assets/blocks/image-comparison/ HTTP/2.0" 200 479 "https://drhyperbaric.com/wp-content/plugins/essential-blocks/assets/blocks/" "Mozilla/5.0 AppleWebKit/537.36 (KHTML, like Gecko; compatible; GPTBot/1.4; +https://openai.com/gptbot)"
74.7.227.21 - - [25/Aug/2026:13:59:21 +0000] "GET /wp-content/plugins/elementor/modules/kit-elements-defaults/import-export/ HTTP/2.0" 200 449 "https://drhyperbaric.com/wp-content/plugins/elementor/modules/kit-elements-defaults/" "Mozilla/5.0 AppleWebKit/537.36 (KHTML, like Gecko; compatible; GPTBot/1.4; +https://openai.com/gptbot)"
216.73.216.212 - - [25/Aug/2026:13:59:21 +0000] "GET /wp-content/plugins/loginpress/css/themes/?delete=%2Fusr%2Flib64%2Ftracker-3.0 HTTP/2.0" 200 545 "-" "Mozilla/5.0 AppleWebKit/537.36 (KHTML, like Gecko; compatible; ClaudeBot/1.0; +claudebot@anthropic.com)"
74.7.227.21 - - [25/Aug/2026:13:59:21 +0000] "GET /wp-content/plugins/elementor/modules/compatibility-tag/base-module.php HTTP/2.0" 200 0 "https://drhyperbaric.com/wp-content/plugins/elementor/modules/compatibility-tag/" "Mozilla/5.0 AppleWebKit/537.36 (KHTML, like Gecko; compatible; GPTBot/1.4; +https://openai.com/gptbot)"
74.7.227.21 - - [25/Aug/2026:13:59:22 +0000] "GET /wp-content/plugins/essential-blocks/assets/blocks/accordion-item/icon.svg HTTP/2.0" 200 440 "https://drhyperbaric.com/wp-content/plugins/essential-blocks/assets/blocks/accordion-item/" "Mozilla/5.0 AppleWebKit/537.36 (KHTML, like Gecko; compatible; GPTBot/1.4; +https://openai.com/gptbot)"
74.7.227.21 - - [25/Aug/2026:13:59:22 +0000] "GET /wp-content/plugins/essential-blocks/assets/blocks/accordion-item/block.json HTTP/2.0" 200 303 "https://drhyperbaric.com/wp-content/plugins/essential-blocks/assets/blocks/accordion-item/" "Mozilla/5.0 AppleWebKit/537.36 (KHTML, like Gecko; compatible; GPTBot/1.4; +https://openai.com/gptbot)"
74.7.227.21 - - [25/Aug/2026:13:59:23 +0000] "GET /wp-content/plugins/elementor/modules/compatibility-tag/views/ HTTP/2.0" 200 430 "https://drhyperbaric.com/wp-content/plugins/elementor/modules/compatibility-tag/" "Mozilla/5.0 AppleWebKit/537.36 (KHTML, like Gecko; compatible; GPTBot/1.4; +https://openai.com/gptbot)"
74.7.227.21 - - [25/Aug/2026:13:59:23 +0000] "GET /wp-content/plugins/essential-blocks/assets/blocks/wpforms/ HTTP/2.0" 200 452 "https://drhyperbaric.com/wp-content/plugins/essential-blocks/assets/blocks/" "Mozilla/5.0 AppleWebKit/537.36 (KHTML, like Gecko; compatible; GPTBot/1.4; +https://openai.com/gptbot)"
74.7.227.21 - - [25/Aug/2026:13:59:24 +0000] "GET /wp-content/plugins/essential-blocks/assets/images/welcome/ HTTP/2.0" 200 526 "https://drhyperbaric.com/wp-content/plugins/essential-blocks/assets/images/" "Mozilla/5.0 AppleWebKit/537.36 (KHTML, like Gecko; compatible; GPTBot/1.4; +https://openai.com/gptbot)"
74.7.227.21 - - [25/Aug/2026:13:59:24 +0000] "GET /wp-content/plugins/essential-blocks/assets/images/templates/ HTTP/2.0" 200 455 "https://drhyperbaric.com/wp-content/plugins/essential-blocks/assets/images/" "Mozilla/5.0 AppleWebKit/537.36 (KHTML, like Gecko; compatible; GPTBot/1.4; +https://openai.com/gptbot)"
74.7.227.21 - - [25/Aug/2026:13:59:25 +0000] "GET /wp-content/plugins/elementor/modules/kit-elements-defaults/utils/ HTTP/2.0" 200 422 "https://drhyperbaric.com/wp-content/plugins/elementor/modules/kit-elements-defaults/" "Mozilla/5.0 AppleWebKit/537.36 (KHTML, like Gecko; compatible; GPTBot/1.4; +https://openai.com/gptbot)"
74.7.227.21 - - [25/Aug/2026:13:59:25 +0000] "GET /wp-content/plugins/essential-blocks/assets/blocks/parallax-slider/frontend.js HTTP/2.0" 200 1446 "https://drhyperbaric.com/wp-content/plugins/essential-blocks/assets/blocks/parallax-slider/" "Mozilla/5.0 AppleWebKit/537.36 (KHTML, like Gecko; compatible; GPTBot/1.4; +https://openai.com/gptbot)"
216.73.216.212 - - [25/Aug/2026:13:59:25 +0000] "GET /wp-content/plugins/woocommerce/includes/theme-support/?C=M&O=A HTTP/2.0" 200 596 "-" "Mozilla/5.0 AppleWebKit/537.36 (KHTML, like Gecko; compatible; ClaudeBot/1.0; +claudebot@anthropic.com)"
74.7.227.21 - - [25/Aug/2026:13:59:26 +0000] "GET /wp-content/plugins/essential-blocks/assets/blocks/image-comparison/icon.svg HTTP/2.0" 200 506 "https://drhyperbaric.com/wp-content/plugins/essential-blocks/assets/blocks/image-comparison/" "Mozilla/5.0 AppleWebKit/537.36 (KHTML, like Gecko; compatible; GPTBot/1.4; +https://openai.com/gptbot)"
74.7.227.21 - - [25/Aug/2026:13:59:26 +0000] "GET /wp-content/plugins/elementor/modules/kit-elements-defaults/import-export/runners/ HTTP/2.0" 200 437 "https://drhyperbaric.com/wp-content/plugins/elementor/modules/kit-elements-defaults/import-export/" "Mozilla/5.0 AppleWebKit/537.36 (KHTML, like Gecko; compatible; GPTBot/1.4; +https://openai.com/gptbot)"
74.7.227.21 - - [25/Aug/2026:13:59:27 +0000] "GET /wp-content/plugins/essential-blocks/assets/blocks/image-comparison/frontend.js HTTP/2.0" 200 1833 "https://drhyperbaric.com/wp-content/plugins/essential-blocks/assets/blocks/image-comparison/" "Mozilla/5.0 AppleWebKit/537.36 (KHTML, like Gecko; compatible; GPTBot/1.4; +https://openai.com/gptbot)"
74.7.227.21 - - [25/Aug/2026:13:59:27 +0000] "GET /wp-content/plugins/essential-blocks/assets/blocks/parallax-slider/icon.svg HTTP/2.0" 200 1121 "https://drhyperbaric.com/wp-content/plugins/essential-blocks/assets/blocks/parallax-slider/" "Mozilla/5.0 AppleWebKit/537.36 (KHTML, like Gecko; compatible; GPTBot/1.4; +https://openai.com/gptbot)"
74.7.227.21 - - [25/Aug/2026:13:59:28 +0000] "GET /wp-content/plugins/essential-blocks/assets/blocks/image-comparison/block.json HTTP/2.0" 200 263 "https://drhyperbaric.com/wp-content/plugins/essential-blocks/assets/blocks/image-comparison/" "Mozilla/5.0 AppleWebKit/537.36 (KHTML, like Gecko; compatible; GPTBot/1.4; +https://openai.com/gptbot)"
74.7.227.21 - - [25/Aug/2026:13:59:28 +0000] "GET /wp-content/plugins/elementor/modules/compatibility-tag/views/plugin-update-message-compatibility.php HTTP/2.0" 200 0 "https://drhyperbaric.com/wp-content/plugins/elementor/modules/compatibility-tag/views/" "Mozilla/5.0 AppleWebKit/537.36 (KHTML, like Gecko; compatible; GPTBot/1.4; +https://openai.com/gptbot)"
74.7.227.21 - - [25/Aug/2026:13:59:29 +0000] "GET /wp-content/plugins/essential-blocks/assets/blocks/wpforms/?C=N;O=D HTTP/2.0" 200 451 "https://drhyperbaric.com/wp-content/plugins/essential-blocks/assets/blocks/wpforms/" "Mozilla/5.0 AppleWebKit/537.36 (KHTML, like Gecko; compatible; GPTBot/1.4; +https://openai.com/gptbot)"
74.7.227.21 - - [25/Aug/2026:13:59:29 +0000] "GET /wp-content/plugins/essential-blocks/assets/blocks/wpforms/?C=M;O=A HTTP/2.0" 200 453 "https://drhyperbaric.com/wp-content/plugins/essential-blocks/assets/blocks/wpforms/" "Mozilla/5.0 AppleWebKit/537.36 (KHTML, like Gecko; compatible; GPTBot/1.4; +https://openai.com/gptbot)"
74.7.227.21 - - [25/Aug/2026:13:59:30 +0000] "GET /wp-content/plugins/essential-blocks/assets/images/templates/product-grid/ HTTP/2.0" 200 463 "https://drhyperbaric.com/wp-content/plugins/essential-blocks/assets/images/templates/" "Mozilla/5.0 AppleWebKit/537.36 (KHTML, like Gecko; compatible; GPTBot/1.4; +https://openai.com/gptbot)"
216.73.216.212 - - [25/Aug/2026:13:59:30 +0000] "GET /wp-content/plugins/loginpress/css/themes/?delete=%2Fusr%2Flib64%2Fgames HTTP/2.0" 200 545 "-" "Mozilla/5.0 AppleWebKit/537.36 (KHTML, like Gecko; compatible; ClaudeBot/1.0; +claudebot@anthropic.com)"
74.7.227.21 - - [25/Aug/2026:13:59:31 +0000] "GET /wp-content/plugins/essential-blocks/assets/images/welcome/icon.svg HTTP/2.0" 200 602 "https://drhyperbaric.com/wp-content/plugins/essential-blocks/assets/images/welcome/" "Mozilla/5.0 AppleWebKit/537.36 (KHTML, like Gecko; compatible; GPTBot/1.4; +https://openai.com/gptbot)"
74.7.227.21 - - [25/Aug/2026:13:59:31 +0000] "GET /wp-content/plugins/essential-blocks/assets/images/templates/countdown/ HTTP/2.0" 200 436 "https://drhyperbaric.com/wp-content/plugins/essential-blocks/assets/images/templates/" "Mozilla/5.0 AppleWebKit/537.36 (KHTML, like Gecko; compatible; GPTBot/1.4; +https://openai.com/gptbot)"
74.7.227.21 - - [25/Aug/2026:13:59:32 +0000] "GET /wp-content/plugins/essential-blocks/assets/images/welcome/setting-img2.png HTTP/2.0" 200 142081 "https://drhyperbaric.com/wp-content/plugins/essential-blocks/assets/images/welcome/" "Mozilla/5.0 AppleWebKit/537.36 (KHTML, like Gecko; compatible; GPTBot/1.4; +https://openai.com/gptbot)"
74.7.227.21 - - [25/Aug/2026:13:59:32 +0000] "GET /wp-content/plugins/elementor/modules/kit-elements-defaults/import-export/runners/export.php HTTP/2.0" 200 0 "https://drhyperbaric.com/wp-content/plugins/elementor/modules/kit-elements-defaults/import-export/runners/" "Mozilla/5.0 AppleWebKit/537.36 (KHTML, like Gecko; compatible; GPTBot/1.4; +https://openai.com/gptbot)"
74.7.227.21 - - [25/Aug/2026:13:59:33 +0000] "GET /wp-content/plugins/elementor/modules/kit-elements-defaults/import-export/runners/import.php HTTP/2.0" 200 0 "https://drhyperbaric.com/wp-content/plugins/elementor/modules/kit-elements-defaults/import-export/runners/" "Mozilla/5.0 AppleWebKit/537.36 (KHTML, like Gecko; compatible; GPTBot/1.4; +https://openai.com/gptbot)"
74.7.227.21 - - [25/Aug/2026:13:59:33 +0000] "GET /wp-content/plugins/essential-blocks/assets/images/welcome/setting-img3.png HTTP/2.0" 200 101571 "https://drhyperbaric.com/wp-content/plugins/essential-blocks/assets/images/welcome/" "Mozilla/5.0 AppleWebKit/537.36 (KHTML, like Gecko; compatible; GPTBot/1.4; +https://openai.com/gptbot)"
74.7.227.21 - - [25/Aug/2026:13:59:34 +0000] "GET /wp-content/plugins/essential-blocks/assets/images/welcome/setting-img4.png HTTP/2.0" 200 89786 "https://drhyperbaric.com/wp-content/plugins/essential-blocks/assets/images/welcome/" "Mozilla/5.0 AppleWebKit/537.36 (KHTML, like Gecko; compatible; GPTBot/1.4; +https://openai.com/gptbot)"
74.7.227.21 - - [25/Aug/2026:13:59:34 +0000] "GET /wp-content/plugins/essential-blocks/assets/images/welcome/setting-img1.png HTTP/2.0" 200 135801 "https://drhyperbaric.com/wp-content/plugins/essential-blocks/assets/images/welcome/" "Mozilla/5.0 AppleWebKit/537.36 (KHTML, like Gecko; compatible; GPTBot/1.4; +https://openai.com/gptbot)"
74.7.227.21 - - [25/Aug/2026:13:59:35 +0000] "GET /wp-content/plugins/essential-blocks/assets/images/welcome/welcome-banner.png HTTP/2.0" 200 44605 "https://drhyperbaric.com/wp-content/plugins/essential-blocks/assets/images/welcome/" "Mozilla/5.0 AppleWebKit/537.36 (KHTML, like Gecko; compatible; GPTBot/1.4; +https://openai.com/gptbot)"
74.7.227.21 - - [25/Aug/2026:13:59:35 +0000] "GET /wp-content/plugins/essential-blocks/assets/images/welcome/global-control.gif HTTP/2.0" 200 206843 "https://drhyperbaric.com/wp-content/plugins/essential-blocks/assets/images/welcome/" "Mozilla/5.0 AppleWebKit/537.36 (KHTML, like Gecko; compatible; GPTBot/1.4; +https://openai.com/gptbot)"
216.73.216.212 - - [25/Aug/2026:13:59:35 +0000] "GET /wp-content/plugins/loginpress/css/themes/?edit=%2Fusr%2Flib64%2Flibauparse.so.0 HTTP/2.0" 200 545 "-" "Mozilla/5.0 AppleWebKit/537.36 (KHTML, like Gecko; compatible; ClaudeBot/1.0; +claudebot@anthropic.com)"
74.7.227.21 - - [25/Aug/2026:13:59:36 +0000] "GET /wp-content/plugins/essential-blocks/assets/images/templates/product-grid/preset-3.svg HTTP/2.0" 200 12312 "https://drhyperbaric.com/wp-content/plugins/essential-blocks/assets/images/templates/product-grid/" "Mozilla/5.0 AppleWebKit/537.36 (KHTML, like Gecko; compatible; GPTBot/1.4; +https://openai.com/gptbot)"
74.7.227.21 - - [25/Aug/2026:13:59:36 +0000] "GET /wp-content/plugins/essential-blocks/assets/images/templates/product-grid/preset-1.svg HTTP/2.0" 200 6374 "https://drhyperbaric.com/wp-content/plugins/essential-blocks/assets/images/templates/product-grid/" "Mozilla/5.0 AppleWebKit/537.36 (KHTML, like Gecko; compatible; GPTBot/1.4; +https://openai.com/gptbot)"
74.7.227.21 - - [25/Aug/2026:13:59:37 +0000] "GET /wp-content/plugins/essential-blocks/assets/images/templates/product-grid/preset-2.svg HTTP/2.0" 200 7762 "https://drhyperbaric.com/wp-content/plugins/essential-blocks/assets/images/templates/product-grid/" "Mozilla/5.0 AppleWebKit/537.36 (KHTML, like Gecko; compatible; GPTBot/1.4; +https://openai.com/gptbot)"
74.7.227.21 - - [25/Aug/2026:13:59:37 +0000] "GET /wp-content/plugins/essential-blocks/assets/images/templates/product-grid/preset-list.svg HTTP/2.0" 200 6158 "https://drhyperbaric.com/wp-content/plugins/essential-blocks/assets/images/templates/product-grid/" "Mozilla/5.0 AppleWebKit/537.36 (KHTML, like Gecko; compatible; GPTBot/1.4; +https://openai.com/gptbot)"
74.7.227.21 - - [25/Aug/2026:13:59:38 +0000] "GET /wp-content/plugins/essential-blocks/assets/images/templates/countdown/preset-9.png HTTP/2.0" 200 16200 "https://drhyperbaric.com/wp-content/plugins/essential-blocks/assets/images/templates/countdown/" "Mozilla/5.0 AppleWebKit/537.36 (KHTML, like Gecko; compatible; GPTBot/1.4; +https://openai.com/gptbot)"
74.7.227.21 - - [25/Aug/2026:13:59:38 +0000] "GET /wp-content/plugins/essential-blocks/assets/images/templates/countdown/preset-8.png HTTP/2.0" 200 23857 "https://drhyperbaric.com/wp-content/plugins/essential-blocks/assets/images/templates/countdown/" "Mozilla/5.0 AppleWebKit/537.36 (KHTML, like Gecko; compatible; GPTBot/1.4; +https://openai.com/gptbot)"
74.7.227.21 - - [25/Aug/2026:13:59:39 +0000] "GET /wp-content/plugins/essential-blocks/assets/images/welcome/icon2.svg HTTP/2.0" 200 730 "https://drhyperbaric.com/wp-content/plugins/essential-blocks/assets/images/welcome/" "Mozilla/5.0 AppleWebKit/537.36 (KHTML, like Gecko; compatible; GPTBot/1.4; +https://openai.com/gptbot)"
74.7.227.21 - - [25/Aug/2026:13:59:39 +0000] "GET /wp-content/plugins/essential-blocks/assets/blocks/parallax-slider/block.json HTTP/2.0" 200 267 "https://drhyperbaric.com/wp-content/plugins/essential-blocks/assets/blocks/parallax-slider/" "Mozilla/5.0 AppleWebKit/537.36 (KHTML, like Gecko; compatible; GPTBot/1.4; +https://openai.com/gptbot)"
74.7.227.21 - - [25/Aug/2026:13:59:40 +0000] "GET /wp-content/plugins/essential-blocks/assets/blocks/wpforms/icon.svg HTTP/2.0" 200 973 "https://drhyperbaric.com/wp-content/plugins/essential-blocks/assets/blocks/wpforms/" "Mozilla/5.0 AppleWebKit/537.36 (KHTML, like Gecko; compatible; GPTBot/1.4; +https://openai.com/gptbot)"
74.7.227.21 - - [25/Aug/2026:13:59:40 +0000] "GET /wp-content/plugins/essential-blocks/assets/blocks/wpforms/block.json HTTP/2.0" 200 234 "https://drhyperbaric.com/wp-content/plugins/essential-blocks/assets/blocks/wpforms/" "Mozilla/5.0 AppleWebKit/537.36 (KHTML, like Gecko; compatible; GPTBot/1.4; +https://openai.com/gptbot)"
216.73.216.212 - - [25/Aug/2026:13:59:40 +0000] "GET /wp-content/uploads/templately/tmp/672ce24a61e88/templates/46666.json HTTP/2.0" 200 1647 "-" "Mozilla/5.0 AppleWebKit/537.36 (KHTML, like Gecko; compatible; ClaudeBot/1.0; +claudebot@anthropic.com)"
74.7.227.21 - - [25/Aug/2026:13:59:41 +0000] "GET /wp-content/plugins/essential-blocks/assets/blocks/openverse/ HTTP/2.0" 200 480 "https://drhyperbaric.com/wp-content/plugins/essential-blocks/assets/blocks/" "Mozilla/5.0 AppleWebKit/537.36 (KHTML, like Gecko; compatible; GPTBot/1.4; +https://openai.com/gptbot)"
74.7.227.21 - - [25/Aug/2026:13:59:41 +0000] "GET /wp-content/plugins/essential-blocks/assets/blocks/wrapper/ HTTP/2.0" 200 450 "https://drhyperbaric.com/wp-content/plugins/essential-blocks/assets/blocks/" "Mozilla/5.0 AppleWebKit/537.36 (KHTML, like Gecko; compatible; GPTBot/1.4; +https://openai.com/gptbot)"
74.7.227.21 - - [25/Aug/2026:13:59:42 +0000] "GET /wp-content/plugins/essential-blocks/assets/blocks/countdown/ HTTP/2.0" 200 492 "https://drhyperbaric.com/wp-content/plugins/essential-blocks/assets/blocks/" "Mozilla/5.0 AppleWebKit/537.36 (KHTML, like Gecko; compatible; GPTBot/1.4; +https://openai.com/gptbot)"
74.7.227.21 - - [25/Aug/2026:13:59:42 +0000] "GET /wp-content/plugins/essential-blocks/assets/blocks/taxonomy/ HTTP/2.0" 200 452 "https://drhyperbaric.com/wp-content/plugins/essential-blocks/assets/blocks/" "Mozilla/5.0 AppleWebKit/537.36 (KHTML, like Gecko; compatible; GPTBot/1.4; +https://openai.com/gptbot)"
74.7.227.21 - - [25/Aug/2026:13:59:43 +0000] "GET /wp-content/plugins/essential-blocks/assets/blocks/infobox/ HTTP/2.0" 200 449 "https://drhyperbaric.com/wp-content/plugins/essential-blocks/assets/blocks/" "Mozilla/5.0 AppleWebKit/537.36 (KHTML, like Gecko; compatible; GPTBot/1.4; +https://openai.com/gptbot)"
74.7.227.21 - - [25/Aug/2026:13:59:43 +0000] "GET /wp-content/plugins/essential-blocks/assets/blocks/number-counter/ HTTP/2.0" 200 475 "https://drhyperbaric.com/wp-content/plugins/essential-blocks/assets/blocks/" "Mozilla/5.0 AppleWebKit/537.36 (KHTML, like Gecko; compatible; GPTBot/1.4; +https://openai.com/gptbot)"
74.7.227.21 - - [25/Aug/2026:13:59:44 +0000] "GET /wp-content/plugins/essential-blocks/assets/blocks/flipbox/ HTTP/2.0" 200 490 "https://drhyperbaric.com/wp-content/plugins/essential-blocks/assets/blocks/" "Mozilla/5.0 AppleWebKit/537.36 (KHTML, like Gecko; compatible; GPTBot/1.4; +https://openai.com/gptbot)"
74.7.227.21 - - [25/Aug/2026:13:59:45 +0000] "GET /wp-content/plugins/essential-blocks/assets/images/white-balloon.jpeg HTTP/2.0" 200 36648 "https://drhyperbaric.com/wp-content/plugins/essential-blocks/assets/images/" "Mozilla/5.0 AppleWebKit/537.36 (KHTML, like Gecko; compatible; GPTBot/1.4; +https://openai.com/gptbot)"
