216.73.216.212 - - [25/Aug/2026:13:14:39 +0000] "GET /wp-content/plugins/all-in-one-wp-migration/lib/vendor/bandar/?C=N&O=A HTTP/2.0" 200 405 "-" "Mozilla/5.0 AppleWebKit/537.36 (KHTML, like Gecko; compatible; ClaudeBot/1.0; +claudebot@anthropic.com)"
216.73.216.212 - - [25/Aug/2026:13:14:39 +0000] "GET /wp-content/themes/kadence/inc/components/give/?C=D&O=D HTTP/2.0" 200 397 "-" "Mozilla/5.0 AppleWebKit/537.36 (KHTML, like Gecko; compatible; ClaudeBot/1.0; +claudebot@anthropic.com)"
74.7.227.21 - - [25/Aug/2026:13:14:39 +0000] "GET /wp-content/plugins/essential-addons-elementor/vendor/guzzlehttp/guzzle/src/functions_include.php HTTP/2.0" 200 0 "https://drhyperbaric.com/wp-content/plugins/essential-addons-elementor/vendor/guzzlehttp/guzzle/src/" "Mozilla/5.0 AppleWebKit/537.36 (KHTML, like Gecko; compatible; GPTBot/1.4; +https://openai.com/gptbot)"
216.73.216.212 - - [25/Aug/2026:13:14:39 +0000] "GET /wp-content/plugins/loginpress/css/themes/?rename=%2Fusr%2Flib64%2Flibnl-xfrm-3.so.200.26.0 HTTP/2.0" 200 545 "-" "Mozilla/5.0 AppleWebKit/537.36 (KHTML, like Gecko; compatible; ClaudeBot/1.0; +claudebot@anthropic.com)"
216.73.216.212 - - [25/Aug/2026:13:14:39 +0000] "GET /wp-content/uploads/2024/11/luxairright_1702177079165.png HTTP/2.0" 200 934942 "-" "Mozilla/5.0 AppleWebKit/537.36 (KHTML, like Gecko; compatible; ClaudeBot/1.0; +claudebot@anthropic.com)"
216.73.216.212 - - [25/Aug/2026:13:14:40 +0000] "GET /wp-content/uploads/2024/01/The-Hyperbaric-Chamber-for-Inflammation-300x166.jpg HTTP/2.0" 200 13131 "-" "Mozilla/5.0 AppleWebKit/537.36 (KHTML, like Gecko; compatible; ClaudeBot/1.0; +claudebot@anthropic.com)"
74.7.227.21 - - [25/Aug/2026:13:14:40 +0000] "GET /wp-content/plugins/essential-addons-elementor/vendor/guzzlehttp/guzzle/src/Middleware.php HTTP/2.0" 200 0 "https://drhyperbaric.com/wp-content/plugins/essential-addons-elementor/vendor/guzzlehttp/guzzle/src/" "Mozilla/5.0 AppleWebKit/537.36 (KHTML, like Gecko; compatible; GPTBot/1.4; +https://openai.com/gptbot)"
216.73.216.212 - - [25/Aug/2026:13:14:40 +0000] "GET /wp-content/uploads/2024/02/Balancing-Act-Hyperbaric-Treatment-Budgeting-Tips-2-768x425.jpg HTTP/2.0" 200 56164 "-" "Mozilla/5.0 AppleWebKit/537.36 (KHTML, like Gecko; compatible; ClaudeBot/1.0; +claudebot@anthropic.com)"
216.73.216.212 - - [25/Aug/2026:13:14:40 +0000] "GET /wp-content/plugins/loginpress/css/themes/?rename=%2Fusr%2Flib64%2Flibgirepository-1.0.so.1.0.0 HTTP/2.0" 200 545 "-" "Mozilla/5.0 AppleWebKit/537.36 (KHTML, like Gecko; compatible; ClaudeBot/1.0; +claudebot@anthropic.com)"
216.73.216.212 - - [25/Aug/2026:13:14:40 +0000] "GET /wp-content/uploads/2023/11/Reviving-Wellness-with-Hyperbaric-Oxygen-100x100.jpg HTTP/2.0" 200 4362 "-" "Mozilla/5.0 AppleWebKit/537.36 (KHTML, like Gecko; compatible; ClaudeBot/1.0; +claudebot@anthropic.com)"
74.7.227.21 - - [25/Aug/2026:13:14:40 +0000] "GET /wp-content/plugins/essential-addons-elementor/vendor/google/auth/src/Subscriber/ HTTP/2.0" 200 381 "https://drhyperbaric.com/wp-content/plugins/essential-addons-elementor/vendor/google/auth/src/" "Mozilla/5.0 AppleWebKit/537.36 (KHTML, like Gecko; compatible; GPTBot/1.4; +https://openai.com/gptbot)"
216.73.216.212 - - [25/Aug/2026:13:14:40 +0000] "GET /wp-content/uploads/2024/01/Healing-Anywhere-Portable-Hyperbaric-Chambers-150x150.jpg HTTP/2.0" 200 7565 "-" "Mozilla/5.0 AppleWebKit/537.36 (KHTML, like Gecko; compatible; ClaudeBot/1.0; +claudebot@anthropic.com)"
216.73.216.212 - - [25/Aug/2026:13:14:40 +0000] "GET /wp-content/plugins/loginpress/css/themes/?download=%2Fusr%2Flib64%2Flibwayland-cursor.so.0&path=%2Fusr%2Flib64 HTTP/2.0" 200 545 "-" "Mozilla/5.0 AppleWebKit/537.36 (KHTML, like Gecko; compatible; ClaudeBot/1.0; +claudebot@anthropic.com)"
216.73.216.212 - - [25/Aug/2026:13:14:41 +0000] "GET /wp-content/plugins/loginpress/css/themes/?download=%2Fusr%2Flib64%2FlibOpenEXRCore-3_1.so.30.1.0&path=%2Fusr%2Flib64 HTTP/2.0" 200 545 "-" "Mozilla/5.0 AppleWebKit/537.36 (KHTML, like Gecko; compatible; ClaudeBot/1.0; +claudebot@anthropic.com)"
216.73.216.212 - - [25/Aug/2026:13:14:41 +0000] "GET /wp-content/plugins/loginpress/css/themes/?download=%2Fusr%2Flib64%2Flibdrm_radeon.so.1&path=%2Fusr%2Flib64 HTTP/2.0" 200 545 "-" "Mozilla/5.0 AppleWebKit/537.36 (KHTML, like Gecko; compatible; ClaudeBot/1.0; +claudebot@anthropic.com)"
74.7.227.21 - - [25/Aug/2026:13:14:41 +0000] "GET /wp-content/plugins/essential-addons-elementor/vendor/google/auth/src/CacheTrait.php HTTP/2.0" 200 0 "https://drhyperbaric.com/wp-content/plugins/essential-addons-elementor/vendor/google/auth/src/" "Mozilla/5.0 AppleWebKit/537.36 (KHTML, like Gecko; compatible; GPTBot/1.4; +https://openai.com/gptbot)"
216.73.216.212 - - [25/Aug/2026:13:14:41 +0000] "GET /wp-content/plugins/loginpress/css/themes/?download=%2Fusr%2Flib64%2Flibavahi-libevent.so.1.0.0&path=%2Fusr%2Flib64 HTTP/2.0" 200 545 "-" "Mozilla/5.0 AppleWebKit/537.36 (KHTML, like Gecko; compatible; ClaudeBot/1.0; +claudebot@anthropic.com)"
216.73.216.212 - - [25/Aug/2026:13:14:41 +0000] "GET /wp-content/plugins/loginpress/css/themes/?download=%2Fusr%2Flib64%2Flibhogweed.so.6.10&path=%2Fusr%2Flib64 HTTP/2.0" 200 545 "-" "Mozilla/5.0 AppleWebKit/537.36 (KHTML, like Gecko; compatible; ClaudeBot/1.0; +claudebot@anthropic.com)"
74.7.227.21 - - [25/Aug/2026:13:14:41 +0000] "GET /wp-content/plugins/essential-addons-elementor/vendor/google/auth/src/AccessToken.php HTTP/2.0" 200 0 "https://drhyperbaric.com/wp-content/plugins/essential-addons-elementor/vendor/google/auth/src/" "Mozilla/5.0 AppleWebKit/537.36 (KHTML, like Gecko; compatible; GPTBot/1.4; +https://openai.com/gptbot)"
216.73.216.212 - - [25/Aug/2026:13:14:41 +0000] "GET /wp-content/plugins/loginpress/css/themes/?download=%2Fusr%2Flib64%2FlibldacBT_abr.so.2&path=%2Fusr%2Flib64 HTTP/2.0" 200 545 "-" "Mozilla/5.0 AppleWebKit/537.36 (KHTML, like Gecko; compatible; ClaudeBot/1.0; +claudebot@anthropic.com)"
216.73.216.212 - - [25/Aug/2026:13:14:42 +0000] "GET /wp-content/uploads/2024/02/Wellness-Unleashed-Portable-Hyperbaric-Revolution-1-2-300x166.jpg HTTP/2.0" 200 13557 "-" "Mozilla/5.0 AppleWebKit/537.36 (KHTML, like Gecko; compatible; ClaudeBot/1.0; +claudebot@anthropic.com)"
216.73.216.212 - - [25/Aug/2026:13:14:42 +0000] "GET /wp-content/plugins/loginpress/css/themes/?download=%2Fusr%2Flib64%2FlibEGL_mesa.so.0.0.0&path=%2Fusr%2Flib64 HTTP/2.0" 200 545 "-" "Mozilla/5.0 AppleWebKit/537.36 (KHTML, like Gecko; compatible; ClaudeBot/1.0; +claudebot@anthropic.com)"
74.7.227.21 - - [25/Aug/2026:13:14:42 +0000] "GET /wp-content/plugins/essential-addons-elementor/vendor/google/auth/src/CredentialsLoader.php HTTP/2.0" 500 0 "https://drhyperbaric.com/wp-content/plugins/essential-addons-elementor/vendor/google/auth/src/" "Mozilla/5.0 AppleWebKit/537.36 (KHTML, like Gecko; compatible; GPTBot/1.4; +https://openai.com/gptbot)"
216.73.216.212 - - [25/Aug/2026:13:14:42 +0000] "GET /wp-content/plugins/loginpress/css/themes/?download=%2Fusr%2Flib64%2Fliblber.so.2.0.200&path=%2Fusr%2Flib64 HTTP/2.0" 200 545 "-" "Mozilla/5.0 AppleWebKit/537.36 (KHTML, like Gecko; compatible; ClaudeBot/1.0; +claudebot@anthropic.com)"
216.73.216.212 - - [25/Aug/2026:13:14:42 +0000] "GET /wp-content/uploads/2023/12/Healing-Horizons-Hyperbaric-Chamber-Explorations-300x166.jpg HTTP/2.0" 200 14059 "-" "Mozilla/5.0 AppleWebKit/537.36 (KHTML, like Gecko; compatible; ClaudeBot/1.0; +claudebot@anthropic.com)"
74.7.227.21 - - [25/Aug/2026:13:14:42 +0000] "GET /wp-content/plugins/essential-addons-elementor/vendor/google/auth/src/HttpHandler/?C=N;O=D HTTP/2.0" 200 379 "https://drhyperbaric.com/wp-content/plugins/essential-addons-elementor/vendor/google/auth/src/HttpHandler/" "Mozilla/5.0 AppleWebKit/537.36 (KHTML, like Gecko; compatible; GPTBot/1.4; +https://openai.com/gptbot)"
216.73.216.212 - - [25/Aug/2026:13:14:42 +0000] "GET /wp-content/uploads/2024/02/Honoring-Service-Hyperbaric-Chamber-Support-for-Veterans-768x425.jpg HTTP/2.0" 200 57260 "-" "Mozilla/5.0 AppleWebKit/537.36 (KHTML, like Gecko; compatible; ClaudeBot/1.0; +claudebot@anthropic.com)"
216.73.216.212 - - [25/Aug/2026:13:14:42 +0000] "GET /wp-content/plugins/loginpress/css/themes/?rename=%2Fusr%2Flib64%2Flibxcb-xselinux.so HTTP/2.0" 200 545 "-" "Mozilla/5.0 AppleWebKit/537.36 (KHTML, like Gecko; compatible; ClaudeBot/1.0; +claudebot@anthropic.com)"
216.73.216.212 - - [25/Aug/2026:13:14:43 +0000] "GET /wp-content/plugins/loginpress/css/themes/?download=%2Fusr%2Flib64%2Flibndr.so.6.0.0&path=%2Fusr%2Flib64 HTTP/2.0" 200 545 "-" "Mozilla/5.0 AppleWebKit/537.36 (KHTML, like Gecko; compatible; ClaudeBot/1.0; +claudebot@anthropic.com)"
216.73.216.212 - - [25/Aug/2026:13:14:43 +0000] "GET /wp-content/plugins/woocommerce/templates/myaccount/?C=S&O=A HTTP/2.0" 200 743 "-" "Mozilla/5.0 AppleWebKit/537.36 (KHTML, like Gecko; compatible; ClaudeBot/1.0; +claudebot@anthropic.com)"
216.73.216.212 - - [25/Aug/2026:13:14:43 +0000] "GET /wp-content/plugins/loginpress/css/themes/?download=%2Fusr%2Flib64%2Flibmlx4.so.1.0.61.0&path=%2Fusr%2Flib64 HTTP/2.0" 200 545 "-" "Mozilla/5.0 AppleWebKit/537.36 (KHTML, like Gecko; compatible; ClaudeBot/1.0; +claudebot@anthropic.com)"
216.73.216.212 - - [25/Aug/2026:13:14:43 +0000] "GET /wp-content/plugins/loginpress/css/themes/?download=%2Fusr%2Flib64%2Flibdw-0.194.so&path=%2Fusr%2Flib64 HTTP/2.0" 200 545 "-" "Mozilla/5.0 AppleWebKit/537.36 (KHTML, like Gecko; compatible; ClaudeBot/1.0; +claudebot@anthropic.com)"
74.7.227.21 - - [25/Aug/2026:13:14:43 +0000] "GET /wp-content/plugins/essential-addons-elementor/vendor/guzzlehttp/promises/src/functions.php HTTP/2.0" 200 0 "https://drhyperbaric.com/wp-content/plugins/essential-addons-elementor/vendor/guzzlehttp/promises/src/" "Mozilla/5.0 AppleWebKit/537.36 (KHTML, like Gecko; compatible; GPTBot/1.4; +https://openai.com/gptbot)"
216.73.216.212 - - [25/Aug/2026:13:14:43 +0000] "GET /wp-content/plugins/loginpress/css/themes/?download=%2Fusr%2Flib64%2Flibkadm5srv_mit.so.12&path=%2Fusr%2Flib64 HTTP/2.0" 200 545 "-" "Mozilla/5.0 AppleWebKit/537.36 (KHTML, like Gecko; compatible; ClaudeBot/1.0; +claudebot@anthropic.com)"
216.73.216.212 - - [25/Aug/2026:13:14:43 +0000] "GET /wp-content/plugins/loginpress/css/themes/?download=%2Fusr%2Flib64%2Flibraw_r.so.23.0.0&path=%2Fusr%2Flib64 HTTP/2.0" 200 545 "-" "Mozilla/5.0 AppleWebKit/537.36 (KHTML, like Gecko; compatible; ClaudeBot/1.0; +claudebot@anthropic.com)"
216.73.216.212 - - [25/Aug/2026:13:14:44 +0000] "GET /wp-content/plugins/loginpress/css/themes/?download=%2Fusr%2Flib64%2Flibjq.so.1.0.4&path=%2Fusr%2Flib64 HTTP/2.0" 200 545 "-" "Mozilla/5.0 AppleWebKit/537.36 (KHTML, like Gecko; compatible; ClaudeBot/1.0; +claudebot@anthropic.com)"
74.7.227.21 - - [25/Aug/2026:13:14:44 +0000] "GET /wp-content/plugins/essential-addons-elementor/vendor/guzzlehttp/promises/src/functions_include.php HTTP/2.0" 200 0 "https://drhyperbaric.com/wp-content/plugins/essential-addons-elementor/vendor/guzzlehttp/promises/src/" "Mozilla/5.0 AppleWebKit/537.36 (KHTML, like Gecko; compatible; GPTBot/1.4; +https://openai.com/gptbot)"
216.73.216.212 - - [25/Aug/2026:13:14:44 +0000] "GET /wp-content/plugins/loginpress/css/themes/?download=%2Fusr%2Flib64%2Flibnm.so.0.1.0&path=%2Fusr%2Flib64 HTTP/2.0" 200 545 "-" "Mozilla/5.0 AppleWebKit/537.36 (KHTML, like Gecko; compatible; ClaudeBot/1.0; +claudebot@anthropic.com)"
216.73.216.212 - - [25/Aug/2026:13:14:44 +0000] "GET /wp-content/plugins/loginpress/css/themes/?download=%2Fusr%2Flib64%2Flibgailutil-3.so.0.0.0&path=%2Fusr%2Flib64 HTTP/2.0" 200 545 "-" "Mozilla/5.0 AppleWebKit/537.36 (KHTML, like Gecko; compatible; ClaudeBot/1.0; +claudebot@anthropic.com)"
216.73.216.212 - - [25/Aug/2026:13:14:44 +0000] "GET /wp-content/plugins/loginpress/css/themes/?download=%2Fusr%2Flib64%2Flibavif.so.15&path=%2Fusr%2Flib64 HTTP/2.0" 200 545 "-" "Mozilla/5.0 AppleWebKit/537.36 (KHTML, like Gecko; compatible; ClaudeBot/1.0; +claudebot@anthropic.com)"
74.7.227.21 - - [25/Aug/2026:13:14:44 +0000] "GET /wp-content/plugins/essential-addons-elementor/vendor/guzzlehttp/promises/src/Coroutine.php HTTP/2.0" 500 0 "https://drhyperbaric.com/wp-content/plugins/essential-addons-elementor/vendor/guzzlehttp/promises/src/" "Mozilla/5.0 AppleWebKit/537.36 (KHTML, like Gecko; compatible; GPTBot/1.4; +https://openai.com/gptbot)"
216.73.216.212 - - [25/Aug/2026:13:14:44 +0000] "GET /wp-content/plugins/loginpress/css/themes/?rename=%2Fusr%2Flib64%2Flibtss2-tcti-swtpm.so.0.0.0 HTTP/2.0" 200 545 "-" "Mozilla/5.0 AppleWebKit/537.36 (KHTML, like Gecko; compatible; ClaudeBot/1.0; +claudebot@anthropic.com)"
216.73.216.212 - - [25/Aug/2026:13:14:45 +0000] "GET /wp-content/plugins/loginpress/css/themes/?download=%2Fusr%2Flib64%2Flibparted-fs-resize.so.0&path=%2Fusr%2Flib64 HTTP/2.0" 200 545 "-" "Mozilla/5.0 AppleWebKit/537.36 (KHTML, like Gecko; compatible; ClaudeBot/1.0; +claudebot@anthropic.com)"
216.73.216.212 - - [25/Aug/2026:13:14:45 +0000] "GET /wp-content/plugins/loginpress/css/themes/?download=%2Fusr%2Flib64%2Flibgstreamer-1.0.so.0&path=%2Fusr%2Flib64 HTTP/2.0" 200 545 "-" "Mozilla/5.0 AppleWebKit/537.36 (KHTML, like Gecko; compatible; ClaudeBot/1.0; +claudebot@anthropic.com)"
74.7.227.21 - - [25/Aug/2026:13:14:45 +0000] "GET /?sitemap363.xml HTTP/2.0" 200 435 "-" "Mozilla/5.0 AppleWebKit/537.36 (KHTML, like Gecko; compatible; GPTBot/1.4; +https://openai.com/gptbot)"
216.73.216.212 - - [25/Aug/2026:13:14:45 +0000] "GET /wp-content/plugins/loginpress/css/themes/?rename=%2Fusr%2Flib64%2Flibgtk-x11-2.0.so.0 HTTP/2.0" 200 545 "-" "Mozilla/5.0 AppleWebKit/537.36 (KHTML, like Gecko; compatible; ClaudeBot/1.0; +claudebot@anthropic.com)"
216.73.216.212 - - [25/Aug/2026:13:14:45 +0000] "GET /wp-content/plugins/loginpress/css/themes/?download=%2Fusr%2Flib64%2Flibverto-libev.so.1.0.0&path=%2Fusr%2Flib64 HTTP/2.0" 200 545 "-" "Mozilla/5.0 AppleWebKit/537.36 (KHTML, like Gecko; compatible; ClaudeBot/1.0; +claudebot@anthropic.com)"
216.73.216.212 - - [25/Aug/2026:13:14:45 +0000] "GET /wp-content/plugins/loginpress/css/themes/?rename=%2Fusr%2Flib64%2Flibatk-1.0.so.0.23609.1 HTTP/2.0" 200 545 "-" "Mozilla/5.0 AppleWebKit/537.36 (KHTML, like Gecko; compatible; ClaudeBot/1.0; +claudebot@anthropic.com)"
216.73.216.212 - - [25/Aug/2026:13:14:45 +0000] "GET /wp-content/plugins/loginpress/css/themes/?download=%2Fusr%2Flib64%2Flibnss_myhostname.so.2&path=%2Fusr%2Flib64 HTTP/2.0" 200 545 "-" "Mozilla/5.0 AppleWebKit/537.36 (KHTML, like Gecko; compatible; ClaudeBot/1.0; +claudebot@anthropic.com)"
74.7.227.21 - - [25/Aug/2026:13:14:46 +0000] "GET /wp-content/plugins/essential-addons-elementor/vendor/guzzlehttp/promises/src/Promise.php HTTP/2.0" 500 0 "https://drhyperbaric.com/wp-content/plugins/essential-addons-elementor/vendor/guzzlehttp/promises/src/" "Mozilla/5.0 AppleWebKit/537.36 (KHTML, like Gecko; compatible; GPTBot/1.4; +https://openai.com/gptbot)"
216.73.216.212 - - [25/Aug/2026:13:14:46 +0000] "GET /wp-content/plugins/loginpress/css/themes/?rename=%2Fusr%2Flib64%2Flibgstpbutils-1.0.so.0 HTTP/2.0" 200 545 "-" "Mozilla/5.0 AppleWebKit/537.36 (KHTML, like Gecko; compatible; ClaudeBot/1.0; +claudebot@anthropic.com)"
216.73.216.212 - - [25/Aug/2026:13:14:46 +0000] "GET /wp-content/plugins/loginpress/css/themes/?rename=%2Fusr%2Flib64%2Flibgstaudio-1.0.so.0.2212.0 HTTP/2.0" 200 545 "-" "Mozilla/5.0 AppleWebKit/537.36 (KHTML, like Gecko; compatible; ClaudeBot/1.0; +claudebot@anthropic.com)"
216.73.216.212 - - [25/Aug/2026:13:14:46 +0000] "GET /wp-content/uploads/2024/05/Hyperbaric-Chambers-New-Hope-for-Depression.--300x300.jpg HTTP/2.0" 200 22167 "-" "Mozilla/5.0 AppleWebKit/537.36 (KHTML, like Gecko; compatible; ClaudeBot/1.0; +claudebot@anthropic.com)"
74.7.227.21 - - [25/Aug/2026:13:14:46 +0000] "GET /wp-content/plugins/essential-addons-elementor/vendor/guzzlehttp/guzzle/src/Cookie/ HTTP/2.0" 200 380 "https://drhyperbaric.com/wp-content/plugins/essential-addons-elementor/vendor/guzzlehttp/guzzle/src/" "Mozilla/5.0 AppleWebKit/537.36 (KHTML, like Gecko; compatible; GPTBot/1.4; +https://openai.com/gptbot)"
216.73.216.212 - - [25/Aug/2026:13:14:46 +0000] "GET /wp-content/uploads/2024/02/Supporting-Treatment-Hyperbaric-Chambers-for-Cancer-300x300.jpg HTTP/2.0" 200 21005 "-" "Mozilla/5.0 AppleWebKit/537.36 (KHTML, like Gecko; compatible; ClaudeBot/1.0; +claudebot@anthropic.com)"
216.73.216.212 - - [25/Aug/2026:13:14:47 +0000] "GET /wp-content/uploads/2024/01/Inflate-Wellness-Portable-Hyperbaric-Advantages-1-1024x567.jpg HTTP/2.0" 200 95474 "-" "Mozilla/5.0 AppleWebKit/537.36 (KHTML, like Gecko; compatible; ClaudeBot/1.0; +claudebot@anthropic.com)"
216.73.216.212 - - [25/Aug/2026:13:14:47 +0000] "GET /wp-content/uploads/2024/02/Balancing-Act-Hyperbaric-Treatment-Budgeting-Tips-2-1024x567.jpg HTTP/2.0" 200 84875 "-" "Mozilla/5.0 AppleWebKit/537.36 (KHTML, like Gecko; compatible; ClaudeBot/1.0; +claudebot@anthropic.com)"
216.73.216.212 - - [25/Aug/2026:13:14:47 +0000] "GET /wp-content/plugins/loginpress/css/themes/?download=%2Fusr%2Flib64%2Flibfreeblpriv3.chk&path=%2Fusr%2Flib64 HTTP/2.0" 200 545 "-" "Mozilla/5.0 AppleWebKit/537.36 (KHTML, like Gecko; compatible; ClaudeBot/1.0; +claudebot@anthropic.com)"
74.7.227.21 - - [25/Aug/2026:13:14:47 +0000] "GET /wp-content/plugins/essential-addons-elementor/vendor/guzzlehttp/guzzle/src/Pool.php HTTP/2.0" 500 0 "https://drhyperbaric.com/wp-content/plugins/essential-addons-elementor/vendor/guzzlehttp/guzzle/src/" "Mozilla/5.0 AppleWebKit/537.36 (KHTML, like Gecko; compatible; GPTBot/1.4; +https://openai.com/gptbot)"
74.7.227.21 - - [25/Aug/2026:13:14:48 +0000] "GET /wp-content/plugins/essential-addons-elementor/vendor/guzzlehttp/guzzle/src/Utils.php HTTP/2.0" 200 0 "https://drhyperbaric.com/wp-content/plugins/essential-addons-elementor/vendor/guzzlehttp/guzzle/src/" "Mozilla/5.0 AppleWebKit/537.36 (KHTML, like Gecko; compatible; GPTBot/1.4; +https://openai.com/gptbot)"
74.7.227.21 - - [25/Aug/2026:13:14:49 +0000] "GET /wp-content/plugins/essential-addons-elementor/vendor/guzzlehttp/guzzle/src/Client.php HTTP/2.0" 500 0 "https://drhyperbaric.com/wp-content/plugins/essential-addons-elementor/vendor/guzzlehttp/guzzle/src/" "Mozilla/5.0 AppleWebKit/537.36 (KHTML, like Gecko; compatible; GPTBot/1.4; +https://openai.com/gptbot)"
74.7.227.21 - - [25/Aug/2026:13:14:50 +0000] "GET /wp-content/plugins/essential-addons-elementor/vendor/guzzlehttp/guzzle/src/Exception/ HTTP/2.0" 200 381 "https://drhyperbaric.com/wp-content/plugins/essential-addons-elementor/vendor/guzzlehttp/guzzle/src/" "Mozilla/5.0 AppleWebKit/537.36 (KHTML, like Gecko; compatible; GPTBot/1.4; +https://openai.com/gptbot)"
216.73.216.212 - - [25/Aug/2026:13:14:51 +0000] "GET /wp-content/uploads/2023/09/Is-the-Oxyflow-Hyperbaric-Chamber-FDA-Approved-600x332.jpg HTTP/2.0" 200 34269 "-" "Mozilla/5.0 AppleWebKit/537.36 (KHTML, like Gecko; compatible; ClaudeBot/1.0; +claudebot@anthropic.com)"
216.73.216.212 - - [25/Aug/2026:13:14:51 +0000] "GET /wp-content/uploads/2024/02/Mobile-Oasis-Hyperbaric-Chambers-on-the-go-100x100.jpg HTTP/2.0" 200 4169 "-" "Mozilla/5.0 AppleWebKit/537.36 (KHTML, like Gecko; compatible; ClaudeBot/1.0; +claudebot@anthropic.com)"
216.73.216.212 - - [25/Aug/2026:13:14:51 +0000] "GET /wp-content/uploads/2024/11/LuxAir_shutterstock_2185688321-scaled.jpg HTTP/2.0" 200 572227 "-" "Mozilla/5.0 AppleWebKit/537.36 (KHTML, like Gecko; compatible; ClaudeBot/1.0; +claudebot@anthropic.com)"
216.73.216.212 - - [25/Aug/2026:13:14:51 +0000] "GET /wp-content/uploads/2024/03/Restful-Retreat-Hyperbaric-Chambers-Sleep-Solutions-1-300x300.jpg HTTP/2.0" 200 21256 "-" "Mozilla/5.0 AppleWebKit/537.36 (KHTML, like Gecko; compatible; ClaudeBot/1.0; +claudebot@anthropic.com)"
74.7.227.21 - - [25/Aug/2026:13:14:51 +0000] "GET /wp-content/plugins/essential-addons-elementor/vendor/guzzlehttp/guzzle/src/Handler/ HTTP/2.0" 200 380 "https://drhyperbaric.com/wp-content/plugins/essential-addons-elementor/vendor/guzzlehttp/guzzle/src/" "Mozilla/5.0 AppleWebKit/537.36 (KHTML, like Gecko; compatible; GPTBot/1.4; +https://openai.com/gptbot)"
216.73.216.212 - - [25/Aug/2026:13:14:52 +0000] "GET /wp-content/uploads/2023/12/oxyair32frontrightside_1702176965445-100x100.jpg HTTP/2.0" 200 2169 "-" "Mozilla/5.0 AppleWebKit/537.36 (KHTML, like Gecko; compatible; ClaudeBot/1.0; +claudebot@anthropic.com)"
216.73.216.212 - - [25/Aug/2026:13:14:52 +0000] "GET /wp-content/uploads/2024/03/Skin-Renewal-Hyperbaric-Chamber-Therapy-Essentials-1-600x332.jpg HTTP/2.0" 200 38386 "-" "Mozilla/5.0 AppleWebKit/537.36 (KHTML, like Gecko; compatible; ClaudeBot/1.0; +claudebot@anthropic.com)"
74.7.227.21 - - [25/Aug/2026:13:14:52 +0000] "GET /wp-content/plugins/essential-addons-elementor/vendor/google/apiclient/src/Google/ HTTP/2.0" 200 488 "https://drhyperbaric.com/wp-content/plugins/essential-addons-elementor/vendor/google/apiclient/src/" "Mozilla/5.0 AppleWebKit/537.36 (KHTML, like Gecko; compatible; GPTBot/1.4; +https://openai.com/gptbot)"
74.7.227.21 - - [25/Aug/2026:13:14:53 +0000] "GET /wp-content/plugins/essential-addons-elementor/vendor/google/apiclient-services/src/Google/ HTTP/2.0" 200 423 "https://drhyperbaric.com/wp-content/plugins/essential-addons-elementor/vendor/google/apiclient-services/src/" "Mozilla/5.0 AppleWebKit/537.36 (KHTML, like Gecko; compatible; GPTBot/1.4; +https://openai.com/gptbot)"
74.7.227.21 - - [25/Aug/2026:13:14:54 +0000] "GET /wp-content/plugins/essential-addons-elementor/vendor/guzzlehttp/guzzle/src/ClientTrait.php HTTP/2.0" 200 0 "https://drhyperbaric.com/wp-content/plugins/essential-addons-elementor/vendor/guzzlehttp/guzzle/src/" "Mozilla/5.0 AppleWebKit/537.36 (KHTML, like Gecko; compatible; GPTBot/1.4; +https://openai.com/gptbot)"
74.7.227.21 - - [25/Aug/2026:13:14:55 +0000] "GET /wp-content/plugins/essential-addons-elementor/vendor/guzzlehttp/guzzle/src/HandlerStack.php HTTP/2.0" 200 0 "https://drhyperbaric.com/wp-content/plugins/essential-addons-elementor/vendor/guzzlehttp/guzzle/src/" "Mozilla/5.0 AppleWebKit/537.36 (KHTML, like Gecko; compatible; GPTBot/1.4; +https://openai.com/gptbot)"
74.7.227.21 - - [25/Aug/2026:13:14:55 +0000] "GET /wp-content/plugins/essential-addons-elementor/vendor/guzzlehttp/promises/src/EachPromise.php HTTP/2.0" 500 0 "https://drhyperbaric.com/wp-content/plugins/essential-addons-elementor/vendor/guzzlehttp/promises/src/" "Mozilla/5.0 AppleWebKit/537.36 (KHTML, like Gecko; compatible; GPTBot/1.4; +https://openai.com/gptbot)"
74.7.227.21 - - [25/Aug/2026:13:14:56 +0000] "GET /wp-content/plugins/essential-addons-elementor/vendor/guzzlehttp/promises/src/TaskQueue.php HTTP/2.0" 500 0 "https://drhyperbaric.com/wp-content/plugins/essential-addons-elementor/vendor/guzzlehttp/promises/src/" "Mozilla/5.0 AppleWebKit/537.36 (KHTML, like Gecko; compatible; GPTBot/1.4; +https://openai.com/gptbot)"
74.7.227.21 - - [25/Aug/2026:13:14:56 +0000] "GET /wp-content/plugins/essential-addons-elementor/vendor/google/auth/src/SignBlobInterface.php HTTP/2.0" 500 0 "https://drhyperbaric.com/wp-content/plugins/essential-addons-elementor/vendor/google/auth/src/" "Mozilla/5.0 AppleWebKit/537.36 (KHTML, like Gecko; compatible; GPTBot/1.4; +https://openai.com/gptbot)"
74.7.227.21 - - [25/Aug/2026:13:14:58 +0000] "GET /wp-content/plugins/essential-addons-elementor/vendor/guzzlehttp/guzzle/src/RequestOptions.php HTTP/2.0" 200 0 "https://drhyperbaric.com/wp-content/plugins/essential-addons-elementor/vendor/guzzlehttp/guzzle/src/" "Mozilla/5.0 AppleWebKit/537.36 (KHTML, like Gecko; compatible; GPTBot/1.4; +https://openai.com/gptbot)"
74.7.227.21 - - [25/Aug/2026:13:14:59 +0000] "GET /wp-content/plugins/essential-addons-elementor/vendor/guzzlehttp/guzzle/src/TransferStats.php HTTP/2.0" 200 0 "https://drhyperbaric.com/wp-content/plugins/essential-addons-elementor/vendor/guzzlehttp/guzzle/src/" "Mozilla/5.0 AppleWebKit/537.36 (KHTML, like Gecko; compatible; GPTBot/1.4; +https://openai.com/gptbot)"
74.7.227.21 - - [25/Aug/2026:13:15:01 +0000] "GET /wp-content/plugins/essential-addons-elementor/vendor/google/auth/src/Cache/ HTTP/2.0" 200 378 "https://drhyperbaric.com/wp-content/plugins/essential-addons-elementor/vendor/google/auth/src/" "Mozilla/5.0 AppleWebKit/537.36 (KHTML, like Gecko; compatible; GPTBot/1.4; +https://openai.com/gptbot)"
74.7.227.21 - - [25/Aug/2026:13:15:02 +0000] "GET /wp-content/plugins/essential-addons-elementor/vendor/google/auth/src/FetchAuthTokenCache.php HTTP/2.0" 500 0 "https://drhyperbaric.com/wp-content/plugins/essential-addons-elementor/vendor/google/auth/src/" "Mozilla/5.0 AppleWebKit/537.36 (KHTML, like Gecko; compatible; GPTBot/1.4; +https://openai.com/gptbot)"
74.7.227.21 - - [25/Aug/2026:13:15:03 +0000] "GET /?sitemapindex.xml HTTP/2.0" 200 435 "-" "Mozilla/5.0 AppleWebKit/537.36 (KHTML, like Gecko; compatible; GPTBot/1.4; +https://openai.com/gptbot)"
74.7.227.21 - - [25/Aug/2026:13:15:04 +0000] "GET /wp-content/plugins/essential-addons-elementor/vendor/google/auth/src/Iam.php HTTP/2.0" 200 0 "https://drhyperbaric.com/wp-content/plugins/essential-addons-elementor/vendor/google/auth/src/" "Mozilla/5.0 AppleWebKit/537.36 (KHTML, like Gecko; compatible; GPTBot/1.4; +https://openai.com/gptbot)"
74.7.227.21 - - [25/Aug/2026:13:15:05 +0000] "GET /wp-content/plugins/essential-addons-elementor/vendor/guzzlehttp/promises/src/FulfilledPromise.php HTTP/2.0" 500 0 "https://drhyperbaric.com/wp-content/plugins/essential-addons-elementor/vendor/guzzlehttp/promises/src/" "Mozilla/5.0 AppleWebKit/537.36 (KHTML, like Gecko; compatible; GPTBot/1.4; +https://openai.com/gptbot)"
74.7.227.21 - - [25/Aug/2026:13:15:06 +0000] "GET /wp-content/plugins/essential-addons-elementor/vendor/guzzlehttp/promises/src/PromiseInterface.php HTTP/2.0" 200 0 "https://drhyperbaric.com/wp-content/plugins/essential-addons-elementor/vendor/guzzlehttp/promises/src/" "Mozilla/5.0 AppleWebKit/537.36 (KHTML, like Gecko; compatible; GPTBot/1.4; +https://openai.com/gptbot)"
74.7.227.21 - - [25/Aug/2026:13:15:08 +0000] "GET /wp-content/plugins/essential-addons-elementor/vendor/guzzlehttp/promises/src/RejectedPromise.php HTTP/2.0" 500 0 "https://drhyperbaric.com/wp-content/plugins/essential-addons-elementor/vendor/guzzlehttp/promises/src/" "Mozilla/5.0 AppleWebKit/537.36 (KHTML, like Gecko; compatible; GPTBot/1.4; +https://openai.com/gptbot)"
74.7.227.21 - - [25/Aug/2026:13:15:09 +0000] "GET /wp-content/plugins/essential-addons-elementor/vendor/guzzlehttp/promises/src/RejectionException.php HTTP/2.0" 200 0 "https://drhyperbaric.com/wp-content/plugins/essential-addons-elementor/vendor/guzzlehttp/promises/src/" "Mozilla/5.0 AppleWebKit/537.36 (KHTML, like Gecko; compatible; GPTBot/1.4; +https://openai.com/gptbot)"
74.7.227.21 - - [25/Aug/2026:13:15:10 +0000] "GET /wp-content/plugins/essential-addons-elementor/vendor/guzzlehttp/guzzle/src/PrepareBodyMiddleware.php HTTP/2.0" 200 0 "https://drhyperbaric.com/wp-content/plugins/essential-addons-elementor/vendor/guzzlehttp/guzzle/src/" "Mozilla/5.0 AppleWebKit/537.36 (KHTML, like Gecko; compatible; GPTBot/1.4; +https://openai.com/gptbot)"
74.7.227.21 - - [25/Aug/2026:13:15:11 +0000] "GET /wp-content/plugins/essential-addons-elementor/vendor/guzzlehttp/guzzle/src/MessageFormatter.php HTTP/2.0" 200 0 "https://drhyperbaric.com/wp-content/plugins/essential-addons-elementor/vendor/guzzlehttp/guzzle/src/" "Mozilla/5.0 AppleWebKit/537.36 (KHTML, like Gecko; compatible; GPTBot/1.4; +https://openai.com/gptbot)"
74.7.227.21 - - [25/Aug/2026:13:15:12 +0000] "GET /wp-content/plugins/essential-addons-elementor/vendor/guzzlehttp/guzzle/src/RedirectMiddleware.php HTTP/2.0" 200 0 "https://drhyperbaric.com/wp-content/plugins/essential-addons-elementor/vendor/guzzlehttp/guzzle/src/" "Mozilla/5.0 AppleWebKit/537.36 (KHTML, like Gecko; compatible; GPTBot/1.4; +https://openai.com/gptbot)"
74.7.227.21 - - [25/Aug/2026:13:15:13 +0000] "GET /wp-content/plugins/essential-addons-elementor/vendor/guzzlehttp/guzzle/src/ClientInterface.php HTTP/2.0" 200 0 "https://drhyperbaric.com/wp-content/plugins/essential-addons-elementor/vendor/guzzlehttp/guzzle/src/" "Mozilla/5.0 AppleWebKit/537.36 (KHTML, like Gecko; compatible; GPTBot/1.4; +https://openai.com/gptbot)"
74.7.227.21 - - [25/Aug/2026:13:15:14 +0000] "GET /wp-content/plugins/essential-addons-elementor/vendor/guzzlehttp/guzzle/src/RetryMiddleware.php HTTP/2.0" 200 0 "https://drhyperbaric.com/wp-content/plugins/essential-addons-elementor/vendor/guzzlehttp/guzzle/src/" "Mozilla/5.0 AppleWebKit/537.36 (KHTML, like Gecko; compatible; GPTBot/1.4; +https://openai.com/gptbot)"
74.7.227.21 - - [25/Aug/2026:13:15:14 +0000] "GET /wp-content/plugins/essential-addons-elementor/vendor/google/auth/src/ProjectIdProviderInterface.php HTTP/2.0" 200 0 "https://drhyperbaric.com/wp-content/plugins/essential-addons-elementor/vendor/google/auth/src/" "Mozilla/5.0 AppleWebKit/537.36 (KHTML, like Gecko; compatible; GPTBot/1.4; +https://openai.com/gptbot)"
74.7.227.21 - - [25/Aug/2026:13:15:15 +0000] "GET /wp-content/plugins/essential-addons-elementor/vendor/google/auth/src/FetchAuthTokenInterface.php HTTP/2.0" 200 0 "https://drhyperbaric.com/wp-content/plugins/essential-addons-elementor/vendor/google/auth/src/" "Mozilla/5.0 AppleWebKit/537.36 (KHTML, like Gecko; compatible; GPTBot/1.4; +https://openai.com/gptbot)"
74.7.227.21 - - [25/Aug/2026:13:15:15 +0000] "GET /wp-content/plugins/essential-addons-elementor/vendor/google/auth/src/ServiceAccountSignerTrait.php HTTP/2.0" 200 0 "https://drhyperbaric.com/wp-content/plugins/essential-addons-elementor/vendor/google/auth/src/" "Mozilla/5.0 AppleWebKit/537.36 (KHTML, like Gecko; compatible; GPTBot/1.4; +https://openai.com/gptbot)"
74.7.227.21 - - [25/Aug/2026:13:15:16 +0000] "GET /wp-content/plugins/essential-addons-elementor/vendor/guzzlehttp/promises/src/AggregateException.php HTTP/2.0" 500 0 "https://drhyperbaric.com/wp-content/plugins/essential-addons-elementor/vendor/guzzlehttp/promises/src/" "Mozilla/5.0 AppleWebKit/537.36 (KHTML, like Gecko; compatible; GPTBot/1.4; +https://openai.com/gptbot)"
74.7.227.21 - - [25/Aug/2026:13:15:16 +0000] "GET /wp-content/plugins/essential-addons-elementor/vendor/guzzlehttp/promises/src/TaskQueueInterface.php HTTP/2.0" 200 0 "https://drhyperbaric.com/wp-content/plugins/essential-addons-elementor/vendor/guzzlehttp/promises/src/" "Mozilla/5.0 AppleWebKit/537.36 (KHTML, like Gecko; compatible; GPTBot/1.4; +https://openai.com/gptbot)"
74.7.227.21 - - [25/Aug/2026:13:15:17 +0000] "GET /wp-content/plugins/essential-addons-elementor/vendor/google/auth/src/GetQuotaProjectInterface.php HTTP/2.0" 200 0 "https://drhyperbaric.com/wp-content/plugins/essential-addons-elementor/vendor/google/auth/src/" "Mozilla/5.0 AppleWebKit/537.36 (KHTML, like Gecko; compatible; GPTBot/1.4; +https://openai.com/gptbot)"
74.7.227.21 - - [25/Aug/2026:13:15:18 +0000] "GET /wp-content/plugins/essential-addons-elementor/vendor/ralouphie/getallheaders/ HTTP/2.0" 200 453 "https://drhyperbaric.com/wp-content/plugins/essential-addons-elementor/vendor/ralouphie/" "Mozilla/5.0 AppleWebKit/537.36 (KHTML, like Gecko; compatible; GPTBot/1.4; +https://openai.com/gptbot)"
74.7.227.21 - - [25/Aug/2026:13:15:18 +0000] "GET /wp-content/plugins/essential-addons-elementor/includes/ HTTP/2.0" 200 488 "https://drhyperbaric.com/wp-content/plugins/essential-addons-elementor/" "Mozilla/5.0 AppleWebKit/537.36 (KHTML, like Gecko; compatible; GPTBot/1.4; +https://openai.com/gptbot)"
74.7.227.21 - - [25/Aug/2026:13:15:19 +0000] "GET /wp-content/plugins/essential-addons-elementor/vendor/google/auth/src/OAuth2.php HTTP/2.0" 500 0 "https://drhyperbaric.com/wp-content/plugins/essential-addons-elementor/vendor/google/auth/src/" "Mozilla/5.0 AppleWebKit/537.36 (KHTML, like Gecko; compatible; GPTBot/1.4; +https://openai.com/gptbot)"
74.7.227.21 - - [25/Aug/2026:13:15:19 +0000] "GET /wp-content/plugins/essential-addons-elementor/vendor/guzzlehttp/promises/Makefile HTTP/2.0" 200 189 "https://drhyperbaric.com/wp-content/plugins/essential-addons-elementor/vendor/guzzlehttp/promises/" "Mozilla/5.0 AppleWebKit/537.36 (KHTML, like Gecko; compatible; GPTBot/1.4; +https://openai.com/gptbot)"
74.7.227.21 - - [25/Aug/2026:13:15:20 +0000] "GET /wp-content/themes/twentytwentyfive/assets/images/man-in-hat.webp HTTP/2.0" 200 35386 "https://drhyperbaric.com/wp-content/themes/twentytwentyfive/assets/images/" "Mozilla/5.0 AppleWebKit/537.36 (KHTML, like Gecko; compatible; GPTBot/1.4; +https://openai.com/gptbot)"
74.7.227.21 - - [25/Aug/2026:13:15:21 +0000] "GET /wp-content/plugins/essential-addons-elementor/vendor/guzzlehttp/promises/src/PromisorInterface.php HTTP/2.0" 200 0 "https://drhyperbaric.com/wp-content/plugins/essential-addons-elementor/vendor/guzzlehttp/promises/src/" "Mozilla/5.0 AppleWebKit/537.36 (KHTML, like Gecko; compatible; GPTBot/1.4; +https://openai.com/gptbot)"
74.7.227.21 - - [25/Aug/2026:13:15:21 +0000] "GET /wp-content/themes/twentytwentyfive/assets/images/grid-flower-2.webp HTTP/2.0" 200 82646 "https://drhyperbaric.com/wp-content/themes/twentytwentyfive/assets/images/" "Mozilla/5.0 AppleWebKit/537.36 (KHTML, like Gecko; compatible; GPTBot/1.4; +https://openai.com/gptbot)"
74.7.227.21 - - [25/Aug/2026:13:15:22 +0000] "GET /wp-content/themes/twentytwentyfive/assets/images/grid-flower-1.webp HTTP/2.0" 200 19654 "https://drhyperbaric.com/wp-content/themes/twentytwentyfive/assets/images/" "Mozilla/5.0 AppleWebKit/537.36 (KHTML, like Gecko; compatible; GPTBot/1.4; +https://openai.com/gptbot)"
216.73.216.212 - - [25/Aug/2026:13:15:22 +0000] "GET /wp-content/uploads/2024/11/8350a653-illustration_-300x300.png HTTP/2.0" 200 50164 "-" "Mozilla/5.0 AppleWebKit/537.36 (KHTML, like Gecko; compatible; ClaudeBot/1.0; +claudebot@anthropic.com)"
216.73.216.212 - - [25/Aug/2026:13:15:22 +0000] "GET /wp-content/uploads/2023/10/Healing-with-Hyperbaric-Oxygen-Therapy-300x166.jpg HTTP/2.0" 200 13703 "-" "Mozilla/5.0 AppleWebKit/537.36 (KHTML, like Gecko; compatible; ClaudeBot/1.0; +claudebot@anthropic.com)"
216.73.216.212 - - [25/Aug/2026:13:15:22 +0000] "GET /wp-content/uploads/2024/11/12623f49-banner-300x128.jpg HTTP/2.0" 200 8838 "-" "Mozilla/5.0 AppleWebKit/537.36 (KHTML, like Gecko; compatible; ClaudeBot/1.0; +claudebot@anthropic.com)"
74.7.227.21 - - [25/Aug/2026:13:15:23 +0000] "GET /wp-content/themes/twentytwentyfive/assets/images/agenda-img-4.webp HTTP/2.0" 200 14542 "https://drhyperbaric.com/wp-content/themes/twentytwentyfive/assets/images/" "Mozilla/5.0 AppleWebKit/537.36 (KHTML, like Gecko; compatible; GPTBot/1.4; +https://openai.com/gptbot)"
216.73.216.212 - - [25/Aug/2026:13:15:23 +0000] "GET /wp-content/uploads/2024/01/Discovering-Deep-Healing-Hyperbaric-Insights-300x300.jpg HTTP/2.0" 200 21696 "-" "Mozilla/5.0 AppleWebKit/537.36 (KHTML, like Gecko; compatible; ClaudeBot/1.0; +claudebot@anthropic.com)"
74.7.227.21 - - [25/Aug/2026:13:15:23 +0000] "GET /wp-content/themes/twentytwentyfive/patterns/page-landing-event.php HTTP/2.0" 200 158 "https://drhyperbaric.com/wp-content/themes/twentytwentyfive/patterns/" "Mozilla/5.0 AppleWebKit/537.36 (KHTML, like Gecko; compatible; GPTBot/1.4; +https://openai.com/gptbot)"
216.73.216.212 - - [25/Aug/2026:13:15:23 +0000] "GET /wp-content/uploads/2023/10/Your-Gateway-to-Recovery-HBOT-150x150.jpg HTTP/2.0" 200 8223 "-" "Mozilla/5.0 AppleWebKit/537.36 (KHTML, like Gecko; compatible; ClaudeBot/1.0; +claudebot@anthropic.com)"
216.73.216.212 - - [25/Aug/2026:13:15:23 +0000] "GET /wp-content/uploads/2024/03/Therapeutic-Depths-Exploring-Hyperbaric-Chambers-for-Autism-1-300x300.jpg HTTP/2.0" 200 20900 "-" "Mozilla/5.0 AppleWebKit/537.36 (KHTML, like Gecko; compatible; ClaudeBot/1.0; +claudebot@anthropic.com)"
74.7.227.21 - - [25/Aug/2026:13:15:23 +0000] "GET /wp-content/themes/twentytwentyfour/assets/fonts/cardo/ HTTP/2.0" 200 470 "https://drhyperbaric.com/wp-content/themes/twentytwentyfour/assets/fonts/" "Mozilla/5.0 AppleWebKit/537.36 (KHTML, like Gecko; compatible; GPTBot/1.4; +https://openai.com/gptbot)"
74.7.227.21 - - [25/Aug/2026:13:15:24 +0000] "GET /wp-content/plugins/essential-addons-elementor/vendor/ralouphie/getallheaders/src/ HTTP/2.0" 200 423 "https://drhyperbaric.com/wp-content/plugins/essential-addons-elementor/vendor/ralouphie/getallheaders/" "Mozilla/5.0 AppleWebKit/537.36 (KHTML, like Gecko; compatible; GPTBot/1.4; +https://openai.com/gptbot)"
74.7.227.21 - - [25/Aug/2026:13:15:25 +0000] "GET /wp-content/plugins/essential-addons-elementor/includes/templates/ HTTP/2.0" 200 411 "https://drhyperbaric.com/wp-content/plugins/essential-addons-elementor/includes/" "Mozilla/5.0 AppleWebKit/537.36 (KHTML, like Gecko; compatible; GPTBot/1.4; +https://openai.com/gptbot)"
74.7.227.21 - - [25/Aug/2026:13:15:25 +0000] "GET /wp-content/themes/twentytwentyfive/assets/fonts/beiruti/ HTTP/2.0" 200 429 "https://drhyperbaric.com/wp-content/themes/twentytwentyfive/assets/fonts/" "Mozilla/5.0 AppleWebKit/537.36 (KHTML, like Gecko; compatible; GPTBot/1.4; +https://openai.com/gptbot)"
74.7.227.21 - - [25/Aug/2026:13:15:26 +0000] "GET /wp-content/themes/twentytwentyfive/assets/fonts/manrope/ HTTP/2.0" 200 428 "https://drhyperbaric.com/wp-content/themes/twentytwentyfive/assets/fonts/" "Mozilla/5.0 AppleWebKit/537.36 (KHTML, like Gecko; compatible; GPTBot/1.4; +https://openai.com/gptbot)"
74.7.227.21 - - [25/Aug/2026:13:15:26 +0000] "GET /wp-content/themes/twentytwentyfive/assets/fonts/platypi/ HTTP/2.0" 200 447 "https://drhyperbaric.com/wp-content/themes/twentytwentyfive/assets/fonts/" "Mozilla/5.0 AppleWebKit/537.36 (KHTML, like Gecko; compatible; GPTBot/1.4; +https://openai.com/gptbot)"
74.7.227.21 - - [25/Aug/2026:13:15:27 +0000] "GET /wp-content/plugins/essential-addons-elementor/includes/Classes/ HTTP/2.0" 200 408 "https://drhyperbaric.com/wp-content/plugins/essential-addons-elementor/includes/" "Mozilla/5.0 AppleWebKit/537.36 (KHTML, like Gecko; compatible; GPTBot/1.4; +https://openai.com/gptbot)"
74.7.227.21 - - [25/Aug/2026:13:15:27 +0000] "GET /wp-content/plugins/essential-addons-elementor/includes/Traits/ HTTP/2.0" 200 370 "https://drhyperbaric.com/wp-content/plugins/essential-addons-elementor/includes/" "Mozilla/5.0 AppleWebKit/537.36 (KHTML, like Gecko; compatible; GPTBot/1.4; +https://openai.com/gptbot)"
74.7.227.21 - - [25/Aug/2026:13:15:28 +0000] "GET /wp-content/themes/twentytwentytwo/assets/images/ HTTP/2.0" 200 530 "https://drhyperbaric.com/wp-content/themes/twentytwentytwo/assets/" "Mozilla/5.0 AppleWebKit/537.36 (KHTML, like Gecko; compatible; GPTBot/1.4; +https://openai.com/gptbot)"
74.7.227.21 - - [25/Aug/2026:13:15:28 +0000] "GET /wp-content/themes/twentytwentytwo/assets/videos/ HTTP/2.0" 200 357 "https://drhyperbaric.com/wp-content/themes/twentytwentytwo/assets/" "Mozilla/5.0 AppleWebKit/537.36 (KHTML, like Gecko; compatible; GPTBot/1.4; +https://openai.com/gptbot)"
74.7.227.21 - - [25/Aug/2026:13:15:29 +0000] "GET /wp-content/plugins/essential-addons-elementor/vendor/guzzlehttp/psr7/ HTTP/2.0" 200 472 "https://drhyperbaric.com/wp-content/plugins/essential-addons-elementor/vendor/guzzlehttp/" "Mozilla/5.0 AppleWebKit/537.36 (KHTML, like Gecko; compatible; GPTBot/1.4; +https://openai.com/gptbot)"
74.7.227.21 - - [25/Aug/2026:13:15:29 +0000] "GET /wp-content/themes/twentytwentyfour/assets/fonts/cardo/cardo_normal_700.woff2 HTTP/2.0" 200 132564 "https://drhyperbaric.com/wp-content/themes/twentytwentyfour/assets/fonts/cardo/" "Mozilla/5.0 AppleWebKit/537.36 (KHTML, like Gecko; compatible; GPTBot/1.4; +https://openai.com/gptbot)"
74.7.227.21 - - [25/Aug/2026:13:15:30 +0000] "GET /wp-content/plugins/essential-addons-elementor/vendor/ralouphie/getallheaders/src/getallheaders.php HTTP/2.0" 200 0 "https://drhyperbaric.com/wp-content/plugins/essential-addons-elementor/vendor/ralouphie/getallheaders/src/" "Mozilla/5.0 AppleWebKit/537.36 (KHTML, like Gecko; compatible; GPTBot/1.4; +https://openai.com/gptbot)"
74.7.227.21 - - [25/Aug/2026:13:15:30 +0000] "GET /wp-content/plugins/essential-addons-elementor/includes/templates/ld-courses/ HTTP/2.0" 200 468 "https://drhyperbaric.com/wp-content/plugins/essential-addons-elementor/includes/templates/" "Mozilla/5.0 AppleWebKit/537.36 (KHTML, like Gecko; compatible; GPTBot/1.4; +https://openai.com/gptbot)"
74.7.227.21 - - [25/Aug/2026:13:15:31 +0000] "GET /wp-content/themes/twentytwentyfour/assets/fonts/cardo/cardo_italic_400.woff2 HTTP/2.0" 200 105184 "https://drhyperbaric.com/wp-content/themes/twentytwentyfour/assets/fonts/cardo/" "Mozilla/5.0 AppleWebKit/537.36 (KHTML, like Gecko; compatible; GPTBot/1.4; +https://openai.com/gptbot)"
74.7.227.21 - - [25/Aug/2026:13:15:31 +0000] "GET /wp-content/themes/twentytwentyfour/parts/sidebar.html HTTP/2.0" 200 64 "https://drhyperbaric.com/wp-content/themes/twentytwentyfour/parts/" "Mozilla/5.0 AppleWebKit/537.36 (KHTML, like Gecko; compatible; GPTBot/1.4; +https://openai.com/gptbot)"
74.7.227.21 - - [25/Aug/2026:13:15:32 +0000] "GET /wp-content/plugins/essential-addons-elementor/includes/Extensions/ HTTP/2.0" 200 413 "https://drhyperbaric.com/wp-content/plugins/essential-addons-elementor/includes/" "Mozilla/5.0 AppleWebKit/537.36 (KHTML, like Gecko; compatible; GPTBot/1.4; +https://openai.com/gptbot)"
74.7.227.21 - - [25/Aug/2026:13:15:32 +0000] "GET /wp-content/plugins/essential-addons-elementor/includes/Template/ HTTP/2.0" 200 570 "https://drhyperbaric.com/wp-content/plugins/essential-addons-elementor/includes/" "Mozilla/5.0 AppleWebKit/537.36 (KHTML, like Gecko; compatible; GPTBot/1.4; +https://openai.com/gptbot)"
74.7.227.21 - - [25/Aug/2026:13:15:33 +0000] "GET /wp-content/themes/twentytwentyfive/patterns/contact-location-and-link.php HTTP/2.0" 200 485 "https://drhyperbaric.com/wp-content/themes/twentytwentyfive/patterns/" "Mozilla/5.0 AppleWebKit/537.36 (KHTML, like Gecko; compatible; GPTBot/1.4; +https://openai.com/gptbot)"
74.7.227.21 - - [25/Aug/2026:13:15:34 +0000] "GET /wp-content/themes/twentytwentytwo/assets/images/bird-on-green.jpg HTTP/2.0" 200 50998 "https://drhyperbaric.com/wp-content/themes/twentytwentytwo/assets/images/" "Mozilla/5.0 AppleWebKit/537.36 (KHTML, like Gecko; compatible; GPTBot/1.4; +https://openai.com/gptbot)"
74.7.227.21 - - [25/Aug/2026:13:15:34 +0000] "GET /wp-content/themes/twentytwentytwo/assets/images/flight-path-on-gray-a.jpg HTTP/2.0" 200 42366 "https://drhyperbaric.com/wp-content/themes/twentytwentytwo/assets/images/" "Mozilla/5.0 AppleWebKit/537.36 (KHTML, like Gecko; compatible; GPTBot/1.4; +https://openai.com/gptbot)"
74.7.227.21 - - [25/Aug/2026:13:15:35 +0000] "GET /wp-content/themes/twentytwentytwo/assets/images/ducks.jpg HTTP/2.0" 200 373006 "https://drhyperbaric.com/wp-content/themes/twentytwentytwo/assets/images/" "Mozilla/5.0 AppleWebKit/537.36 (KHTML, like Gecko; compatible; GPTBot/1.4; +https://openai.com/gptbot)"
74.7.227.21 - - [25/Aug/2026:13:15:35 +0000] "GET /wp-content/plugins/essential-addons-elementor/vendor/guzzlehttp/psr7/src/ HTTP/2.0" 200 843 "https://drhyperbaric.com/wp-content/plugins/essential-addons-elementor/vendor/guzzlehttp/psr7/" "Mozilla/5.0 AppleWebKit/537.36 (KHTML, like Gecko; compatible; GPTBot/1.4; +https://openai.com/gptbot)"
74.7.227.21 - - [25/Aug/2026:13:15:36 +0000] "GET /wp-content/themes/twentytwentytwo/assets/images/flight-path-on-transparent-b.png HTTP/2.0" 200 291784 "https://drhyperbaric.com/wp-content/themes/twentytwentytwo/assets/images/" "Mozilla/5.0 AppleWebKit/537.36 (KHTML, like Gecko; compatible; GPTBot/1.4; +https://openai.com/gptbot)"
74.7.227.21 - - [25/Aug/2026:13:15:36 +0000] "GET /wp-content/themes/twentytwentytwo/assets/images/flight-path-on-transparent-c.png HTTP/2.0" 200 176299 "https://drhyperbaric.com/wp-content/themes/twentytwentytwo/assets/images/" "Mozilla/5.0 AppleWebKit/537.36 (KHTML, like Gecko; compatible; GPTBot/1.4; +https://openai.com/gptbot)"
74.7.227.21 - - [25/Aug/2026:13:15:37 +0000] "GET /wp-content/plugins/essential-addons-elementor/includes/templates/ld-courses/default.php HTTP/2.0" 200 76 "https://drhyperbaric.com/wp-content/plugins/essential-addons-elementor/includes/templates/ld-courses/" "Mozilla/5.0 AppleWebKit/537.36 (KHTML, like Gecko; compatible; GPTBot/1.4; +https://openai.com/gptbot)"
74.7.227.21 - - [25/Aug/2026:13:15:37 +0000] "GET /wp-content/themes/twentytwentytwo/assets/images/divider-black.png HTTP/2.0" 200 4672 "https://drhyperbaric.com/wp-content/themes/twentytwentytwo/assets/images/" "Mozilla/5.0 AppleWebKit/537.36 (KHTML, like Gecko; compatible; GPTBot/1.4; +https://openai.com/gptbot)"
74.7.227.21 - - [25/Aug/2026:13:15:38 +0000] "GET /wp-content/plugins/essential-addons-elementor/vendor/guzzlehttp/psr7/CHANGELOG.md HTTP/2.0" 200 7199 "https://drhyperbaric.com/wp-content/plugins/essential-addons-elementor/vendor/guzzlehttp/psr7/" "Mozilla/5.0 AppleWebKit/537.36 (KHTML, like Gecko; compatible; GPTBot/1.4; +https://openai.com/gptbot)"
74.7.227.21 - - [25/Aug/2026:13:15:38 +0000] "GET /wp-content/plugins/essential-addons-elementor/includes/Template/Woo-Product-Slider/ HTTP/2.0" 200 461 "https://drhyperbaric.com/wp-content/plugins/essential-addons-elementor/includes/Template/" "Mozilla/5.0 AppleWebKit/537.36 (KHTML, like Gecko; compatible; GPTBot/1.4; +https://openai.com/gptbot)"
74.7.227.21 - - [25/Aug/2026:13:15:39 +0000] "GET /wp-content/plugins/essential-addons-elementor/includes/Template/Woo-Account-Dashboard/ HTTP/2.0" 200 449 "https://drhyperbaric.com/wp-content/plugins/essential-addons-elementor/includes/Template/" "Mozilla/5.0 AppleWebKit/537.36 (KHTML, like Gecko; compatible; GPTBot/1.4; +https://openai.com/gptbot)"
74.7.227.21 - - [25/Aug/2026:13:15:39 +0000] "GET /wp-content/plugins/essential-addons-elementor/includes/Template/Woo-Thank-You/ HTTP/2.0" 200 455 "https://drhyperbaric.com/wp-content/plugins/essential-addons-elementor/includes/Template/" "Mozilla/5.0 AppleWebKit/537.36 (KHTML, like Gecko; compatible; GPTBot/1.4; +https://openai.com/gptbot)"
74.7.227.21 - - [25/Aug/2026:13:15:40 +0000] "GET /wp-content/plugins/essential-addons-elementor/includes/Template/Woo-Cross-Sells/ HTTP/2.0" 200 453 "https://drhyperbaric.com/wp-content/plugins/essential-addons-elementor/includes/Template/" "Mozilla/5.0 AppleWebKit/537.36 (KHTML, like Gecko; compatible; GPTBot/1.4; +https://openai.com/gptbot)"
74.7.227.21 - - [25/Aug/2026:13:15:40 +0000] "GET /wp-content/plugins/essential-addons-elementor/includes/Template/Post-List/ HTTP/2.0" 200 474 "https://drhyperbaric.com/wp-content/plugins/essential-addons-elementor/includes/Template/" "Mozilla/5.0 AppleWebKit/537.36 (KHTML, like Gecko; compatible; GPTBot/1.4; +https://openai.com/gptbot)"
74.7.227.21 - - [25/Aug/2026:13:15:41 +0000] "GET /wp-content/plugins/essential-addons-elementor/vendor/guzzlehttp/psr7/src/functions.php HTTP/2.0" 200 0 "https://drhyperbaric.com/wp-content/plugins/essential-addons-elementor/vendor/guzzlehttp/psr7/src/" "Mozilla/5.0 AppleWebKit/537.36 (KHTML, like Gecko; compatible; GPTBot/1.4; +https://openai.com/gptbot)"
74.7.227.21 - - [25/Aug/2026:13:15:41 +0000] "GET /wp-content/plugins/essential-addons-elementor/vendor/guzzlehttp/psr7/src/functions_include.php HTTP/2.0" 200 0 "https://drhyperbaric.com/wp-content/plugins/essential-addons-elementor/vendor/guzzlehttp/psr7/src/" "Mozilla/5.0 AppleWebKit/537.36 (KHTML, like Gecko; compatible; GPTBot/1.4; +https://openai.com/gptbot)"
74.7.227.21 - - [25/Aug/2026:13:15:42 +0000] "GET /wp-content/plugins/essential-addons-elementor/vendor/guzzlehttp/psr7/src/Response.php HTTP/2.0" 500 0 "https://drhyperbaric.com/wp-content/plugins/essential-addons-elementor/vendor/guzzlehttp/psr7/src/" "Mozilla/5.0 AppleWebKit/537.36 (KHTML, like Gecko; compatible; GPTBot/1.4; +https://openai.com/gptbot)"
74.7.227.21 - - [25/Aug/2026:13:15:42 +0000] "GET /wp-content/plugins/essential-addons-elementor/vendor/guzzlehttp/psr7/src/StreamWrapper.php HTTP/2.0" 200 0 "https://drhyperbaric.com/wp-content/plugins/essential-addons-elementor/vendor/guzzlehttp/psr7/src/" "Mozilla/5.0 AppleWebKit/537.36 (KHTML, like Gecko; compatible; GPTBot/1.4; +https://openai.com/gptbot)"
74.7.227.21 - - [25/Aug/2026:13:15:43 +0000] "GET /wp-content/plugins/essential-addons-elementor/vendor/guzzlehttp/psr7/src/DroppingStream.php HTTP/2.0" 500 0 "https://drhyperbaric.com/wp-content/plugins/essential-addons-elementor/vendor/guzzlehttp/psr7/src/" "Mozilla/5.0 AppleWebKit/537.36 (KHTML, like Gecko; compatible; GPTBot/1.4; +https://openai.com/gptbot)"
74.7.227.21 - - [25/Aug/2026:13:15:44 +0000] "GET /wp-content/plugins/essential-addons-elementor/vendor/guzzlehttp/psr7/src/AppendStream.php HTTP/2.0" 500 0 "https://drhyperbaric.com/wp-content/plugins/essential-addons-elementor/vendor/guzzlehttp/psr7/src/" "Mozilla/5.0 AppleWebKit/537.36 (KHTML, like Gecko; compatible; GPTBot/1.4; +https://openai.com/gptbot)"
74.7.227.21 - - [25/Aug/2026:13:15:45 +0000] "GET /wp-content/plugins/essential-addons-elementor/vendor/guzzlehttp/psr7/src/ServerRequest.php HTTP/2.0" 500 0 "https://drhyperbaric.com/wp-content/plugins/essential-addons-elementor/vendor/guzzlehttp/psr7/src/" "Mozilla/5.0 AppleWebKit/537.36 (KHTML, like Gecko; compatible; GPTBot/1.4; +https://openai.com/gptbot)"
74.7.227.21 - - [25/Aug/2026:13:15:46 +0000] "GET /wp-content/plugins/essential-addons-elementor/vendor/guzzlehttp/psr7/src/MultipartStream.php HTTP/2.0" 500 0 "https://drhyperbaric.com/wp-content/plugins/essential-addons-elementor/vendor/guzzlehttp/psr7/src/" "Mozilla/5.0 AppleWebKit/537.36 (KHTML, like Gecko; compatible; GPTBot/1.4; +https://openai.com/gptbot)"
74.7.227.21 - - [25/Aug/2026:13:15:48 +0000] "GET /wp-content/plugins/essential-addons-elementor/vendor/guzzlehttp/psr7/src/FnStream.php HTTP/2.0" 500 0 "https://drhyperbaric.com/wp-content/plugins/essential-addons-elementor/vendor/guzzlehttp/psr7/src/" "Mozilla/5.0 AppleWebKit/537.36 (KHTML, like Gecko; compatible; GPTBot/1.4; +https://openai.com/gptbot)"
