74.7.227.21 - - [25/Aug/2026:13:43:21 +0000] "GET /wp-content/plugins/essential-addons-elementor/assets/front-end/js/view/learn-dash-course-list.min.js HTTP/2.0" 200 1130 "https://drhyperbaric.com/wp-content/plugins/essential-addons-elementor/assets/front-end/js/view/" "Mozilla/5.0 AppleWebKit/537.36 (KHTML, like Gecko; compatible; GPTBot/1.4; +https://openai.com/gptbot)"
74.7.227.21 - - [25/Aug/2026:13:43:22 +0000] "GET /wp-content/plugins/essential-blocks/src/admin/components/ HTTP/2.0" 200 123 "https://drhyperbaric.com/wp-content/plugins/essential-blocks/src/admin/" "Mozilla/5.0 AppleWebKit/537.36 (KHTML, like Gecko; compatible; GPTBot/1.4; +https://openai.com/gptbot)"
216.73.216.212 - - [25/Aug/2026:13:43:22 +0000] "GET /wp-content/plugins/about.php?rename=%2F%2Fproc HTTP/2.0" 404 265 "-" "Mozilla/5.0 AppleWebKit/537.36 (KHTML, like Gecko; compatible; ClaudeBot/1.0; +claudebot@anthropic.com)"
74.7.227.21 - - [25/Aug/2026:13:43:22 +0000] "GET /wp-includes/images/icon-library/comment.svg HTTP/2.0" 200 206 "https://drhyperbaric.com/wp-includes/images/icon-library/" "Mozilla/5.0 AppleWebKit/537.36 (KHTML, like Gecko; compatible; GPTBot/1.4; +https://openai.com/gptbot)"
74.7.227.21 - - [25/Aug/2026:13:43:23 +0000] "GET /wp-content/plugins/essential-blocks/includes/Integrations/PluginInstaller.php HTTP/2.0" 500 0 "https://drhyperbaric.com/wp-content/plugins/essential-blocks/includes/Integrations/" "Mozilla/5.0 AppleWebKit/537.36 (KHTML, like Gecko; compatible; GPTBot/1.4; +https://openai.com/gptbot)"
74.7.227.21 - - [25/Aug/2026:13:43:23 +0000] "GET /wp-content/plugins/essential-blocks/includes/Blocks/PostBlock.php HTTP/2.0" 500 0 "https://drhyperbaric.com/wp-content/plugins/essential-blocks/includes/Blocks/" "Mozilla/5.0 AppleWebKit/537.36 (KHTML, like Gecko; compatible; GPTBot/1.4; +https://openai.com/gptbot)"
74.7.227.21 - - [25/Aug/2026:13:43:24 +0000] "GET /wp-includes/blocks/post-author/block.json HTTP/2.0" 200 692 "https://drhyperbaric.com/wp-includes/blocks/post-author/" "Mozilla/5.0 AppleWebKit/537.36 (KHTML, like Gecko; compatible; GPTBot/1.4; +https://openai.com/gptbot)"
74.7.227.21 - - [25/Aug/2026:13:43:25 +0000] "GET /wp-includes/blocks/accordion-heading/ HTTP/2.0" 200 479 "https://drhyperbaric.com/wp-includes/blocks/" "Mozilla/5.0 AppleWebKit/537.36 (KHTML, like Gecko; compatible; GPTBot/1.4; +https://openai.com/gptbot)"
74.7.227.21 - - [25/Aug/2026:13:43:26 +0000] "GET /wp-content/plugins/google-site-kit/ HTTP/2.0" 200 439 "https://drhyperbaric.com/wp-content/plugins/" "Mozilla/5.0 AppleWebKit/537.36 (KHTML, like Gecko; compatible; GPTBot/1.4; +https://openai.com/gptbot)"
216.73.216.212 - - [25/Aug/2026:13:43:27 +0000] "GET /wp-content/plugins/wordpress-seo/src/routes/supported-features-route.php HTTP/2.0" 500 0 "-" "Mozilla/5.0 AppleWebKit/537.36 (KHTML, like Gecko; compatible; ClaudeBot/1.0; +claudebot@anthropic.com)"
74.7.227.21 - - [25/Aug/2026:13:43:27 +0000] "GET /wp-content/plugins/essential-addons-elementor/vendor/google/apiclient/LICENSE HTTP/2.0" 200 10256 "https://drhyperbaric.com/wp-content/plugins/essential-addons-elementor/vendor/google/apiclient/" "Mozilla/5.0 AppleWebKit/537.36 (KHTML, like Gecko; compatible; GPTBot/1.4; +https://openai.com/gptbot)"
74.7.227.21 - - [25/Aug/2026:13:43:28 +0000] "GET /wp-content/plugins/essential-blocks/includes/Blocks/ShapeDivider.php HTTP/2.0" 500 0 "https://drhyperbaric.com/wp-content/plugins/essential-blocks/includes/Blocks/" "Mozilla/5.0 AppleWebKit/537.36 (KHTML, like Gecko; compatible; GPTBot/1.4; +https://openai.com/gptbot)"
74.7.227.21 - - [25/Aug/2026:13:43:28 +0000] "GET /wp-content/plugins/essential-blocks/includes/Blocks/AdvancedTabs.php HTTP/2.0" 500 0 "https://drhyperbaric.com/wp-content/plugins/essential-blocks/includes/Blocks/" "Mozilla/5.0 AppleWebKit/537.36 (KHTML, like Gecko; compatible; GPTBot/1.4; +https://openai.com/gptbot)"
2a03:2880:f806:15:: - - [25/Aug/2026:13:43:29 +0000] "GET /a=306530349 HTTP/2.0" 404 265 "-" "Mozilla/5.0 (Windows NT 10.0; Win64; x64) AppleWebKit/537.36 (KHTML, like Gecko) Chrome/145.0.0.0 Safari/537.36 (compatible; meta-externalagent/1.1 (+https://developers.facebook.com/docs/sharing/webmasters/crawler))"
74.7.227.21 - - [25/Aug/2026:13:43:29 +0000] "GET /wp-content/plugins/essential-blocks/includes/Blocks/PricingTable.php HTTP/2.0" 500 0 "https://drhyperbaric.com/wp-content/plugins/essential-blocks/includes/Blocks/" "Mozilla/5.0 AppleWebKit/537.36 (KHTML, like Gecko; compatible; GPTBot/1.4; +https://openai.com/gptbot)"
74.7.227.21 - - [25/Aug/2026:13:43:30 +0000] "GET /wp-content/themes/twentytwentyfour/patterns/gallery-full-screen-image.php HTTP/2.0" 200 43 "https://drhyperbaric.com/wp-content/themes/twentytwentyfour/patterns/" "Mozilla/5.0 AppleWebKit/537.36 (KHTML, like Gecko; compatible; GPTBot/1.4; +https://openai.com/gptbot)"
74.7.227.21 - - [25/Aug/2026:13:43:32 +0000] "GET /wp-content/plugins/essential-blocks/includes/Blocks/ImageGallery.php HTTP/2.0" 500 0 "https://drhyperbaric.com/wp-content/plugins/essential-blocks/includes/Blocks/" "Mozilla/5.0 AppleWebKit/537.36 (KHTML, like Gecko; compatible; GPTBot/1.4; +https://openai.com/gptbot)"
216.73.216.212 - - [25/Aug/2026:13:43:32 +0000] "GET /wp-content/plugins/code-snippets/php/?C=S&O=D HTTP/2.0" 200 537 "-" "Mozilla/5.0 AppleWebKit/537.36 (KHTML, like Gecko; compatible; ClaudeBot/1.0; +claudebot@anthropic.com)"
74.7.227.21 - - [25/Aug/2026:13:43:33 +0000] "GET /wp-content/themes/twentytwentythree/styles/grapes.json HTTP/2.0" 200 555 "https://drhyperbaric.com/wp-content/themes/twentytwentythree/styles/" "Mozilla/5.0 AppleWebKit/537.36 (KHTML, like Gecko; compatible; GPTBot/1.4; +https://openai.com/gptbot)"
2a03:2880:f800:22:: - - [25/Aug/2026:13:43:34 +0000] "GET / HTTP/2.0" 200 435 "-" "facebookexternalhit/1.1 (+http://www.facebook.com/externalhit_uatext.php)"
74.7.227.21 - - [25/Aug/2026:13:43:36 +0000] "GET /wp-includes/blocks/post-comments-form/ HTTP/2.0" 200 399 "https://drhyperbaric.com/wp-includes/blocks/" "Mozilla/5.0 AppleWebKit/537.36 (KHTML, like Gecko; compatible; GPTBot/1.4; +https://openai.com/gptbot)"
216.73.216.212 - - [25/Aug/2026:13:43:37 +0000] "GET /wp-content/plugins/elementor-pro/assets/css/widget-blockquote-rtl.min.css HTTP/2.0" 200 1119 "-" "Mozilla/5.0 AppleWebKit/537.36 (KHTML, like Gecko; compatible; ClaudeBot/1.0; +claudebot@anthropic.com)"
74.7.227.21 - - [25/Aug/2026:13:43:37 +0000] "GET /wp-content/plugins/contact-form-7/ HTTP/2.0" 200 446 "https://drhyperbaric.com/wp-content/plugins/" "Mozilla/5.0 AppleWebKit/537.36 (KHTML, like Gecko; compatible; GPTBot/1.4; +https://openai.com/gptbot)"
74.7.227.21 - - [25/Aug/2026:13:43:39 +0000] "GET /wp-content/plugins/essential-addons-elementor/assets/front-end/js/view/instagram-gallery.min.js HTTP/2.0" 200 1121 "https://drhyperbaric.com/wp-content/plugins/essential-addons-elementor/assets/front-end/js/view/" "Mozilla/5.0 AppleWebKit/537.36 (KHTML, like Gecko; compatible; GPTBot/1.4; +https://openai.com/gptbot)"
74.7.227.21 - - [25/Aug/2026:13:43:40 +0000] "GET /wp-content/plugins/google-site-kit/third-party/ HTTP/2.0" 200 490 "https://drhyperbaric.com/wp-content/plugins/google-site-kit/" "Mozilla/5.0 AppleWebKit/537.36 (KHTML, like Gecko; compatible; GPTBot/1.4; +https://openai.com/gptbot)"
74.7.227.21 - - [25/Aug/2026:13:43:41 +0000] "GET /wp-content/plugins/google-site-kit/dist/ HTTP/2.0" 200 431 "https://drhyperbaric.com/wp-content/plugins/google-site-kit/" "Mozilla/5.0 AppleWebKit/537.36 (KHTML, like Gecko; compatible; GPTBot/1.4; +https://openai.com/gptbot)"
74.7.227.21 - - [25/Aug/2026:13:43:41 +0000] "GET /wp-content/plugins/google-site-kit/includes/ HTTP/2.0" 200 438 "https://drhyperbaric.com/wp-content/plugins/google-site-kit/" "Mozilla/5.0 AppleWebKit/537.36 (KHTML, like Gecko; compatible; GPTBot/1.4; +https://openai.com/gptbot)"
74.7.227.21 - - [25/Aug/2026:13:43:42 +0000] "GET /wp-content/themes/twentytwentyfour/assets/fonts/instrument-sans/InstrumentSans-VariableFont_wdth,wght.woff2 HTTP/2.0" 200 88476 "https://drhyperbaric.com/wp-content/themes/twentytwentyfour/assets/fonts/instrument-sans/" "Mozilla/5.0 AppleWebKit/537.36 (KHTML, like Gecko; compatible; GPTBot/1.4; +https://openai.com/gptbot)"
216.73.216.212 - - [25/Aug/2026:13:43:42 +0000] "GET /wp-includes/sodium_compat/namespaced/Core/ChaCha20/Ctx.php HTTP/2.0" 500 0 "-" "Mozilla/5.0 AppleWebKit/537.36 (KHTML, like Gecko; compatible; ClaudeBot/1.0; +claudebot@anthropic.com)"
74.7.227.21 - - [25/Aug/2026:13:43:42 +0000] "GET /wp-admin/includes/576376/?C=D;O=A HTTP/2.0" 200 381 "https://drhyperbaric.com/wp-admin/includes/576376/" "Mozilla/5.0 AppleWebKit/537.36 (KHTML, like Gecko; compatible; GPTBot/1.4; +https://openai.com/gptbot)"
74.7.227.21 - - [25/Aug/2026:13:43:43 +0000] "GET /wp-admin/includes/576376/?C=M;O=A HTTP/2.0" 200 381 "https://drhyperbaric.com/wp-admin/includes/576376/" "Mozilla/5.0 AppleWebKit/537.36 (KHTML, like Gecko; compatible; GPTBot/1.4; +https://openai.com/gptbot)"
74.7.227.21 - - [25/Aug/2026:13:43:43 +0000] "GET /wp-admin/includes/576376/?C=N;O=D HTTP/2.0" 200 379 "https://drhyperbaric.com/wp-admin/includes/576376/" "Mozilla/5.0 AppleWebKit/537.36 (KHTML, like Gecko; compatible; GPTBot/1.4; +https://openai.com/gptbot)"
74.7.227.21 - - [25/Aug/2026:13:43:44 +0000] "GET /wp-admin/includes/576376/?C=S;O=A HTTP/2.0" 200 381 "https://drhyperbaric.com/wp-admin/includes/576376/" "Mozilla/5.0 AppleWebKit/537.36 (KHTML, like Gecko; compatible; GPTBot/1.4; +https://openai.com/gptbot)"
74.7.227.21 - - [25/Aug/2026:13:43:44 +0000] "GET /wp-content/plugins/all-in-one-wp-migration/storage/ HTTP/2.0" 200 46 "https://drhyperbaric.com/wp-content/plugins/all-in-one-wp-migration/" "Mozilla/5.0 AppleWebKit/537.36 (KHTML, like Gecko; compatible; GPTBot/1.4; +https://openai.com/gptbot)"
74.7.227.21 - - [25/Aug/2026:13:43:45 +0000] "GET /wp-content/plugins/contact-form-7/admin/ HTTP/2.0" 200 482 "https://drhyperbaric.com/wp-content/plugins/contact-form-7/" "Mozilla/5.0 AppleWebKit/537.36 (KHTML, like Gecko; compatible; GPTBot/1.4; +https://openai.com/gptbot)"
74.7.227.21 - - [25/Aug/2026:13:43:45 +0000] "GET /wp-content/plugins/contact-form-7/assets/ HTTP/2.0" 200 415 "https://drhyperbaric.com/wp-content/plugins/contact-form-7/" "Mozilla/5.0 AppleWebKit/537.36 (KHTML, like Gecko; compatible; GPTBot/1.4; +https://openai.com/gptbot)"
74.7.227.21 - - [25/Aug/2026:13:43:46 +0000] "GET /wp-content/plugins/google-site-kit/third-party/vendor/ HTTP/2.0" 200 404 "https://drhyperbaric.com/wp-content/plugins/google-site-kit/third-party/" "Mozilla/5.0 AppleWebKit/537.36 (KHTML, like Gecko; compatible; GPTBot/1.4; +https://openai.com/gptbot)"
74.7.227.21 - - [25/Aug/2026:13:43:46 +0000] "GET /wp-content/plugins/google-site-kit/third-party/symfony/ HTTP/2.0" 200 451 "https://drhyperbaric.com/wp-content/plugins/google-site-kit/third-party/" "Mozilla/5.0 AppleWebKit/537.36 (KHTML, like Gecko; compatible; GPTBot/1.4; +https://openai.com/gptbot)"
74.7.227.21 - - [25/Aug/2026:13:43:47 +0000] "GET /wp-content/plugins/google-site-kit/third-party/monolog/ HTTP/2.0" 200 401 "https://drhyperbaric.com/wp-content/plugins/google-site-kit/third-party/" "Mozilla/5.0 AppleWebKit/537.36 (KHTML, like Gecko; compatible; GPTBot/1.4; +https://openai.com/gptbot)"
216.73.216.212 - - [25/Aug/2026:13:43:47 +0000] "GET /wp-content/themes/kadence/inc/functions.php HTTP/2.0" 500 0 "-" "Mozilla/5.0 AppleWebKit/537.36 (KHTML, like Gecko; compatible; ClaudeBot/1.0; +claudebot@anthropic.com)"
74.7.227.21 - - [25/Aug/2026:13:43:48 +0000] "GET /wp-content/plugins/google-site-kit/third-party/psr/ HTTP/2.0" 200 432 "https://drhyperbaric.com/wp-content/plugins/google-site-kit/third-party/" "Mozilla/5.0 AppleWebKit/537.36 (KHTML, like Gecko; compatible; GPTBot/1.4; +https://openai.com/gptbot)"
74.7.227.21 - - [25/Aug/2026:13:43:48 +0000] "GET /wp-content/plugins/google-site-kit/third-party/google/ HTTP/2.0" 200 474 "https://drhyperbaric.com/wp-content/plugins/google-site-kit/third-party/" "Mozilla/5.0 AppleWebKit/537.36 (KHTML, like Gecko; compatible; GPTBot/1.4; +https://openai.com/gptbot)"
74.7.227.21 - - [25/Aug/2026:13:43:49 +0000] "GET /wp-content/plugins/google-site-kit/dist/assets/ HTTP/2.0" 200 405 "https://drhyperbaric.com/wp-content/plugins/google-site-kit/dist/" "Mozilla/5.0 AppleWebKit/537.36 (KHTML, like Gecko; compatible; GPTBot/1.4; +https://openai.com/gptbot)"
74.7.227.21 - - [25/Aug/2026:13:43:49 +0000] "GET /wp-content/plugins/google-site-kit/third-party/guzzlehttp/ HTTP/2.0" 200 435 "https://drhyperbaric.com/wp-content/plugins/google-site-kit/third-party/" "Mozilla/5.0 AppleWebKit/537.36 (KHTML, like Gecko; compatible; GPTBot/1.4; +https://openai.com/gptbot)"
74.7.227.21 - - [25/Aug/2026:13:43:50 +0000] "GET /wp-content/plugins/google-site-kit/dist/manifest.php HTTP/2.0" 200 0 "https://drhyperbaric.com/wp-content/plugins/google-site-kit/dist/" "Mozilla/5.0 AppleWebKit/537.36 (KHTML, like Gecko; compatible; GPTBot/1.4; +https://openai.com/gptbot)"
74.7.227.21 - - [25/Aug/2026:13:43:50 +0000] "GET /wp-content/plugins/google-site-kit/third-party/ralouphie/ HTTP/2.0" 200 413 "https://drhyperbaric.com/wp-content/plugins/google-site-kit/third-party/" "Mozilla/5.0 AppleWebKit/537.36 (KHTML, like Gecko; compatible; GPTBot/1.4; +https://openai.com/gptbot)"
74.7.227.21 - - [25/Aug/2026:13:43:51 +0000] "GET /wp-content/plugins/contact-form-7/admin/js/ HTTP/2.0" 200 439 "https://drhyperbaric.com/wp-content/plugins/contact-form-7/admin/" "Mozilla/5.0 AppleWebKit/537.36 (KHTML, like Gecko; compatible; GPTBot/1.4; +https://openai.com/gptbot)"
74.7.227.21 - - [25/Aug/2026:13:43:51 +0000] "GET /wp-content/plugins/contact-form-7/admin/admin.php HTTP/2.0" 500 0 "https://drhyperbaric.com/wp-content/plugins/contact-form-7/admin/" "Mozilla/5.0 AppleWebKit/537.36 (KHTML, like Gecko; compatible; GPTBot/1.4; +https://openai.com/gptbot)"
74.7.227.21 - - [25/Aug/2026:13:43:52 +0000] "GET /wp-content/plugins/google-site-kit/third-party/vendor/composer/ HTTP/2.0" 200 425 "https://drhyperbaric.com/wp-content/plugins/google-site-kit/third-party/vendor/" "Mozilla/5.0 AppleWebKit/537.36 (KHTML, like Gecko; compatible; GPTBot/1.4; +https://openai.com/gptbot)"
74.7.227.21 - - [25/Aug/2026:13:43:52 +0000] "GET /wp-content/plugins/google-site-kit/third-party/symfony/polyfill-intl-normalizer/ HTTP/2.0" 200 497 "https://drhyperbaric.com/wp-content/plugins/google-site-kit/third-party/symfony/" "Mozilla/5.0 AppleWebKit/537.36 (KHTML, like Gecko; compatible; GPTBot/1.4; +https://openai.com/gptbot)"
216.73.216.212 - - [25/Aug/2026:13:43:53 +0000] "GET /wp-content/plugins/elementor-pro/assets/css/widget-off-canvas-rtl.min.css HTTP/2.0" 200 678 "-" "Mozilla/5.0 AppleWebKit/537.36 (KHTML, like Gecko; compatible; ClaudeBot/1.0; +claudebot@anthropic.com)"
74.7.227.21 - - [25/Aug/2026:13:43:53 +0000] "GET /wp-content/plugins/google-site-kit/third-party/monolog/?C=N;O=D HTTP/2.0" 200 399 "https://drhyperbaric.com/wp-content/plugins/google-site-kit/third-party/monolog/" "Mozilla/5.0 AppleWebKit/537.36 (KHTML, like Gecko; compatible; GPTBot/1.4; +https://openai.com/gptbot)"
74.7.227.21 - - [25/Aug/2026:13:43:54 +0000] "GET /wp-content/plugins/google-site-kit/third-party/symfony/polyfill-intl-idn/ HTTP/2.0" 200 533 "https://drhyperbaric.com/wp-content/plugins/google-site-kit/third-party/symfony/" "Mozilla/5.0 AppleWebKit/537.36 (KHTML, like Gecko; compatible; GPTBot/1.4; +https://openai.com/gptbot)"
74.7.227.21 - - [25/Aug/2026:13:43:54 +0000] "GET /wp-content/plugins/google-site-kit/third-party/google/apiclient-services-adsenselinks/ HTTP/2.0" 200 433 "https://drhyperbaric.com/wp-content/plugins/google-site-kit/third-party/google/" "Mozilla/5.0 AppleWebKit/537.36 (KHTML, like Gecko; compatible; GPTBot/1.4; +https://openai.com/gptbot)"
74.7.227.21 - - [25/Aug/2026:13:43:55 +0000] "GET /wp-content/plugins/google-site-kit/third-party/google/apiclient-services-subscribewithgoogle/ HTTP/2.0" 200 462 "https://drhyperbaric.com/wp-content/plugins/google-site-kit/third-party/google/" "Mozilla/5.0 AppleWebKit/537.36 (KHTML, like Gecko; compatible; GPTBot/1.4; +https://openai.com/gptbot)"
74.7.227.21 - - [25/Aug/2026:13:43:55 +0000] "GET /wp-content/plugins/google-site-kit/third-party/psr/http-message/ HTTP/2.0" 200 410 "https://drhyperbaric.com/wp-content/plugins/google-site-kit/third-party/psr/" "Mozilla/5.0 AppleWebKit/537.36 (KHTML, like Gecko; compatible; GPTBot/1.4; +https://openai.com/gptbot)"
74.7.227.21 - - [25/Aug/2026:13:43:56 +0000] "GET /wp-content/plugins/google-site-kit/third-party/google/apiclient-services/ HTTP/2.0" 200 451 "https://drhyperbaric.com/wp-content/plugins/google-site-kit/third-party/google/" "Mozilla/5.0 AppleWebKit/537.36 (KHTML, like Gecko; compatible; GPTBot/1.4; +https://openai.com/gptbot)"
74.7.227.21 - - [25/Aug/2026:13:43:56 +0000] "GET /wp-content/plugins/google-site-kit/third-party/ralouphie/getallheaders/ HTTP/2.0" 200 415 "https://drhyperbaric.com/wp-content/plugins/google-site-kit/third-party/ralouphie/" "Mozilla/5.0 AppleWebKit/537.36 (KHTML, like Gecko; compatible; GPTBot/1.4; +https://openai.com/gptbot)"
74.7.227.21 - - [25/Aug/2026:13:43:57 +0000] "GET /wp-content/plugins/google-site-kit/dist/assets/js/ HTTP/2.0" 200 1858 "https://drhyperbaric.com/wp-content/plugins/google-site-kit/dist/assets/" "Mozilla/5.0 AppleWebKit/537.36 (KHTML, like Gecko; compatible; GPTBot/1.4; +https://openai.com/gptbot)"
74.7.227.21 - - [25/Aug/2026:13:43:57 +0000] "GET /wp-content/plugins/google-site-kit/third-party/guzzlehttp/promises/ HTTP/2.0" 200 413 "https://drhyperbaric.com/wp-content/plugins/google-site-kit/third-party/guzzlehttp/" "Mozilla/5.0 AppleWebKit/537.36 (KHTML, like Gecko; compatible; GPTBot/1.4; +https://openai.com/gptbot)"
74.7.227.21 - - [25/Aug/2026:13:43:58 +0000] "GET /wp-content/plugins/google-site-kit/third-party/vendor/composer/autoload_classmap.php HTTP/2.0" 200 0 "https://drhyperbaric.com/wp-content/plugins/google-site-kit/third-party/vendor/composer/" "Mozilla/5.0 AppleWebKit/537.36 (KHTML, like Gecko; compatible; GPTBot/1.4; +https://openai.com/gptbot)"
216.73.216.212 - - [25/Aug/2026:13:43:58 +0000] "GET /wp-content/plugins/woocommerce/includes/log-handlers/class-wc-log-handler-file.php HTTP/2.0" 200 0 "-" "Mozilla/5.0 AppleWebKit/537.36 (KHTML, like Gecko; compatible; ClaudeBot/1.0; +claudebot@anthropic.com)"
74.7.227.21 - - [25/Aug/2026:13:43:58 +0000] "GET /wp-content/plugins/google-site-kit/third-party/symfony/polyfill-intl-normalizer/bootstrap.php HTTP/2.0" 200 0 "https://drhyperbaric.com/wp-content/plugins/google-site-kit/third-party/symfony/polyfill-intl-normalizer/" "Mozilla/5.0 AppleWebKit/537.36 (KHTML, like Gecko; compatible; GPTBot/1.4; +https://openai.com/gptbot)"
74.7.227.21 - - [25/Aug/2026:13:43:59 +0000] "GET /wp-content/plugins/google-site-kit/third-party/symfony/polyfill-intl-normalizer/Resources/ HTTP/2.0" 200 445 "https://drhyperbaric.com/wp-content/plugins/google-site-kit/third-party/symfony/polyfill-intl-normalizer/" "Mozilla/5.0 AppleWebKit/537.36 (KHTML, like Gecko; compatible; GPTBot/1.4; +https://openai.com/gptbot)"
74.7.227.21 - - [25/Aug/2026:13:43:59 +0000] "GET /wp-content/plugins/google-site-kit/third-party/symfony/polyfill-intl-idn/bootstrap.php HTTP/2.0" 200 0 "https://drhyperbaric.com/wp-content/plugins/google-site-kit/third-party/symfony/polyfill-intl-idn/" "Mozilla/5.0 AppleWebKit/537.36 (KHTML, like Gecko; compatible; GPTBot/1.4; +https://openai.com/gptbot)"
74.7.227.21 - - [25/Aug/2026:13:44:00 +0000] "GET /wp-content/plugins/google-site-kit/third-party/symfony/polyfill-intl-idn/Resources/ HTTP/2.0" 200 428 "https://drhyperbaric.com/wp-content/plugins/google-site-kit/third-party/symfony/polyfill-intl-idn/" "Mozilla/5.0 AppleWebKit/537.36 (KHTML, like Gecko; compatible; GPTBot/1.4; +https://openai.com/gptbot)"
74.7.227.21 - - [25/Aug/2026:13:44:00 +0000] "GET /wp-content/plugins/google-site-kit/third-party/google/apiclient-services-subscribewithgoogle/SubscribewithGoogle/ HTTP/2.0" 200 845 "https://drhyperbaric.com/wp-content/plugins/google-site-kit/third-party/google/apiclient-services-subscribewithgoogle/" "Mozilla/5.0 AppleWebKit/537.36 (KHTML, like Gecko; compatible; GPTBot/1.4; +https://openai.com/gptbot)"
74.7.227.21 - - [25/Aug/2026:13:44:01 +0000] "GET /wp-content/plugins/google-site-kit/third-party/psr/http-message/src/ HTTP/2.0" 200 536 "https://drhyperbaric.com/wp-content/plugins/google-site-kit/third-party/psr/http-message/" "Mozilla/5.0 AppleWebKit/537.36 (KHTML, like Gecko; compatible; GPTBot/1.4; +https://openai.com/gptbot)"
74.7.227.21 - - [25/Aug/2026:13:44:01 +0000] "GET /wp-content/plugins/google-site-kit/third-party/google/apiclient-services/autoload.php HTTP/2.0" 200 0 "https://drhyperbaric.com/wp-content/plugins/google-site-kit/third-party/google/apiclient-services/" "Mozilla/5.0 AppleWebKit/537.36 (KHTML, like Gecko; compatible; GPTBot/1.4; +https://openai.com/gptbot)"
74.7.227.21 - - [25/Aug/2026:13:44:02 +0000] "GET /wp-content/plugins/google-site-kit/third-party/ralouphie/getallheaders/src/ HTTP/2.0" 200 421 "https://drhyperbaric.com/wp-content/plugins/google-site-kit/third-party/ralouphie/getallheaders/" "Mozilla/5.0 AppleWebKit/537.36 (KHTML, like Gecko; compatible; GPTBot/1.4; +https://openai.com/gptbot)"
74.7.227.21 - - [25/Aug/2026:13:44:03 +0000] "GET /wp-content/plugins/google-site-kit/dist/assets/js/googlesitekit-api-0497ee7b8db3bc2847dd.js HTTP/2.0" 200 10127 "https://drhyperbaric.com/wp-content/plugins/google-site-kit/dist/assets/js/" "Mozilla/5.0 AppleWebKit/537.36 (KHTML, like Gecko; compatible; GPTBot/1.4; +https://openai.com/gptbot)"
216.73.216.212 - - [25/Aug/2026:13:44:03 +0000] "GET /wp-content/plugins/woocommerce/includes/theme-support/class-wc-twenty-ten.php HTTP/2.0" 200 0 "-" "Mozilla/5.0 AppleWebKit/537.36 (KHTML, like Gecko; compatible; ClaudeBot/1.0; +claudebot@anthropic.com)"
74.7.227.21 - - [25/Aug/2026:13:44:03 +0000] "GET /wp-content/plugins/google-site-kit/dist/assets/js/googlesitekit-i18n-33cdd2dee5d1d1f4fb34.js HTTP/2.0" 200 3937 "https://drhyperbaric.com/wp-content/plugins/google-site-kit/dist/assets/js/" "Mozilla/5.0 AppleWebKit/537.36 (KHTML, like Gecko; compatible; GPTBot/1.4; +https://openai.com/gptbot)"
74.7.227.21 - - [25/Aug/2026:13:44:04 +0000] "GET /wp-content/plugins/google-site-kit/dist/assets/js/googlesitekit-events-provider-popup-maker-e1863af0c352a2ce8748.js HTTP/2.0" 200 634 "https://drhyperbaric.com/wp-content/plugins/google-site-kit/dist/assets/js/" "Mozilla/5.0 AppleWebKit/537.36 (KHTML, like Gecko; compatible; GPTBot/1.4; +https://openai.com/gptbot)"
74.7.227.21 - - [25/Aug/2026:13:44:04 +0000] "GET /wp-content/plugins/google-site-kit/dist/assets/js/googlesitekit-datastore-forms-4b5d9d42037b3f028dce.js HTTP/2.0" 200 9068 "https://drhyperbaric.com/wp-content/plugins/google-site-kit/dist/assets/js/" "Mozilla/5.0 AppleWebKit/537.36 (KHTML, like Gecko; compatible; GPTBot/1.4; +https://openai.com/gptbot)"
74.7.227.21 - - [25/Aug/2026:13:44:05 +0000] "GET /wp-content/plugins/google-site-kit/dist/assets/js/googlesitekit-adminbar-ba93f1de6e0f9c668a55.js HTTP/2.0" 200 35135 "https://drhyperbaric.com/wp-content/plugins/google-site-kit/dist/assets/js/" "Mozilla/5.0 AppleWebKit/537.36 (KHTML, like Gecko; compatible; GPTBot/1.4; +https://openai.com/gptbot)"
74.7.227.21 - - [25/Aug/2026:13:44:05 +0000] "GET /wp-content/plugins/google-site-kit/dist/assets/js/googlesitekit-events-provider-mailchimp-7920d200a07d3bcd60bb.js HTTP/2.0" 200 634 "https://drhyperbaric.com/wp-content/plugins/google-site-kit/dist/assets/js/" "Mozilla/5.0 AppleWebKit/537.36 (KHTML, like Gecko; compatible; GPTBot/1.4; +https://openai.com/gptbot)"
74.7.227.21 - - [25/Aug/2026:13:44:06 +0000] "GET /wp-content/plugins/google-site-kit/dist/assets/js/googlesitekit-settings-099b0e21ccb3a74bde98.js HTTP/2.0" 200 84422 "https://drhyperbaric.com/wp-content/plugins/google-site-kit/dist/assets/js/" "Mozilla/5.0 AppleWebKit/537.36 (KHTML, like Gecko; compatible; GPTBot/1.4; +https://openai.com/gptbot)"
74.7.227.21 - - [25/Aug/2026:13:44:06 +0000] "GET /wp-content/plugins/google-site-kit/dist/assets/js/googlesitekit-events-provider-wpforms-b35450445f9cb0eeb855.js HTTP/2.0" 200 636 "https://drhyperbaric.com/wp-content/plugins/google-site-kit/dist/assets/js/" "Mozilla/5.0 AppleWebKit/537.36 (KHTML, like Gecko; compatible; GPTBot/1.4; +https://openai.com/gptbot)"
74.7.227.21 - - [25/Aug/2026:13:44:07 +0000] "GET /wp-content/plugins/google-site-kit/dist/assets/js/googlesitekit-components-gm2-6b06ec42bd84ae5f94a4.js HTTP/2.0" 200 6020 "https://drhyperbaric.com/wp-content/plugins/google-site-kit/dist/assets/js/" "Mozilla/5.0 AppleWebKit/537.36 (KHTML, like Gecko; compatible; GPTBot/1.4; +https://openai.com/gptbot)"
74.7.227.21 - - [25/Aug/2026:13:44:07 +0000] "GET /wp-content/plugins/google-site-kit/dist/assets/js/googlesitekit-datastore-site-ebd856c122a4f4aa14b7.js HTTP/2.0" 200 20777 "https://drhyperbaric.com/wp-content/plugins/google-site-kit/dist/assets/js/" "Mozilla/5.0 AppleWebKit/537.36 (KHTML, like Gecko; compatible; GPTBot/1.4; +https://openai.com/gptbot)"
216.73.216.212 - - [25/Aug/2026:13:44:08 +0000] "GET /wp-content/plugins/woocommerce/includes/tracks/class-wc-tracks-event.php HTTP/2.0" 200 0 "-" "Mozilla/5.0 AppleWebKit/537.36 (KHTML, like Gecko; compatible; ClaudeBot/1.0; +claudebot@anthropic.com)"
74.7.227.21 - - [25/Aug/2026:13:44:08 +0000] "GET /wp-content/plugins/google-site-kit/dist/assets/js/googlesitekit-components-gm3-ad198d0a7f2d1cae3e37.js HTTP/2.0" 200 10208 "https://drhyperbaric.com/wp-content/plugins/google-site-kit/dist/assets/js/" "Mozilla/5.0 AppleWebKit/537.36 (KHTML, like Gecko; compatible; GPTBot/1.4; +https://openai.com/gptbot)"
74.7.227.21 - - [25/Aug/2026:13:44:08 +0000] "GET /wp-content/plugins/google-site-kit/dist/assets/js/googlesitekit-datastore-ui-15bd5ee51dc539f4c5a2.js HTTP/2.0" 200 10099 "https://drhyperbaric.com/wp-content/plugins/google-site-kit/dist/assets/js/" "Mozilla/5.0 AppleWebKit/537.36 (KHTML, like Gecko; compatible; GPTBot/1.4; +https://openai.com/gptbot)"
74.7.227.21 - - [25/Aug/2026:13:44:09 +0000] "GET /wp-content/plugins/google-site-kit/dist/assets/js/googlesitekit-modules-analytics-4-a753b8f1350e421feab9.js HTTP/2.0" 200 173531 "https://drhyperbaric.com/wp-content/plugins/google-site-kit/dist/assets/js/" "Mozilla/5.0 AppleWebKit/537.36 (KHTML, like Gecko; compatible; GPTBot/1.4; +https://openai.com/gptbot)"
74.7.227.21 - - [25/Aug/2026:13:44:09 +0000] "GET /wp-content/plugins/google-site-kit/dist/assets/js/googlesitekit-events-provider-ninja-forms-ddd9645222a85c7954f3.js HTTP/2.0" 200 713 "https://drhyperbaric.com/wp-content/plugins/google-site-kit/dist/assets/js/" "Mozilla/5.0 AppleWebKit/537.36 (KHTML, like Gecko; compatible; GPTBot/1.4; +https://openai.com/gptbot)"
74.7.227.21 - - [25/Aug/2026:13:44:10 +0000] "GET /wp-content/plugins/google-site-kit/dist/assets/js/googlesitekit-entity-dashboard-f4bc2a97771356f9d9f6.js HTTP/2.0" 200 84815 "https://drhyperbaric.com/wp-content/plugins/google-site-kit/dist/assets/js/" "Mozilla/5.0 AppleWebKit/537.36 (KHTML, like Gecko; compatible; GPTBot/1.4; +https://openai.com/gptbot)"
74.7.227.21 - - [25/Aug/2026:13:44:11 +0000] "GET /wp-content/plugins/google-site-kit/dist/assets/js/googlesitekit-wp-dashboard-2263707a9bdb864cbddf.js HTTP/2.0" 200 63141 "https://drhyperbaric.com/wp-content/plugins/google-site-kit/dist/assets/js/" "Mozilla/5.0 AppleWebKit/537.36 (KHTML, like Gecko; compatible; GPTBot/1.4; +https://openai.com/gptbot)"
74.7.227.21 - - [25/Aug/2026:13:44:11 +0000] "GET /wp-content/plugins/google-site-kit/dist/assets/js/analytics-advanced-tracking-ea84b2c367b69f5c094b.js HTTP/2.0" 200 907 "https://drhyperbaric.com/wp-content/plugins/google-site-kit/dist/assets/js/" "Mozilla/5.0 AppleWebKit/537.36 (KHTML, like Gecko; compatible; GPTBot/1.4; +https://openai.com/gptbot)"
74.7.227.21 - - [25/Aug/2026:13:44:12 +0000] "GET /wp-content/plugins/google-site-kit/dist/assets/js/googlesitekit-ad-blocking-recovery-b63a4aa00dcc9a1b679d.js HTTP/2.0" 200 73864 "https://drhyperbaric.com/wp-content/plugins/google-site-kit/dist/assets/js/" "Mozilla/5.0 AppleWebKit/537.36 (KHTML, like Gecko; compatible; GPTBot/1.4; +https://openai.com/gptbot)"
74.7.227.21 - - [25/Aug/2026:13:44:12 +0000] "GET /wp-content/plugins/google-site-kit/third-party/psr/http-message/src/UploadedFileInterface.php HTTP/2.0" 200 0 "https://drhyperbaric.com/wp-content/plugins/google-site-kit/third-party/psr/http-message/src/" "Mozilla/5.0 AppleWebKit/537.36 (KHTML, like Gecko; compatible; GPTBot/1.4; +https://openai.com/gptbot)"
74.7.227.21 - - [25/Aug/2026:13:44:13 +0000] "GET /wp-content/plugins/google-site-kit/third-party/guzzlehttp/promises/src/ HTTP/2.0" 200 735 "https://drhyperbaric.com/wp-content/plugins/google-site-kit/third-party/guzzlehttp/promises/" "Mozilla/5.0 AppleWebKit/537.36 (KHTML, like Gecko; compatible; GPTBot/1.4; +https://openai.com/gptbot)"
52.200.142.199 - - [25/Aug/2026:13:44:13 +0000] "GET /wp-content/plugins/essential-blocks/assets/vendors/js/?C=N;O%3DA HTTP/2.0" 200 461 "-" "Mozilla/5.0 AppleWebKit/537.36 (KHTML, like Gecko; compatible; Amazonbot/0.1; +https://developer.amazon.com/support/amazonbot) Chrome/119.0.6045.214 Safari/537.36"
216.73.216.212 - - [25/Aug/2026:13:44:13 +0000] "GET /wp-content/plugins/all-in-one-wp-migration/lib/view/common/ HTTP/2.0" 200 528 "-" "Mozilla/5.0 AppleWebKit/537.36 (KHTML, like Gecko; compatible; ClaudeBot/1.0; +claudebot@anthropic.com)"
74.7.227.21 - - [25/Aug/2026:13:44:13 +0000] "GET /wp-content/plugins/google-site-kit/dist/assets/js/googlesitekit-data-f593a058426722c37f5f.js HTTP/2.0" 200 2390 "https://drhyperbaric.com/wp-content/plugins/google-site-kit/dist/assets/js/" "Mozilla/5.0 AppleWebKit/537.36 (KHTML, like Gecko; compatible; GPTBot/1.4; +https://openai.com/gptbot)"
74.7.227.21 - - [25/Aug/2026:13:44:14 +0000] "GET /wp-content/plugins/google-site-kit/dist/assets/js/googlesitekit-polyfills-cb3565d333d06cdfbdad.js HTTP/2.0" 200 380 "https://drhyperbaric.com/wp-content/plugins/google-site-kit/dist/assets/js/" "Mozilla/5.0 AppleWebKit/537.36 (KHTML, like Gecko; compatible; GPTBot/1.4; +https://openai.com/gptbot)"
74.7.227.21 - - [25/Aug/2026:13:44:14 +0000] "GET /wp-content/plugins/google-site-kit/dist/assets/js/googlesitekit-events-provider-optin-monster-2bb9e40daaa87763f38e.js HTTP/2.0" 200 675 "https://drhyperbaric.com/wp-content/plugins/google-site-kit/dist/assets/js/" "Mozilla/5.0 AppleWebKit/537.36 (KHTML, like Gecko; compatible; GPTBot/1.4; +https://openai.com/gptbot)"
74.7.227.21 - - [25/Aug/2026:13:44:15 +0000] "GET /wp-content/plugins/google-site-kit/third-party/symfony/polyfill-intl-idn/Resources/unidata/ HTTP/2.0" 200 396 "https://drhyperbaric.com/wp-content/plugins/google-site-kit/third-party/symfony/polyfill-intl-idn/Resources/" "Mozilla/5.0 AppleWebKit/537.36 (KHTML, like Gecko; compatible; GPTBot/1.4; +https://openai.com/gptbot)"
74.7.227.21 - - [25/Aug/2026:13:44:15 +0000] "GET /wp-content/plugins/google-site-kit/dist/assets/js/googlesitekit-widgets-6caf8e5d49a6f38fdb07.js HTTP/2.0" 200 88506 "https://drhyperbaric.com/wp-content/plugins/google-site-kit/dist/assets/js/" "Mozilla/5.0 AppleWebKit/537.36 (KHTML, like Gecko; compatible; GPTBot/1.4; +https://openai.com/gptbot)"
74.7.227.21 - - [25/Aug/2026:13:44:16 +0000] "GET /wp-content/plugins/google-site-kit/third-party/psr/http-message/src/ResponseInterface.php HTTP/2.0" 500 0 "https://drhyperbaric.com/wp-content/plugins/google-site-kit/third-party/psr/http-message/src/" "Mozilla/5.0 AppleWebKit/537.36 (KHTML, like Gecko; compatible; GPTBot/1.4; +https://openai.com/gptbot)"
74.7.227.21 - - [25/Aug/2026:13:44:16 +0000] "GET /wp-content/plugins/google-site-kit/dist/assets/js/googlesitekit-modules-adsense-56d449fdb1d6dfa5dede.js HTTP/2.0" 200 127035 "https://drhyperbaric.com/wp-content/plugins/google-site-kit/dist/assets/js/" "Mozilla/5.0 AppleWebKit/537.36 (KHTML, like Gecko; compatible; GPTBot/1.4; +https://openai.com/gptbot)"
74.7.227.21 - - [25/Aug/2026:13:44:17 +0000] "GET /wp-content/plugins/google-site-kit/dist/assets/js/googlesitekit-events-provider-easy-digital-downloads-a3b438fc133106da6a33.js HTTP/2.0" 200 623 "https://drhyperbaric.com/wp-content/plugins/google-site-kit/dist/assets/js/" "Mozilla/5.0 AppleWebKit/537.36 (KHTML, like Gecko; compatible; GPTBot/1.4; +https://openai.com/gptbot)"
74.7.227.21 - - [25/Aug/2026:13:44:18 +0000] "GET /wp-content/plugins/google-site-kit/third-party/psr/http-message/src/UriInterface.php HTTP/2.0" 200 0 "https://drhyperbaric.com/wp-content/plugins/google-site-kit/third-party/psr/http-message/src/" "Mozilla/5.0 AppleWebKit/537.36 (KHTML, like Gecko; compatible; GPTBot/1.4; +https://openai.com/gptbot)"
216.73.216.212 - - [25/Aug/2026:13:44:18 +0000] "GET /wp-content/plugins/essential-blocks/src/blocks/parallax-slider/ HTTP/2.0" 200 425 "-" "Mozilla/5.0 AppleWebKit/537.36 (KHTML, like Gecko; compatible; ClaudeBot/1.0; +claudebot@anthropic.com)"
74.7.227.21 - - [25/Aug/2026:13:44:18 +0000] "GET /wp-content/plugins/google-site-kit/dist/assets/js/googlesitekit-consent-mode-3d6495dceaebc28bcca3.js HTTP/2.0" 200 25901 "https://drhyperbaric.com/wp-content/plugins/google-site-kit/dist/assets/js/" "Mozilla/5.0 AppleWebKit/537.36 (KHTML, like Gecko; compatible; GPTBot/1.4; +https://openai.com/gptbot)"
74.7.227.21 - - [25/Aug/2026:13:44:19 +0000] "GET /wp-content/plugins/google-site-kit/third-party/guzzlehttp/promises/src/functions.php HTTP/2.0" 200 0 "https://drhyperbaric.com/wp-content/plugins/google-site-kit/third-party/guzzlehttp/promises/src/" "Mozilla/5.0 AppleWebKit/537.36 (KHTML, like Gecko; compatible; GPTBot/1.4; +https://openai.com/gptbot)"
74.7.227.21 - - [25/Aug/2026:13:44:19 +0000] "GET /wp-content/plugins/google-site-kit/third-party/guzzlehttp/promises/src/functions_include.php HTTP/2.0" 200 0 "https://drhyperbaric.com/wp-content/plugins/google-site-kit/third-party/guzzlehttp/promises/src/" "Mozilla/5.0 AppleWebKit/537.36 (KHTML, like Gecko; compatible; GPTBot/1.4; +https://openai.com/gptbot)"
74.7.227.21 - - [25/Aug/2026:13:44:20 +0000] "GET /wp-content/plugins/google-site-kit/third-party/guzzlehttp/promises/src/Coroutine.php HTTP/2.0" 500 0 "https://drhyperbaric.com/wp-content/plugins/google-site-kit/third-party/guzzlehttp/promises/src/" "Mozilla/5.0 AppleWebKit/537.36 (KHTML, like Gecko; compatible; GPTBot/1.4; +https://openai.com/gptbot)"
74.7.227.21 - - [25/Aug/2026:13:44:20 +0000] "GET /wp-content/plugins/google-site-kit/third-party/guzzlehttp/promises/src/EachPromise.php HTTP/2.0" 500 0 "https://drhyperbaric.com/wp-content/plugins/google-site-kit/third-party/guzzlehttp/promises/src/" "Mozilla/5.0 AppleWebKit/537.36 (KHTML, like Gecko; compatible; GPTBot/1.4; +https://openai.com/gptbot)"
74.7.227.21 - - [25/Aug/2026:13:44:21 +0000] "GET /wp-content/plugins/google-site-kit/third-party/guzzlehttp/promises/src/TaskQueue.php HTTP/2.0" 500 0 "https://drhyperbaric.com/wp-content/plugins/google-site-kit/third-party/guzzlehttp/promises/src/" "Mozilla/5.0 AppleWebKit/537.36 (KHTML, like Gecko; compatible; GPTBot/1.4; +https://openai.com/gptbot)"
74.7.227.21 - - [25/Aug/2026:13:44:22 +0000] "GET /wp-content/plugins/google-site-kit/third-party/guzzlehttp/promises/src/TaskQueueInterface.php HTTP/2.0" 200 0 "https://drhyperbaric.com/wp-content/plugins/google-site-kit/third-party/guzzlehttp/promises/src/" "Mozilla/5.0 AppleWebKit/537.36 (KHTML, like Gecko; compatible; GPTBot/1.4; +https://openai.com/gptbot)"
216.73.216.212 - - [25/Aug/2026:13:44:23 +0000] "GET /wp-content/plugins/woocommerce/vendor/composer/autoload_files.php HTTP/2.0" 200 0 "-" "Mozilla/5.0 AppleWebKit/537.36 (KHTML, like Gecko; compatible; ClaudeBot/1.0; +claudebot@anthropic.com)"
74.7.227.21 - - [25/Aug/2026:13:44:24 +0000] "GET /wp-content/plugins/google-site-kit/third-party/guzzlehttp/promises/src/RejectedPromise.php HTTP/2.0" 500 0 "https://drhyperbaric.com/wp-content/plugins/google-site-kit/third-party/guzzlehttp/promises/src/" "Mozilla/5.0 AppleWebKit/537.36 (KHTML, like Gecko; compatible; GPTBot/1.4; +https://openai.com/gptbot)"
74.7.227.21 - - [25/Aug/2026:13:44:25 +0000] "GET /wp-content/plugins/google-site-kit/third-party/guzzlehttp/promises/src/PromiseInterface.php HTTP/2.0" 200 0 "https://drhyperbaric.com/wp-content/plugins/google-site-kit/third-party/guzzlehttp/promises/src/" "Mozilla/5.0 AppleWebKit/537.36 (KHTML, like Gecko; compatible; GPTBot/1.4; +https://openai.com/gptbot)"
74.7.227.21 - - [25/Aug/2026:13:44:28 +0000] "GET /wp-content/plugins/google-site-kit/third-party/guzzlehttp/promises/src/FulfilledPromise.php HTTP/2.0" 500 0 "https://drhyperbaric.com/wp-content/plugins/google-site-kit/third-party/guzzlehttp/promises/src/" "Mozilla/5.0 AppleWebKit/537.36 (KHTML, like Gecko; compatible; GPTBot/1.4; +https://openai.com/gptbot)"
216.73.216.212 - - [25/Aug/2026:13:44:28 +0000] "GET /wp-content/plugins/woocommerce/includes/theme-support/class-wc-twenty-nineteen.php HTTP/2.0" 200 0 "-" "Mozilla/5.0 AppleWebKit/537.36 (KHTML, like Gecko; compatible; ClaudeBot/1.0; +claudebot@anthropic.com)"
74.7.227.21 - - [25/Aug/2026:13:44:29 +0000] "GET /wp-content/plugins/google-site-kit/third-party/guzzlehttp/promises/src/RejectionException.php HTTP/2.0" 200 0 "https://drhyperbaric.com/wp-content/plugins/google-site-kit/third-party/guzzlehttp/promises/src/" "Mozilla/5.0 AppleWebKit/537.36 (KHTML, like Gecko; compatible; GPTBot/1.4; +https://openai.com/gptbot)"
74.7.227.21 - - [25/Aug/2026:13:44:32 +0000] "GET /wp-content/plugins/google-site-kit/third-party/guzzlehttp/promises/src/AggregateException.php HTTP/2.0" 500 0 "https://drhyperbaric.com/wp-content/plugins/google-site-kit/third-party/guzzlehttp/promises/src/" "Mozilla/5.0 AppleWebKit/537.36 (KHTML, like Gecko; compatible; GPTBot/1.4; +https://openai.com/gptbot)"
216.73.216.212 - - [25/Aug/2026:13:44:33 +0000] "GET /wp-includes/js/tinymce/plugins/?C=M&O=D HTTP/2.0" 200 617 "-" "Mozilla/5.0 AppleWebKit/537.36 (KHTML, like Gecko; compatible; ClaudeBot/1.0; +claudebot@anthropic.com)"
74.7.227.21 - - [25/Aug/2026:13:44:34 +0000] "GET /wp-content/plugins/google-site-kit/third-party/guzzlehttp/promises/src/Is.php HTTP/2.0" 200 0 "https://drhyperbaric.com/wp-content/plugins/google-site-kit/third-party/guzzlehttp/promises/src/" "Mozilla/5.0 AppleWebKit/537.36 (KHTML, like Gecko; compatible; GPTBot/1.4; +https://openai.com/gptbot)"
2a03:2880:f806:36:: - - [25/Aug/2026:13:44:36 +0000] "GET /a=184660440 HTTP/2.0" 404 265 "-" "Mozilla/5.0 (Windows NT 10.0; Win64; x64) AppleWebKit/537.36 (KHTML, like Gecko) Chrome/145.0.0.0 Safari/537.36 (compatible; meta-externalagent/1.1 (+https://developers.facebook.com/docs/sharing/webmasters/crawler))"
74.7.227.21 - - [25/Aug/2026:13:44:37 +0000] "GET /wp-content/plugins/google-site-kit/third-party/guzzlehttp/promises/src/Utils.php HTTP/2.0" 200 0 "https://drhyperbaric.com/wp-content/plugins/google-site-kit/third-party/guzzlehttp/promises/src/" "Mozilla/5.0 AppleWebKit/537.36 (KHTML, like Gecko; compatible; GPTBot/1.4; +https://openai.com/gptbot)"
216.73.216.212 - - [25/Aug/2026:13:44:38 +0000] "GET /wp-content/plugins/wordpress-seo/src/routes/indexables-head-route.php HTTP/2.0" 500 0 "-" "Mozilla/5.0 AppleWebKit/537.36 (KHTML, like Gecko; compatible; ClaudeBot/1.0; +claudebot@anthropic.com)"
74.7.227.21 - - [25/Aug/2026:13:44:40 +0000] "GET /wp-content/plugins/google-site-kit/third-party/guzzlehttp/promises/src/Create.php HTTP/2.0" 200 0 "https://drhyperbaric.com/wp-content/plugins/google-site-kit/third-party/guzzlehttp/promises/src/" "Mozilla/5.0 AppleWebKit/537.36 (KHTML, like Gecko; compatible; GPTBot/1.4; +https://openai.com/gptbot)"
74.7.227.21 - - [25/Aug/2026:13:44:41 +0000] "GET /wp-content/plugins/google-site-kit/third-party/guzzlehttp/promises/src/PromisorInterface.php HTTP/2.0" 200 0 "https://drhyperbaric.com/wp-content/plugins/google-site-kit/third-party/guzzlehttp/promises/src/" "Mozilla/5.0 AppleWebKit/537.36 (KHTML, like Gecko; compatible; GPTBot/1.4; +https://openai.com/gptbot)"
216.73.216.212 - - [25/Aug/2026:13:44:43 +0000] "GET /wp-content/plugins/elementor/assets/js/new-template.min.js HTTP/2.0" 200 2239 "-" "Mozilla/5.0 AppleWebKit/537.36 (KHTML, like Gecko; compatible; ClaudeBot/1.0; +claudebot@anthropic.com)"
74.7.227.21 - - [25/Aug/2026:13:44:43 +0000] "GET /wp-content/plugins/google-site-kit/third-party/psr/http-message/src/MessageInterface.php HTTP/2.0" 200 0 "https://drhyperbaric.com/wp-content/plugins/google-site-kit/third-party/psr/http-message/src/" "Mozilla/5.0 AppleWebKit/537.36 (KHTML, like Gecko; compatible; GPTBot/1.4; +https://openai.com/gptbot)"
74.7.227.21 - - [25/Aug/2026:13:44:44 +0000] "GET /wp-content/plugins/google-site-kit/dist/assets/js/googlesitekit-modules-ads-16a57085cb47b8b62fac.js HTTP/2.0" 200 33218 "https://drhyperbaric.com/wp-content/plugins/google-site-kit/dist/assets/js/" "Mozilla/5.0 AppleWebKit/537.36 (KHTML, like Gecko; compatible; GPTBot/1.4; +https://openai.com/gptbot)"
74.7.227.21 - - [25/Aug/2026:13:44:45 +0000] "GET /wp-content/plugins/google-site-kit/third-party/google/apiclient-services-subscribewithgoogle/SubscribewithGoogle/ListPublicationsResponse.php HTTP/2.0" 500 0 "https://drhyperbaric.com/wp-content/plugins/google-site-kit/third-party/google/apiclient-services-subscribewithgoogle/SubscribewithGoogle/" "Mozilla/5.0 AppleWebKit/537.36 (KHTML, like Gecko; compatible; GPTBot/1.4; +https://openai.com/gptbot)"
74.7.227.21 - - [25/Aug/2026:13:44:46 +0000] "GET /wp-content/plugins/google-site-kit/third-party/google/apiclient-services-subscribewithgoogle/SubscribewithGoogle/ListEntitlementsResponse.php HTTP/2.0" 500 0 "https://drhyperbaric.com/wp-content/plugins/google-site-kit/third-party/google/apiclient-services-subscribewithgoogle/SubscribewithGoogle/" "Mozilla/5.0 AppleWebKit/537.36 (KHTML, like Gecko; compatible; GPTBot/1.4; +https://openai.com/gptbot)"
74.7.227.21 - - [25/Aug/2026:13:44:47 +0000] "GET /wp-content/plugins/google-site-kit/third-party/ralouphie/getallheaders/src/getallheaders.php HTTP/2.0" 200 0 "https://drhyperbaric.com/wp-content/plugins/google-site-kit/third-party/ralouphie/getallheaders/src/" "Mozilla/5.0 AppleWebKit/537.36 (KHTML, like Gecko; compatible; GPTBot/1.4; +https://openai.com/gptbot)"
216.73.216.212 - - [25/Aug/2026:13:44:48 +0000] "GET /wp-content/themes/twentytwentytwo/inc/patterns/header-large-dark.php HTTP/2.0" 500 0 "-" "Mozilla/5.0 AppleWebKit/537.36 (KHTML, like Gecko; compatible; ClaudeBot/1.0; +claudebot@anthropic.com)"
74.7.227.21 - - [25/Aug/2026:13:44:49 +0000] "GET /wp-content/plugins/google-site-kit/third-party/google/apiclient-services-subscribewithgoogle/SubscribewithGoogle/ListUserEntitlementsPlansResponse.php HTTP/2.0" 500 0 "https://drhyperbaric.com/wp-content/plugins/google-site-kit/third-party/google/apiclient-services-subscribewithgoogle/SubscribewithGoogle/" "Mozilla/5.0 AppleWebKit/537.36 (KHTML, like Gecko; compatible; GPTBot/1.4; +https://openai.com/gptbot)"
74.7.227.21 - - [25/Aug/2026:13:44:51 +0000] "GET /wp-content/plugins/google-site-kit/third-party/symfony/polyfill-intl-normalizer/Resources/unidata/ HTTP/2.0" 200 400 "https://drhyperbaric.com/wp-content/plugins/google-site-kit/third-party/symfony/polyfill-intl-normalizer/Resources/" "Mozilla/5.0 AppleWebKit/537.36 (KHTML, like Gecko; compatible; GPTBot/1.4; +https://openai.com/gptbot)"
74.7.227.21 - - [25/Aug/2026:13:44:53 +0000] "GET /wp-content/plugins/google-site-kit/third-party/google/apiclient-services-subscribewithgoogle/SubscribewithGoogle/Entitlement.php HTTP/2.0" 500 0 "https://drhyperbaric.com/wp-content/plugins/google-site-kit/third-party/google/apiclient-services-subscribewithgoogle/SubscribewithGoogle/" "Mozilla/5.0 AppleWebKit/537.36 (KHTML, like Gecko; compatible; GPTBot/1.4; +https://openai.com/gptbot)"
216.73.216.212 - - [25/Aug/2026:13:44:53 +0000] "GET /wp-content/plugins/elementor/assets/css/widget-star-rating-rtl.min.css HTTP/2.0" 200 596 "-" "Mozilla/5.0 AppleWebKit/537.36 (KHTML, like Gecko; compatible; ClaudeBot/1.0; +claudebot@anthropic.com)"
74.7.227.21 - - [25/Aug/2026:13:44:54 +0000] "GET /wp-content/plugins/google-site-kit/third-party/google/apiclient-services-subscribewithgoogle/SubscribewithGoogle/StateDetails.php HTTP/2.0" 500 0 "https://drhyperbaric.com/wp-content/plugins/google-site-kit/third-party/google/apiclient-services-subscribewithgoogle/SubscribewithGoogle/" "Mozilla/5.0 AppleWebKit/537.36 (KHTML, like Gecko; compatible; GPTBot/1.4; +https://openai.com/gptbot)"
74.7.227.21 - - [25/Aug/2026:13:44:57 +0000] "GET /wp-content/plugins/google-site-kit/third-party/google/apiclient-services-subscribewithgoogle/SubscribewithGoogle/RecurrenceDuration.php HTTP/2.0" 500 0 "https://drhyperbaric.com/wp-content/plugins/google-site-kit/third-party/google/apiclient-services-subscribewithgoogle/SubscribewithGoogle/" "Mozilla/5.0 AppleWebKit/537.36 (KHTML, like Gecko; compatible; GPTBot/1.4; +https://openai.com/gptbot)"
216.73.216.212 - - [25/Aug/2026:13:44:58 +0000] "GET /wp-content/plugins/loginpress/css/themes/?path=%2F%2Froot HTTP/2.0" 200 545 "-" "Mozilla/5.0 AppleWebKit/537.36 (KHTML, like Gecko; compatible; ClaudeBot/1.0; +claudebot@anthropic.com)"
74.7.227.21 - - [25/Aug/2026:13:45:01 +0000] "GET /wp-content/plugins/google-site-kit/third-party/google/apiclient-services-subscribewithgoogle/SubscribewithGoogle/Publication.php HTTP/2.0" 500 0 "https://drhyperbaric.com/wp-content/plugins/google-site-kit/third-party/google/apiclient-services-subscribewithgoogle/SubscribewithGoogle/" "Mozilla/5.0 AppleWebKit/537.36 (KHTML, like Gecko; compatible; GPTBot/1.4; +https://openai.com/gptbot)"
216.73.216.212 - - [25/Aug/2026:13:45:03 +0000] "GET /wp-includes/php-ai-client/src/Operations/?C=S&O=D HTTP/2.0" 200 390 "-" "Mozilla/5.0 AppleWebKit/537.36 (KHTML, like Gecko; compatible; ClaudeBot/1.0; +claudebot@anthropic.com)"
2a03:2880:f812:35:: - - [25/Aug/2026:13:45:06 +0000] "GET / HTTP/2.0" 200 435 "-" "facebookexternalhit/1.1 (+http://www.facebook.com/externalhit_uatext.php)"
74.7.227.21 - - [25/Aug/2026:13:45:07 +0000] "GET /wp-content/plugins/google-site-kit/third-party/google/apiclient-services-subscribewithgoogle/SubscribewithGoogle/SuspendedDetails.php HTTP/2.0" 500 0 "https://drhyperbaric.com/wp-content/plugins/google-site-kit/third-party/google/apiclient-services-subscribewithgoogle/SubscribewithGoogle/" "Mozilla/5.0 AppleWebKit/537.36 (KHTML, like Gecko; compatible; GPTBot/1.4; +https://openai.com/gptbot)"
2a03:2880:f806:3c:: - - [25/Aug/2026:13:45:08 +0000] "GET /?a4c2e0t8o2p5h6e5n5o1n2e HTTP/2.0" 200 435 "-" "Mozilla/5.0 (Macintosh; Intel Mac OS X 10_15_7) AppleWebKit/537.36 (KHTML, like Gecko) Chrome/145.0.0.0 Safari/537.36 (compatible; meta-externalagent/1.1 (+https://developers.facebook.com/docs/sharing/webmasters/crawler))"
2a03:2880:f80e:6e:: - - [25/Aug/2026:13:45:08 +0000] "GET / HTTP/2.0" 200 435 "-" "facebookexternalhit/1.1 (+http://www.facebook.com/externalhit_uatext.php)"
216.73.216.212 - - [25/Aug/2026:13:45:08 +0000] "GET /wp-content/plugins/wordpress-seo/css/dist/icons-2350-rtl.css HTTP/2.0" 404 265 "-" "Mozilla/5.0 AppleWebKit/537.36 (KHTML, like Gecko; compatible; ClaudeBot/1.0; +claudebot@anthropic.com)"
216.73.216.212 - - [25/Aug/2026:13:45:10 +0000] "GET /robots.txt HTTP/2.0" 404 265 "-" "Mozilla/5.0 AppleWebKit/537.36 (KHTML, like Gecko; compatible; ClaudeBot/1.0; +claudebot@anthropic.com)"
216.73.216.212 - - [25/Aug/2026:13:45:13 +0000] "GET /wp-content/plugins/woocommerce/templates/checkout/form-checkout.php HTTP/2.0" 200 0 "-" "Mozilla/5.0 AppleWebKit/537.36 (KHTML, like Gecko; compatible; ClaudeBot/1.0; +claudebot@anthropic.com)"
74.7.227.21 - - [25/Aug/2026:13:45:16 +0000] "GET /wp-content/plugins/google-site-kit/third-party/google/apiclient-services-subscribewithgoogle/SubscribewithGoogle/BusinessPredicates.php HTTP/2.0" 500 0 "https://drhyperbaric.com/wp-content/plugins/google-site-kit/third-party/google/apiclient-services-subscribewithgoogle/SubscribewithGoogle/" "Mozilla/5.0 AppleWebKit/537.36 (KHTML, like Gecko; compatible; GPTBot/1.4; +https://openai.com/gptbot)"
216.73.216.212 - - [25/Aug/2026:13:45:18 +0000] "GET /wp-content/plugins/essential-blocks/src/blocks/advanced-video/block.json HTTP/2.0" 200 235 "-" "Mozilla/5.0 AppleWebKit/537.36 (KHTML, like Gecko; compatible; ClaudeBot/1.0; +claudebot@anthropic.com)"
216.73.216.212 - - [25/Aug/2026:13:45:23 +0000] "GET /wp-content/plugins/elementor/assets/js/packages/ui/ui.strings.js HTTP/2.0" 200 0 "-" "Mozilla/5.0 AppleWebKit/537.36 (KHTML, like Gecko; compatible; ClaudeBot/1.0; +claudebot@anthropic.com)"
216.73.216.212 - - [25/Aug/2026:13:45:28 +0000] "GET /wp-content/plugins/essential-blocks/assets/blocks/countdown/style.css HTTP/2.0" 200 146 "-" "Mozilla/5.0 AppleWebKit/537.36 (KHTML, like Gecko; compatible; ClaudeBot/1.0; +claudebot@anthropic.com)"
74.7.227.21 - - [25/Aug/2026:13:45:30 +0000] "GET /wp-content/plugins/google-site-kit/third-party/google/apiclient-services-subscribewithgoogle/SubscribewithGoogle/PaymentOptions.php HTTP/2.0" 500 0 "https://drhyperbaric.com/wp-content/plugins/google-site-kit/third-party/google/apiclient-services-subscribewithgoogle/SubscribewithGoogle/" "Mozilla/5.0 AppleWebKit/537.36 (KHTML, like Gecko; compatible; GPTBot/1.4; +https://openai.com/gptbot)"
216.73.216.212 - - [25/Aug/2026:13:45:33 +0000] "GET /wp-content/plugins/wordpress-seo/src/user-profiles-additions/user-interface/ HTTP/2.0" 200 428 "-" "Mozilla/5.0 AppleWebKit/537.36 (KHTML, like Gecko; compatible; ClaudeBot/1.0; +claudebot@anthropic.com)"
216.73.216.212 - - [25/Aug/2026:13:45:38 +0000] "GET /wp-content/plugins/elementor-pro/modules/link-in-bio/classes/ HTTP/2.0" 200 406 "-" "Mozilla/5.0 AppleWebKit/537.36 (KHTML, like Gecko; compatible; ClaudeBot/1.0; +claudebot@anthropic.com)"
