74.7.227.21 - - [25/Aug/2026:13:41:20 +0000] "GET /wp-includes/images/icon-library/heading-level-6.svg HTTP/2.0" 200 395 "https://drhyperbaric.com/wp-includes/images/icon-library/" "Mozilla/5.0 AppleWebKit/537.36 (KHTML, like Gecko; compatible; GPTBot/1.4; +https://openai.com/gptbot)"
74.7.227.21 - - [25/Aug/2026:13:41:20 +0000] "GET /wp-content/plugins/essential-addons-for-elementor-lite/assets/admin/ HTTP/2.0" 200 0 "https://drhyperbaric.com/wp-content/plugins/essential-addons-for-elementor-lite/assets/" "Mozilla/5.0 AppleWebKit/537.36 (KHTML, like Gecko; compatible; GPTBot/1.4; +https://openai.com/gptbot)"
74.7.227.21 - - [25/Aug/2026:13:41:21 +0000] "GET /wp-content/themes/twentytwentythree/assets/fonts/ibm-plex-mono/IBMPlexMono-Italic.woff2 HTTP/2.0" 200 38924 "https://drhyperbaric.com/wp-content/themes/twentytwentythree/assets/fonts/ibm-plex-mono/" "Mozilla/5.0 AppleWebKit/537.36 (KHTML, like Gecko; compatible; GPTBot/1.4; +https://openai.com/gptbot)"
74.7.227.21 - - [25/Aug/2026:13:41:21 +0000] "GET /wp-content/themes/twentytwentythree/assets/fonts/ibm-plex-mono/IBMPlexMono-Light.woff2 HTTP/2.0" 200 34700 "https://drhyperbaric.com/wp-content/themes/twentytwentythree/assets/fonts/ibm-plex-mono/" "Mozilla/5.0 AppleWebKit/537.36 (KHTML, like Gecko; compatible; GPTBot/1.4; +https://openai.com/gptbot)"
216.73.216.212 - - [25/Aug/2026:13:41:22 +0000] "GET /wp-content/plugins/wordpress-seo/src/builders/primary-term-builder.php HTTP/2.0" 200 0 "-" "Mozilla/5.0 AppleWebKit/537.36 (KHTML, like Gecko; compatible; ClaudeBot/1.0; +claudebot@anthropic.com)"
74.7.227.21 - - [25/Aug/2026:13:41:22 +0000] "GET /wp-includes/images/icon-library/comment-edit-link.svg HTTP/2.0" 200 239 "https://drhyperbaric.com/wp-includes/images/icon-library/" "Mozilla/5.0 AppleWebKit/537.36 (KHTML, like Gecko; compatible; GPTBot/1.4; +https://openai.com/gptbot)"
74.7.227.21 - - [25/Aug/2026:13:41:23 +0000] "GET /wp-content/themes/twentytwentyfive/assets/fonts/fira-sans/FiraSans-Medium.woff2 HTTP/2.0" 200 148396 "https://drhyperbaric.com/wp-content/themes/twentytwentyfive/assets/fonts/fira-sans/" "Mozilla/5.0 AppleWebKit/537.36 (KHTML, like Gecko; compatible; GPTBot/1.4; +https://openai.com/gptbot)"
74.7.227.21 - - [25/Aug/2026:13:41:23 +0000] "GET /wp-content/themes/twentytwentyfive/assets/fonts/fira-sans/FiraSans-Italic.woff2 HTTP/2.0" 200 155164 "https://drhyperbaric.com/wp-content/themes/twentytwentyfive/assets/fonts/fira-sans/" "Mozilla/5.0 AppleWebKit/537.36 (KHTML, like Gecko; compatible; GPTBot/1.4; +https://openai.com/gptbot)"
74.7.227.21 - - [25/Aug/2026:13:41:24 +0000] "GET /wp-content/plugins/essential-addons-elementor/includes/Template/Dynamic-Filterable-Gallery/ HTTP/2.0" 200 438 "https://drhyperbaric.com/wp-content/plugins/essential-addons-elementor/includes/Template/" "Mozilla/5.0 AppleWebKit/537.36 (KHTML, like Gecko; compatible; GPTBot/1.4; +https://openai.com/gptbot)"
74.7.227.21 - - [25/Aug/2026:13:41:24 +0000] "GET /wp-includes/images/crystal/ HTTP/2.0" 200 582 "https://drhyperbaric.com/wp-includes/images/" "Mozilla/5.0 AppleWebKit/537.36 (KHTML, like Gecko; compatible; GPTBot/1.4; +https://openai.com/gptbot)"
74.7.227.21 - - [25/Aug/2026:13:41:25 +0000] "GET /wp-content/plugins/essential-blocks/src/admin/ HTTP/2.0" 200 463 "https://drhyperbaric.com/wp-content/plugins/essential-blocks/src/" "Mozilla/5.0 AppleWebKit/537.36 (KHTML, like Gecko; compatible; GPTBot/1.4; +https://openai.com/gptbot)"
74.7.227.21 - - [25/Aug/2026:13:41:25 +0000] "GET /wp-admin/maint/ HTTP/2.0" 200 375 "https://drhyperbaric.com/wp-admin/" "Mozilla/5.0 AppleWebKit/537.36 (KHTML, like Gecko; compatible; GPTBot/1.4; +https://openai.com/gptbot)"
74.7.227.21 - - [25/Aug/2026:13:41:26 +0000] "GET /wp-content/plugins/wp-headers-and-footers/inc/ HTTP/2.0" 200 453 "https://drhyperbaric.com/wp-content/plugins/wp-headers-and-footers/" "Mozilla/5.0 AppleWebKit/537.36 (KHTML, like Gecko; compatible; GPTBot/1.4; +https://openai.com/gptbot)"
74.7.227.21 - - [25/Aug/2026:13:41:26 +0000] "GET /wp-content/plugins/wp-headers-and-footers/lib/ HTTP/2.0" 200 396 "https://drhyperbaric.com/wp-content/plugins/wp-headers-and-footers/" "Mozilla/5.0 AppleWebKit/537.36 (KHTML, like Gecko; compatible; GPTBot/1.4; +https://openai.com/gptbot)"
216.73.216.212 - - [25/Aug/2026:13:41:27 +0000] "GET /wp-content/plugins/google-site-kit/includes/Core/Authentication/Owner_ID.php HTTP/2.0" 500 0 "-" "Mozilla/5.0 AppleWebKit/537.36 (KHTML, like Gecko; compatible; ClaudeBot/1.0; +claudebot@anthropic.com)"
74.7.227.21 - - [25/Aug/2026:13:41:27 +0000] "GET /wp-content/plugins/essential-blocks/includes/Blocks/ProductImages.php HTTP/2.0" 500 0 "https://drhyperbaric.com/wp-content/plugins/essential-blocks/includes/Blocks/" "Mozilla/5.0 AppleWebKit/537.36 (KHTML, like Gecko; compatible; GPTBot/1.4; +https://openai.com/gptbot)"
74.7.227.21 - - [25/Aug/2026:13:41:27 +0000] "GET /wp-content/plugins/essential-blocks/includes/Blocks/WooProductGrid.php HTTP/2.0" 500 0 "https://drhyperbaric.com/wp-content/plugins/essential-blocks/includes/Blocks/" "Mozilla/5.0 AppleWebKit/537.36 (KHTML, like Gecko; compatible; GPTBot/1.4; +https://openai.com/gptbot)"
74.7.227.21 - - [25/Aug/2026:13:41:28 +0000] "GET /wp-content/plugins/essential-blocks/includes/Blocks/AccordionItem.php HTTP/2.0" 500 0 "https://drhyperbaric.com/wp-content/plugins/essential-blocks/includes/Blocks/" "Mozilla/5.0 AppleWebKit/537.36 (KHTML, like Gecko; compatible; GPTBot/1.4; +https://openai.com/gptbot)"
74.7.227.21 - - [25/Aug/2026:13:41:29 +0000] "GET /wp-content/plugins/essential-blocks/includes/Blocks/AdvancedImage.php HTTP/2.0" 500 0 "https://drhyperbaric.com/wp-content/plugins/essential-blocks/includes/Blocks/" "Mozilla/5.0 AppleWebKit/537.36 (KHTML, like Gecko; compatible; GPTBot/1.4; +https://openai.com/gptbot)"
74.7.227.21 - - [25/Aug/2026:13:41:31 +0000] "GET /wp-content/plugins/essential-blocks/includes/Blocks/ParallaxSlider.php HTTP/2.0" 500 0 "https://drhyperbaric.com/wp-content/plugins/essential-blocks/includes/Blocks/" "Mozilla/5.0 AppleWebKit/537.36 (KHTML, like Gecko; compatible; GPTBot/1.4; +https://openai.com/gptbot)"
216.73.216.212 - - [25/Aug/2026:13:41:32 +0000] "GET /wp-content/plugins/woocommerce/src/Admin/Features/Onboarding.php HTTP/2.0" 500 0 "-" "Mozilla/5.0 AppleWebKit/537.36 (KHTML, like Gecko; compatible; ClaudeBot/1.0; +claudebot@anthropic.com)"
74.7.227.21 - - [25/Aug/2026:13:41:34 +0000] "GET /wp-content/plugins/essential-blocks/includes/Blocks/AdvancedVideo.php HTTP/2.0" 500 0 "https://drhyperbaric.com/wp-content/plugins/essential-blocks/includes/Blocks/" "Mozilla/5.0 AppleWebKit/537.36 (KHTML, like Gecko; compatible; GPTBot/1.4; +https://openai.com/gptbot)"
216.73.216.212 - - [25/Aug/2026:13:41:37 +0000] "GET /wp-content/plugins/google-site-kit/includes/Core/Authentication/Connected_Proxy_URL.php HTTP/2.0" 500 0 "-" "Mozilla/5.0 AppleWebKit/537.36 (KHTML, like Gecko; compatible; ClaudeBot/1.0; +claudebot@anthropic.com)"
74.7.227.21 - - [25/Aug/2026:13:41:38 +0000] "GET /wp-includes/images/crystal/spreadsheet.png HTTP/2.0" 200 2408 "https://drhyperbaric.com/wp-includes/images/crystal/" "Mozilla/5.0 AppleWebKit/537.36 (KHTML, like Gecko; compatible; GPTBot/1.4; +https://openai.com/gptbot)"
216.73.216.212 - - [25/Aug/2026:13:41:42 +0000] "GET /wp-content/plugins/google-site-kit/includes/Core/Tracking/Tracking_Consent.php HTTP/2.0" 500 0 "-" "Mozilla/5.0 AppleWebKit/537.36 (KHTML, like Gecko; compatible; ClaudeBot/1.0; +claudebot@anthropic.com)"
74.7.227.21 - - [25/Aug/2026:13:41:44 +0000] "GET /wp-includes/images/crystal/interactive.png HTTP/2.0" 200 2217 "https://drhyperbaric.com/wp-includes/images/crystal/" "Mozilla/5.0 AppleWebKit/537.36 (KHTML, like Gecko; compatible; GPTBot/1.4; +https://openai.com/gptbot)"
216.73.216.212 - - [25/Aug/2026:13:41:47 +0000] "GET /wp-content/plugins/betterdocs/assets/admin/js/quick-setup.asset.php HTTP/2.0" 200 0 "-" "Mozilla/5.0 AppleWebKit/537.36 (KHTML, like Gecko; compatible; ClaudeBot/1.0; +claudebot@anthropic.com)"
74.7.227.21 - - [25/Aug/2026:13:41:49 +0000] "GET /wp-admin/maint/?C=N;O=D HTTP/2.0" 200 373 "https://drhyperbaric.com/wp-admin/maint/" "Mozilla/5.0 AppleWebKit/537.36 (KHTML, like Gecko; compatible; GPTBot/1.4; +https://openai.com/gptbot)"
216.73.216.212 - - [25/Aug/2026:13:41:52 +0000] "GET /wp-content/plugins/elementor/modules/checklist/steps/create-pages.php HTTP/2.0" 200 0 "-" "Mozilla/5.0 AppleWebKit/537.36 (KHTML, like Gecko; compatible; ClaudeBot/1.0; +claudebot@anthropic.com)"
74.7.227.21 - - [25/Aug/2026:13:41:53 +0000] "GET /wp-admin/maint/?C=S;O=A HTTP/2.0" 200 376 "https://drhyperbaric.com/wp-admin/maint/" "Mozilla/5.0 AppleWebKit/537.36 (KHTML, like Gecko; compatible; GPTBot/1.4; +https://openai.com/gptbot)"
74.7.227.21 - - [25/Aug/2026:13:41:56 +0000] "GET /wp-content/plugins/wp-headers-and-footers/lib/?C=N;O=D HTTP/2.0" 200 394 "https://drhyperbaric.com/wp-content/plugins/wp-headers-and-footers/lib/" "Mozilla/5.0 AppleWebKit/537.36 (KHTML, like Gecko; compatible; GPTBot/1.4; +https://openai.com/gptbot)"
2a03:2880:f816:2a:: - - [25/Aug/2026:13:41:57 +0000] "GET / HTTP/2.0" 200 435 "-" "facebookexternalhit/1.1 (+http://www.facebook.com/externalhit_uatext.php)"
216.73.216.212 - - [25/Aug/2026:13:41:57 +0000] "GET /wp-content/plugins/elementor/assets/lib/jquery-easing/jquery-easing.js HTTP/2.0" 200 1169 "-" "Mozilla/5.0 AppleWebKit/537.36 (KHTML, like Gecko; compatible; ClaudeBot/1.0; +claudebot@anthropic.com)"
74.7.227.21 - - [25/Aug/2026:13:41:58 +0000] "GET /wp-admin/maint/?C=D;O=A HTTP/2.0" 200 375 "https://drhyperbaric.com/wp-admin/maint/" "Mozilla/5.0 AppleWebKit/537.36 (KHTML, like Gecko; compatible; GPTBot/1.4; +https://openai.com/gptbot)"
74.7.227.21 - - [25/Aug/2026:13:42:00 +0000] "GET /wp-admin/maint/?C=M;O=A HTTP/2.0" 200 376 "https://drhyperbaric.com/wp-admin/maint/" "Mozilla/5.0 AppleWebKit/537.36 (KHTML, like Gecko; compatible; GPTBot/1.4; +https://openai.com/gptbot)"
74.7.227.21 - - [25/Aug/2026:13:42:01 +0000] "GET /wp-admin/maint/794155/ HTTP/2.0" 200 344 "https://drhyperbaric.com/wp-admin/maint/" "Mozilla/5.0 AppleWebKit/537.36 (KHTML, like Gecko; compatible; GPTBot/1.4; +https://openai.com/gptbot)"
216.73.216.212 - - [25/Aug/2026:13:42:02 +0000] "GET /wp-content/plugins/woocommerce/src/Internal/Utilities/BlocksUtil.php HTTP/2.0" 200 0 "-" "Mozilla/5.0 AppleWebKit/537.36 (KHTML, like Gecko; compatible; ClaudeBot/1.0; +claudebot@anthropic.com)"
74.7.227.21 - - [25/Aug/2026:13:42:03 +0000] "GET /wp-includes/images/crystal/default.png HTTP/2.0" 200 453 "https://drhyperbaric.com/wp-includes/images/crystal/" "Mozilla/5.0 AppleWebKit/537.36 (KHTML, like Gecko; compatible; GPTBot/1.4; +https://openai.com/gptbot)"
74.7.227.21 - - [25/Aug/2026:13:42:04 +0000] "GET /wp-includes/images/crystal/document.png HTTP/2.0" 200 2063 "https://drhyperbaric.com/wp-includes/images/crystal/" "Mozilla/5.0 AppleWebKit/537.36 (KHTML, like Gecko; compatible; GPTBot/1.4; +https://openai.com/gptbot)"
74.7.227.21 - - [25/Aug/2026:13:42:04 +0000] "GET /wp-content/plugins/essential-blocks/src/admin/scss/ HTTP/2.0" 200 523 "https://drhyperbaric.com/wp-content/plugins/essential-blocks/src/admin/" "Mozilla/5.0 AppleWebKit/537.36 (KHTML, like Gecko; compatible; GPTBot/1.4; +https://openai.com/gptbot)"
74.7.227.21 - - [25/Aug/2026:13:42:05 +0000] "GET /wp-content/plugins/essential-blocks/src/admin/icons/ HTTP/2.0" 200 231 "https://drhyperbaric.com/wp-content/plugins/essential-blocks/src/admin/" "Mozilla/5.0 AppleWebKit/537.36 (KHTML, like Gecko; compatible; GPTBot/1.4; +https://openai.com/gptbot)"
74.7.227.21 - - [25/Aug/2026:13:42:06 +0000] "GET /wp-content/plugins/essential-blocks/includes/Blocks/InstagramFeed.php HTTP/2.0" 500 0 "https://drhyperbaric.com/wp-content/plugins/essential-blocks/includes/Blocks/" "Mozilla/5.0 AppleWebKit/537.36 (KHTML, like Gecko; compatible; GPTBot/1.4; +https://openai.com/gptbot)"
74.7.227.21 - - [25/Aug/2026:13:42:06 +0000] "GET /wp-admin/maint/?C=N;O=A HTTP/2.0" 200 375 "https://drhyperbaric.com/wp-admin/maint/?C=N;O=D" "Mozilla/5.0 AppleWebKit/537.36 (KHTML, like Gecko; compatible; GPTBot/1.4; +https://openai.com/gptbot)"
216.73.216.212 - - [25/Aug/2026:13:42:07 +0000] "GET /wp-content/plugins/loginpress/classes/controls/background-gallery.php HTTP/2.0" 200 0 "-" "Mozilla/5.0 AppleWebKit/537.36 (KHTML, like Gecko; compatible; ClaudeBot/1.0; +claudebot@anthropic.com)"
74.7.227.21 - - [25/Aug/2026:13:42:07 +0000] "GET /wp-admin/maint/?C=S;O=D HTTP/2.0" 200 373 "https://drhyperbaric.com/wp-admin/maint/?C=S;O=A" "Mozilla/5.0 AppleWebKit/537.36 (KHTML, like Gecko; compatible; GPTBot/1.4; +https://openai.com/gptbot)"
74.7.227.21 - - [25/Aug/2026:13:42:08 +0000] "GET /wp-content/plugins/essential-blocks/includes/Blocks/ProductRating.php HTTP/2.0" 500 0 "https://drhyperbaric.com/wp-content/plugins/essential-blocks/includes/Blocks/" "Mozilla/5.0 AppleWebKit/537.36 (KHTML, like Gecko; compatible; GPTBot/1.4; +https://openai.com/gptbot)"
74.7.227.21 - - [25/Aug/2026:13:42:08 +0000] "GET /wp-admin/maint/?C=D;O=D HTTP/2.0" 200 373 "https://drhyperbaric.com/wp-admin/maint/?C=D;O=A" "Mozilla/5.0 AppleWebKit/537.36 (KHTML, like Gecko; compatible; GPTBot/1.4; +https://openai.com/gptbot)"
74.7.227.21 - - [25/Aug/2026:13:42:09 +0000] "GET /wp-admin/maint/?C=M;O=D HTTP/2.0" 200 373 "https://drhyperbaric.com/wp-admin/maint/?C=M;O=A" "Mozilla/5.0 AppleWebKit/537.36 (KHTML, like Gecko; compatible; GPTBot/1.4; +https://openai.com/gptbot)"
74.7.227.21 - - [25/Aug/2026:13:42:09 +0000] "GET /wp-content/plugins/essential-blocks/includes/Blocks/ProductDetails.php HTTP/2.0" 500 0 "https://drhyperbaric.com/wp-content/plugins/essential-blocks/includes/Blocks/" "Mozilla/5.0 AppleWebKit/537.36 (KHTML, like Gecko; compatible; GPTBot/1.4; +https://openai.com/gptbot)"
74.7.227.21 - - [25/Aug/2026:13:42:10 +0000] "GET /wp-content/plugins/essential-blocks/includes/Blocks/NumberCounter.php HTTP/2.0" 500 0 "https://drhyperbaric.com/wp-content/plugins/essential-blocks/includes/Blocks/" "Mozilla/5.0 AppleWebKit/537.36 (KHTML, like Gecko; compatible; GPTBot/1.4; +https://openai.com/gptbot)"
74.7.227.21 - - [25/Aug/2026:13:42:11 +0000] "GET /wp-content/plugins/essential-addons-elementor/includes/Extensions/DynamicTags/ HTTP/2.0" 200 515 "https://drhyperbaric.com/wp-content/plugins/essential-addons-elementor/includes/Extensions/" "Mozilla/5.0 AppleWebKit/537.36 (KHTML, like Gecko; compatible; GPTBot/1.4; +https://openai.com/gptbot)"
216.73.216.212 - - [25/Aug/2026:13:42:12 +0000] "GET /wp-content/plugins/woocommerce/src/Internal/Utilities/PluginInstaller.php HTTP/2.0" 500 0 "-" "Mozilla/5.0 AppleWebKit/537.36 (KHTML, like Gecko; compatible; ClaudeBot/1.0; +claudebot@anthropic.com)"
74.7.227.21 - - [25/Aug/2026:13:42:12 +0000] "GET /wp-content/plugins/essential-blocks/src/admin/scss/_blocks.scss HTTP/2.0" 200 6491 "https://drhyperbaric.com/wp-content/plugins/essential-blocks/src/admin/scss/" "Mozilla/5.0 AppleWebKit/537.36 (KHTML, like Gecko; compatible; GPTBot/1.4; +https://openai.com/gptbot)"
74.7.227.21 - - [25/Aug/2026:13:42:13 +0000] "GET /wp-content/plugins/essential-blocks/src/admin/scss/_templates.scss HTTP/2.0" 200 2825 "https://drhyperbaric.com/wp-content/plugins/essential-blocks/src/admin/scss/" "Mozilla/5.0 AppleWebKit/537.36 (KHTML, like Gecko; compatible; GPTBot/1.4; +https://openai.com/gptbot)"
74.7.227.21 - - [25/Aug/2026:13:42:14 +0000] "GET /wp-content/plugins/essential-blocks/src/admin/scss/_common.scss HTTP/2.0" 200 6339 "https://drhyperbaric.com/wp-content/plugins/essential-blocks/src/admin/scss/" "Mozilla/5.0 AppleWebKit/537.36 (KHTML, like Gecko; compatible; GPTBot/1.4; +https://openai.com/gptbot)"
74.7.227.21 - - [25/Aug/2026:13:42:14 +0000] "GET /wp-content/plugins/essential-blocks/src/admin/scss/_integrations.scss HTTP/2.0" 200 1956 "https://drhyperbaric.com/wp-content/plugins/essential-blocks/src/admin/scss/" "Mozilla/5.0 AppleWebKit/537.36 (KHTML, like Gecko; compatible; GPTBot/1.4; +https://openai.com/gptbot)"
74.7.227.21 - - [25/Aug/2026:13:42:15 +0000] "GET /wp-content/plugins/essential-blocks/src/admin/scss/_saveconfirm.scss HTTP/2.0" 200 379 "https://drhyperbaric.com/wp-content/plugins/essential-blocks/src/admin/scss/" "Mozilla/5.0 AppleWebKit/537.36 (KHTML, like Gecko; compatible; GPTBot/1.4; +https://openai.com/gptbot)"
74.7.227.21 - - [25/Aug/2026:13:42:15 +0000] "GET /wp-includes/images/crystal/license.txt HTTP/2.0" 200 149 "https://drhyperbaric.com/wp-includes/images/crystal/" "Mozilla/5.0 AppleWebKit/537.36 (KHTML, like Gecko; compatible; GPTBot/1.4; +https://openai.com/gptbot)"
74.7.227.21 - - [25/Aug/2026:13:42:16 +0000] "GET /wp-includes/images/crystal/archive.png HTTP/2.0" 200 2454 "https://drhyperbaric.com/wp-includes/images/crystal/" "Mozilla/5.0 AppleWebKit/537.36 (KHTML, like Gecko; compatible; GPTBot/1.4; +https://openai.com/gptbot)"
74.7.227.21 - - [25/Aug/2026:13:42:16 +0000] "GET /wp-content/themes/twentytwentyfour/assets/images/art-gallery.webp HTTP/2.0" 200 118230 "https://drhyperbaric.com/wp-content/themes/twentytwentyfour/assets/images/" "Mozilla/5.0 AppleWebKit/537.36 (KHTML, like Gecko; compatible; GPTBot/1.4; +https://openai.com/gptbot)"
216.73.216.212 - - [25/Aug/2026:13:42:17 +0000] "GET /wp-content/plugins/elementor/modules/atomic-widgets/base/atomic-control-base.php HTTP/2.0" 200 0 "-" "Mozilla/5.0 AppleWebKit/537.36 (KHTML, like Gecko; compatible; ClaudeBot/1.0; +claudebot@anthropic.com)"
74.7.227.21 - - [25/Aug/2026:13:42:17 +0000] "GET /wp-content/plugins/essential-blocks/includes/Blocks/FormTextField.php HTTP/2.0" 500 0 "https://drhyperbaric.com/wp-content/plugins/essential-blocks/includes/Blocks/" "Mozilla/5.0 AppleWebKit/537.36 (KHTML, like Gecko; compatible; GPTBot/1.4; +https://openai.com/gptbot)"
2a03:2880:f806:17:: - - [25/Aug/2026:13:42:17 +0000] "GET /a=167405420 HTTP/2.0" 404 265 "-" "Mozilla/5.0 (Windows NT 10.0; Win64; x64) AppleWebKit/537.36 (KHTML, like Gecko) Chrome/145.0.0.0 Safari/537.36 (compatible; meta-externalagent/1.1 (+https://developers.facebook.com/docs/sharing/webmasters/crawler))"
74.7.227.21 - - [25/Aug/2026:13:42:17 +0000] "GET /wp-content/plugins/essential-addons-elementor/vendor/guzzlehttp/guzzle/UPGRADING.md HTTP/2.0" 200 53616 "https://drhyperbaric.com/wp-content/plugins/essential-addons-elementor/vendor/guzzlehttp/guzzle/" "Mozilla/5.0 AppleWebKit/537.36 (KHTML, like Gecko; compatible; GPTBot/1.4; +https://openai.com/gptbot)"
74.7.227.21 - - [25/Aug/2026:13:42:18 +0000] "GET /wp-content/plugins/essential-addons-elementor/includes/Extensions/DynamicTags/Terms.php HTTP/2.0" 200 0 "https://drhyperbaric.com/wp-content/plugins/essential-addons-elementor/includes/Extensions/DynamicTags/" "Mozilla/5.0 AppleWebKit/537.36 (KHTML, like Gecko; compatible; GPTBot/1.4; +https://openai.com/gptbot)"
74.7.227.21 - - [25/Aug/2026:13:42:19 +0000] "GET /wp-content/plugins/essential-addons-elementor/includes/Extensions/DynamicTags/Posts.php HTTP/2.0" 200 0 "https://drhyperbaric.com/wp-content/plugins/essential-addons-elementor/includes/Extensions/DynamicTags/" "Mozilla/5.0 AppleWebKit/537.36 (KHTML, like Gecko; compatible; GPTBot/1.4; +https://openai.com/gptbot)"
74.7.227.21 - - [25/Aug/2026:13:42:19 +0000] "GET /wp-content/plugins/essential-addons-elementor/includes/Extensions/DynamicTags/Acf_Relationship.php HTTP/2.0" 200 0 "https://drhyperbaric.com/wp-content/plugins/essential-addons-elementor/includes/Extensions/DynamicTags/" "Mozilla/5.0 AppleWebKit/537.36 (KHTML, like Gecko; compatible; GPTBot/1.4; +https://openai.com/gptbot)"
74.7.227.21 - - [25/Aug/2026:13:42:20 +0000] "GET /wp-content/plugins/essential-addons-elementor/vendor/guzzlehttp/guzzle/CHANGELOG.md HTTP/2.0" 200 81721 "https://drhyperbaric.com/wp-content/plugins/essential-addons-elementor/vendor/guzzlehttp/guzzle/" "Mozilla/5.0 AppleWebKit/537.36 (KHTML, like Gecko; compatible; GPTBot/1.4; +https://openai.com/gptbot)"
74.7.227.21 - - [25/Aug/2026:13:42:21 +0000] "GET /wp-includes/images/crystal/code.png HTTP/2.0" 200 1604 "https://drhyperbaric.com/wp-includes/images/crystal/" "Mozilla/5.0 AppleWebKit/537.36 (KHTML, like Gecko; compatible; GPTBot/1.4; +https://openai.com/gptbot)"
74.7.227.21 - - [25/Aug/2026:13:42:21 +0000] "GET /wp-includes/images/crystal/text.png HTTP/2.0" 200 670 "https://drhyperbaric.com/wp-includes/images/crystal/" "Mozilla/5.0 AppleWebKit/537.36 (KHTML, like Gecko; compatible; GPTBot/1.4; +https://openai.com/gptbot)"
74.7.227.21 - - [25/Aug/2026:13:42:21 +0000] "GET /wp-includes/images/icon-library/category.svg HTTP/2.0" 200 268 "https://drhyperbaric.com/wp-includes/images/icon-library/" "Mozilla/5.0 AppleWebKit/537.36 (KHTML, like Gecko; compatible; GPTBot/1.4; +https://openai.com/gptbot)"
216.73.216.212 - - [25/Aug/2026:13:42:22 +0000] "GET /wp-content/plugins/elementor/modules/atomic-widgets/widgets/atomic-heading.php HTTP/2.0" 200 0 "-" "Mozilla/5.0 AppleWebKit/537.36 (KHTML, like Gecko; compatible; ClaudeBot/1.0; +claudebot@anthropic.com)"
74.7.227.21 - - [25/Aug/2026:13:42:22 +0000] "GET /wp-includes/images/icon-library/cloud-download.svg HTTP/2.0" 200 370 "https://drhyperbaric.com/wp-includes/images/icon-library/" "Mozilla/5.0 AppleWebKit/537.36 (KHTML, like Gecko; compatible; GPTBot/1.4; +https://openai.com/gptbot)"
74.7.227.21 - - [25/Aug/2026:13:42:22 +0000] "GET /wp-content/plugins/essential-blocks/includes/Blocks/Text.php HTTP/2.0" 500 0 "https://drhyperbaric.com/wp-content/plugins/essential-blocks/includes/Blocks/" "Mozilla/5.0 AppleWebKit/537.36 (KHTML, like Gecko; compatible; GPTBot/1.4; +https://openai.com/gptbot)"
74.7.227.21 - - [25/Aug/2026:13:42:23 +0000] "GET /wp-content/plugins/essential-blocks/includes/Blocks/Tab.php HTTP/2.0" 500 0 "https://drhyperbaric.com/wp-content/plugins/essential-blocks/includes/Blocks/" "Mozilla/5.0 AppleWebKit/537.36 (KHTML, like Gecko; compatible; GPTBot/1.4; +https://openai.com/gptbot)"
74.7.227.21 - - [25/Aug/2026:13:42:24 +0000] "GET /wp-content/plugins/essential-blocks/includes/Blocks/Icon.php HTTP/2.0" 500 0 "https://drhyperbaric.com/wp-content/plugins/essential-blocks/includes/Blocks/" "Mozilla/5.0 AppleWebKit/537.36 (KHTML, like Gecko; compatible; GPTBot/1.4; +https://openai.com/gptbot)"
74.7.227.21 - - [25/Aug/2026:13:42:25 +0000] "GET /wp-content/plugins/essential-addons-elementor/includes/Extensions/DynamicTags/Custom_Post_Types.php HTTP/2.0" 200 0 "https://drhyperbaric.com/wp-content/plugins/essential-addons-elementor/includes/Extensions/DynamicTags/" "Mozilla/5.0 AppleWebKit/537.36 (KHTML, like Gecko; compatible; GPTBot/1.4; +https://openai.com/gptbot)"
216.73.216.212 - - [25/Aug/2026:13:42:27 +0000] "GET /wp-content/plugins/wordpress-seo/vendor/composer/ HTTP/2.0" 200 620 "-" "Mozilla/5.0 AppleWebKit/537.36 (KHTML, like Gecko; compatible; ClaudeBot/1.0; +claudebot@anthropic.com)"
74.7.227.21 - - [25/Aug/2026:13:42:27 +0000] "GET /wp-content/plugins/wordpress-importer/ HTTP/2.0" 200 428 "https://drhyperbaric.com/wp-content/plugins/" "Mozilla/5.0 AppleWebKit/537.36 (KHTML, like Gecko; compatible; GPTBot/1.4; +https://openai.com/gptbot)"
74.7.227.21 - - [25/Aug/2026:13:42:28 +0000] "GET /wp-content/plugins/essential-blocks/includes/Dependencies/Notice/Notices.php HTTP/2.0" 500 0 "https://drhyperbaric.com/wp-content/plugins/essential-blocks/includes/Dependencies/Notice/" "Mozilla/5.0 AppleWebKit/537.36 (KHTML, like Gecko; compatible; GPTBot/1.4; +https://openai.com/gptbot)"
74.7.227.21 - - [25/Aug/2026:13:42:29 +0000] "GET /wp-content/plugins/essential-addons-elementor/includes/Extensions/DynamicTags/Woo_Products.php HTTP/2.0" 200 0 "https://drhyperbaric.com/wp-content/plugins/essential-addons-elementor/includes/Extensions/DynamicTags/" "Mozilla/5.0 AppleWebKit/537.36 (KHTML, like Gecko; compatible; GPTBot/1.4; +https://openai.com/gptbot)"
74.7.227.21 - - [25/Aug/2026:13:42:31 +0000] "GET /wp-content/plugins/wp-reset/ HTTP/2.0" 200 415 "https://drhyperbaric.com/wp-content/plugins/" "Mozilla/5.0 AppleWebKit/537.36 (KHTML, like Gecko; compatible; GPTBot/1.4; +https://openai.com/gptbot)"
216.73.216.212 - - [25/Aug/2026:13:42:32 +0000] "GET /wp-content/plugins/wordpress-seo/src/actions/wincher/ HTTP/2.0" 200 468 "-" "Mozilla/5.0 AppleWebKit/537.36 (KHTML, like Gecko; compatible; ClaudeBot/1.0; +claudebot@anthropic.com)"
74.7.227.21 - - [25/Aug/2026:13:42:32 +0000] "GET /wp-content/plugins/essential-addons-elementor/vendor/guzzlehttp/psr7/src/Rfc7230.php HTTP/2.0" 200 0 "https://drhyperbaric.com/wp-content/plugins/essential-addons-elementor/vendor/guzzlehttp/psr7/src/" "Mozilla/5.0 AppleWebKit/537.36 (KHTML, like Gecko; compatible; GPTBot/1.4; +https://openai.com/gptbot)"
74.7.227.21 - - [25/Aug/2026:13:42:33 +0000] "GET /wp-includes/images/icon-library/trending-up.svg HTTP/2.0" 200 232 "https://drhyperbaric.com/wp-includes/images/icon-library/" "Mozilla/5.0 AppleWebKit/537.36 (KHTML, like Gecko; compatible; GPTBot/1.4; +https://openai.com/gptbot)"
74.7.227.21 - - [25/Aug/2026:13:42:34 +0000] "GET /wp-content/plugins/essential-addons-elementor/assets/front-end/js/lib-view/jquery.resize/jquery.resize.js HTTP/2.0" 200 1259 "https://drhyperbaric.com/wp-content/plugins/essential-addons-elementor/assets/front-end/js/lib-view/jquery.resize/" "Mozilla/5.0 AppleWebKit/537.36 (KHTML, like Gecko; compatible; GPTBot/1.4; +https://openai.com/gptbot)"
74.7.227.21 - - [25/Aug/2026:13:42:35 +0000] "GET /wp-content/plugins/essential-addons-elementor/assets/front-end/js/lib-view/jquery.cookie/jquery.cookie.js HTTP/2.0" 200 1395 "https://drhyperbaric.com/wp-content/plugins/essential-addons-elementor/assets/front-end/js/lib-view/jquery.cookie/" "Mozilla/5.0 AppleWebKit/537.36 (KHTML, like Gecko; compatible; GPTBot/1.4; +https://openai.com/gptbot)"
74.7.227.21 - - [25/Aug/2026:13:42:35 +0000] "GET /wp-content/plugins/essential-blocks/includes/Blocks/PopUp.php HTTP/2.0" 500 0 "https://drhyperbaric.com/wp-content/plugins/essential-blocks/includes/Blocks/" "Mozilla/5.0 AppleWebKit/537.36 (KHTML, like Gecko; compatible; GPTBot/1.4; +https://openai.com/gptbot)"
74.7.227.21 - - [25/Aug/2026:13:42:36 +0000] "GET /wp-content/themes/twentytwentyfive/assets/images/category-cactus.webp HTTP/2.0" 200 51878 "https://drhyperbaric.com/wp-content/themes/twentytwentyfive/assets/images/" "Mozilla/5.0 AppleWebKit/537.36 (KHTML, like Gecko; compatible; GPTBot/1.4; +https://openai.com/gptbot)"
74.7.227.21 - - [25/Aug/2026:13:42:37 +0000] "GET /wp-content/plugins/essential-blocks/includes/Blocks/DualButton.php HTTP/2.0" 500 0 "https://drhyperbaric.com/wp-content/plugins/essential-blocks/includes/Blocks/" "Mozilla/5.0 AppleWebKit/537.36 (KHTML, like Gecko; compatible; GPTBot/1.4; +https://openai.com/gptbot)"
216.73.216.212 - - [25/Aug/2026:13:42:37 +0000] "GET /wp-content/plugins/elementor/assets/js/packages/utils/utils.min.js HTTP/2.0" 200 527 "-" "Mozilla/5.0 AppleWebKit/537.36 (KHTML, like Gecko; compatible; ClaudeBot/1.0; +claudebot@anthropic.com)"
74.7.227.21 - - [25/Aug/2026:13:42:37 +0000] "GET /wp-content/plugins/wordpress-importer/readme.txt HTTP/2.0" 200 2622 "https://drhyperbaric.com/wp-content/plugins/wordpress-importer/" "Mozilla/5.0 AppleWebKit/537.36 (KHTML, like Gecko; compatible; GPTBot/1.4; +https://openai.com/gptbot)"
74.7.227.21 - - [25/Aug/2026:13:42:38 +0000] "GET /wp-content/plugins/wordpress-importer/parsers/ HTTP/2.0" 200 400 "https://drhyperbaric.com/wp-content/plugins/wordpress-importer/" "Mozilla/5.0 AppleWebKit/537.36 (KHTML, like Gecko; compatible; GPTBot/1.4; +https://openai.com/gptbot)"
74.7.227.21 - - [25/Aug/2026:13:42:39 +0000] "GET /wp-content/plugins/essential-blocks/includes/Blocks/PostCarousel.php HTTP/2.0" 500 0 "https://drhyperbaric.com/wp-content/plugins/essential-blocks/includes/Blocks/" "Mozilla/5.0 AppleWebKit/537.36 (KHTML, like Gecko; compatible; GPTBot/1.4; +https://openai.com/gptbot)"
74.7.227.21 - - [25/Aug/2026:13:42:40 +0000] "GET /wp-content/plugins/essential-blocks/includes/Blocks/CallToAction.php HTTP/2.0" 500 0 "https://drhyperbaric.com/wp-content/plugins/essential-blocks/includes/Blocks/" "Mozilla/5.0 AppleWebKit/537.36 (KHTML, like Gecko; compatible; GPTBot/1.4; +https://openai.com/gptbot)"
74.7.227.21 - - [25/Aug/2026:13:42:41 +0000] "GET /wp-includes/images/icon-library/comment-content.svg HTTP/2.0" 200 297 "https://drhyperbaric.com/wp-includes/images/icon-library/" "Mozilla/5.0 AppleWebKit/537.36 (KHTML, like Gecko; compatible; GPTBot/1.4; +https://openai.com/gptbot)"
74.7.227.21 - - [25/Aug/2026:13:42:42 +0000] "GET /wp-content/plugins/essential-addons-elementor/vendor/google/apiclient/src/Google/Utils/ HTTP/2.0" 200 386 "https://drhyperbaric.com/wp-content/plugins/essential-addons-elementor/vendor/google/apiclient/src/Google/" "Mozilla/5.0 AppleWebKit/537.36 (KHTML, like Gecko; compatible; GPTBot/1.4; +https://openai.com/gptbot)"
216.73.216.212 - - [25/Aug/2026:13:42:42 +0000] "GET /wp-content/themes/twentytwentyfive/patterns/cta-centered-heading.php HTTP/2.0" 200 388 "-" "Mozilla/5.0 AppleWebKit/537.36 (KHTML, like Gecko; compatible; ClaudeBot/1.0; +claudebot@anthropic.com)"
74.7.227.21 - - [25/Aug/2026:13:42:43 +0000] "GET /wp-content/plugins/essential-addons-elementor/vendor/google/apiclient/src/Google/Http/ HTTP/2.0" 200 384 "https://drhyperbaric.com/wp-content/plugins/essential-addons-elementor/vendor/google/apiclient/src/Google/" "Mozilla/5.0 AppleWebKit/537.36 (KHTML, like Gecko; compatible; GPTBot/1.4; +https://openai.com/gptbot)"
74.7.227.21 - - [25/Aug/2026:13:42:44 +0000] "GET /wp-includes/images/crystal/audio.png HTTP/2.0" 200 2184 "https://drhyperbaric.com/wp-includes/images/crystal/" "Mozilla/5.0 AppleWebKit/537.36 (KHTML, like Gecko; compatible; GPTBot/1.4; +https://openai.com/gptbot)"
74.7.227.21 - - [25/Aug/2026:13:42:45 +0000] "GET /wp-content/plugins/essential-addons-elementor/includes/templates/ld-courses/layout__3.php HTTP/2.0" 200 82 "https://drhyperbaric.com/wp-content/plugins/essential-addons-elementor/includes/templates/ld-courses/" "Mozilla/5.0 AppleWebKit/537.36 (KHTML, like Gecko; compatible; GPTBot/1.4; +https://openai.com/gptbot)"
74.7.227.21 - - [25/Aug/2026:13:42:45 +0000] "GET /wp-content/plugins/essential-addons-elementor/includes/templates/ld-courses/layout__1.php HTTP/2.0" 200 70 "https://drhyperbaric.com/wp-content/plugins/essential-addons-elementor/includes/templates/ld-courses/" "Mozilla/5.0 AppleWebKit/537.36 (KHTML, like Gecko; compatible; GPTBot/1.4; +https://openai.com/gptbot)"
74.7.227.21 - - [25/Aug/2026:13:42:46 +0000] "GET /wp-content/plugins/essential-addons-elementor/includes/templates/ld-courses/layout__2.php HTTP/2.0" 200 70 "https://drhyperbaric.com/wp-content/plugins/essential-addons-elementor/includes/templates/ld-courses/" "Mozilla/5.0 AppleWebKit/537.36 (KHTML, like Gecko; compatible; GPTBot/1.4; +https://openai.com/gptbot)"
74.7.227.21 - - [25/Aug/2026:13:42:46 +0000] "GET /wp-content/themes/twentytwentyfive/styles/typography/typography-preset-3.json HTTP/2.0" 200 845 "https://drhyperbaric.com/wp-content/themes/twentytwentyfive/styles/typography/" "Mozilla/5.0 AppleWebKit/537.36 (KHTML, like Gecko; compatible; GPTBot/1.4; +https://openai.com/gptbot)"
74.7.227.21 - - [25/Aug/2026:13:42:47 +0000] "GET /wp-content/plugins/wordpress-importer/parsers/content.php HTTP/2.0" 404 0 "https://drhyperbaric.com/wp-content/plugins/wordpress-importer/parsers/" "Mozilla/5.0 AppleWebKit/537.36 (KHTML, like Gecko; compatible; GPTBot/1.4; +https://openai.com/gptbot)"
216.73.216.212 - - [25/Aug/2026:13:42:47 +0000] "GET /wp-includes/css/dist/list-reusable-blocks/style.min.css HTTP/2.0" 200 252 "-" "Mozilla/5.0 AppleWebKit/537.36 (KHTML, like Gecko; compatible; ClaudeBot/1.0; +claudebot@anthropic.com)"
74.7.227.21 - - [25/Aug/2026:13:42:47 +0000] "GET /wp-content/themes/twentytwentyfive/styles/typography/typography-preset-7.json HTTP/2.0" 200 1043 "https://drhyperbaric.com/wp-content/themes/twentytwentyfive/styles/typography/" "Mozilla/5.0 AppleWebKit/537.36 (KHTML, like Gecko; compatible; GPTBot/1.4; +https://openai.com/gptbot)"
74.7.227.21 - - [25/Aug/2026:13:42:48 +0000] "GET /wp-content/themes/twentytwentyfive/styles/typography/typography-preset-2.json HTTP/2.0" 200 687 "https://drhyperbaric.com/wp-content/themes/twentytwentyfive/styles/typography/" "Mozilla/5.0 AppleWebKit/537.36 (KHTML, like Gecko; compatible; GPTBot/1.4; +https://openai.com/gptbot)"
74.7.227.21 - - [25/Aug/2026:13:42:48 +0000] "GET /wp-content/themes/twentytwentyfive/styles/typography/typography-preset-6.json HTTP/2.0" 200 810 "https://drhyperbaric.com/wp-content/themes/twentytwentyfive/styles/typography/" "Mozilla/5.0 AppleWebKit/537.36 (KHTML, like Gecko; compatible; GPTBot/1.4; +https://openai.com/gptbot)"
74.7.227.21 - - [25/Aug/2026:13:42:49 +0000] "GET /wp-content/themes/twentytwentyfive/styles/typography/typography-preset-5.json HTTP/2.0" 200 961 "https://drhyperbaric.com/wp-content/themes/twentytwentyfive/styles/typography/" "Mozilla/5.0 AppleWebKit/537.36 (KHTML, like Gecko; compatible; GPTBot/1.4; +https://openai.com/gptbot)"
74.7.227.21 - - [25/Aug/2026:13:42:49 +0000] "GET /wp-content/themes/twentytwentyfive/styles/typography/typography-preset-4.json HTTP/2.0" 200 753 "https://drhyperbaric.com/wp-content/themes/twentytwentyfive/styles/typography/" "Mozilla/5.0 AppleWebKit/537.36 (KHTML, like Gecko; compatible; GPTBot/1.4; +https://openai.com/gptbot)"
74.7.227.21 - - [25/Aug/2026:13:42:50 +0000] "GET /wp-content/themes/twentytwentyfive/styles/typography/typography-preset-1.json HTTP/2.0" 200 943 "https://drhyperbaric.com/wp-content/themes/twentytwentyfive/styles/typography/" "Mozilla/5.0 AppleWebKit/537.36 (KHTML, like Gecko; compatible; GPTBot/1.4; +https://openai.com/gptbot)"
74.7.227.21 - - [25/Aug/2026:13:42:50 +0000] "GET /wp-includes/html-api/vdcfegz/nbpxzck/ HTTP/2.0" 200 393 "https://drhyperbaric.com/wp-includes/html-api/vdcfegz/" "Mozilla/5.0 AppleWebKit/537.36 (KHTML, like Gecko; compatible; GPTBot/1.4; +https://openai.com/gptbot)"
74.7.227.21 - - [25/Aug/2026:13:42:51 +0000] "GET /wp-content/plugins/essential-blocks/includes/Integrations/AssetGeneration.php HTTP/2.0" 500 0 "https://drhyperbaric.com/wp-content/plugins/essential-blocks/includes/Integrations/" "Mozilla/5.0 AppleWebKit/537.36 (KHTML, like Gecko; compatible; GPTBot/1.4; +https://openai.com/gptbot)"
74.7.227.21 - - [25/Aug/2026:13:42:51 +0000] "GET /wp-content/plugins/wp-reset/wf-flyout/ HTTP/2.0" 200 389 "https://drhyperbaric.com/wp-content/plugins/wp-reset/" "Mozilla/5.0 AppleWebKit/537.36 (KHTML, like Gecko; compatible; GPTBot/1.4; +https://openai.com/gptbot)"
216.73.216.212 - - [25/Aug/2026:13:42:52 +0000] "GET /wp-content/plugins/wordpress-seo/src/conditionals/deactivating-yoast-seo-conditional.php HTTP/2.0" 500 0 "-" "Mozilla/5.0 AppleWebKit/537.36 (KHTML, like Gecko; compatible; ClaudeBot/1.0; +claudebot@anthropic.com)"
74.7.227.21 - - [25/Aug/2026:13:42:52 +0000] "GET /wp-includes/blocks/ HTTP/2.0" 200 1783 "https://drhyperbaric.com/wp-includes/" "Mozilla/5.0 AppleWebKit/537.36 (KHTML, like Gecko; compatible; GPTBot/1.4; +https://openai.com/gptbot)"
74.7.227.21 - - [25/Aug/2026:13:42:53 +0000] "GET /wp-includes/build/ HTTP/2.0" 200 397 "https://drhyperbaric.com/wp-includes/" "Mozilla/5.0 AppleWebKit/537.36 (KHTML, like Gecko; compatible; GPTBot/1.4; +https://openai.com/gptbot)"
2a03:2880:f806:18:: - - [25/Aug/2026:13:42:53 +0000] "GET /?s0c1a1t1t3e6r4e3d4n4e2ss HTTP/2.0" 200 435 "-" "Mozilla/5.0 (Windows NT 10.0; Win64; x64) AppleWebKit/537.36 (KHTML, like Gecko) Chrome/145.0.0.0 Safari/537.36 (compatible; meta-externalagent/1.1 (+https://developers.facebook.com/docs/sharing/webmasters/crawler))"
74.7.227.21 - - [25/Aug/2026:13:42:53 +0000] "GET /wp-content/plugins/essential-blocks/includes/Modules/StyleHandler.php HTTP/2.0" 200 0 "https://drhyperbaric.com/wp-content/plugins/essential-blocks/includes/Modules/" "Mozilla/5.0 AppleWebKit/537.36 (KHTML, like Gecko; compatible; GPTBot/1.4; +https://openai.com/gptbot)"
74.7.227.21 - - [25/Aug/2026:13:42:54 +0000] "GET /wp-content/plugins/essential-blocks/includes/Blocks/Button.php HTTP/2.0" 500 0 "https://drhyperbaric.com/wp-content/plugins/essential-blocks/includes/Blocks/" "Mozilla/5.0 AppleWebKit/537.36 (KHTML, like Gecko; compatible; GPTBot/1.4; +https://openai.com/gptbot)"
74.7.227.21 - - [25/Aug/2026:13:42:54 +0000] "GET /wp-content/plugins/essential-blocks/includes/Blocks/Notice.php HTTP/2.0" 500 0 "https://drhyperbaric.com/wp-content/plugins/essential-blocks/includes/Blocks/" "Mozilla/5.0 AppleWebKit/537.36 (KHTML, like Gecko; compatible; GPTBot/1.4; +https://openai.com/gptbot)"
2a03:2880:f806:14:: - - [25/Aug/2026:13:42:55 +0000] "GET /?d6i3s9p0i0r2i6t5i2n0g HTTP/2.0" 200 435 "-" "Mozilla/5.0 (Windows NT 10.0; Win64; x64) AppleWebKit/537.36 (KHTML, like Gecko) Chrome/145.0.0.0 Safari/537.36 (compatible; meta-externalagent/1.1 (+https://developers.facebook.com/docs/sharing/webmasters/crawler))"
74.7.227.21 - - [25/Aug/2026:13:42:55 +0000] "GET /wp-content/plugins/essential-blocks/includes/Blocks/Wrapper.php HTTP/2.0" 500 0 "https://drhyperbaric.com/wp-content/plugins/essential-blocks/includes/Blocks/" "Mozilla/5.0 AppleWebKit/537.36 (KHTML, like Gecko; compatible; GPTBot/1.4; +https://openai.com/gptbot)"
74.7.227.21 - - [25/Aug/2026:13:42:56 +0000] "GET /wp-content/plugins/essential-addons-elementor/vendor/guzzlehttp/guzzle/LICENSE HTTP/2.0" 200 1111 "https://drhyperbaric.com/wp-content/plugins/essential-addons-elementor/vendor/guzzlehttp/guzzle/" "Mozilla/5.0 AppleWebKit/537.36 (KHTML, like Gecko; compatible; GPTBot/1.4; +https://openai.com/gptbot)"
216.73.216.212 - - [25/Aug/2026:13:42:57 +0000] "GET /wp-content/plugins/elementor/assets/shapes/waves-pattern.svg HTTP/2.0" 200 523 "-" "Mozilla/5.0 AppleWebKit/537.36 (KHTML, like Gecko; compatible; ClaudeBot/1.0; +claudebot@anthropic.com)"
74.7.227.21 - - [25/Aug/2026:13:42:58 +0000] "GET /wp-content/themes/twentytwentyfive/assets/images/hero-podcast.webp HTTP/2.0" 200 60794 "https://drhyperbaric.com/wp-content/themes/twentytwentyfive/assets/images/" "Mozilla/5.0 AppleWebKit/537.36 (KHTML, like Gecko; compatible; GPTBot/1.4; +https://openai.com/gptbot)"
74.7.227.21 - - [25/Aug/2026:13:42:59 +0000] "GET /wp-includes/php-ai-client/third-party/Nyholm/ HTTP/2.0" 200 395 "https://drhyperbaric.com/wp-includes/php-ai-client/third-party/" "Mozilla/5.0 AppleWebKit/537.36 (KHTML, like Gecko; compatible; GPTBot/1.4; +https://openai.com/gptbot)"
74.7.227.21 - - [25/Aug/2026:13:43:01 +0000] "GET /wp-includes/images/icon-library/breadcrumbs.svg HTTP/2.0" 200 147 "https://drhyperbaric.com/wp-includes/images/icon-library/" "Mozilla/5.0 AppleWebKit/537.36 (KHTML, like Gecko; compatible; GPTBot/1.4; +https://openai.com/gptbot)"
74.7.227.21 - - [25/Aug/2026:13:43:02 +0000] "GET /wp-includes/images/icon-library/superscript.svg HTTP/2.0" 200 271 "https://drhyperbaric.com/wp-includes/images/icon-library/" "Mozilla/5.0 AppleWebKit/537.36 (KHTML, like Gecko; compatible; GPTBot/1.4; +https://openai.com/gptbot)"
179.41.13.214 - - [25/Aug/2026:13:43:02 +0000] "GET /wp-login.php HTTP/2.0" 403 166 "-" "Mozilla/5.0 (Windows NT 10.0; Win64; x64) AppleWebKit/537.36 (KHTML, like Gecko) Chrome/151.0.0.0 Safari/537.36"
216.73.216.212 - - [25/Aug/2026:13:43:02 +0000] "GET /wp-content/plugins/wordpress-seo/css/dist/edit-page-2350.css HTTP/2.0" 200 268 "-" "Mozilla/5.0 AppleWebKit/537.36 (KHTML, like Gecko; compatible; ClaudeBot/1.0; +claudebot@anthropic.com)"
74.7.227.21 - - [25/Aug/2026:13:43:02 +0000] "GET /wp-includes/blocks/post-comments-count/ HTTP/2.0" 200 356 "https://drhyperbaric.com/wp-includes/blocks/" "Mozilla/5.0 AppleWebKit/537.36 (KHTML, like Gecko; compatible; GPTBot/1.4; +https://openai.com/gptbot)"
74.7.227.21 - - [25/Aug/2026:13:43:03 +0000] "GET /wp-includes/blocks/media-text/ HTTP/2.0" 200 453 "https://drhyperbaric.com/wp-includes/blocks/" "Mozilla/5.0 AppleWebKit/537.36 (KHTML, like Gecko; compatible; GPTBot/1.4; +https://openai.com/gptbot)"
74.7.227.21 - - [25/Aug/2026:13:43:03 +0000] "GET /wp-includes/blocks/post-excerpt/ HTTP/2.0" 200 396 "https://drhyperbaric.com/wp-includes/blocks/" "Mozilla/5.0 AppleWebKit/537.36 (KHTML, like Gecko; compatible; GPTBot/1.4; +https://openai.com/gptbot)"
2a03:2880:f806:2d:: - - [25/Aug/2026:13:43:03 +0000] "GET /a=19833218 HTTP/2.0" 404 265 "-" "Mozilla/5.0 (Windows NT 10.0; Win64; x64) AppleWebKit/537.36 (KHTML, like Gecko) Chrome/145.0.0.0 Safari/537.36 (compatible; meta-externalagent/1.1 (+https://developers.facebook.com/docs/sharing/webmasters/crawler))"
74.7.227.21 - - [25/Aug/2026:13:43:04 +0000] "GET /wp-includes/blocks/post-terms/ HTTP/2.0" 200 420 "https://drhyperbaric.com/wp-includes/blocks/" "Mozilla/5.0 AppleWebKit/537.36 (KHTML, like Gecko; compatible; GPTBot/1.4; +https://openai.com/gptbot)"
74.7.227.21 - - [25/Aug/2026:13:43:04 +0000] "GET /wp-includes/blocks/post-title/ HTTP/2.0" 200 453 "https://drhyperbaric.com/wp-includes/blocks/" "Mozilla/5.0 AppleWebKit/537.36 (KHTML, like Gecko; compatible; GPTBot/1.4; +https://openai.com/gptbot)"
74.7.227.21 - - [25/Aug/2026:13:43:05 +0000] "GET /wp-includes/blocks/post-time-to-read/ HTTP/2.0" 200 354 "https://drhyperbaric.com/wp-includes/blocks/" "Mozilla/5.0 AppleWebKit/537.36 (KHTML, like Gecko; compatible; GPTBot/1.4; +https://openai.com/gptbot)"
74.7.227.21 - - [25/Aug/2026:13:43:05 +0000] "GET /wp-includes/blocks/freeform/ HTTP/2.0" 200 393 "https://drhyperbaric.com/wp-includes/blocks/" "Mozilla/5.0 AppleWebKit/537.36 (KHTML, like Gecko; compatible; GPTBot/1.4; +https://openai.com/gptbot)"
74.7.227.21 - - [25/Aug/2026:13:43:06 +0000] "GET /wp-includes/blocks/post-navigation-link/ HTTP/2.0" 200 401 "https://drhyperbaric.com/wp-includes/blocks/" "Mozilla/5.0 AppleWebKit/537.36 (KHTML, like Gecko; compatible; GPTBot/1.4; +https://openai.com/gptbot)"
74.7.227.21 - - [25/Aug/2026:13:43:07 +0000] "GET /wp-includes/blocks/post-featured-image/ HTTP/2.0" 200 442 "https://drhyperbaric.com/wp-includes/blocks/" "Mozilla/5.0 AppleWebKit/537.36 (KHTML, like Gecko; compatible; GPTBot/1.4; +https://openai.com/gptbot)"
216.73.216.212 - - [25/Aug/2026:13:43:07 +0000] "GET /wp-content/plugins/wordpress-seo/src/helpers/score-icon-helper.php HTTP/2.0" 200 0 "-" "Mozilla/5.0 AppleWebKit/537.36 (KHTML, like Gecko; compatible; ClaudeBot/1.0; +claudebot@anthropic.com)"
74.7.227.21 - - [25/Aug/2026:13:43:07 +0000] "GET /wp-includes/blocks/accordion-item/ HTTP/2.0" 200 472 "https://drhyperbaric.com/wp-includes/blocks/" "Mozilla/5.0 AppleWebKit/537.36 (KHTML, like Gecko; compatible; GPTBot/1.4; +https://openai.com/gptbot)"
74.7.227.21 - - [25/Aug/2026:13:43:08 +0000] "GET /wp-includes/blocks/comments-pagination-previous/ HTTP/2.0" 200 363 "https://drhyperbaric.com/wp-includes/blocks/" "Mozilla/5.0 AppleWebKit/537.36 (KHTML, like Gecko; compatible; GPTBot/1.4; +https://openai.com/gptbot)"
74.7.227.21 - - [25/Aug/2026:13:43:08 +0000] "GET /wp-includes/blocks/post-template/ HTTP/2.0" 200 425 "https://drhyperbaric.com/wp-includes/blocks/" "Mozilla/5.0 AppleWebKit/537.36 (KHTML, like Gecko; compatible; GPTBot/1.4; +https://openai.com/gptbot)"
74.7.227.21 - - [25/Aug/2026:13:43:09 +0000] "GET /wp-includes/blocks/query-pagination-numbers/ HTTP/2.0" 200 403 "https://drhyperbaric.com/wp-includes/blocks/" "Mozilla/5.0 AppleWebKit/537.36 (KHTML, like Gecko; compatible; GPTBot/1.4; +https://openai.com/gptbot)"
74.7.227.21 - - [25/Aug/2026:13:43:09 +0000] "GET /wp-includes/blocks/query-pagination-previous/ HTTP/2.0" 200 402 "https://drhyperbaric.com/wp-includes/blocks/" "Mozilla/5.0 AppleWebKit/537.36 (KHTML, like Gecko; compatible; GPTBot/1.4; +https://openai.com/gptbot)"
74.7.227.21 - - [25/Aug/2026:13:43:10 +0000] "GET /wp-includes/blocks/post-author-biography/ HTTP/2.0" 200 502 "https://drhyperbaric.com/wp-includes/blocks/" "Mozilla/5.0 AppleWebKit/537.36 (KHTML, like Gecko; compatible; GPTBot/1.4; +https://openai.com/gptbot)"
74.7.227.21 - - [25/Aug/2026:13:43:10 +0000] "GET /wp-includes/blocks/post-title/block.json HTTP/2.0" 200 656 "https://drhyperbaric.com/wp-includes/blocks/post-title/" "Mozilla/5.0 AppleWebKit/537.36 (KHTML, like Gecko; compatible; GPTBot/1.4; +https://openai.com/gptbot)"
74.7.227.21 - - [25/Aug/2026:13:43:11 +0000] "GET /wp-includes/blocks/navigation-overlay-close/ HTTP/2.0" 200 465 "https://drhyperbaric.com/wp-includes/blocks/" "Mozilla/5.0 AppleWebKit/537.36 (KHTML, like Gecko; compatible; GPTBot/1.4; +https://openai.com/gptbot)"
74.7.227.21 - - [25/Aug/2026:13:43:11 +0000] "GET /wp-includes/blocks/html/ HTTP/2.0" 200 343 "https://drhyperbaric.com/wp-includes/blocks/" "Mozilla/5.0 AppleWebKit/537.36 (KHTML, like Gecko; compatible; GPTBot/1.4; +https://openai.com/gptbot)"
74.7.227.21 - - [25/Aug/2026:13:43:12 +0000] "GET /wp-includes/blocks/comments-pagination-numbers/ HTTP/2.0" 200 405 "https://drhyperbaric.com/wp-includes/blocks/" "Mozilla/5.0 AppleWebKit/537.36 (KHTML, like Gecko; compatible; GPTBot/1.4; +https://openai.com/gptbot)"
216.73.216.212 - - [25/Aug/2026:13:43:12 +0000] "GET /wp-content/plugins/loginpress/css/themes/?path=%2F%2Fscripts HTTP/2.0" 200 545 "-" "Mozilla/5.0 AppleWebKit/537.36 (KHTML, like Gecko; compatible; ClaudeBot/1.0; +claudebot@anthropic.com)"
74.7.227.21 - - [25/Aug/2026:13:43:12 +0000] "GET /wp-includes/blocks/query-pagination-next/ HTTP/2.0" 200 358 "https://drhyperbaric.com/wp-includes/blocks/" "Mozilla/5.0 AppleWebKit/537.36 (KHTML, like Gecko; compatible; GPTBot/1.4; +https://openai.com/gptbot)"
74.7.227.21 - - [25/Aug/2026:13:43:13 +0000] "GET /wp-includes/blocks/read-more/ HTTP/2.0" 200 390 "https://drhyperbaric.com/wp-includes/blocks/" "Mozilla/5.0 AppleWebKit/537.36 (KHTML, like Gecko; compatible; GPTBot/1.4; +https://openai.com/gptbot)"
74.7.227.21 - - [25/Aug/2026:13:43:13 +0000] "GET /wp-includes/blocks/archives/ HTTP/2.0" 200 422 "https://drhyperbaric.com/wp-includes/blocks/" "Mozilla/5.0 AppleWebKit/537.36 (KHTML, like Gecko; compatible; GPTBot/1.4; +https://openai.com/gptbot)"
74.7.227.21 - - [25/Aug/2026:13:43:14 +0000] "GET /wp-includes/blocks/list-item/ HTTP/2.0" 200 389 "https://drhyperbaric.com/wp-includes/blocks/" "Mozilla/5.0 AppleWebKit/537.36 (KHTML, like Gecko; compatible; GPTBot/1.4; +https://openai.com/gptbot)"
74.7.227.21 - - [25/Aug/2026:13:43:14 +0000] "GET /wp-includes/blocks/page-list-item/ HTTP/2.0" 200 394 "https://drhyperbaric.com/wp-includes/blocks/" "Mozilla/5.0 AppleWebKit/537.36 (KHTML, like Gecko; compatible; GPTBot/1.4; +https://openai.com/gptbot)"
74.7.227.21 - - [25/Aug/2026:13:43:15 +0000] "GET /wp-includes/blocks/query-pagination-previous/block.json HTTP/2.0" 200 487 "https://drhyperbaric.com/wp-includes/blocks/query-pagination-previous/" "Mozilla/5.0 AppleWebKit/537.36 (KHTML, like Gecko; compatible; GPTBot/1.4; +https://openai.com/gptbot)"
74.7.227.21 - - [25/Aug/2026:13:43:15 +0000] "GET /wp-includes/blocks/post-author-biography/radio.php HTTP/2.0" 200 28 "https://drhyperbaric.com/wp-includes/blocks/post-author-biography/" "Mozilla/5.0 AppleWebKit/537.36 (KHTML, like Gecko; compatible; GPTBot/1.4; +https://openai.com/gptbot)"
74.7.227.21 - - [25/Aug/2026:13:43:16 +0000] "GET /wp-includes/blocks/post-author-biography/block.json HTTP/2.0" 200 498 "https://drhyperbaric.com/wp-includes/blocks/post-author-biography/" "Mozilla/5.0 AppleWebKit/537.36 (KHTML, like Gecko; compatible; GPTBot/1.4; +https://openai.com/gptbot)"
74.7.227.21 - - [25/Aug/2026:13:43:17 +0000] "GET /wp-includes/blocks/navigation-overlay-close/block.json HTTP/2.0" 200 474 "https://drhyperbaric.com/wp-includes/blocks/navigation-overlay-close/" "Mozilla/5.0 AppleWebKit/537.36 (KHTML, like Gecko; compatible; GPTBot/1.4; +https://openai.com/gptbot)"
216.73.216.212 - - [25/Aug/2026:13:43:17 +0000] "GET /wp-content/plugins/about.php?delete=%2F%2Fafs HTTP/2.0" 404 265 "-" "Mozilla/5.0 AppleWebKit/537.36 (KHTML, like Gecko; compatible; ClaudeBot/1.0; +claudebot@anthropic.com)"
74.7.227.21 - - [25/Aug/2026:13:43:17 +0000] "GET /wp-includes/blocks/buttons/ HTTP/2.0" 200 463 "https://drhyperbaric.com/wp-includes/blocks/" "Mozilla/5.0 AppleWebKit/537.36 (KHTML, like Gecko; compatible; GPTBot/1.4; +https://openai.com/gptbot)"
74.7.227.21 - - [25/Aug/2026:13:43:18 +0000] "GET /wp-includes/blocks/post-author-name/ HTTP/2.0" 200 406 "https://drhyperbaric.com/wp-includes/blocks/" "Mozilla/5.0 AppleWebKit/537.36 (KHTML, like Gecko; compatible; GPTBot/1.4; +https://openai.com/gptbot)"
74.7.227.21 - - [25/Aug/2026:13:43:18 +0000] "GET /wp-includes/blocks/post-author/ HTTP/2.0" 200 523 "https://drhyperbaric.com/wp-includes/blocks/" "Mozilla/5.0 AppleWebKit/537.36 (KHTML, like Gecko; compatible; GPTBot/1.4; +https://openai.com/gptbot)"
74.7.227.21 - - [25/Aug/2026:13:43:19 +0000] "GET /wp-includes/blocks/read-more/block.json HTTP/2.0" 200 534 "https://drhyperbaric.com/wp-includes/blocks/read-more/" "Mozilla/5.0 AppleWebKit/537.36 (KHTML, like Gecko; compatible; GPTBot/1.4; +https://openai.com/gptbot)"
74.7.227.21 - - [25/Aug/2026:13:43:19 +0000] "GET /wp-includes/blocks/navigation-submenu/ HTTP/2.0" 200 355 "https://drhyperbaric.com/wp-includes/blocks/" "Mozilla/5.0 AppleWebKit/537.36 (KHTML, like Gecko; compatible; GPTBot/1.4; +https://openai.com/gptbot)"
74.7.227.21 - - [25/Aug/2026:13:43:20 +0000] "GET /wp-includes/blocks/list-item/block.json HTTP/2.0" 200 578 "https://drhyperbaric.com/wp-includes/blocks/list-item/" "Mozilla/5.0 AppleWebKit/537.36 (KHTML, like Gecko; compatible; GPTBot/1.4; +https://openai.com/gptbot)"
74.7.227.21 - - [25/Aug/2026:13:43:20 +0000] "GET /wp-includes/blocks/page-list-item/block.json HTTP/2.0" 200 520 "https://drhyperbaric.com/wp-includes/blocks/page-list-item/" "Mozilla/5.0 AppleWebKit/537.36 (KHTML, like Gecko; compatible; GPTBot/1.4; +https://openai.com/gptbot)"
74.7.227.21 - - [25/Aug/2026:13:43:21 +0000] "GET /wp-includes/images/icon-library/institution.svg HTTP/2.0" 200 252 "https://drhyperbaric.com/wp-includes/images/icon-library/" "Mozilla/5.0 AppleWebKit/537.36 (KHTML, like Gecko; compatible; GPTBot/1.4; +https://openai.com/gptbot)"
