74.7.227.21 - - [25/Aug/2026:13:30:02 +0000] "GET /wp-content/themes/twentytwentytwo/inc/patterns/header-small-dark.php HTTP/2.0" 500 0 "https://drhyperbaric.com/wp-content/themes/twentytwentytwo/inc/patterns/" "Mozilla/5.0 AppleWebKit/537.36 (KHTML, like Gecko; compatible; GPTBot/1.4; +https://openai.com/gptbot)"
2a03:2880:f806:11:: - - [25/Aug/2026:13:30:06 +0000] "GET /?r4u1i8n7o9u6s4l4y398 HTTP/2.0" 200 435 "-" "Mozilla/5.0 (Macintosh; Intel Mac OS X 10_15_7) AppleWebKit/537.36 (KHTML, like Gecko) Chrome/145.0.0.0 Safari/537.36 (compatible; meta-externalagent/1.1 (+https://developers.facebook.com/docs/sharing/webmasters/crawler))"
74.7.227.21 - - [25/Aug/2026:13:30:18 +0000] "GET /wp-admin/network/ HTTP/2.0" 200 377 "https://drhyperbaric.com/wp-admin/" "Mozilla/5.0 AppleWebKit/537.36 (KHTML, like Gecko; compatible; GPTBot/1.4; +https://openai.com/gptbot)"
74.7.227.21 - - [25/Aug/2026:13:30:39 +0000] "GET /wp-content/themes/twentytwentyfour/patterns/text-feature-grid-3-col.php HTTP/2.0" 200 389 "https://drhyperbaric.com/wp-content/themes/twentytwentyfour/patterns/" "Mozilla/5.0 AppleWebKit/537.36 (KHTML, like Gecko; compatible; GPTBot/1.4; +https://openai.com/gptbot)"
2a03:2880:f806:30:: - - [25/Aug/2026:13:30:46 +0000] "GET /?g9e1o1t9i3c551433 HTTP/2.0" 200 435 "-" "Mozilla/5.0 (Macintosh; Intel Mac OS X 10_15_7) AppleWebKit/537.36 (KHTML, like Gecko) Chrome/145.0.0.0 Safari/537.36 (compatible; meta-externalagent/1.1 (+https://developers.facebook.com/docs/sharing/webmasters/crawler))"
74.7.227.21 - - [25/Aug/2026:13:30:55 +0000] "GET /wp-content/themes/twentytwentyfour/patterns/posts-images-only-offset-4-col.php HTTP/2.0" 200 640 "https://drhyperbaric.com/wp-content/themes/twentytwentyfour/patterns/" "Mozilla/5.0 AppleWebKit/537.36 (KHTML, like Gecko; compatible; GPTBot/1.4; +https://openai.com/gptbot)"
38.44.30.135 - - [25/Aug/2026:13:31:08 +0000] "GET /a=218065521 HTTP/2.0" 404 265 "-" "Mozilla/5.0 (Windows NT 10.0; Win64; x64) AppleWebKit/537.36 (KHTML, like Gecko) Chrome/126.0.6478.55 Safari/537.36"
74.7.227.21 - - [25/Aug/2026:13:31:09 +0000] "GET /wp-content/themes/twentytwentyfour/patterns/posts-images-only-3-col.php HTTP/2.0" 200 646 "https://drhyperbaric.com/wp-content/themes/twentytwentyfour/patterns/" "Mozilla/5.0 AppleWebKit/537.36 (KHTML, like Gecko; compatible; GPTBot/1.4; +https://openai.com/gptbot)"
2a03:2880:f806:1a:: - - [25/Aug/2026:13:31:19 +0000] "GET /?r2e4m1a2r0k898491 HTTP/2.0" 200 435 "-" "Mozilla/5.0 (X11; Linux x86_64) AppleWebKit/537.36 (KHTML, like Gecko) Chrome/145.0.0.0 Safari/537.36 (compatible; meta-externalagent/1.1 (+https://developers.facebook.com/docs/sharing/webmasters/crawler))"
74.7.227.21 - - [25/Aug/2026:13:31:20 +0000] "GET /wp-content/themes/twentytwentyfour/patterns/page-home-portfolio-gallery.php HTTP/2.0" 200 118 "https://drhyperbaric.com/wp-content/themes/twentytwentyfour/patterns/" "Mozilla/5.0 AppleWebKit/537.36 (KHTML, like Gecko; compatible; GPTBot/1.4; +https://openai.com/gptbot)"
2a03:2880:f806:27:: - - [25/Aug/2026:13:31:20 +0000] "GET /?l5a1e6v2u6l9i3n8i5c89 HTTP/2.0" 200 435 "-" "Mozilla/5.0 (Windows NT 10.0; Win64; x64) AppleWebKit/537.36 (KHTML, like Gecko) Chrome/145.0.0.0 Safari/537.36 (compatible; meta-externalagent/1.1 (+https://developers.facebook.com/docs/sharing/webmasters/crawler))"
74.7.227.21 - - [25/Aug/2026:13:31:28 +0000] "GET /wp-content/themes/twentytwentyfour/assets/images/ HTTP/2.0" 200 478 "https://drhyperbaric.com/wp-content/themes/twentytwentyfour/assets/" "Mozilla/5.0 AppleWebKit/537.36 (KHTML, like Gecko; compatible; GPTBot/1.4; +https://openai.com/gptbot)"
74.7.227.21 - - [25/Aug/2026:13:31:35 +0000] "GET /wp-content/themes/twentytwentyfive/patterns/page-landing-podcast.php HTTP/2.0" 200 134 "https://drhyperbaric.com/wp-content/themes/twentytwentyfive/patterns/" "Mozilla/5.0 AppleWebKit/537.36 (KHTML, like Gecko; compatible; GPTBot/1.4; +https://openai.com/gptbot)"
2a03:2880:f806:1d:: - - [25/Aug/2026:13:31:39 +0000] "GET /?y=29997189199205 HTTP/2.0" 200 435 "-" "Mozilla/5.0 (Windows NT 10.0; Win64; x64) AppleWebKit/537.36 (KHTML, like Gecko) Chrome/145.0.0.0 Safari/537.36 (compatible; meta-externalagent/1.1 (+https://developers.facebook.com/docs/sharing/webmasters/crawler))"
74.7.227.21 - - [25/Aug/2026:13:31:41 +0000] "GET /wp-content/plugins/essential-addons-elementor/includes/Elements/ HTTP/2.0" 200 370 "https://drhyperbaric.com/wp-content/plugins/essential-addons-elementor/includes/" "Mozilla/5.0 AppleWebKit/537.36 (KHTML, like Gecko; compatible; GPTBot/1.4; +https://openai.com/gptbot)"
74.7.227.21 - - [25/Aug/2026:13:31:46 +0000] "GET /wp-content/plugins/essential-addons-elementor/vendor/guzzlehttp/promises/CHANGELOG.md HTTP/2.0" 200 1130 "https://drhyperbaric.com/wp-content/plugins/essential-addons-elementor/vendor/guzzlehttp/promises/" "Mozilla/5.0 AppleWebKit/537.36 (KHTML, like Gecko; compatible; GPTBot/1.4; +https://openai.com/gptbot)"
74.7.227.21 - - [25/Aug/2026:13:31:49 +0000] "GET /wp-content/themes/twentytwentytwo/inc/patterns/footer-logo.php HTTP/2.0" 500 0 "https://drhyperbaric.com/wp-content/themes/twentytwentytwo/inc/patterns/" "Mozilla/5.0 AppleWebKit/537.36 (KHTML, like Gecko; compatible; GPTBot/1.4; +https://openai.com/gptbot)"
74.7.227.21 - - [25/Aug/2026:13:31:52 +0000] "GET /wp-content/themes/twentytwentytwo/inc/patterns/query-large-titles.php HTTP/2.0" 500 0 "https://drhyperbaric.com/wp-content/themes/twentytwentytwo/inc/patterns/" "Mozilla/5.0 AppleWebKit/537.36 (KHTML, like Gecko; compatible; GPTBot/1.4; +https://openai.com/gptbot)"
74.7.227.21 - - [25/Aug/2026:13:31:56 +0000] "GET /wp-admin/network/296725/ HTTP/2.0" 200 346 "https://drhyperbaric.com/wp-admin/network/" "Mozilla/5.0 AppleWebKit/537.36 (KHTML, like Gecko; compatible; GPTBot/1.4; +https://openai.com/gptbot)"
2a03:2880:f810:4c:: - - [25/Aug/2026:13:31:56 +0000] "GET / HTTP/2.0" 200 435 "-" "facebookexternalhit/1.1 (+http://www.facebook.com/externalhit_uatext.php)"
74.7.227.21 - - [25/Aug/2026:13:32:02 +0000] "GET /wp-content/themes/twentytwentytwo/inc/patterns/footer-dark.php HTTP/2.0" 500 0 "https://drhyperbaric.com/wp-content/themes/twentytwentytwo/inc/patterns/" "Mozilla/5.0 AppleWebKit/537.36 (KHTML, like Gecko; compatible; GPTBot/1.4; +https://openai.com/gptbot)"
74.7.227.21 - - [25/Aug/2026:13:32:07 +0000] "GET /wp-content/themes/twentytwentytwo/inc/patterns/hidden-bird.php HTTP/2.0" 500 0 "https://drhyperbaric.com/wp-content/themes/twentytwentytwo/inc/patterns/" "Mozilla/5.0 AppleWebKit/537.36 (KHTML, like Gecko; compatible; GPTBot/1.4; +https://openai.com/gptbot)"
74.7.227.21 - - [25/Aug/2026:13:32:15 +0000] "GET /wp-content/themes/twentytwentyfive/assets/images/services-subscriber-photo.webp HTTP/2.0" 200 52542 "https://drhyperbaric.com/wp-content/themes/twentytwentyfive/assets/images/" "Mozilla/5.0 AppleWebKit/537.36 (KHTML, like Gecko; compatible; GPTBot/1.4; +https://openai.com/gptbot)"
2a03:2880:f806:: - - [25/Aug/2026:13:32:17 +0000] "GET / HTTP/2.0" 200 435 "-" "facebookexternalhit/1.1 (+http://www.facebook.com/externalhit_uatext.php)"
74.7.227.21 - - [25/Aug/2026:13:32:26 +0000] "GET /wp-content/plugins/essential-addons-elementor/includes/Classes/License/PluginUpdater.php HTTP/2.0" 200 0 "https://drhyperbaric.com/wp-content/plugins/essential-addons-elementor/includes/Classes/License/" "Mozilla/5.0 AppleWebKit/537.36 (KHTML, like Gecko; compatible; GPTBot/1.4; +https://openai.com/gptbot)"
74.7.227.21 - - [25/Aug/2026:13:32:35 +0000] "GET /wp-content/themes/twentytwentyfour/assets/images/icon-message.webp HTTP/2.0" 200 1258 "https://drhyperbaric.com/wp-content/themes/twentytwentyfour/assets/images/" "Mozilla/5.0 AppleWebKit/537.36 (KHTML, like Gecko; compatible; GPTBot/1.4; +https://openai.com/gptbot)"
74.7.227.21 - - [25/Aug/2026:13:32:43 +0000] "GET /wp-content/themes/twentytwentyfour/assets/images/windows.webp HTTP/2.0" 200 126244 "https://drhyperbaric.com/wp-content/themes/twentytwentyfour/assets/images/" "Mozilla/5.0 AppleWebKit/537.36 (KHTML, like Gecko; compatible; GPTBot/1.4; +https://openai.com/gptbot)"
74.7.227.21 - - [25/Aug/2026:13:32:48 +0000] "GET /wp-content/plugins/essential-addons-elementor/vendor/guzzlehttp/promises/LICENSE HTTP/2.0" 200 1116 "https://drhyperbaric.com/wp-content/plugins/essential-addons-elementor/vendor/guzzlehttp/promises/" "Mozilla/5.0 AppleWebKit/537.36 (KHTML, like Gecko; compatible; GPTBot/1.4; +https://openai.com/gptbot)"
51.89.15.50 - - [25/Aug/2026:13:32:51 +0000] "GET /images/images/cache.php HTTP/2.0" 404 265 "-" "Mozilla/5.0 (Macintosh; Intel Mac OS X 10_15_7) AppleWebKit/537.36 (KHTML, like Gecko) Chrome/146.0.0.0 Safari/537.36"
74.7.227.21 - - [25/Aug/2026:13:32:53 +0000] "GET /wp-content/themes/twentytwentyfive/assets/images/botany-flowers.webp HTTP/2.0" 200 99800 "https://drhyperbaric.com/wp-content/themes/twentytwentyfive/assets/images/" "Mozilla/5.0 AppleWebKit/537.36 (KHTML, like Gecko; compatible; GPTBot/1.4; +https://openai.com/gptbot)"
51.89.15.50 - - [25/Aug/2026:13:32:56 +0000] "GET /assets/images/accesson.php HTTP/2.0" 404 265 "-" "Mozilla/5.0 (X11; Linux x86_64) AppleWebKit/537.36 (KHTML, like Gecko) Chrome/147.0.0.0 Safari/537.36"
74.7.227.21 - - [25/Aug/2026:13:32:57 +0000] "GET /wp-content/themes/twentytwentyfive/patterns/header.php HTTP/2.0" 200 395 "https://drhyperbaric.com/wp-content/themes/twentytwentyfive/patterns/" "Mozilla/5.0 AppleWebKit/537.36 (KHTML, like Gecko; compatible; GPTBot/1.4; +https://openai.com/gptbot)"
74.7.227.21 - - [25/Aug/2026:13:33:00 +0000] "GET /wp-content/themes/twentytwentyfour/patterns/footer.php HTTP/2.0" 200 593 "https://drhyperbaric.com/wp-content/themes/twentytwentyfour/patterns/" "Mozilla/5.0 AppleWebKit/537.36 (KHTML, like Gecko; compatible; GPTBot/1.4; +https://openai.com/gptbot)"
74.7.227.21 - - [25/Aug/2026:13:33:02 +0000] "GET /wp-content/plugins/essential-addons-for-elementor-lite/vendor/composer/autoload_psr4.php HTTP/2.0" 200 0 "https://drhyperbaric.com/wp-content/plugins/essential-addons-for-elementor-lite/vendor/composer/" "Mozilla/5.0 AppleWebKit/537.36 (KHTML, like Gecko; compatible; GPTBot/1.4; +https://openai.com/gptbot)"
51.89.15.50 - - [25/Aug/2026:13:33:04 +0000] "GET /wp-admin/js/js/cache.php HTTP/2.0" 404 265 "-" "Mozilla/5.0 (Windows NT 10.0; Win64; x64; rv:149.0) Gecko/20100101 Firefox/149.0"
74.7.227.21 - - [25/Aug/2026:13:33:04 +0000] "GET /wp-content/themes/twentytwentyfour/assets/images/museum.webp HTTP/2.0" 200 123690 "https://drhyperbaric.com/wp-content/themes/twentytwentyfour/assets/images/" "Mozilla/5.0 AppleWebKit/537.36 (KHTML, like Gecko; compatible; GPTBot/1.4; +https://openai.com/gptbot)"
74.7.227.21 - - [25/Aug/2026:13:33:05 +0000] "GET /wp-includes/html-api/vdcfegz/ HTTP/2.0" 200 386 "https://drhyperbaric.com/wp-includes/html-api/" "Mozilla/5.0 AppleWebKit/537.36 (KHTML, like Gecko; compatible; GPTBot/1.4; +https://openai.com/gptbot)"
74.7.227.21 - - [25/Aug/2026:13:33:07 +0000] "GET /wp-content/plugins/essential-addons-for-elementor-lite/vendor/composer/ClassLoader.php HTTP/2.0" 200 0 "https://drhyperbaric.com/wp-content/plugins/essential-addons-for-elementor-lite/vendor/composer/" "Mozilla/5.0 AppleWebKit/537.36 (KHTML, like Gecko; compatible; GPTBot/1.4; +https://openai.com/gptbot)"
157.55.39.197 - - [25/Aug/2026:13:33:07 +0000] "GET /?y=0029953688902 HTTP/2.0" 200 435 "-" "Mozilla/5.0 AppleWebKit/537.36 (KHTML, like Gecko; compatible; bingbot/2.0; +http://www.bing.com/bingbot.htm) Chrome/116.0.1938.76 Safari/537.36"
74.7.227.21 - - [25/Aug/2026:13:33:08 +0000] "GET /wp-content/themes/twentytwentyfive/patterns/logos.php HTTP/2.0" 200 275 "https://drhyperbaric.com/wp-content/themes/twentytwentyfive/patterns/" "Mozilla/5.0 AppleWebKit/537.36 (KHTML, like Gecko; compatible; GPTBot/1.4; +https://openai.com/gptbot)"
74.7.227.21 - - [25/Aug/2026:13:33:08 +0000] "GET /wp-content/plugins/essential-addons-elementor/includes/Template/Post-List/default.php HTTP/2.0" 200 0 "https://drhyperbaric.com/wp-content/plugins/essential-addons-elementor/includes/Template/Post-List/" "Mozilla/5.0 AppleWebKit/537.36 (KHTML, like Gecko; compatible; GPTBot/1.4; +https://openai.com/gptbot)"
74.7.227.21 - - [25/Aug/2026:13:33:09 +0000] "GET /wp-content/themes/twentytwentyfive/styles/04-afternoon.json HTTP/2.0" 200 1241 "https://drhyperbaric.com/wp-content/themes/twentytwentyfive/styles/" "Mozilla/5.0 AppleWebKit/537.36 (KHTML, like Gecko; compatible; GPTBot/1.4; +https://openai.com/gptbot)"
74.7.227.21 - - [25/Aug/2026:13:33:10 +0000] "GET /wp-content/plugins/essential-addons-elementor/vendor/composer/ClassLoader.php HTTP/2.0" 200 0 "https://drhyperbaric.com/wp-content/plugins/essential-addons-elementor/vendor/composer/" "Mozilla/5.0 AppleWebKit/537.36 (KHTML, like Gecko; compatible; GPTBot/1.4; +https://openai.com/gptbot)"
74.7.227.21 - - [25/Aug/2026:13:33:10 +0000] "GET /wp-content/plugins/essential-addons-elementor/includes/Template/Post-Block/default.php HTTP/2.0" 200 0 "https://drhyperbaric.com/wp-content/plugins/essential-addons-elementor/includes/Template/Post-Block/" "Mozilla/5.0 AppleWebKit/537.36 (KHTML, like Gecko; compatible; GPTBot/1.4; +https://openai.com/gptbot)"
74.7.227.21 - - [25/Aug/2026:13:33:11 +0000] "GET /wp-content/plugins/essential-addons-elementor/includes/Template/Post-Carousel/default.php HTTP/2.0" 200 0 "https://drhyperbaric.com/wp-content/plugins/essential-addons-elementor/includes/Template/Post-Carousel/" "Mozilla/5.0 AppleWebKit/537.36 (KHTML, like Gecko; compatible; GPTBot/1.4; +https://openai.com/gptbot)"
74.7.227.21 - - [25/Aug/2026:13:33:11 +0000] "GET /wp-content/themes/twentytwentyfive/patterns/cta-grid-products-link.php HTTP/2.0" 200 322 "https://drhyperbaric.com/wp-content/themes/twentytwentyfive/patterns/" "Mozilla/5.0 AppleWebKit/537.36 (KHTML, like Gecko; compatible; GPTBot/1.4; +https://openai.com/gptbot)"
74.7.227.21 - - [25/Aug/2026:13:33:12 +0000] "GET /wp-content/plugins/essential-addons-for-elementor-lite/vendor/composer/LICENSE HTTP/2.0" 200 1070 "https://drhyperbaric.com/wp-content/plugins/essential-addons-for-elementor-lite/vendor/composer/" "Mozilla/5.0 AppleWebKit/537.36 (KHTML, like Gecko; compatible; GPTBot/1.4; +https://openai.com/gptbot)"
74.7.227.21 - - [25/Aug/2026:13:33:12 +0000] "GET /wp-content/plugins/essential-addons-elementor/vendor/guzzlehttp/psr7/src/StreamDecoratorTrait.php HTTP/2.0" 200 0 "https://drhyperbaric.com/wp-content/plugins/essential-addons-elementor/vendor/guzzlehttp/psr7/src/" "Mozilla/5.0 AppleWebKit/537.36 (KHTML, like Gecko; compatible; GPTBot/1.4; +https://openai.com/gptbot)"
74.7.227.21 - - [25/Aug/2026:13:33:13 +0000] "GET /wp-content/themes/twentytwentyfive/styles/blocks/03-annotation.json HTTP/2.0" 200 376 "https://drhyperbaric.com/wp-content/themes/twentytwentyfive/styles/blocks/" "Mozilla/5.0 AppleWebKit/537.36 (KHTML, like Gecko; compatible; GPTBot/1.4; +https://openai.com/gptbot)"
74.7.227.21 - - [25/Aug/2026:13:33:13 +0000] "GET /wp-content/themes/twentytwentyfive/styles/colors/04-afternoon.json HTTP/2.0" 200 490 "https://drhyperbaric.com/wp-content/themes/twentytwentyfive/styles/colors/" "Mozilla/5.0 AppleWebKit/537.36 (KHTML, like Gecko; compatible; GPTBot/1.4; +https://openai.com/gptbot)"
74.7.227.21 - - [25/Aug/2026:13:33:14 +0000] "GET /wp-content/plugins/essential-addons-elementor/assets/admin/images/layout-previews/post-carousel-three.png HTTP/2.0" 200 1776 "https://drhyperbaric.com/wp-content/plugins/essential-addons-elementor/assets/admin/images/layout-previews/" "Mozilla/5.0 AppleWebKit/537.36 (KHTML, like Gecko; compatible; GPTBot/1.4; +https://openai.com/gptbot)"
74.7.227.21 - - [25/Aug/2026:13:33:14 +0000] "GET /wp-content/plugins/essential-addons-for-elementor-lite/vendor/composer/InstalledVersions.php HTTP/2.0" 200 0 "https://drhyperbaric.com/wp-content/plugins/essential-addons-for-elementor-lite/vendor/composer/" "Mozilla/5.0 AppleWebKit/537.36 (KHTML, like Gecko; compatible; GPTBot/1.4; +https://openai.com/gptbot)"
74.7.227.21 - - [25/Aug/2026:13:33:15 +0000] "GET /wp-content/plugins/essential-addons-elementor/vendor/google/apiclient-services/src/Google/Service/ HTTP/2.0" 200 431 "https://drhyperbaric.com/wp-content/plugins/essential-addons-elementor/vendor/google/apiclient-services/src/Google/" "Mozilla/5.0 AppleWebKit/537.36 (KHTML, like Gecko; compatible; GPTBot/1.4; +https://openai.com/gptbot)"
74.7.227.21 - - [25/Aug/2026:13:33:15 +0000] "GET /wp-content/themes/twentytwentyfive/patterns/testimonials-2-col.php HTTP/2.0" 200 423 "https://drhyperbaric.com/wp-content/themes/twentytwentyfive/patterns/" "Mozilla/5.0 AppleWebKit/537.36 (KHTML, like Gecko; compatible; GPTBot/1.4; +https://openai.com/gptbot)"
74.7.227.21 - - [25/Aug/2026:13:33:16 +0000] "GET /wp-content/themes/twentytwentytwo/assets/fonts/source-serif-pro/ HTTP/2.0" 200 367 "https://drhyperbaric.com/wp-content/themes/twentytwentytwo/assets/fonts/" "Mozilla/5.0 AppleWebKit/537.36 (KHTML, like Gecko; compatible; GPTBot/1.4; +https://openai.com/gptbot)"
74.7.227.21 - - [25/Aug/2026:13:33:17 +0000] "GET /wp-content/plugins/essential-addons-elementor/assets/admin/images/layout-previews/post-carousel-two.png HTTP/2.0" 200 1856 "https://drhyperbaric.com/wp-content/plugins/essential-addons-elementor/assets/admin/images/layout-previews/" "Mozilla/5.0 AppleWebKit/537.36 (KHTML, like Gecko; compatible; GPTBot/1.4; +https://openai.com/gptbot)"
74.7.227.21 - - [25/Aug/2026:13:33:17 +0000] "GET /wp-includes/images/ HTTP/2.0" 200 435 "https://drhyperbaric.com/wp-includes/" "Mozilla/5.0 AppleWebKit/537.36 (KHTML, like Gecko; compatible; GPTBot/1.4; +https://openai.com/gptbot)"
2a03:2880:f806:3:: - - [25/Aug/2026:13:33:17 +0000] "GET /?d5e3m9o7c6r4a8c7y970 HTTP/2.0" 200 435 "-" "Mozilla/5.0 (Macintosh; Intel Mac OS X 10_15_7) AppleWebKit/537.36 (KHTML, like Gecko) Chrome/145.0.0.0 Safari/537.36 (compatible; meta-externalagent/1.1 (+https://developers.facebook.com/docs/sharing/webmasters/crawler))"
74.7.227.21 - - [25/Aug/2026:13:33:18 +0000] "GET /wp-content/plugins/essential-addons-elementor/includes/Template/Woo-Cross-Sells/style-2.php HTTP/2.0" 200 0 "https://drhyperbaric.com/wp-content/plugins/essential-addons-elementor/includes/Template/Woo-Cross-Sells/" "Mozilla/5.0 AppleWebKit/537.36 (KHTML, like Gecko; compatible; GPTBot/1.4; +https://openai.com/gptbot)"
74.7.227.21 - - [25/Aug/2026:13:33:18 +0000] "GET /wp-content/plugins/essential-addons-elementor/includes/Template/Woo-Cross-Sells/style-1.php HTTP/2.0" 200 0 "https://drhyperbaric.com/wp-content/plugins/essential-addons-elementor/includes/Template/Woo-Cross-Sells/" "Mozilla/5.0 AppleWebKit/537.36 (KHTML, like Gecko; compatible; GPTBot/1.4; +https://openai.com/gptbot)"
74.7.227.21 - - [25/Aug/2026:13:33:19 +0000] "GET /wp-content/plugins/essential-addons-elementor/includes/Template/Woo-Cross-Sells/style-3.php HTTP/2.0" 200 0 "https://drhyperbaric.com/wp-content/plugins/essential-addons-elementor/includes/Template/Woo-Cross-Sells/" "Mozilla/5.0 AppleWebKit/537.36 (KHTML, like Gecko; compatible; GPTBot/1.4; +https://openai.com/gptbot)"
74.7.227.21 - - [25/Aug/2026:13:33:19 +0000] "GET /wp-content/themes/twentytwentyfive/styles/colors/03-dusk.json HTTP/2.0" 200 769 "https://drhyperbaric.com/wp-content/themes/twentytwentyfive/styles/colors/" "Mozilla/5.0 AppleWebKit/537.36 (KHTML, like Gecko; compatible; GPTBot/1.4; +https://openai.com/gptbot)"
74.7.227.21 - - [25/Aug/2026:13:33:20 +0000] "GET /wp-content/themes/twentytwentyfive/styles/08-midnight.json HTTP/2.0" 200 1663 "https://drhyperbaric.com/wp-content/themes/twentytwentyfive/styles/" "Mozilla/5.0 AppleWebKit/537.36 (KHTML, like Gecko; compatible; GPTBot/1.4; +https://openai.com/gptbot)"
74.7.227.21 - - [25/Aug/2026:13:33:20 +0000] "GET /wp-content/themes/twentytwentyfive/styles/07-sunrise.json HTTP/2.0" 200 1283 "https://drhyperbaric.com/wp-content/themes/twentytwentyfive/styles/" "Mozilla/5.0 AppleWebKit/537.36 (KHTML, like Gecko; compatible; GPTBot/1.4; +https://openai.com/gptbot)"
74.7.227.21 - - [25/Aug/2026:13:33:21 +0000] "GET /wp-content/themes/twentytwentyfive/styles/06-morning.json HTTP/2.0" 200 1465 "https://drhyperbaric.com/wp-content/themes/twentytwentyfive/styles/" "Mozilla/5.0 AppleWebKit/537.36 (KHTML, like Gecko; compatible; GPTBot/1.4; +https://openai.com/gptbot)"
74.7.227.21 - - [25/Aug/2026:13:33:21 +0000] "GET /wp-content/plugins/essential-addons-elementor/includes/Classes/License/RESTApi.php HTTP/2.0" 200 0 "https://drhyperbaric.com/wp-content/plugins/essential-addons-elementor/includes/Classes/License/" "Mozilla/5.0 AppleWebKit/537.36 (KHTML, like Gecko; compatible; GPTBot/1.4; +https://openai.com/gptbot)"
74.7.227.21 - - [25/Aug/2026:13:33:22 +0000] "GET /wp-content/themes/twentytwentyfive/styles/colors/02-noon.json HTTP/2.0" 200 578 "https://drhyperbaric.com/wp-content/themes/twentytwentyfive/styles/colors/" "Mozilla/5.0 AppleWebKit/537.36 (KHTML, like Gecko; compatible; GPTBot/1.4; +https://openai.com/gptbot)"
74.7.227.21 - - [25/Aug/2026:13:33:22 +0000] "GET /wp-content/plugins/wp-headers-and-footers/asset/ HTTP/2.0" 200 447 "https://drhyperbaric.com/wp-content/plugins/wp-headers-and-footers/" "Mozilla/5.0 AppleWebKit/537.36 (KHTML, like Gecko; compatible; GPTBot/1.4; +https://openai.com/gptbot)"
74.7.227.21 - - [25/Aug/2026:13:33:23 +0000] "GET /wp-content/themes/twentytwentyfive/styles/01-evening.json HTTP/2.0" 200 583 "https://drhyperbaric.com/wp-content/themes/twentytwentyfive/styles/" "Mozilla/5.0 AppleWebKit/537.36 (KHTML, like Gecko; compatible; GPTBot/1.4; +https://openai.com/gptbot)"
74.7.227.21 - - [25/Aug/2026:13:33:23 +0000] "GET /wp-content/themes/twentytwentyfive/styles/blocks/01-display.json HTTP/2.0" 200 238 "https://drhyperbaric.com/wp-content/themes/twentytwentyfive/styles/blocks/" "Mozilla/5.0 AppleWebKit/537.36 (KHTML, like Gecko; compatible; GPTBot/1.4; +https://openai.com/gptbot)"
74.7.227.21 - - [25/Aug/2026:13:33:24 +0000] "GET /wp-content/themes/twentytwentyfive/styles/colors/07-sunrise.json HTTP/2.0" 200 696 "https://drhyperbaric.com/wp-content/themes/twentytwentyfive/styles/colors/" "Mozilla/5.0 AppleWebKit/537.36 (KHTML, like Gecko; compatible; GPTBot/1.4; +https://openai.com/gptbot)"
74.7.227.21 - - [25/Aug/2026:13:33:24 +0000] "GET /wp-content/themes/twentytwentyfive/styles/colors/01-evening.json HTTP/2.0" 200 487 "https://drhyperbaric.com/wp-content/themes/twentytwentyfive/styles/colors/" "Mozilla/5.0 AppleWebKit/537.36 (KHTML, like Gecko; compatible; GPTBot/1.4; +https://openai.com/gptbot)"
74.7.227.21 - - [25/Aug/2026:13:33:25 +0000] "GET /wp-content/themes/twentytwentyfive/styles/blocks/02-subtitle.json HTTP/2.0" 200 237 "https://drhyperbaric.com/wp-content/themes/twentytwentyfive/styles/blocks/" "Mozilla/5.0 AppleWebKit/537.36 (KHTML, like Gecko; compatible; GPTBot/1.4; +https://openai.com/gptbot)"
74.7.227.21 - - [25/Aug/2026:13:33:25 +0000] "GET /wp-content/themes/twentytwentyfive/styles/colors/08-midnight.json HTTP/2.0" 200 605 "https://drhyperbaric.com/wp-content/themes/twentytwentyfive/styles/colors/" "Mozilla/5.0 AppleWebKit/537.36 (KHTML, like Gecko; compatible; GPTBot/1.4; +https://openai.com/gptbot)"
74.7.227.21 - - [25/Aug/2026:13:33:26 +0000] "GET /wp-content/themes/twentytwentyfive/styles/colors/05-twilight.json HTTP/2.0" 200 394 "https://drhyperbaric.com/wp-content/themes/twentytwentyfive/styles/colors/" "Mozilla/5.0 AppleWebKit/537.36 (KHTML, like Gecko; compatible; GPTBot/1.4; +https://openai.com/gptbot)"
74.7.227.21 - - [25/Aug/2026:13:33:26 +0000] "GET /wp-content/themes/twentytwentyfive/styles/colors/06-morning.json HTTP/2.0" 200 711 "https://drhyperbaric.com/wp-content/themes/twentytwentyfive/styles/colors/" "Mozilla/5.0 AppleWebKit/537.36 (KHTML, like Gecko; compatible; GPTBot/1.4; +https://openai.com/gptbot)"
74.7.227.21 - - [25/Aug/2026:13:33:27 +0000] "GET /wp-content/themes/twentytwentyfour/patterns/team-4-col.php HTTP/2.0" 200 56 "https://drhyperbaric.com/wp-content/themes/twentytwentyfour/patterns/" "Mozilla/5.0 AppleWebKit/537.36 (KHTML, like Gecko; compatible; GPTBot/1.4; +https://openai.com/gptbot)"
74.7.227.21 - - [25/Aug/2026:13:33:27 +0000] "GET /wp-content/plugins/all-in-one-wp-migration/ HTTP/2.0" 200 422 "https://drhyperbaric.com/wp-content/plugins/" "Mozilla/5.0 AppleWebKit/537.36 (KHTML, like Gecko; compatible; GPTBot/1.4; +https://openai.com/gptbot)"
74.7.227.21 - - [25/Aug/2026:13:33:28 +0000] "GET /wp-content/themes/twentytwentytwo/inc/patterns/query-default.php HTTP/2.0" 500 0 "https://drhyperbaric.com/wp-content/themes/twentytwentytwo/inc/patterns/" "Mozilla/5.0 AppleWebKit/537.36 (KHTML, like Gecko; compatible; GPTBot/1.4; +https://openai.com/gptbot)"
74.7.227.21 - - [25/Aug/2026:13:33:29 +0000] "GET /wp-admin/js/widgets/ HTTP/2.0" 200 462 "https://drhyperbaric.com/wp-admin/js/" "Mozilla/5.0 AppleWebKit/537.36 (KHTML, like Gecko; compatible; GPTBot/1.4; +https://openai.com/gptbot)"
216.73.216.212 - - [25/Aug/2026:13:33:29 +0000] "GET /wp-content/plugins/elementor/core/base/background-task.php HTTP/2.0" 200 0 "-" "Mozilla/5.0 AppleWebKit/537.36 (KHTML, like Gecko; compatible; ClaudeBot/1.0; +claudebot@anthropic.com)"
216.73.216.212 - - [25/Aug/2026:13:33:29 +0000] "GET /wp-content/plugins/elementor/core/utils/version.php HTTP/2.0" 200 0 "-" "Mozilla/5.0 AppleWebKit/537.36 (KHTML, like Gecko; compatible; ClaudeBot/1.0; +claudebot@anthropic.com)"
216.73.216.212 - - [25/Aug/2026:13:33:29 +0000] "GET /wp-content/plugins/essential-blocks/includes/API/Product.php HTTP/2.0" 500 0 "-" "Mozilla/5.0 AppleWebKit/537.36 (KHTML, like Gecko; compatible; ClaudeBot/1.0; +claudebot@anthropic.com)"
216.73.216.212 - - [25/Aug/2026:13:33:29 +0000] "GET /wp-content/plugins/templately/views/header.php HTTP/2.0" 200 34 "-" "Mozilla/5.0 AppleWebKit/537.36 (KHTML, like Gecko; compatible; ClaudeBot/1.0; +claudebot@anthropic.com)"
216.73.216.212 - - [25/Aug/2026:13:33:29 +0000] "GET /wp-content/plugins/elementor-pro/modules/wp-cli/theme-builder.php HTTP/2.0" 200 0 "-" "Mozilla/5.0 AppleWebKit/537.36 (KHTML, like Gecko; compatible; ClaudeBot/1.0; +claudebot@anthropic.com)"
74.7.227.21 - - [25/Aug/2026:13:33:29 +0000] "GET /wp-content/themes/twentytwentyfive/patterns/services-3-col.php HTTP/2.0" 200 247 "https://drhyperbaric.com/wp-content/themes/twentytwentyfive/patterns/" "Mozilla/5.0 AppleWebKit/537.36 (KHTML, like Gecko; compatible; GPTBot/1.4; +https://openai.com/gptbot)"
74.7.227.21 - - [25/Aug/2026:13:33:30 +0000] "GET /wp-content/themes/twentytwentyfive/patterns/pricing-2-col.php HTTP/2.0" 200 265 "https://drhyperbaric.com/wp-content/themes/twentytwentyfive/patterns/" "Mozilla/5.0 AppleWebKit/537.36 (KHTML, like Gecko; compatible; GPTBot/1.4; +https://openai.com/gptbot)"
216.73.216.212 - - [25/Aug/2026:13:33:30 +0000] "GET /wp-content/plugins/google-site-kit/includes/Core/Assets/Script_Data.php HTTP/2.0" 500 0 "-" "Mozilla/5.0 AppleWebKit/537.36 (KHTML, like Gecko; compatible; ClaudeBot/1.0; +claudebot@anthropic.com)"
74.7.227.21 - - [25/Aug/2026:13:33:31 +0000] "GET /wp-content/themes/twentytwentyfive/patterns/pricing-3-col.php HTTP/2.0" 200 310 "https://drhyperbaric.com/wp-content/themes/twentytwentyfive/patterns/" "Mozilla/5.0 AppleWebKit/537.36 (KHTML, like Gecko; compatible; GPTBot/1.4; +https://openai.com/gptbot)"
74.7.227.21 - - [25/Aug/2026:13:33:31 +0000] "GET /wp-content/plugins/essential-addons-elementor/vendor/google/apiclient-services/LICENSE HTTP/2.0" 200 10256 "https://drhyperbaric.com/wp-content/plugins/essential-addons-elementor/vendor/google/apiclient-services/" "Mozilla/5.0 AppleWebKit/537.36 (KHTML, like Gecko; compatible; GPTBot/1.4; +https://openai.com/gptbot)"
216.73.216.212 - - [25/Aug/2026:13:33:32 +0000] "GET /wp-content/plugins/essential-blocks/includes/Core/Block.php HTTP/2.0" 500 0 "-" "Mozilla/5.0 AppleWebKit/537.36 (KHTML, like Gecko; compatible; ClaudeBot/1.0; +claudebot@anthropic.com)"
74.7.227.21 - - [25/Aug/2026:13:33:32 +0000] "GET /wp-content/themes/twentytwentyfour/patterns/cta-rsvp.php HTTP/2.0" 200 56 "https://drhyperbaric.com/wp-content/themes/twentytwentyfour/patterns/" "Mozilla/5.0 AppleWebKit/537.36 (KHTML, like Gecko; compatible; GPTBot/1.4; +https://openai.com/gptbot)"
216.73.216.212 - - [25/Aug/2026:13:33:32 +0000] "GET /wp-content/plugins/essential-blocks/includes/fallback.php HTTP/2.0" 500 0 "-" "Mozilla/5.0 AppleWebKit/537.36 (KHTML, like Gecko; compatible; ClaudeBot/1.0; +claudebot@anthropic.com)"
74.7.227.21 - - [25/Aug/2026:13:33:32 +0000] "GET /wp-content/themes/twentytwentytwo/inc/patterns/header-default.php HTTP/2.0" 500 0 "https://drhyperbaric.com/wp-content/themes/twentytwentytwo/inc/patterns/" "Mozilla/5.0 AppleWebKit/537.36 (KHTML, like Gecko; compatible; GPTBot/1.4; +https://openai.com/gptbot)"
74.7.227.21 - - [25/Aug/2026:13:33:33 +0000] "GET /wp-content/plugins/essential-addons-elementor/assets/front-end/ HTTP/2.0" 200 425 "https://drhyperbaric.com/wp-content/plugins/essential-addons-elementor/assets/" "Mozilla/5.0 AppleWebKit/537.36 (KHTML, like Gecko; compatible; GPTBot/1.4; +https://openai.com/gptbot)"
74.7.227.21 - - [25/Aug/2026:13:33:33 +0000] "GET /wp-content/themes/twentytwentyfour/patterns/footer-colophon-3-col.php HTTP/2.0" 200 293 "https://drhyperbaric.com/wp-content/themes/twentytwentyfour/patterns/" "Mozilla/5.0 AppleWebKit/537.36 (KHTML, like Gecko; compatible; GPTBot/1.4; +https://openai.com/gptbot)"
216.73.216.212 - - [25/Aug/2026:13:33:33 +0000] "GET /wp-content/plugins/elementor/modules/shapes/module.php HTTP/2.0" 200 0 "-" "Mozilla/5.0 AppleWebKit/537.36 (KHTML, like Gecko; compatible; ClaudeBot/1.0; +claudebot@anthropic.com)"
216.73.216.212 - - [25/Aug/2026:13:33:34 +0000] "GET /wp-content/plugins/elementor/modules/dev-tools/ HTTP/2.0" 200 418 "-" "Mozilla/5.0 AppleWebKit/537.36 (KHTML, like Gecko; compatible; ClaudeBot/1.0; +claudebot@anthropic.com)"
216.73.216.212 - - [25/Aug/2026:13:33:34 +0000] "GET /wp-content/plugins/elementor/modules/nested-elements/base/ HTTP/2.0" 200 414 "-" "Mozilla/5.0 AppleWebKit/537.36 (KHTML, like Gecko; compatible; ClaudeBot/1.0; +claudebot@anthropic.com)"
74.7.227.21 - - [25/Aug/2026:13:33:34 +0000] "GET /wp-content/ai1wm-backups/ HTTP/2.0" 200 383 "https://drhyperbaric.com/wp-content/" "Mozilla/5.0 AppleWebKit/537.36 (KHTML, like Gecko; compatible; GPTBot/1.4; +https://openai.com/gptbot)"
216.73.216.212 - - [25/Aug/2026:13:33:34 +0000] "GET /wp-content/plugins/templately/includes/Core/Platform.php HTTP/2.0" 500 0 "-" "Mozilla/5.0 AppleWebKit/537.36 (KHTML, like Gecko; compatible; ClaudeBot/1.0; +claudebot@anthropic.com)"
216.73.216.212 - - [25/Aug/2026:13:33:34 +0000] "GET /wp-content/plugins/templately/includes/Utils/Database.php HTTP/2.0" 500 0 "-" "Mozilla/5.0 AppleWebKit/537.36 (KHTML, like Gecko; compatible; ClaudeBot/1.0; +claudebot@anthropic.com)"
216.73.216.212 - - [25/Aug/2026:13:33:34 +0000] "GET /wp-content/plugins/elementor/core/debug/classes/ HTTP/2.0" 200 482 "-" "Mozilla/5.0 AppleWebKit/537.36 (KHTML, like Gecko; compatible; ClaudeBot/1.0; +claudebot@anthropic.com)"
74.7.227.21 - - [25/Aug/2026:13:33:34 +0000] "GET /wp-content/themes/twentytwentyfour/assets/fonts/inter/LICENSE.txt HTTP/2.0" 200 1957 "https://drhyperbaric.com/wp-content/themes/twentytwentyfour/assets/fonts/inter/" "Mozilla/5.0 AppleWebKit/537.36 (KHTML, like Gecko; compatible; GPTBot/1.4; +https://openai.com/gptbot)"
216.73.216.212 - - [25/Aug/2026:13:33:35 +0000] "GET /wp-content/plugins/betterdocs/includes/Admin/ReportEmail.php HTTP/2.0" 500 0 "-" "Mozilla/5.0 AppleWebKit/537.36 (KHTML, like Gecko; compatible; ClaudeBot/1.0; +claudebot@anthropic.com)"
216.73.216.212 - - [25/Aug/2026:13:33:35 +0000] "GET /wp-content/plugins/google-site-kit/includes/Core/Modules/Module_With_Service_Entity.php HTTP/2.0" 200 0 "-" "Mozilla/5.0 AppleWebKit/537.36 (KHTML, like Gecko; compatible; ClaudeBot/1.0; +claudebot@anthropic.com)"
216.73.216.212 - - [25/Aug/2026:13:33:35 +0000] "GET /wp-content/plugins/betterdocs/includes/Modules/ HTTP/2.0" 200 410 "-" "Mozilla/5.0 AppleWebKit/537.36 (KHTML, like Gecko; compatible; ClaudeBot/1.0; +claudebot@anthropic.com)"
216.73.216.212 - - [25/Aug/2026:13:33:35 +0000] "GET /wp-content/plugins/woocommerce/src/Utilities/ArrayUtil.php HTTP/2.0" 200 0 "-" "Mozilla/5.0 AppleWebKit/537.36 (KHTML, like Gecko; compatible; ClaudeBot/1.0; +claudebot@anthropic.com)"
74.7.227.21 - - [25/Aug/2026:13:33:35 +0000] "GET /wp-admin/js/widgets/media-image-widget.min.js HTTP/2.0" 200 841 "https://drhyperbaric.com/wp-admin/js/widgets/" "Mozilla/5.0 AppleWebKit/537.36 (KHTML, like Gecko; compatible; GPTBot/1.4; +https://openai.com/gptbot)"
216.73.216.212 - - [25/Aug/2026:13:33:35 +0000] "GET /wp-content/plugins/templately/includes/Utils/Http.php HTTP/2.0" 500 0 "-" "Mozilla/5.0 AppleWebKit/537.36 (KHTML, like Gecko; compatible; ClaudeBot/1.0; +claudebot@anthropic.com)"
216.73.216.212 - - [25/Aug/2026:13:33:35 +0000] "GET /wp-content/plugins/essential-blocks/includes/Blocks/FormTextField.php HTTP/2.0" 500 0 "-" "Mozilla/5.0 AppleWebKit/537.36 (KHTML, like Gecko; compatible; ClaudeBot/1.0; +claudebot@anthropic.com)"
216.73.216.212 - - [25/Aug/2026:13:33:36 +0000] "GET /wp-content/plugins/google-site-kit/includes/Core/Modules/Module_With_Owner.php HTTP/2.0" 200 0 "-" "Mozilla/5.0 AppleWebKit/537.36 (KHTML, like Gecko; compatible; ClaudeBot/1.0; +claudebot@anthropic.com)"
74.7.227.21 - - [25/Aug/2026:13:33:36 +0000] "GET /wp-admin/js/widgets/media-audio-widget.js HTTP/2.0" 200 1382 "https://drhyperbaric.com/wp-admin/js/widgets/" "Mozilla/5.0 AppleWebKit/537.36 (KHTML, like Gecko; compatible; GPTBot/1.4; +https://openai.com/gptbot)"
216.73.216.212 - - [25/Aug/2026:13:33:36 +0000] "GET /wp-content/plugins/elementor-pro/core/utils.php HTTP/2.0" 404 265 "-" "Mozilla/5.0 AppleWebKit/537.36 (KHTML, like Gecko; compatible; ClaudeBot/1.0; +claudebot@anthropic.com)"
216.73.216.212 - - [25/Aug/2026:13:33:36 +0000] "GET /wp-content/plugins/code-snippets/php/export/class-export-attachment.php HTTP/2.0" 500 0 "-" "Mozilla/5.0 AppleWebKit/537.36 (KHTML, like Gecko; compatible; ClaudeBot/1.0; +claudebot@anthropic.com)"
216.73.216.212 - - [25/Aug/2026:13:33:36 +0000] "GET /wp-content/plugins/code-snippets/php/settings/editor-preview.php HTTP/2.0" 200 0 "-" "Mozilla/5.0 AppleWebKit/537.36 (KHTML, like Gecko; compatible; ClaudeBot/1.0; +claudebot@anthropic.com)"
74.7.227.21 - - [25/Aug/2026:13:33:36 +0000] "GET /wp-admin/js/widgets/media-video-widget.min.js HTTP/2.0" 200 1160 "https://drhyperbaric.com/wp-admin/js/widgets/" "Mozilla/5.0 AppleWebKit/537.36 (KHTML, like Gecko; compatible; GPTBot/1.4; +https://openai.com/gptbot)"
216.73.216.212 - - [25/Aug/2026:13:33:36 +0000] "GET /wp-content/plugins/elementor-pro/modules/wp-cli/update.php HTTP/2.0" 200 0 "-" "Mozilla/5.0 AppleWebKit/537.36 (KHTML, like Gecko; compatible; ClaudeBot/1.0; +claudebot@anthropic.com)"
216.73.216.212 - - [25/Aug/2026:13:33:37 +0000] "GET /wp-content/plugins/woocommerce/src/Internal/Features/FeaturesController.php HTTP/2.0" 200 0 "-" "Mozilla/5.0 AppleWebKit/537.36 (KHTML, like Gecko; compatible; ClaudeBot/1.0; +claudebot@anthropic.com)"
74.7.227.21 - - [25/Aug/2026:13:33:37 +0000] "GET /wp-content/themes/twentytwentyfour/assets/fonts/cardo/LICENSE.txt HTTP/2.0" 200 1965 "https://drhyperbaric.com/wp-content/themes/twentytwentyfour/assets/fonts/cardo/" "Mozilla/5.0 AppleWebKit/537.36 (KHTML, like Gecko; compatible; GPTBot/1.4; +https://openai.com/gptbot)"
216.73.216.212 - - [25/Aug/2026:13:33:37 +0000] "GET /wp-content/plugins/betterdocs/includes/Admin/Analytics.php HTTP/2.0" 500 0 "-" "Mozilla/5.0 AppleWebKit/537.36 (KHTML, like Gecko; compatible; ClaudeBot/1.0; +claudebot@anthropic.com)"
216.73.216.212 - - [25/Aug/2026:13:33:37 +0000] "GET /wp-content/plugins/elementor-pro/modules/custom-css/module.php HTTP/2.0" 200 0 "-" "Mozilla/5.0 AppleWebKit/537.36 (KHTML, like Gecko; compatible; ClaudeBot/1.0; +claudebot@anthropic.com)"
74.7.227.21 - - [25/Aug/2026:13:33:37 +0000] "GET /wp-content/plugins/essential-addons-elementor/vendor/composer/autoload_psr4.php HTTP/2.0" 200 0 "https://drhyperbaric.com/wp-content/plugins/essential-addons-elementor/vendor/composer/" "Mozilla/5.0 AppleWebKit/537.36 (KHTML, like Gecko; compatible; GPTBot/1.4; +https://openai.com/gptbot)"
74.7.227.21 - - [25/Aug/2026:13:33:38 +0000] "GET /wp-content/themes/twentytwentyfive/styles/sections/section-1.json HTTP/2.0" 200 399 "https://drhyperbaric.com/wp-content/themes/twentytwentyfive/styles/sections/" "Mozilla/5.0 AppleWebKit/537.36 (KHTML, like Gecko; compatible; GPTBot/1.4; +https://openai.com/gptbot)"
74.7.227.21 - - [25/Aug/2026:13:33:38 +0000] "GET /wp-content/themes/twentytwentyfive/styles/sections/section-5.json HTTP/2.0" 200 462 "https://drhyperbaric.com/wp-content/themes/twentytwentyfive/styles/sections/" "Mozilla/5.0 AppleWebKit/537.36 (KHTML, like Gecko; compatible; GPTBot/1.4; +https://openai.com/gptbot)"
74.7.227.21 - - [25/Aug/2026:13:33:39 +0000] "GET /wp-content/themes/twentytwentyfive/styles/sections/section-4.json HTTP/2.0" 200 460 "https://drhyperbaric.com/wp-content/themes/twentytwentyfive/styles/sections/" "Mozilla/5.0 AppleWebKit/537.36 (KHTML, like Gecko; compatible; GPTBot/1.4; +https://openai.com/gptbot)"
74.7.227.21 - - [25/Aug/2026:13:33:39 +0000] "GET /wp-content/themes/twentytwentyfive/styles/sections/section-2.json HTTP/2.0" 200 391 "https://drhyperbaric.com/wp-content/themes/twentytwentyfive/styles/sections/" "Mozilla/5.0 AppleWebKit/537.36 (KHTML, like Gecko; compatible; GPTBot/1.4; +https://openai.com/gptbot)"
74.7.227.21 - - [25/Aug/2026:13:33:40 +0000] "GET /wp-content/themes/twentytwentyfive/styles/sections/section-3.json HTTP/2.0" 200 392 "https://drhyperbaric.com/wp-content/themes/twentytwentyfive/styles/sections/" "Mozilla/5.0 AppleWebKit/537.36 (KHTML, like Gecko; compatible; GPTBot/1.4; +https://openai.com/gptbot)"
74.7.227.21 - - [25/Aug/2026:13:33:40 +0000] "GET /wp-content/plugins/essential-addons-elementor/vendor/google/apiclient/src/Google/Task/ HTTP/2.0" 200 385 "https://drhyperbaric.com/wp-content/plugins/essential-addons-elementor/vendor/google/apiclient/src/Google/" "Mozilla/5.0 AppleWebKit/537.36 (KHTML, like Gecko; compatible; GPTBot/1.4; +https://openai.com/gptbot)"
74.7.227.21 - - [25/Aug/2026:13:33:41 +0000] "GET /wp-content/themes/twentytwentyfive/patterns/event-3-col.php HTTP/2.0" 200 298 "https://drhyperbaric.com/wp-content/themes/twentytwentyfive/patterns/" "Mozilla/5.0 AppleWebKit/537.36 (KHTML, like Gecko; compatible; GPTBot/1.4; +https://openai.com/gptbot)"
74.7.227.21 - - [25/Aug/2026:13:33:41 +0000] "GET /wp-content/themes/twentytwentyfive/assets/images/404-image.webp HTTP/2.0" 200 129970 "https://drhyperbaric.com/wp-content/themes/twentytwentyfive/assets/images/" "Mozilla/5.0 AppleWebKit/537.36 (KHTML, like Gecko; compatible; GPTBot/1.4; +https://openai.com/gptbot)"
216.73.216.212 - - [25/Aug/2026:13:33:42 +0000] "GET /wp-content/plugins/elementor-pro/modules/theme-builder/module.php HTTP/2.0" 200 0 "-" "Mozilla/5.0 AppleWebKit/537.36 (KHTML, like Gecko; compatible; ClaudeBot/1.0; +claudebot@anthropic.com)"
74.7.227.21 - - [25/Aug/2026:13:33:42 +0000] "GET /wp-includes/images/icon-library/ HTTP/2.0" 200 5026 "https://drhyperbaric.com/wp-includes/images/" "Mozilla/5.0 AppleWebKit/537.36 (KHTML, like Gecko; compatible; GPTBot/1.4; +https://openai.com/gptbot)"
74.7.227.21 - - [25/Aug/2026:13:33:42 +0000] "GET /wp-content/plugins/essential-addons-elementor/vendor/google/apiclient/src/Google/Service/ HTTP/2.0" 200 387 "https://drhyperbaric.com/wp-content/plugins/essential-addons-elementor/vendor/google/apiclient/src/Google/" "Mozilla/5.0 AppleWebKit/537.36 (KHTML, like Gecko; compatible; GPTBot/1.4; +https://openai.com/gptbot)"
74.7.227.21 - - [25/Aug/2026:13:33:43 +0000] "GET /wp-content/themes/twentytwentyfour/assets/fonts/instrument-sans/InstrumentSans-Italic-VariableFont_wdth,wght.woff2 HTTP/2.0" 200 94644 "https://drhyperbaric.com/wp-content/themes/twentytwentyfour/assets/fonts/instrument-sans/" "Mozilla/5.0 AppleWebKit/537.36 (KHTML, like Gecko; compatible; GPTBot/1.4; +https://openai.com/gptbot)"
74.7.227.21 - - [25/Aug/2026:13:33:44 +0000] "GET /wp-content/themes/twentytwentyfour/assets/fonts/instrument-sans/OFL.txt HTTP/2.0" 200 1964 "https://drhyperbaric.com/wp-content/themes/twentytwentyfour/assets/fonts/instrument-sans/" "Mozilla/5.0 AppleWebKit/537.36 (KHTML, like Gecko; compatible; GPTBot/1.4; +https://openai.com/gptbot)"
74.7.227.21 - - [25/Aug/2026:13:33:44 +0000] "GET /wp-content/themes/twentytwentyfive/assets/fonts/fira-code/FiraCode-VariableFont_wght.woff2 HTTP/2.0" 200 106112 "https://drhyperbaric.com/wp-content/themes/twentytwentyfive/assets/fonts/fira-code/" "Mozilla/5.0 AppleWebKit/537.36 (KHTML, like Gecko; compatible; GPTBot/1.4; +https://openai.com/gptbot)"
74.7.227.21 - - [25/Aug/2026:13:33:45 +0000] "GET /wp-content/plugins/essential-addons-elementor/vendor/google/auth/CODE_OF_CONDUCT.md HTTP/2.0" 200 1981 "https://drhyperbaric.com/wp-content/plugins/essential-addons-elementor/vendor/google/auth/" "Mozilla/5.0 AppleWebKit/537.36 (KHTML, like Gecko; compatible; GPTBot/1.4; +https://openai.com/gptbot)"
74.7.227.21 - - [25/Aug/2026:13:33:45 +0000] "GET /wp-content/plugins/essential-addons-elementor/assets/front-end/js/ HTTP/2.0" 200 435 "https://drhyperbaric.com/wp-content/plugins/essential-addons-elementor/assets/front-end/" "Mozilla/5.0 AppleWebKit/537.36 (KHTML, like Gecko; compatible; GPTBot/1.4; +https://openai.com/gptbot)"
74.7.227.21 - - [25/Aug/2026:13:33:46 +0000] "GET /wp-content/plugins/essential-addons-elementor/vendor/guzzlehttp/psr7/LICENSE HTTP/2.0" 200 1111 "https://drhyperbaric.com/wp-content/plugins/essential-addons-elementor/vendor/guzzlehttp/psr7/" "Mozilla/5.0 AppleWebKit/537.36 (KHTML, like Gecko; compatible; GPTBot/1.4; +https://openai.com/gptbot)"
74.7.227.21 - - [25/Aug/2026:13:33:46 +0000] "GET /wp-content/uploads/ HTTP/2.0" 200 509 "https://drhyperbaric.com/wp-content/" "Mozilla/5.0 AppleWebKit/537.36 (KHTML, like Gecko; compatible; GPTBot/1.4; +https://openai.com/gptbot)"
74.7.227.21 - - [25/Aug/2026:13:33:47 +0000] "GET /wp-content/plugins/essential-blocks/ HTTP/2.0" 200 474 "https://drhyperbaric.com/wp-content/plugins/" "Mozilla/5.0 AppleWebKit/537.36 (KHTML, like Gecko; compatible; GPTBot/1.4; +https://openai.com/gptbot)"
74.7.227.21 - - [25/Aug/2026:13:33:47 +0000] "GET /wp-includes/php-ai-client/ HTTP/2.0" 200 410 "https://drhyperbaric.com/wp-includes/" "Mozilla/5.0 AppleWebKit/537.36 (KHTML, like Gecko; compatible; GPTBot/1.4; +https://openai.com/gptbot)"
74.7.227.21 - - [25/Aug/2026:13:33:48 +0000] "GET /wp-includes/images/icon-library/post-excerpt.svg HTTP/2.0" 200 197 "https://drhyperbaric.com/wp-includes/images/icon-library/" "Mozilla/5.0 AppleWebKit/537.36 (KHTML, like Gecko; compatible; GPTBot/1.4; +https://openai.com/gptbot)"
74.7.227.21 - - [25/Aug/2026:13:33:48 +0000] "GET /wp-includes/images/icon-library/sides-right.svg HTTP/2.0" 200 214 "https://drhyperbaric.com/wp-includes/images/icon-library/" "Mozilla/5.0 AppleWebKit/537.36 (KHTML, like Gecko; compatible; GPTBot/1.4; +https://openai.com/gptbot)"
216.73.216.212 - - [25/Aug/2026:13:33:48 +0000] "GET /wp-content/uploads/plugin-install.php?rename=%2F%2Fpython HTTP/2.0" 404 265 "-" "Mozilla/5.0 AppleWebKit/537.36 (KHTML, like Gecko; compatible; ClaudeBot/1.0; +claudebot@anthropic.com)"
74.7.227.21 - - [25/Aug/2026:13:33:49 +0000] "GET /wp-includes/images/icon-library/post-comments-form.svg HTTP/2.0" 200 210 "https://drhyperbaric.com/wp-includes/images/icon-library/" "Mozilla/5.0 AppleWebKit/537.36 (KHTML, like Gecko; compatible; GPTBot/1.4; +https://openai.com/gptbot)"
2a03:2880:f806:30:: - - [25/Aug/2026:13:33:49 +0000] "GET /?c0o3n1t4e3r4m9i5n4a1t2e HTTP/2.0" 200 435 "-" "Mozilla/5.0 (Macintosh; Intel Mac OS X 10_15_7) AppleWebKit/537.36 (KHTML, like Gecko) Chrome/145.0.0.0 Safari/537.36 (compatible; meta-externalagent/1.1 (+https://developers.facebook.com/docs/sharing/webmasters/crawler))"
74.7.227.21 - - [25/Aug/2026:13:33:49 +0000] "GET /wp-includes/images/icon-library/post-comments-count.svg HTTP/2.0" 200 300 "https://drhyperbaric.com/wp-includes/images/icon-library/" "Mozilla/5.0 AppleWebKit/537.36 (KHTML, like Gecko; compatible; GPTBot/1.4; +https://openai.com/gptbot)"
74.7.227.21 - - [25/Aug/2026:13:33:50 +0000] "GET /wp-includes/images/icon-library/post-terms.svg HTTP/2.0" 200 249 "https://drhyperbaric.com/wp-includes/images/icon-library/" "Mozilla/5.0 AppleWebKit/537.36 (KHTML, like Gecko; compatible; GPTBot/1.4; +https://openai.com/gptbot)"
74.7.227.21 - - [25/Aug/2026:13:33:51 +0000] "GET /wp-includes/images/icon-library/post-comments.svg HTTP/2.0" 200 258 "https://drhyperbaric.com/wp-includes/images/icon-library/" "Mozilla/5.0 AppleWebKit/537.36 (KHTML, like Gecko; compatible; GPTBot/1.4; +https://openai.com/gptbot)"
74.7.227.21 - - [25/Aug/2026:13:33:51 +0000] "GET /wp-content/plugins/essential-addons-elementor/assets/front-end/js/?C=D;O=A HTTP/2.0" 200 435 "https://drhyperbaric.com/wp-content/plugins/essential-addons-elementor/assets/front-end/js/" "Mozilla/5.0 AppleWebKit/537.36 (KHTML, like Gecko; compatible; GPTBot/1.4; +https://openai.com/gptbot)"
74.7.227.21 - - [25/Aug/2026:13:33:52 +0000] "GET /wp-includes/images/icon-library/post-date.svg HTTP/2.0" 200 372 "https://drhyperbaric.com/wp-includes/images/icon-library/" "Mozilla/5.0 AppleWebKit/537.36 (KHTML, like Gecko; compatible; GPTBot/1.4; +https://openai.com/gptbot)"
74.7.227.21 - - [25/Aug/2026:13:33:52 +0000] "GET /wp-includes/images/icon-library/post.svg HTTP/2.0" 200 213 "https://drhyperbaric.com/wp-includes/images/icon-library/" "Mozilla/5.0 AppleWebKit/537.36 (KHTML, like Gecko; compatible; GPTBot/1.4; +https://openai.com/gptbot)"
216.73.216.212 - - [25/Aug/2026:13:33:52 +0000] "GET /wp-content/plugins/elementor/modules/image-loading-optimization/ HTTP/2.0" 200 410 "-" "Mozilla/5.0 AppleWebKit/537.36 (KHTML, like Gecko; compatible; ClaudeBot/1.0; +claudebot@anthropic.com)"
74.7.227.21 - - [25/Aug/2026:13:33:53 +0000] "GET /wp-includes/images/icon-library/post-featured-image.svg HTTP/2.0" 200 250 "https://drhyperbaric.com/wp-includes/images/icon-library/" "Mozilla/5.0 AppleWebKit/537.36 (KHTML, like Gecko; compatible; GPTBot/1.4; +https://openai.com/gptbot)"
74.7.227.21 - - [25/Aug/2026:13:33:53 +0000] "GET /wp-includes/images/icon-library/error.svg HTTP/2.0" 200 256 "https://drhyperbaric.com/wp-includes/images/icon-library/" "Mozilla/5.0 AppleWebKit/537.36 (KHTML, like Gecko; compatible; GPTBot/1.4; +https://openai.com/gptbot)"
74.7.227.21 - - [25/Aug/2026:13:33:54 +0000] "GET /wp-includes/images/icon-library/post-categories.svg HTTP/2.0" 200 246 "https://drhyperbaric.com/wp-includes/images/icon-library/" "Mozilla/5.0 AppleWebKit/537.36 (KHTML, like Gecko; compatible; GPTBot/1.4; +https://openai.com/gptbot)"
74.7.227.21 - - [25/Aug/2026:13:33:54 +0000] "GET /wp-content/uploads/woocommerce_uploads/ HTTP/2.0" 200 353 "https://drhyperbaric.com/wp-content/uploads/" "Mozilla/5.0 AppleWebKit/537.36 (KHTML, like Gecko; compatible; GPTBot/1.4; +https://openai.com/gptbot)"
74.7.227.21 - - [25/Aug/2026:13:33:55 +0000] "GET /wp-content/plugins/essential-addons-elementor/assets/front-end/js/edit/ HTTP/2.0" 200 514 "https://drhyperbaric.com/wp-content/plugins/essential-addons-elementor/assets/front-end/js/" "Mozilla/5.0 AppleWebKit/537.36 (KHTML, like Gecko; compatible; GPTBot/1.4; +https://openai.com/gptbot)"
74.7.227.21 - - [25/Aug/2026:13:33:55 +0000] "GET /wp-includes/images/icon-library/post-list.svg HTTP/2.0" 200 201 "https://drhyperbaric.com/wp-includes/images/icon-library/" "Mozilla/5.0 AppleWebKit/537.36 (KHTML, like Gecko; compatible; GPTBot/1.4; +https://openai.com/gptbot)"
74.7.227.21 - - [25/Aug/2026:13:33:56 +0000] "GET /wp-includes/images/icon-library/search.svg HTTP/2.0" 200 195 "https://drhyperbaric.com/wp-includes/images/icon-library/" "Mozilla/5.0 AppleWebKit/537.36 (KHTML, like Gecko; compatible; GPTBot/1.4; +https://openai.com/gptbot)"
74.7.227.21 - - [25/Aug/2026:13:33:56 +0000] "GET /wp-includes/images/icon-library/mobile.svg HTTP/2.0" 200 198 "https://drhyperbaric.com/wp-includes/images/icon-library/" "Mozilla/5.0 AppleWebKit/537.36 (KHTML, like Gecko; compatible; GPTBot/1.4; +https://openai.com/gptbot)"
74.7.227.21 - - [25/Aug/2026:13:33:57 +0000] "GET /wp-includes/images/icon-library/html.svg HTTP/2.0" 200 219 "https://drhyperbaric.com/wp-includes/images/icon-library/" "Mozilla/5.0 AppleWebKit/537.36 (KHTML, like Gecko; compatible; GPTBot/1.4; +https://openai.com/gptbot)"
74.7.227.21 - - [25/Aug/2026:13:33:57 +0000] "GET /wp-content/plugins/essential-blocks/assets/ HTTP/2.0" 200 475 "https://drhyperbaric.com/wp-content/plugins/essential-blocks/" "Mozilla/5.0 AppleWebKit/537.36 (KHTML, like Gecko; compatible; GPTBot/1.4; +https://openai.com/gptbot)"
216.73.216.212 - - [25/Aug/2026:13:33:57 +0000] "GET /wp-content/plugins/essential-blocks/includes/Core/FontLoader.php HTTP/2.0" 200 0 "-" "Mozilla/5.0 AppleWebKit/537.36 (KHTML, like Gecko; compatible; ClaudeBot/1.0; +claudebot@anthropic.com)"
74.7.227.21 - - [25/Aug/2026:13:33:58 +0000] "GET /wp-includes/images/icon-library/term-name.svg HTTP/2.0" 200 285 "https://drhyperbaric.com/wp-includes/images/icon-library/" "Mozilla/5.0 AppleWebKit/537.36 (KHTML, like Gecko; compatible; GPTBot/1.4; +https://openai.com/gptbot)"
74.7.227.21 - - [25/Aug/2026:13:33:58 +0000] "GET /wp-includes/images/icon-library/remove-bug.svg HTTP/2.0" 200 507 "https://drhyperbaric.com/wp-includes/images/icon-library/" "Mozilla/5.0 AppleWebKit/537.36 (KHTML, like Gecko; compatible; GPTBot/1.4; +https://openai.com/gptbot)"
74.7.227.21 - - [25/Aug/2026:13:33:59 +0000] "GET /wp-includes/images/icon-library/copy-small.svg HTTP/2.0" 200 295 "https://drhyperbaric.com/wp-includes/images/icon-library/" "Mozilla/5.0 AppleWebKit/537.36 (KHTML, like Gecko; compatible; GPTBot/1.4; +https://openai.com/gptbot)"
