216.73.216.212 - - [25/Aug/2026:13:57:10 +0000] "GET /wp-content/plugins/essential-addons-elementor/includes/?C=S&O=D HTTP/2.0" 200 490 "-" "Mozilla/5.0 AppleWebKit/537.36 (KHTML, like Gecko; compatible; ClaudeBot/1.0; +claudebot@anthropic.com)"
74.7.227.21 - - [25/Aug/2026:13:57:10 +0000] "GET /wp-content/plugins/essential-blocks/views/insta-partials/ HTTP/2.0" 200 463 "https://drhyperbaric.com/wp-content/plugins/essential-blocks/views/" "Mozilla/5.0 AppleWebKit/537.36 (KHTML, like Gecko; compatible; GPTBot/1.4; +https://openai.com/gptbot)"
74.7.227.21 - - [25/Aug/2026:13:57:11 +0000] "GET /wp-content/plugins/essential-addons-elementor/vendor/psr/ HTTP/2.0" 200 450 "https://drhyperbaric.com/wp-content/plugins/essential-addons-elementor/vendor/" "Mozilla/5.0 AppleWebKit/537.36 (KHTML, like Gecko; compatible; GPTBot/1.4; +https://openai.com/gptbot)"
74.7.227.21 - - [25/Aug/2026:13:57:11 +0000] "GET /wp-content/plugins/essential-blocks/includes/Integrations/Form.php HTTP/2.0" 500 0 "https://drhyperbaric.com/wp-content/plugins/essential-blocks/includes/Integrations/" "Mozilla/5.0 AppleWebKit/537.36 (KHTML, like Gecko; compatible; GPTBot/1.4; +https://openai.com/gptbot)"
74.7.227.21 - - [25/Aug/2026:13:57:12 +0000] "GET /wp-content/plugins/essential-blocks/src/blocks/post-meta/ HTTP/2.0" 200 422 "https://drhyperbaric.com/wp-content/plugins/essential-blocks/src/blocks/" "Mozilla/5.0 AppleWebKit/537.36 (KHTML, like Gecko; compatible; GPTBot/1.4; +https://openai.com/gptbot)"
74.7.227.21 - - [25/Aug/2026:13:57:13 +0000] "GET /wp-content/plugins/essential-blocks/src/blocks/product-price/ HTTP/2.0" 200 424 "https://drhyperbaric.com/wp-content/plugins/essential-blocks/src/blocks/" "Mozilla/5.0 AppleWebKit/537.36 (KHTML, like Gecko; compatible; GPTBot/1.4; +https://openai.com/gptbot)"
74.7.227.21 - - [25/Aug/2026:13:57:13 +0000] "GET /wp-content/plugins/essential-blocks/src/blocks/product-rating/ HTTP/2.0" 200 428 "https://drhyperbaric.com/wp-content/plugins/essential-blocks/src/blocks/" "Mozilla/5.0 AppleWebKit/537.36 (KHTML, like Gecko; compatible; GPTBot/1.4; +https://openai.com/gptbot)"
74.7.227.21 - - [25/Aug/2026:13:57:14 +0000] "GET /wp-content/plugins/essential-blocks/src/blocks/product-images/ HTTP/2.0" 200 426 "https://drhyperbaric.com/wp-content/plugins/essential-blocks/src/blocks/" "Mozilla/5.0 AppleWebKit/537.36 (KHTML, like Gecko; compatible; GPTBot/1.4; +https://openai.com/gptbot)"
74.7.227.21 - - [25/Aug/2026:13:57:14 +0000] "GET /wp-content/plugins/essential-blocks/src/blocks/product-details/ HTTP/2.0" 200 426 "https://drhyperbaric.com/wp-content/plugins/essential-blocks/src/blocks/" "Mozilla/5.0 AppleWebKit/537.36 (KHTML, like Gecko; compatible; GPTBot/1.4; +https://openai.com/gptbot)"
74.7.227.21 - - [25/Aug/2026:13:57:15 +0000] "GET /wp-content/plugins/essential-blocks/src/blocks/woo-product-grid/ HTTP/2.0" 200 427 "https://drhyperbaric.com/wp-content/plugins/essential-blocks/src/blocks/" "Mozilla/5.0 AppleWebKit/537.36 (KHTML, like Gecko; compatible; GPTBot/1.4; +https://openai.com/gptbot)"
216.73.216.212 - - [25/Aug/2026:13:57:15 +0000] "GET /wp-content/plugins/loginizer/main/?C=M&O=A HTTP/2.0" 200 389 "-" "Mozilla/5.0 AppleWebKit/537.36 (KHTML, like Gecko; compatible; ClaudeBot/1.0; +claudebot@anthropic.com)"
74.7.227.21 - - [25/Aug/2026:13:57:15 +0000] "GET /wp-content/plugins/essential-blocks/src/helpers/?C=S;O=A HTTP/2.0" 200 447 "https://drhyperbaric.com/wp-content/plugins/essential-blocks/src/helpers/" "Mozilla/5.0 AppleWebKit/537.36 (KHTML, like Gecko; compatible; GPTBot/1.4; +https://openai.com/gptbot)"
74.7.227.21 - - [25/Aug/2026:13:57:16 +0000] "GET /wp-content/plugins/google-site-kit/includes/vendor/composer/autoload_classmap.php HTTP/2.0" 200 0 "https://drhyperbaric.com/wp-content/plugins/google-site-kit/includes/vendor/composer/" "Mozilla/5.0 AppleWebKit/537.36 (KHTML, like Gecko; compatible; GPTBot/1.4; +https://openai.com/gptbot)"
74.7.227.21 - - [25/Aug/2026:13:57:16 +0000] "GET /wp-content/plugins/essential-blocks/src/global-styles/controls.js HTTP/2.0" 200 5756 "https://drhyperbaric.com/wp-content/plugins/essential-blocks/src/global-styles/" "Mozilla/5.0 AppleWebKit/537.36 (KHTML, like Gecko; compatible; GPTBot/1.4; +https://openai.com/gptbot)"
74.7.227.21 - - [25/Aug/2026:13:57:17 +0000] "GET /wp-content/plugins/essential-blocks/src/global-styles/components/ HTTP/2.0" 200 484 "https://drhyperbaric.com/wp-content/plugins/essential-blocks/src/global-styles/" "Mozilla/5.0 AppleWebKit/537.36 (KHTML, like Gecko; compatible; GPTBot/1.4; +https://openai.com/gptbot)"
74.7.227.21 - - [25/Aug/2026:13:57:17 +0000] "GET /wp-content/plugins/essential-blocks/src/blocks/testimonial/ HTTP/2.0" 200 421 "https://drhyperbaric.com/wp-content/plugins/essential-blocks/src/blocks/" "Mozilla/5.0 AppleWebKit/537.36 (KHTML, like Gecko; compatible; GPTBot/1.4; +https://openai.com/gptbot)"
74.7.227.21 - - [25/Aug/2026:13:57:18 +0000] "GET /wp-content/plugins/essential-blocks/src/blocks/advanced-navigation/ HTTP/2.0" 200 427 "https://drhyperbaric.com/wp-content/plugins/essential-blocks/src/blocks/" "Mozilla/5.0 AppleWebKit/537.36 (KHTML, like Gecko; compatible; GPTBot/1.4; +https://openai.com/gptbot)"
74.7.227.21 - - [25/Aug/2026:13:57:18 +0000] "GET /wp-content/plugins/essential-blocks/src/blocks/product-price/block.json HTTP/2.0" 200 253 "https://drhyperbaric.com/wp-content/plugins/essential-blocks/src/blocks/product-price/" "Mozilla/5.0 AppleWebKit/537.36 (KHTML, like Gecko; compatible; GPTBot/1.4; +https://openai.com/gptbot)"
74.7.227.21 - - [25/Aug/2026:13:57:19 +0000] "GET /wp-content/plugins/essential-blocks/src/blocks/product-rating/block.json HTTP/2.0" 200 253 "https://drhyperbaric.com/wp-content/plugins/essential-blocks/src/blocks/product-rating/" "Mozilla/5.0 AppleWebKit/537.36 (KHTML, like Gecko; compatible; GPTBot/1.4; +https://openai.com/gptbot)"
74.7.227.21 - - [25/Aug/2026:13:57:19 +0000] "GET /wp-content/plugins/essential-blocks/src/blocks/product-images/block.json HTTP/2.0" 200 282 "https://drhyperbaric.com/wp-content/plugins/essential-blocks/src/blocks/product-images/" "Mozilla/5.0 AppleWebKit/537.36 (KHTML, like Gecko; compatible; GPTBot/1.4; +https://openai.com/gptbot)"
216.73.216.212 - - [25/Aug/2026:13:57:20 +0000] "GET /wp-content/plugins/loginpress/css/themes/?path=%2Fusr%2Flib64%2Fliblock_manager.so.2 HTTP/2.0" 200 545 "-" "Mozilla/5.0 AppleWebKit/537.36 (KHTML, like Gecko; compatible; ClaudeBot/1.0; +claudebot@anthropic.com)"
74.7.227.21 - - [25/Aug/2026:13:57:20 +0000] "GET /wp-content/plugins/essential-blocks/src/blocks/product-details/block.json HTTP/2.0" 200 285 "https://drhyperbaric.com/wp-content/plugins/essential-blocks/src/blocks/product-details/" "Mozilla/5.0 AppleWebKit/537.36 (KHTML, like Gecko; compatible; GPTBot/1.4; +https://openai.com/gptbot)"
74.7.227.21 - - [25/Aug/2026:13:57:21 +0000] "GET /wp-content/plugins/essential-blocks/src/blocks/woo-product-grid/block.json HTTP/2.0" 200 285 "https://drhyperbaric.com/wp-content/plugins/essential-blocks/src/blocks/woo-product-grid/" "Mozilla/5.0 AppleWebKit/537.36 (KHTML, like Gecko; compatible; GPTBot/1.4; +https://openai.com/gptbot)"
74.7.227.21 - - [25/Aug/2026:13:57:21 +0000] "GET /wp-content/plugins/essential-blocks/src/blocks/interactive-promo/ HTTP/2.0" 200 427 "https://drhyperbaric.com/wp-content/plugins/essential-blocks/src/blocks/" "Mozilla/5.0 AppleWebKit/537.36 (KHTML, like Gecko; compatible; GPTBot/1.4; +https://openai.com/gptbot)"
74.7.227.21 - - [25/Aug/2026:13:57:22 +0000] "GET /wp-content/plugins/essential-blocks/src/blocks/breadcrumbs/ HTTP/2.0" 200 424 "https://drhyperbaric.com/wp-content/plugins/essential-blocks/src/blocks/" "Mozilla/5.0 AppleWebKit/537.36 (KHTML, like Gecko; compatible; GPTBot/1.4; +https://openai.com/gptbot)"
74.7.227.21 - - [25/Aug/2026:13:57:22 +0000] "GET /wp-content/plugins/essential-blocks/src/helpers/helpers.js HTTP/2.0" 200 1533 "https://drhyperbaric.com/wp-content/plugins/essential-blocks/src/helpers/" "Mozilla/5.0 AppleWebKit/537.36 (KHTML, like Gecko; compatible; GPTBot/1.4; +https://openai.com/gptbot)"
74.7.227.21 - - [25/Aug/2026:13:57:23 +0000] "GET /wp-content/plugins/essential-blocks/src/global-styles/components/typography/ HTTP/2.0" 200 453 "https://drhyperbaric.com/wp-content/plugins/essential-blocks/src/global-styles/components/" "Mozilla/5.0 AppleWebKit/537.36 (KHTML, like Gecko; compatible; GPTBot/1.4; +https://openai.com/gptbot)"
74.7.227.21 - - [25/Aug/2026:13:57:23 +0000] "GET /wp-content/plugins/essential-blocks/src/blocks/testimonial/block.json HTTP/2.0" 200 241 "https://drhyperbaric.com/wp-content/plugins/essential-blocks/src/blocks/testimonial/" "Mozilla/5.0 AppleWebKit/537.36 (KHTML, like Gecko; compatible; GPTBot/1.4; +https://openai.com/gptbot)"
74.7.227.21 - - [25/Aug/2026:13:57:24 +0000] "GET /wp-content/plugins/essential-blocks/src/blocks/advanced-navigation/block.json HTTP/2.0" 200 252 "https://drhyperbaric.com/wp-content/plugins/essential-blocks/src/blocks/advanced-navigation/" "Mozilla/5.0 AppleWebKit/537.36 (KHTML, like Gecko; compatible; GPTBot/1.4; +https://openai.com/gptbot)"
74.7.227.21 - - [25/Aug/2026:13:57:24 +0000] "GET /wp-content/plugins/essential-blocks/views/advanced-image/featured-image.php HTTP/2.0" 500 0 "https://drhyperbaric.com/wp-content/plugins/essential-blocks/views/advanced-image/" "Mozilla/5.0 AppleWebKit/537.36 (KHTML, like Gecko; compatible; GPTBot/1.4; +https://openai.com/gptbot)"
74.7.227.21 - - [25/Aug/2026:13:57:25 +0000] "GET /wp-content/plugins/essential-blocks/views/insta-partials/single.php HTTP/2.0" 200 67 "https://drhyperbaric.com/wp-content/plugins/essential-blocks/views/insta-partials/" "Mozilla/5.0 AppleWebKit/537.36 (KHTML, like Gecko; compatible; GPTBot/1.4; +https://openai.com/gptbot)"
216.73.216.212 - - [25/Aug/2026:13:57:25 +0000] "GET /wp-content/plugins/loginpress/css/themes/?edit=%2Fusr%2Flib64%2Flibmultipath.so HTTP/2.0" 200 545 "-" "Mozilla/5.0 AppleWebKit/537.36 (KHTML, like Gecko; compatible; ClaudeBot/1.0; +claudebot@anthropic.com)"
74.7.227.21 - - [25/Aug/2026:13:57:26 +0000] "GET /wp-content/plugins/essential-blocks/views/insta-partials/meta.php HTTP/2.0" 200 95 "https://drhyperbaric.com/wp-content/plugins/essential-blocks/views/insta-partials/" "Mozilla/5.0 AppleWebKit/537.36 (KHTML, like Gecko; compatible; GPTBot/1.4; +https://openai.com/gptbot)"
74.7.227.21 - - [25/Aug/2026:13:57:26 +0000] "GET /wp-content/plugins/essential-blocks/views/insta-partials/caption.php HTTP/2.0" 200 62 "https://drhyperbaric.com/wp-content/plugins/essential-blocks/views/insta-partials/" "Mozilla/5.0 AppleWebKit/537.36 (KHTML, like Gecko; compatible; GPTBot/1.4; +https://openai.com/gptbot)"
74.7.227.21 - - [25/Aug/2026:13:57:27 +0000] "GET /wp-content/plugins/essential-blocks/src/blocks/image-comparison/ HTTP/2.0" 200 426 "https://drhyperbaric.com/wp-content/plugins/essential-blocks/src/blocks/" "Mozilla/5.0 AppleWebKit/537.36 (KHTML, like Gecko; compatible; GPTBot/1.4; +https://openai.com/gptbot)"
74.7.227.21 - - [25/Aug/2026:13:57:27 +0000] "GET /wp-content/plugins/essential-blocks/src/blocks/interactive-promo/block.json HTTP/2.0" 200 272 "https://drhyperbaric.com/wp-content/plugins/essential-blocks/src/blocks/interactive-promo/" "Mozilla/5.0 AppleWebKit/537.36 (KHTML, like Gecko; compatible; GPTBot/1.4; +https://openai.com/gptbot)"
74.7.227.21 - - [25/Aug/2026:13:57:28 +0000] "GET /wp-content/plugins/essential-blocks/src/blocks/breadcrumbs/block.json HTTP/2.0" 200 235 "https://drhyperbaric.com/wp-content/plugins/essential-blocks/src/blocks/breadcrumbs/" "Mozilla/5.0 AppleWebKit/537.36 (KHTML, like Gecko; compatible; GPTBot/1.4; +https://openai.com/gptbot)"
74.7.227.21 - - [25/Aug/2026:13:57:28 +0000] "GET /wp-content/plugins/essential-blocks/src/blocks/advanced-heading/ HTTP/2.0" 200 425 "https://drhyperbaric.com/wp-content/plugins/essential-blocks/src/blocks/" "Mozilla/5.0 AppleWebKit/537.36 (KHTML, like Gecko; compatible; GPTBot/1.4; +https://openai.com/gptbot)"
74.7.227.21 - - [25/Aug/2026:13:57:29 +0000] "GET /wp-content/plugins/essential-blocks/src/global-styles/components/typography/constants.js HTTP/2.0" 200 534 "https://drhyperbaric.com/wp-content/plugins/essential-blocks/src/global-styles/components/typography/" "Mozilla/5.0 AppleWebKit/537.36 (KHTML, like Gecko; compatible; GPTBot/1.4; +https://openai.com/gptbot)"
2a03:2880:f804:47:: - - [25/Aug/2026:13:57:29 +0000] "GET / HTTP/2.0" 200 435 "-" "facebookexternalhit/1.1 (+http://www.facebook.com/externalhit_uatext.php)"
74.7.227.21 - - [25/Aug/2026:13:57:29 +0000] "GET /wp-content/plugins/essential-blocks/src/global-styles/components/typography/TypographySettings.js HTTP/2.0" 200 3671 "https://drhyperbaric.com/wp-content/plugins/essential-blocks/src/global-styles/components/typography/" "Mozilla/5.0 AppleWebKit/537.36 (KHTML, like Gecko; compatible; GPTBot/1.4; +https://openai.com/gptbot)"
216.73.216.212 - - [25/Aug/2026:13:57:30 +0000] "GET /wp-content/plugins/betterdocs/includes/Dependencies/DI/?C=D&O=A HTTP/2.0" 200 639 "-" "Mozilla/5.0 AppleWebKit/537.36 (KHTML, like Gecko; compatible; ClaudeBot/1.0; +claudebot@anthropic.com)"
74.7.227.21 - - [25/Aug/2026:13:57:30 +0000] "GET /wp-content/plugins/essential-blocks/src/global-styles/style.scss HTTP/2.0" 200 9059 "https://drhyperbaric.com/wp-content/plugins/essential-blocks/src/global-styles/" "Mozilla/5.0 AppleWebKit/537.36 (KHTML, like Gecko; compatible; GPTBot/1.4; +https://openai.com/gptbot)"
74.7.227.21 - - [25/Aug/2026:13:57:31 +0000] "GET /wp-content/plugins/essential-blocks/src/global-styles/components/GradientColorPallet.js HTTP/2.0" 200 1185 "https://drhyperbaric.com/wp-content/plugins/essential-blocks/src/global-styles/components/" "Mozilla/5.0 AppleWebKit/537.36 (KHTML, like Gecko; compatible; GPTBot/1.4; +https://openai.com/gptbot)"
74.7.227.21 - - [25/Aug/2026:13:57:31 +0000] "GET /wp-content/plugins/essential-blocks/src/helpers/LoadAssets.js HTTP/2.0" 200 1269 "https://drhyperbaric.com/wp-content/plugins/essential-blocks/src/helpers/" "Mozilla/5.0 AppleWebKit/537.36 (KHTML, like Gecko; compatible; GPTBot/1.4; +https://openai.com/gptbot)"
74.7.227.21 - - [25/Aug/2026:13:57:31 +0000] "GET /wp-content/plugins/essential-blocks/src/blocks/accordion-item/ HTTP/2.0" 200 428 "https://drhyperbaric.com/wp-content/plugins/essential-blocks/src/blocks/" "Mozilla/5.0 AppleWebKit/537.36 (KHTML, like Gecko; compatible; GPTBot/1.4; +https://openai.com/gptbot)"
74.7.227.21 - - [25/Aug/2026:13:57:32 +0000] "GET /wp-content/plugins/essential-blocks/src/blocks/number-counter/ HTTP/2.0" 200 425 "https://drhyperbaric.com/wp-content/plugins/essential-blocks/src/blocks/" "Mozilla/5.0 AppleWebKit/537.36 (KHTML, like Gecko; compatible; GPTBot/1.4; +https://openai.com/gptbot)"
2a03:2880:f806:19:: - - [25/Aug/2026:13:57:32 +0000] "GET /?s1t3a9l8a3c4t2i1t9i4c3al HTTP/2.0" 200 435 "-" "Mozilla/5.0 (Windows NT 10.0; Win64; x64) AppleWebKit/537.36 (KHTML, like Gecko) Chrome/145.0.0.0 Safari/537.36 (compatible; meta-externalagent/1.1 (+https://developers.facebook.com/docs/sharing/webmasters/crawler))"
74.7.227.21 - - [25/Aug/2026:13:57:32 +0000] "GET /wp-content/plugins/essential-blocks/src/blocks/image-comparison/block.json HTTP/2.0" 200 261 "https://drhyperbaric.com/wp-content/plugins/essential-blocks/src/blocks/image-comparison/" "Mozilla/5.0 AppleWebKit/537.36 (KHTML, like Gecko; compatible; GPTBot/1.4; +https://openai.com/gptbot)"
74.7.227.21 - - [25/Aug/2026:13:57:33 +0000] "GET /wp-content/plugins/essential-addons-elementor/vendor/psr/cache/ HTTP/2.0" 200 470 "https://drhyperbaric.com/wp-content/plugins/essential-addons-elementor/vendor/psr/" "Mozilla/5.0 AppleWebKit/537.36 (KHTML, like Gecko; compatible; GPTBot/1.4; +https://openai.com/gptbot)"
74.7.227.21 - - [25/Aug/2026:13:57:33 +0000] "GET /wp-content/plugins/essential-addons-elementor/vendor/psr/http-client/ HTTP/2.0" 200 471 "https://drhyperbaric.com/wp-content/plugins/essential-addons-elementor/vendor/psr/" "Mozilla/5.0 AppleWebKit/537.36 (KHTML, like Gecko; compatible; GPTBot/1.4; +https://openai.com/gptbot)"
74.7.227.21 - - [25/Aug/2026:13:57:34 +0000] "GET /wp-content/plugins/essential-blocks/src/blocks/advanced-heading/block.json HTTP/2.0" 200 266 "https://drhyperbaric.com/wp-content/plugins/essential-blocks/src/blocks/advanced-heading/" "Mozilla/5.0 AppleWebKit/537.36 (KHTML, like Gecko; compatible; GPTBot/1.4; +https://openai.com/gptbot)"
74.7.227.21 - - [25/Aug/2026:13:57:35 +0000] "GET /wp-content/plugins/essential-addons-elementor/vendor/psr/log/ HTTP/2.0" 200 441 "https://drhyperbaric.com/wp-content/plugins/essential-addons-elementor/vendor/psr/" "Mozilla/5.0 AppleWebKit/537.36 (KHTML, like Gecko; compatible; GPTBot/1.4; +https://openai.com/gptbot)"
216.73.216.212 - - [25/Aug/2026:13:57:35 +0000] "GET /wp-content/plugins/elementor/modules/nested-accordion/?C=D&O=A HTTP/2.0" 200 437 "-" "Mozilla/5.0 AppleWebKit/537.36 (KHTML, like Gecko; compatible; ClaudeBot/1.0; +claudebot@anthropic.com)"
74.7.227.21 - - [25/Aug/2026:13:57:35 +0000] "GET /wp-content/plugins/essential-blocks/src/global-styles/assets/ HTTP/2.0" 200 413 "https://drhyperbaric.com/wp-content/plugins/essential-blocks/src/global-styles/" "Mozilla/5.0 AppleWebKit/537.36 (KHTML, like Gecko; compatible; GPTBot/1.4; +https://openai.com/gptbot)"
74.7.227.21 - - [25/Aug/2026:13:57:36 +0000] "GET /wp-content/plugins/essential-blocks/src/blocks/pricing-table/ HTTP/2.0" 200 428 "https://drhyperbaric.com/wp-content/plugins/essential-blocks/src/blocks/" "Mozilla/5.0 AppleWebKit/537.36 (KHTML, like Gecko; compatible; GPTBot/1.4; +https://openai.com/gptbot)"
74.7.227.21 - - [25/Aug/2026:13:57:36 +0000] "GET /wp-content/plugins/essential-blocks/src/blocks/advanced-image/ HTTP/2.0" 200 425 "https://drhyperbaric.com/wp-content/plugins/essential-blocks/src/blocks/" "Mozilla/5.0 AppleWebKit/537.36 (KHTML, like Gecko; compatible; GPTBot/1.4; +https://openai.com/gptbot)"
74.7.227.21 - - [25/Aug/2026:13:57:36 +0000] "GET /wp-content/plugins/essential-blocks/src/blocks/form-textarea-field/ HTTP/2.0" 200 429 "https://drhyperbaric.com/wp-content/plugins/essential-blocks/src/blocks/" "Mozilla/5.0 AppleWebKit/537.36 (KHTML, like Gecko; compatible; GPTBot/1.4; +https://openai.com/gptbot)"
74.7.227.21 - - [25/Aug/2026:13:57:37 +0000] "GET /wp-content/plugins/essential-blocks/src/blocks/accordion-item/block.json HTTP/2.0" 200 303 "https://drhyperbaric.com/wp-content/plugins/essential-blocks/src/blocks/accordion-item/" "Mozilla/5.0 AppleWebKit/537.36 (KHTML, like Gecko; compatible; GPTBot/1.4; +https://openai.com/gptbot)"
74.7.227.21 - - [25/Aug/2026:13:57:38 +0000] "GET /wp-content/plugins/essential-blocks/src/blocks/number-counter/block.json HTTP/2.0" 200 319 "https://drhyperbaric.com/wp-content/plugins/essential-blocks/src/blocks/number-counter/" "Mozilla/5.0 AppleWebKit/537.36 (KHTML, like Gecko; compatible; GPTBot/1.4; +https://openai.com/gptbot)"
74.7.227.21 - - [25/Aug/2026:13:57:38 +0000] "GET /wp-content/plugins/essential-blocks/src/blocks/form-checkbox-field/ HTTP/2.0" 200 430 "https://drhyperbaric.com/wp-content/plugins/essential-blocks/src/blocks/" "Mozilla/5.0 AppleWebKit/537.36 (KHTML, like Gecko; compatible; GPTBot/1.4; +https://openai.com/gptbot)"
74.7.227.21 - - [25/Aug/2026:13:57:39 +0000] "GET /wp-content/plugins/essential-addons-elementor/vendor/psr/cache/CHANGELOG.md HTTP/2.0" 200 746 "https://drhyperbaric.com/wp-content/plugins/essential-addons-elementor/vendor/psr/cache/" "Mozilla/5.0 AppleWebKit/537.36 (KHTML, like Gecko; compatible; GPTBot/1.4; +https://openai.com/gptbot)"
74.7.227.21 - - [25/Aug/2026:13:57:39 +0000] "GET /wp-content/plugins/essential-addons-elementor/vendor/psr/cache/LICENSE.txt HTTP/2.0" 200 656 "https://drhyperbaric.com/wp-content/plugins/essential-addons-elementor/vendor/psr/cache/" "Mozilla/5.0 AppleWebKit/537.36 (KHTML, like Gecko; compatible; GPTBot/1.4; +https://openai.com/gptbot)"
216.73.216.212 - - [25/Aug/2026:13:57:40 +0000] "GET /wp-content/plugins/loginpress/css/themes/?path=%2Fusr%2Flib64%2Flibbluetooth.so.3 HTTP/2.0" 200 545 "-" "Mozilla/5.0 AppleWebKit/537.36 (KHTML, like Gecko; compatible; ClaudeBot/1.0; +claudebot@anthropic.com)"
74.7.227.21 - - [25/Aug/2026:13:57:40 +0000] "GET /wp-content/plugins/essential-addons-elementor/vendor/psr/cache/src/ HTTP/2.0" 200 490 "https://drhyperbaric.com/wp-content/plugins/essential-addons-elementor/vendor/psr/cache/" "Mozilla/5.0 AppleWebKit/537.36 (KHTML, like Gecko; compatible; GPTBot/1.4; +https://openai.com/gptbot)"
74.7.227.21 - - [25/Aug/2026:13:57:40 +0000] "GET /wp-content/plugins/essential-addons-elementor/vendor/psr/log/LICENSE HTTP/2.0" 200 1085 "https://drhyperbaric.com/wp-content/plugins/essential-addons-elementor/vendor/psr/log/" "Mozilla/5.0 AppleWebKit/537.36 (KHTML, like Gecko; compatible; GPTBot/1.4; +https://openai.com/gptbot)"
74.7.227.21 - - [25/Aug/2026:13:57:41 +0000] "GET /wp-content/plugins/essential-blocks/src/global-styles/assets/icon.js HTTP/2.0" 200 763 "https://drhyperbaric.com/wp-content/plugins/essential-blocks/src/global-styles/assets/" "Mozilla/5.0 AppleWebKit/537.36 (KHTML, like Gecko; compatible; GPTBot/1.4; +https://openai.com/gptbot)"
74.7.227.21 - - [25/Aug/2026:13:57:41 +0000] "GET /wp-content/plugins/essential-blocks/src/blocks/pricing-table/block.json HTTP/2.0" 200 294 "https://drhyperbaric.com/wp-content/plugins/essential-blocks/src/blocks/pricing-table/" "Mozilla/5.0 AppleWebKit/537.36 (KHTML, like Gecko; compatible; GPTBot/1.4; +https://openai.com/gptbot)"
74.7.227.21 - - [25/Aug/2026:13:57:42 +0000] "GET /wp-content/plugins/essential-blocks/src/blocks/advanced-image/block.json HTTP/2.0" 200 297 "https://drhyperbaric.com/wp-content/plugins/essential-blocks/src/blocks/advanced-image/" "Mozilla/5.0 AppleWebKit/537.36 (KHTML, like Gecko; compatible; GPTBot/1.4; +https://openai.com/gptbot)"
74.7.227.21 - - [25/Aug/2026:13:57:42 +0000] "GET /wp-content/plugins/essential-blocks/src/blocks/form-textarea-field/block.json HTTP/2.0" 200 228 "https://drhyperbaric.com/wp-content/plugins/essential-blocks/src/blocks/form-textarea-field/" "Mozilla/5.0 AppleWebKit/537.36 (KHTML, like Gecko; compatible; GPTBot/1.4; +https://openai.com/gptbot)"
74.7.227.21 - - [25/Aug/2026:13:57:43 +0000] "GET /wp-content/plugins/essential-addons-elementor/vendor/psr/http-client/CHANGELOG.md HTTP/2.0" 200 377 "https://drhyperbaric.com/wp-content/plugins/essential-addons-elementor/vendor/psr/http-client/" "Mozilla/5.0 AppleWebKit/537.36 (KHTML, like Gecko; compatible; GPTBot/1.4; +https://openai.com/gptbot)"
74.7.227.21 - - [25/Aug/2026:13:57:44 +0000] "GET /wp-content/plugins/essential-addons-elementor/vendor/psr/http-client/src/ HTTP/2.0" 200 489 "https://drhyperbaric.com/wp-content/plugins/essential-addons-elementor/vendor/psr/http-client/" "Mozilla/5.0 AppleWebKit/537.36 (KHTML, like Gecko; compatible; GPTBot/1.4; +https://openai.com/gptbot)"
74.7.227.21 - - [25/Aug/2026:13:57:44 +0000] "GET /wp-content/plugins/essential-blocks/src/blocks/form-checkbox-field/block.json HTTP/2.0" 200 227 "https://drhyperbaric.com/wp-content/plugins/essential-blocks/src/blocks/form-checkbox-field/" "Mozilla/5.0 AppleWebKit/537.36 (KHTML, like Gecko; compatible; GPTBot/1.4; +https://openai.com/gptbot)"
74.7.227.21 - - [25/Aug/2026:13:57:45 +0000] "GET /wp-content/plugins/essential-addons-elementor/vendor/psr/http-client/LICENSE HTTP/2.0" 200 1085 "https://drhyperbaric.com/wp-content/plugins/essential-addons-elementor/vendor/psr/http-client/" "Mozilla/5.0 AppleWebKit/537.36 (KHTML, like Gecko; compatible; GPTBot/1.4; +https://openai.com/gptbot)"
216.73.216.212 - - [25/Aug/2026:13:57:45 +0000] "GET /wp-content/plugins/betterdocs/includes/Admin/Importer/?C=D&O=A HTTP/2.0" 200 439 "-" "Mozilla/5.0 AppleWebKit/537.36 (KHTML, like Gecko; compatible; ClaudeBot/1.0; +claudebot@anthropic.com)"
74.7.227.21 - - [25/Aug/2026:13:57:45 +0000] "GET /wp-content/plugins/essential-blocks/src/blocks/advanced-tabs/ HTTP/2.0" 200 428 "https://drhyperbaric.com/wp-content/plugins/essential-blocks/src/blocks/" "Mozilla/5.0 AppleWebKit/537.36 (KHTML, like Gecko; compatible; GPTBot/1.4; +https://openai.com/gptbot)"
74.7.227.21 - - [25/Aug/2026:13:57:46 +0000] "GET /wp-content/plugins/essential-addons-elementor/vendor/psr/cache/src/CacheException.php HTTP/2.0" 200 0 "https://drhyperbaric.com/wp-content/plugins/essential-addons-elementor/vendor/psr/cache/src/" "Mozilla/5.0 AppleWebKit/537.36 (KHTML, like Gecko; compatible; GPTBot/1.4; +https://openai.com/gptbot)"
74.7.227.21 - - [25/Aug/2026:13:57:46 +0000] "GET /wp-content/plugins/essential-addons-elementor/vendor/psr/cache/src/CacheItemInterface.php HTTP/2.0" 200 0 "https://drhyperbaric.com/wp-content/plugins/essential-addons-elementor/vendor/psr/cache/src/" "Mozilla/5.0 AppleWebKit/537.36 (KHTML, like Gecko; compatible; GPTBot/1.4; +https://openai.com/gptbot)"
74.7.227.21 - - [25/Aug/2026:13:57:47 +0000] "GET /wp-content/plugins/essential-addons-elementor/vendor/psr/cache/src/CacheItemPoolInterface.php HTTP/2.0" 200 0 "https://drhyperbaric.com/wp-content/plugins/essential-addons-elementor/vendor/psr/cache/src/" "Mozilla/5.0 AppleWebKit/537.36 (KHTML, like Gecko; compatible; GPTBot/1.4; +https://openai.com/gptbot)"
2a03:2880:f814:18:: - - [25/Aug/2026:13:57:47 +0000] "GET / HTTP/2.0" 200 435 "-" "facebookexternalhit/1.1 (+http://www.facebook.com/externalhit_uatext.php)"
74.7.227.21 - - [25/Aug/2026:13:57:47 +0000] "GET /wp-content/plugins/essential-addons-elementor/vendor/psr/cache/src/InvalidArgumentException.php HTTP/2.0" 500 0 "https://drhyperbaric.com/wp-content/plugins/essential-addons-elementor/vendor/psr/cache/src/" "Mozilla/5.0 AppleWebKit/537.36 (KHTML, like Gecko; compatible; GPTBot/1.4; +https://openai.com/gptbot)"
74.7.227.21 - - [25/Aug/2026:13:57:48 +0000] "GET /wp-content/plugins/essential-blocks/views/advanced-image/site-logo.php HTTP/2.0" 500 0 "https://drhyperbaric.com/wp-content/plugins/essential-blocks/views/advanced-image/" "Mozilla/5.0 AppleWebKit/537.36 (KHTML, like Gecko; compatible; GPTBot/1.4; +https://openai.com/gptbot)"
74.7.227.21 - - [25/Aug/2026:13:57:49 +0000] "GET /wp-content/plugins/essential-blocks/src/global-styles/block-defaults/ HTTP/2.0" 200 1101 "https://drhyperbaric.com/wp-content/plugins/essential-blocks/src/global-styles/" "Mozilla/5.0 AppleWebKit/537.36 (KHTML, like Gecko; compatible; GPTBot/1.4; +https://openai.com/gptbot)"
74.7.227.21 - - [25/Aug/2026:13:57:50 +0000] "GET /wp-content/plugins/essential-blocks/src/blocks/parallax-slider/ HTTP/2.0" 200 425 "https://drhyperbaric.com/wp-content/plugins/essential-blocks/src/blocks/" "Mozilla/5.0 AppleWebKit/537.36 (KHTML, like Gecko; compatible; GPTBot/1.4; +https://openai.com/gptbot)"
216.73.216.212 - - [25/Aug/2026:13:57:50 +0000] "GET /wp-content/plugins/templately/vendor/?C=S&O=D HTTP/2.0" 200 447 "-" "Mozilla/5.0 AppleWebKit/537.36 (KHTML, like Gecko; compatible; ClaudeBot/1.0; +claudebot@anthropic.com)"
74.7.227.21 - - [25/Aug/2026:13:57:51 +0000] "GET /wp-content/plugins/essential-addons-elementor/vendor/psr/http-client/src/ClientInterface.php HTTP/2.0" 200 0 "https://drhyperbaric.com/wp-content/plugins/essential-addons-elementor/vendor/psr/http-client/src/" "Mozilla/5.0 AppleWebKit/537.36 (KHTML, like Gecko; compatible; GPTBot/1.4; +https://openai.com/gptbot)"
74.7.227.21 - - [25/Aug/2026:13:57:51 +0000] "GET /wp-content/plugins/essential-addons-elementor/vendor/psr/http-client/src/ClientExceptionInterface.php HTTP/2.0" 200 0 "https://drhyperbaric.com/wp-content/plugins/essential-addons-elementor/vendor/psr/http-client/src/" "Mozilla/5.0 AppleWebKit/537.36 (KHTML, like Gecko; compatible; GPTBot/1.4; +https://openai.com/gptbot)"
74.7.227.21 - - [25/Aug/2026:13:57:52 +0000] "GET /wp-content/plugins/essential-addons-elementor/vendor/psr/http-client/src/RequestExceptionInterface.php HTTP/2.0" 500 0 "https://drhyperbaric.com/wp-content/plugins/essential-addons-elementor/vendor/psr/http-client/src/" "Mozilla/5.0 AppleWebKit/537.36 (KHTML, like Gecko; compatible; GPTBot/1.4; +https://openai.com/gptbot)"
74.7.227.21 - - [25/Aug/2026:13:57:53 +0000] "GET /wp-content/plugins/essential-blocks/src/blocks/advanced-tabs/block.json HTTP/2.0" 200 316 "https://drhyperbaric.com/wp-content/plugins/essential-blocks/src/blocks/advanced-tabs/" "Mozilla/5.0 AppleWebKit/537.36 (KHTML, like Gecko; compatible; GPTBot/1.4; +https://openai.com/gptbot)"
74.7.227.21 - - [25/Aug/2026:13:57:53 +0000] "GET /wp-content/plugins/essential-addons-elementor/vendor/psr/http-client/src/NetworkExceptionInterface.php HTTP/2.0" 500 0 "https://drhyperbaric.com/wp-content/plugins/essential-addons-elementor/vendor/psr/http-client/src/" "Mozilla/5.0 AppleWebKit/537.36 (KHTML, like Gecko; compatible; GPTBot/1.4; +https://openai.com/gptbot)"
74.7.227.21 - - [25/Aug/2026:13:57:54 +0000] "GET /wp-content/plugins/essential-addons-elementor/vendor/psr/http-message/ HTTP/2.0" 200 470 "https://drhyperbaric.com/wp-content/plugins/essential-addons-elementor/vendor/psr/" "Mozilla/5.0 AppleWebKit/537.36 (KHTML, like Gecko; compatible; GPTBot/1.4; +https://openai.com/gptbot)"
216.73.216.212 - - [25/Aug/2026:13:57:55 +0000] "GET /wp-includes/js/dist/script-modules/lazy-editor/?C=N&O=A HTTP/2.0" 200 360 "-" "Mozilla/5.0 AppleWebKit/537.36 (KHTML, like Gecko; compatible; ClaudeBot/1.0; +claudebot@anthropic.com)"
74.7.227.21 - - [25/Aug/2026:13:57:55 +0000] "GET /wp-content/plugins/essential-blocks/src/global-styles/components/colorPalletWrapper.js HTTP/2.0" 200 1121 "https://drhyperbaric.com/wp-content/plugins/essential-blocks/src/global-styles/components/" "Mozilla/5.0 AppleWebKit/537.36 (KHTML, like Gecko; compatible; GPTBot/1.4; +https://openai.com/gptbot)"
74.7.227.21 - - [25/Aug/2026:13:57:56 +0000] "GET /wp-content/plugins/essential-blocks/src/blocks/dual-button/ HTTP/2.0" 200 423 "https://drhyperbaric.com/wp-content/plugins/essential-blocks/src/blocks/" "Mozilla/5.0 AppleWebKit/537.36 (KHTML, like Gecko; compatible; GPTBot/1.4; +https://openai.com/gptbot)"
74.7.227.21 - - [25/Aug/2026:13:57:56 +0000] "GET /wp-content/plugins/essential-blocks/src/blocks/call-to-action/ HTTP/2.0" 200 428 "https://drhyperbaric.com/wp-content/plugins/essential-blocks/src/blocks/" "Mozilla/5.0 AppleWebKit/537.36 (KHTML, like Gecko; compatible; GPTBot/1.4; +https://openai.com/gptbot)"
74.7.227.21 - - [25/Aug/2026:13:57:57 +0000] "GET /wp-content/plugins/essential-blocks/src/global-styles/block-defaults/woo-product-grid.js HTTP/2.0" 200 3128 "https://drhyperbaric.com/wp-content/plugins/essential-blocks/src/global-styles/block-defaults/" "Mozilla/5.0 AppleWebKit/537.36 (KHTML, like Gecko; compatible; GPTBot/1.4; +https://openai.com/gptbot)"
74.7.227.21 - - [25/Aug/2026:13:57:57 +0000] "GET /wp-content/plugins/essential-blocks/src/global-styles/block-defaults/pricing-table.js HTTP/2.0" 200 4278 "https://drhyperbaric.com/wp-content/plugins/essential-blocks/src/global-styles/block-defaults/" "Mozilla/5.0 AppleWebKit/537.36 (KHTML, like Gecko; compatible; GPTBot/1.4; +https://openai.com/gptbot)"
74.7.227.21 - - [25/Aug/2026:13:57:58 +0000] "GET /wp-content/plugins/essential-blocks/src/global-styles/block-defaults/parallax-slider.js HTTP/2.0" 200 1793 "https://drhyperbaric.com/wp-content/plugins/essential-blocks/src/global-styles/block-defaults/" "Mozilla/5.0 AppleWebKit/537.36 (KHTML, like Gecko; compatible; GPTBot/1.4; +https://openai.com/gptbot)"
74.7.227.21 - - [25/Aug/2026:13:57:58 +0000] "GET /wp-content/plugins/essential-blocks/src/global-styles/block-defaults/progress-bar.js HTTP/2.0" 200 2574 "https://drhyperbaric.com/wp-content/plugins/essential-blocks/src/global-styles/block-defaults/" "Mozilla/5.0 AppleWebKit/537.36 (KHTML, like Gecko; compatible; GPTBot/1.4; +https://openai.com/gptbot)"
74.7.227.21 - - [25/Aug/2026:13:58:00 +0000] "GET /wp-content/plugins/essential-blocks/src/global-styles/block-defaults/fluent-forms.js HTTP/2.0" 200 4145 "https://drhyperbaric.com/wp-content/plugins/essential-blocks/src/global-styles/block-defaults/" "Mozilla/5.0 AppleWebKit/537.36 (KHTML, like Gecko; compatible; GPTBot/1.4; +https://openai.com/gptbot)"
216.73.216.212 - - [25/Aug/2026:13:58:00 +0000] "GET /wp-content/plugins/elementor/vendor_prefixed/?C=M&O=D HTTP/2.0" 200 420 "-" "Mozilla/5.0 AppleWebKit/537.36 (KHTML, like Gecko; compatible; ClaudeBot/1.0; +claudebot@anthropic.com)"
74.7.227.21 - - [25/Aug/2026:13:58:00 +0000] "GET /wp-content/plugins/essential-blocks/src/global-styles/block-defaults/number-counter.js HTTP/2.0" 200 3006 "https://drhyperbaric.com/wp-content/plugins/essential-blocks/src/global-styles/block-defaults/" "Mozilla/5.0 AppleWebKit/537.36 (KHTML, like Gecko; compatible; GPTBot/1.4; +https://openai.com/gptbot)"
74.7.227.21 - - [25/Aug/2026:13:58:01 +0000] "GET /wp-content/plugins/essential-blocks/src/global-styles/block-defaults/advanced-tabs.js HTTP/2.0" 200 2913 "https://drhyperbaric.com/wp-content/plugins/essential-blocks/src/global-styles/block-defaults/" "Mozilla/5.0 AppleWebKit/537.36 (KHTML, like Gecko; compatible; GPTBot/1.4; +https://openai.com/gptbot)"
74.7.227.21 - - [25/Aug/2026:13:58:01 +0000] "GET /wp-content/plugins/essential-blocks/src/global-styles/block-defaults/button.js HTTP/2.0" 200 1764 "https://drhyperbaric.com/wp-content/plugins/essential-blocks/src/global-styles/block-defaults/" "Mozilla/5.0 AppleWebKit/537.36 (KHTML, like Gecko; compatible; GPTBot/1.4; +https://openai.com/gptbot)"
74.7.227.21 - - [25/Aug/2026:13:58:02 +0000] "GET /wp-content/plugins/essential-blocks/src/global-styles/block-defaults/slider.js HTTP/2.0" 200 2890 "https://drhyperbaric.com/wp-content/plugins/essential-blocks/src/global-styles/block-defaults/" "Mozilla/5.0 AppleWebKit/537.36 (KHTML, like Gecko; compatible; GPTBot/1.4; +https://openai.com/gptbot)"
74.7.227.21 - - [25/Aug/2026:13:58:03 +0000] "GET /wp-content/plugins/essential-blocks/src/global-styles/block-defaults/social.js HTTP/2.0" 200 2307 "https://drhyperbaric.com/wp-content/plugins/essential-blocks/src/global-styles/block-defaults/" "Mozilla/5.0 AppleWebKit/537.36 (KHTML, like Gecko; compatible; GPTBot/1.4; +https://openai.com/gptbot)"
74.7.227.21 - - [25/Aug/2026:13:58:03 +0000] "GET /wp-content/plugins/essential-blocks/src/global-styles/block-defaults/openverse.js HTTP/2.0" 200 1636 "https://drhyperbaric.com/wp-content/plugins/essential-blocks/src/global-styles/block-defaults/" "Mozilla/5.0 AppleWebKit/537.36 (KHTML, like Gecko; compatible; GPTBot/1.4; +https://openai.com/gptbot)"
74.7.227.21 - - [25/Aug/2026:13:58:04 +0000] "GET /wp-content/plugins/essential-blocks/src/global-styles/block-defaults/accordion.js HTTP/2.0" 200 2071 "https://drhyperbaric.com/wp-content/plugins/essential-blocks/src/global-styles/block-defaults/" "Mozilla/5.0 AppleWebKit/537.36 (KHTML, like Gecko; compatible; GPTBot/1.4; +https://openai.com/gptbot)"
74.7.227.21 - - [25/Aug/2026:13:58:04 +0000] "GET /wp-content/plugins/essential-blocks/src/global-styles/block-defaults/countdown.js HTTP/2.0" 200 2689 "https://drhyperbaric.com/wp-content/plugins/essential-blocks/src/global-styles/block-defaults/" "Mozilla/5.0 AppleWebKit/537.36 (KHTML, like Gecko; compatible; GPTBot/1.4; +https://openai.com/gptbot)"
216.73.216.212 - - [25/Aug/2026:13:58:05 +0000] "GET /wp-content/plugins/loginpress/css/themes/?delete=%2Fusr%2Flib64%2Flibutil.a HTTP/2.0" 200 545 "-" "Mozilla/5.0 AppleWebKit/537.36 (KHTML, like Gecko; compatible; ClaudeBot/1.0; +claudebot@anthropic.com)"
74.7.227.21 - - [25/Aug/2026:13:58:05 +0000] "GET /wp-content/plugins/essential-blocks/src/global-styles/block-defaults/testimonial.js HTTP/2.0" 200 2239 "https://drhyperbaric.com/wp-content/plugins/essential-blocks/src/global-styles/block-defaults/" "Mozilla/5.0 AppleWebKit/537.36 (KHTML, like Gecko; compatible; GPTBot/1.4; +https://openai.com/gptbot)"
74.7.227.21 - - [25/Aug/2026:13:58:06 +0000] "GET /wp-content/plugins/essential-blocks/src/global-styles/block-defaults/toggle-content.js HTTP/2.0" 200 2521 "https://drhyperbaric.com/wp-content/plugins/essential-blocks/src/global-styles/block-defaults/" "Mozilla/5.0 AppleWebKit/537.36 (KHTML, like Gecko; compatible; GPTBot/1.4; +https://openai.com/gptbot)"
74.7.227.21 - - [25/Aug/2026:13:58:06 +0000] "GET /wp-content/plugins/essential-blocks/src/global-styles/block-defaults/wrapper.js HTTP/2.0" 200 803 "https://drhyperbaric.com/wp-content/plugins/essential-blocks/src/global-styles/block-defaults/" "Mozilla/5.0 AppleWebKit/537.36 (KHTML, like Gecko; compatible; GPTBot/1.4; +https://openai.com/gptbot)"
74.7.227.21 - - [25/Aug/2026:13:58:07 +0000] "GET /wp-content/plugins/essential-blocks/src/global-styles/block-defaults/notice.js HTTP/2.0" 200 949 "https://drhyperbaric.com/wp-content/plugins/essential-blocks/src/global-styles/block-defaults/" "Mozilla/5.0 AppleWebKit/537.36 (KHTML, like Gecko; compatible; GPTBot/1.4; +https://openai.com/gptbot)"
74.7.227.21 - - [25/Aug/2026:13:58:07 +0000] "GET /wp-content/plugins/essential-blocks/src/global-styles/block-defaults/infobox.js HTTP/2.0" 200 4192 "https://drhyperbaric.com/wp-content/plugins/essential-blocks/src/global-styles/block-defaults/" "Mozilla/5.0 AppleWebKit/537.36 (KHTML, like Gecko; compatible; GPTBot/1.4; +https://openai.com/gptbot)"
74.7.227.21 - - [25/Aug/2026:13:58:08 +0000] "GET /wp-content/plugins/essential-blocks/src/global-styles/block-defaults/flipbox.js HTTP/2.0" 200 4761 "https://drhyperbaric.com/wp-content/plugins/essential-blocks/src/global-styles/block-defaults/" "Mozilla/5.0 AppleWebKit/537.36 (KHTML, like Gecko; compatible; GPTBot/1.4; +https://openai.com/gptbot)"
74.7.227.21 - - [25/Aug/2026:13:58:08 +0000] "GET /wp-content/plugins/essential-blocks/src/global-styles/block-defaults/advanced-image.js HTTP/2.0" 200 2254 "https://drhyperbaric.com/wp-content/plugins/essential-blocks/src/global-styles/block-defaults/" "Mozilla/5.0 AppleWebKit/537.36 (KHTML, like Gecko; compatible; GPTBot/1.4; +https://openai.com/gptbot)"
74.7.227.21 - - [25/Aug/2026:13:58:09 +0000] "GET /wp-content/plugins/essential-blocks/src/global-styles/block-defaults/advanced-heading.js HTTP/2.0" 200 2233 "https://drhyperbaric.com/wp-content/plugins/essential-blocks/src/global-styles/block-defaults/" "Mozilla/5.0 AppleWebKit/537.36 (KHTML, like Gecko; compatible; GPTBot/1.4; +https://openai.com/gptbot)"
74.7.227.21 - - [25/Aug/2026:13:58:09 +0000] "GET /wp-content/plugins/essential-blocks/src/global-styles/block-defaults/image-comparison.js HTTP/2.0" 200 2199 "https://drhyperbaric.com/wp-content/plugins/essential-blocks/src/global-styles/block-defaults/" "Mozilla/5.0 AppleWebKit/537.36 (KHTML, like Gecko; compatible; GPTBot/1.4; +https://openai.com/gptbot)"
74.7.227.21 - - [25/Aug/2026:13:58:10 +0000] "GET /wp-content/plugins/essential-blocks/src/global-styles/block-defaults/interactive-promo.js HTTP/2.0" 200 1342 "https://drhyperbaric.com/wp-content/plugins/essential-blocks/src/global-styles/block-defaults/" "Mozilla/5.0 AppleWebKit/537.36 (KHTML, like Gecko; compatible; GPTBot/1.4; +https://openai.com/gptbot)"
216.73.216.212 - - [25/Aug/2026:13:58:10 +0000] "GET /wp-content/plugins/loginpress/css/themes/?path=%2Fusr%2Flib64%2Flibnotify.so.4 HTTP/2.0" 200 545 "-" "Mozilla/5.0 AppleWebKit/537.36 (KHTML, like Gecko; compatible; ClaudeBot/1.0; +claudebot@anthropic.com)"
74.7.227.21 - - [25/Aug/2026:13:58:10 +0000] "GET /wp-content/plugins/essential-blocks/src/blocks/parallax-slider/block.json HTTP/2.0" 200 262 "https://drhyperbaric.com/wp-content/plugins/essential-blocks/src/blocks/parallax-slider/" "Mozilla/5.0 AppleWebKit/537.36 (KHTML, like Gecko; compatible; GPTBot/1.4; +https://openai.com/gptbot)"
74.7.227.21 - - [25/Aug/2026:13:58:11 +0000] "GET /wp-content/plugins/essential-blocks/src/global-styles/block-defaults/advanced-navigation.js HTTP/2.0" 200 5226 "https://drhyperbaric.com/wp-content/plugins/essential-blocks/src/global-styles/block-defaults/" "Mozilla/5.0 AppleWebKit/537.36 (KHTML, like Gecko; compatible; GPTBot/1.4; +https://openai.com/gptbot)"
74.7.227.21 - - [25/Aug/2026:13:58:11 +0000] "GET /wp-content/plugins/essential-addons-elementor/vendor/psr/http-message/CHANGELOG.md HTTP/2.0" 200 1075 "https://drhyperbaric.com/wp-content/plugins/essential-addons-elementor/vendor/psr/http-message/" "Mozilla/5.0 AppleWebKit/537.36 (KHTML, like Gecko; compatible; GPTBot/1.4; +https://openai.com/gptbot)"
74.7.227.21 - - [25/Aug/2026:13:58:12 +0000] "GET /wp-content/plugins/essential-blocks/src/global-styles/block-defaults/wpforms.js HTTP/2.0" 200 3491 "https://drhyperbaric.com/wp-content/plugins/essential-blocks/src/global-styles/block-defaults/" "Mozilla/5.0 AppleWebKit/537.36 (KHTML, like Gecko; compatible; GPTBot/1.4; +https://openai.com/gptbot)"
74.7.227.21 - - [25/Aug/2026:13:58:12 +0000] "GET /wp-content/plugins/essential-addons-elementor/vendor/psr/http-message/src/ HTTP/2.0" 200 537 "https://drhyperbaric.com/wp-content/plugins/essential-addons-elementor/vendor/psr/http-message/" "Mozilla/5.0 AppleWebKit/537.36 (KHTML, like Gecko; compatible; GPTBot/1.4; +https://openai.com/gptbot)"
74.7.227.21 - - [25/Aug/2026:13:58:13 +0000] "GET /wp-content/plugins/essential-addons-elementor/vendor/psr/http-message/LICENSE HTTP/2.0" 200 1085 "https://drhyperbaric.com/wp-content/plugins/essential-addons-elementor/vendor/psr/http-message/" "Mozilla/5.0 AppleWebKit/537.36 (KHTML, like Gecko; compatible; GPTBot/1.4; +https://openai.com/gptbot)"
74.7.227.21 - - [25/Aug/2026:13:58:14 +0000] "GET /wp-content/plugins/essential-blocks/src/global-styles/block-defaults/popup.js HTTP/2.0" 200 3796 "https://drhyperbaric.com/wp-content/plugins/essential-blocks/src/global-styles/block-defaults/" "Mozilla/5.0 AppleWebKit/537.36 (KHTML, like Gecko; compatible; GPTBot/1.4; +https://openai.com/gptbot)"
74.7.227.21 - - [25/Aug/2026:13:58:14 +0000] "GET /wp-content/plugins/essential-blocks/src/global-styles/block-defaults/social-share.js HTTP/2.0" 200 2135 "https://drhyperbaric.com/wp-content/plugins/essential-blocks/src/global-styles/block-defaults/" "Mozilla/5.0 AppleWebKit/537.36 (KHTML, like Gecko; compatible; GPTBot/1.4; +https://openai.com/gptbot)"
74.7.227.21 - - [25/Aug/2026:13:58:15 +0000] "GET /wp-content/plugins/essential-blocks/src/global-styles/block-defaults/call-to-action.js HTTP/2.0" 200 2041 "https://drhyperbaric.com/wp-content/plugins/essential-blocks/src/global-styles/block-defaults/" "Mozilla/5.0 AppleWebKit/537.36 (KHTML, like Gecko; compatible; GPTBot/1.4; +https://openai.com/gptbot)"
216.73.216.212 - - [25/Aug/2026:13:58:15 +0000] "GET /wp-includes/css/dist/media-utils/?C=D&O=A HTTP/2.0" 200 437 "-" "Mozilla/5.0 AppleWebKit/537.36 (KHTML, like Gecko; compatible; ClaudeBot/1.0; +claudebot@anthropic.com)"
74.7.227.21 - - [25/Aug/2026:13:58:15 +0000] "GET /wp-content/plugins/essential-blocks/src/global-styles/block-defaults/advanced-video.js HTTP/2.0" 200 2857 "https://drhyperbaric.com/wp-content/plugins/essential-blocks/src/global-styles/block-defaults/" "Mozilla/5.0 AppleWebKit/537.36 (KHTML, like Gecko; compatible; GPTBot/1.4; +https://openai.com/gptbot)"
74.7.227.21 - - [25/Aug/2026:13:58:16 +0000] "GET /wp-content/plugins/essential-blocks/src/global-styles/block-defaults/team-member.js HTTP/2.0" 200 3884 "https://drhyperbaric.com/wp-content/plugins/essential-blocks/src/global-styles/block-defaults/" "Mozilla/5.0 AppleWebKit/537.36 (KHTML, like Gecko; compatible; GPTBot/1.4; +https://openai.com/gptbot)"
74.7.227.21 - - [25/Aug/2026:13:58:17 +0000] "GET /wp-content/plugins/essential-blocks/src/global-styles/block-defaults/typing-text.js HTTP/2.0" 200 1453 "https://drhyperbaric.com/wp-content/plugins/essential-blocks/src/global-styles/block-defaults/" "Mozilla/5.0 AppleWebKit/537.36 (KHTML, like Gecko; compatible; GPTBot/1.4; +https://openai.com/gptbot)"
74.7.227.21 - - [25/Aug/2026:13:58:17 +0000] "GET /wp-content/plugins/essential-blocks/src/global-styles/block-defaults/dual-button.js HTTP/2.0" 200 2472 "https://drhyperbaric.com/wp-content/plugins/essential-blocks/src/global-styles/block-defaults/" "Mozilla/5.0 AppleWebKit/537.36 (KHTML, like Gecko; compatible; GPTBot/1.4; +https://openai.com/gptbot)"
74.7.227.21 - - [25/Aug/2026:13:58:18 +0000] "GET /wp-content/plugins/essential-blocks/src/global-styles/block-defaults/google-map.js HTTP/2.0" 200 1275 "https://drhyperbaric.com/wp-content/plugins/essential-blocks/src/global-styles/block-defaults/" "Mozilla/5.0 AppleWebKit/537.36 (KHTML, like Gecko; compatible; GPTBot/1.4; +https://openai.com/gptbot)"
74.7.227.21 - - [25/Aug/2026:13:58:18 +0000] "GET /wp-content/plugins/essential-blocks/src/global-styles/block-defaults/row.js HTTP/2.0" 200 1495 "https://drhyperbaric.com/wp-content/plugins/essential-blocks/src/global-styles/block-defaults/" "Mozilla/5.0 AppleWebKit/537.36 (KHTML, like Gecko; compatible; GPTBot/1.4; +https://openai.com/gptbot)"
74.7.227.21 - - [25/Aug/2026:13:58:18 +0000] "GET /wp-content/plugins/essential-addons-elementor/vendor/psr/http-message/src/UriInterface.php HTTP/2.0" 200 0 "https://drhyperbaric.com/wp-content/plugins/essential-addons-elementor/vendor/psr/http-message/src/" "Mozilla/5.0 AppleWebKit/537.36 (KHTML, like Gecko; compatible; GPTBot/1.4; +https://openai.com/gptbot)"
74.7.227.21 - - [25/Aug/2026:13:58:19 +0000] "GET /wp-content/plugins/essential-addons-elementor/vendor/psr/http-message/src/StreamInterface.php HTTP/2.0" 200 0 "https://drhyperbaric.com/wp-content/plugins/essential-addons-elementor/vendor/psr/http-message/src/" "Mozilla/5.0 AppleWebKit/537.36 (KHTML, like Gecko; compatible; GPTBot/1.4; +https://openai.com/gptbot)"
74.7.227.21 - - [25/Aug/2026:13:58:19 +0000] "GET /wp-content/plugins/essential-addons-elementor/vendor/psr/http-message/src/ResponseInterface.php HTTP/2.0" 500 0 "https://drhyperbaric.com/wp-content/plugins/essential-addons-elementor/vendor/psr/http-message/src/" "Mozilla/5.0 AppleWebKit/537.36 (KHTML, like Gecko; compatible; GPTBot/1.4; +https://openai.com/gptbot)"
216.73.216.212 - - [25/Aug/2026:13:58:20 +0000] "GET /wp-content/plugins/loginpress/css/themes/?edit=%2Fusr%2Flib64%2Flibssl.so HTTP/2.0" 200 545 "-" "Mozilla/5.0 AppleWebKit/537.36 (KHTML, like Gecko; compatible; ClaudeBot/1.0; +claudebot@anthropic.com)"
74.7.227.21 - - [25/Aug/2026:13:58:20 +0000] "GET /wp-content/plugins/essential-addons-elementor/vendor/psr/http-message/src/RequestInterface.php HTTP/2.0" 500 0 "https://drhyperbaric.com/wp-content/plugins/essential-addons-elementor/vendor/psr/http-message/src/" "Mozilla/5.0 AppleWebKit/537.36 (KHTML, like Gecko; compatible; GPTBot/1.4; +https://openai.com/gptbot)"
74.7.227.21 - - [25/Aug/2026:13:58:21 +0000] "GET /wp-content/plugins/essential-addons-elementor/vendor/psr/http-message/src/ServerRequestInterface.php HTTP/2.0" 500 0 "https://drhyperbaric.com/wp-content/plugins/essential-addons-elementor/vendor/psr/http-message/src/" "Mozilla/5.0 AppleWebKit/537.36 (KHTML, like Gecko; compatible; GPTBot/1.4; +https://openai.com/gptbot)"
74.7.227.21 - - [25/Aug/2026:13:58:22 +0000] "GET /wp-content/plugins/essential-addons-elementor/vendor/psr/http-message/src/UploadedFileInterface.php HTTP/2.0" 200 0 "https://drhyperbaric.com/wp-content/plugins/essential-addons-elementor/vendor/psr/http-message/src/" "Mozilla/5.0 AppleWebKit/537.36 (KHTML, like Gecko; compatible; GPTBot/1.4; +https://openai.com/gptbot)"
74.7.227.21 - - [25/Aug/2026:13:58:24 +0000] "GET /wp-content/plugins/essential-addons-elementor/vendor/psr/http-message/src/MessageInterface.php HTTP/2.0" 200 0 "https://drhyperbaric.com/wp-content/plugins/essential-addons-elementor/vendor/psr/http-message/src/" "Mozilla/5.0 AppleWebKit/537.36 (KHTML, like Gecko; compatible; GPTBot/1.4; +https://openai.com/gptbot)"
216.73.216.212 - - [25/Aug/2026:13:58:25 +0000] "GET /wp-content/plugins/woocommerce/includes/integrations/?C=M&O=A HTTP/2.0" 200 407 "-" "Mozilla/5.0 AppleWebKit/537.36 (KHTML, like Gecko; compatible; ClaudeBot/1.0; +claudebot@anthropic.com)"
74.7.227.21 - - [25/Aug/2026:13:58:25 +0000] "GET /wp-content/plugins/essential-blocks/src/blocks/call-to-action/block.json HTTP/2.0" 200 282 "https://drhyperbaric.com/wp-content/plugins/essential-blocks/src/blocks/call-to-action/" "Mozilla/5.0 AppleWebKit/537.36 (KHTML, like Gecko; compatible; GPTBot/1.4; +https://openai.com/gptbot)"
74.7.227.21 - - [25/Aug/2026:13:58:26 +0000] "GET /wp-content/plugins/essential-blocks/src/global-styles/block-defaults/table-of-contents.js HTTP/2.0" 200 3457 "https://drhyperbaric.com/wp-content/plugins/essential-blocks/src/global-styles/block-defaults/" "Mozilla/5.0 AppleWebKit/537.36 (KHTML, like Gecko; compatible; GPTBot/1.4; +https://openai.com/gptbot)"
74.7.227.21 - - [25/Aug/2026:13:58:28 +0000] "GET /wp-content/plugins/essential-blocks/src/global-styles/block-defaults/form.js HTTP/2.0" 200 6677 "https://drhyperbaric.com/wp-content/plugins/essential-blocks/src/global-styles/block-defaults/" "Mozilla/5.0 AppleWebKit/537.36 (KHTML, like Gecko; compatible; GPTBot/1.4; +https://openai.com/gptbot)"
74.7.227.21 - - [25/Aug/2026:13:58:28 +0000] "GET /wp-content/plugins/essential-blocks/src/blocks/dual-button/block.json HTTP/2.0" 200 242 "https://drhyperbaric.com/wp-content/plugins/essential-blocks/src/blocks/dual-button/" "Mozilla/5.0 AppleWebKit/537.36 (KHTML, like Gecko; compatible; GPTBot/1.4; +https://openai.com/gptbot)"
74.7.227.21 - - [25/Aug/2026:13:58:28 +0000] "GET /wp-content/plugins/essential-blocks/src/blocks/progress-bar/ HTTP/2.0" 200 423 "https://drhyperbaric.com/wp-content/plugins/essential-blocks/src/blocks/" "Mozilla/5.0 AppleWebKit/537.36 (KHTML, like Gecko; compatible; GPTBot/1.4; +https://openai.com/gptbot)"
74.7.227.21 - - [25/Aug/2026:13:58:29 +0000] "GET /wp-content/plugins/essential-blocks/src/blocks/form-text-field/ HTTP/2.0" 200 426 "https://drhyperbaric.com/wp-content/plugins/essential-blocks/src/blocks/" "Mozilla/5.0 AppleWebKit/537.36 (KHTML, like Gecko; compatible; GPTBot/1.4; +https://openai.com/gptbot)"
