216.73.216.212 - - [25/Aug/2026:12:35:19 +0000] "GET /wp-content/plugins/elementor/assets/js/webpack.runtime.js HTTP/2.0" 200 4212 "-" "Mozilla/5.0 AppleWebKit/537.36 (KHTML, like Gecko; compatible; ClaudeBot/1.0; +claudebot@anthropic.com)"
44.218.170.184 - - [25/Aug/2026:12:35:20 +0000] "GET /2023/12/02/breathe-for-wellness/ HTTP/2.0" 404 265 "-" "Mozilla/5.0 AppleWebKit/537.36 (KHTML, like Gecko; compatible; Amazonbot/0.1; +https://developer.amazon.com/support/amazonbot) Chrome/119.0.6045.214 Safari/537.36"
216.73.216.212 - - [25/Aug/2026:12:35:24 +0000] "GET /wp-content/plugins/elementor/assets/lib/nprogress/nprogress.js HTTP/2.0" 200 3594 "-" "Mozilla/5.0 AppleWebKit/537.36 (KHTML, like Gecko; compatible; ClaudeBot/1.0; +claudebot@anthropic.com)"
2a03:2880:f806:20:: - - [25/Aug/2026:12:35:26 +0000] "GET /?c8o9t6u1r2n2i6x5 HTTP/2.0" 200 435 "-" "Mozilla/5.0 (X11; Linux x86_64) AppleWebKit/537.36 (KHTML, like Gecko) Chrome/145.0.0.0 Safari/537.36 (compatible; meta-externalagent/1.1 (+https://developers.facebook.com/docs/sharing/webmasters/crawler))"
216.73.216.212 - - [25/Aug/2026:12:35:29 +0000] "GET /wp-content/plugins/essential-blocks/src/blocks/progress-bar/ HTTP/2.0" 200 423 "-" "Mozilla/5.0 AppleWebKit/537.36 (KHTML, like Gecko; compatible; ClaudeBot/1.0; +claudebot@anthropic.com)"
216.73.216.212 - - [25/Aug/2026:12:35:34 +0000] "GET /wp-content/plugins/betterdocs/includes/Dependencies/PhpParser/NodeTraverserInterface.php HTTP/2.0" 200 0 "-" "Mozilla/5.0 AppleWebKit/537.36 (KHTML, like Gecko; compatible; ClaudeBot/1.0; +claudebot@anthropic.com)"
52.167.144.229 - - [25/Aug/2026:12:35:38 +0000] "GET /?y=1947032843402 HTTP/2.0" 200 435 "-" "Mozilla/5.0 AppleWebKit/537.36 (KHTML, like Gecko; compatible; bingbot/2.0; +http://www.bing.com/bingbot.htm) Chrome/116.0.1938.76 Safari/537.36"
216.73.216.212 - - [25/Aug/2026:12:35:39 +0000] "GET /wp-content/plugins/elementor-pro/core/integrations/exceptions/ HTTP/2.0" 200 459 "-" "Mozilla/5.0 AppleWebKit/537.36 (KHTML, like Gecko; compatible; ClaudeBot/1.0; +claudebot@anthropic.com)"
216.73.216.212 - - [25/Aug/2026:12:35:44 +0000] "GET /wp-content/plugins/elementor-pro/modules/loop-filter/traits/ HTTP/2.0" 200 448 "-" "Mozilla/5.0 AppleWebKit/537.36 (KHTML, like Gecko; compatible; ClaudeBot/1.0; +claudebot@anthropic.com)"
216.73.216.212 - - [25/Aug/2026:12:35:49 +0000] "GET /wp-content/plugins/essential-blocks/src/blocks/fluent-forms/block.json HTTP/2.0" 200 266 "-" "Mozilla/5.0 AppleWebKit/537.36 (KHTML, like Gecko; compatible; ClaudeBot/1.0; +claudebot@anthropic.com)"
216.73.216.212 - - [25/Aug/2026:12:35:54 +0000] "GET /wp-content/plugins/woocommerce/includes/admin/settings/ HTTP/2.0" 200 722 "-" "Mozilla/5.0 AppleWebKit/537.36 (KHTML, like Gecko; compatible; ClaudeBot/1.0; +claudebot@anthropic.com)"
216.73.216.212 - - [25/Aug/2026:12:35:59 +0000] "GET /wp-content/plugins/elementor/includes/libraries/wp-background-process/ HTTP/2.0" 200 410 "-" "Mozilla/5.0 AppleWebKit/537.36 (KHTML, like Gecko; compatible; ClaudeBot/1.0; +claudebot@anthropic.com)"
216.73.216.212 - - [25/Aug/2026:12:36:04 +0000] "GET /wp-content/plugins/google-site-kit/includes/Modules/AdSense/Tag_Guard.php HTTP/2.0" 500 0 "-" "Mozilla/5.0 AppleWebKit/537.36 (KHTML, like Gecko; compatible; ClaudeBot/1.0; +claudebot@anthropic.com)"
216.73.216.212 - - [25/Aug/2026:12:36:09 +0000] "GET /wp-content/plugins/templately/assets/js/admin.js HTTP/2.0" 200 0 "-" "Mozilla/5.0 AppleWebKit/537.36 (KHTML, like Gecko; compatible; ClaudeBot/1.0; +claudebot@anthropic.com)"
2a03:2880:f806:9:: - - [25/Aug/2026:12:36:12 +0000] "GET /sitemap-subitem-2970.xml HTTP/2.0" 404 265 "-" "Mozilla/5.0 (Macintosh; Intel Mac OS X 10_15_7) AppleWebKit/537.36 (KHTML, like Gecko) Chrome/145.0.0.0 Safari/537.36 (compatible; meta-externalagent/1.1 (+https://developers.facebook.com/docs/sharing/webmasters/crawler))"
216.73.216.212 - - [25/Aug/2026:12:36:14 +0000] "GET /wp-content/plugins/elementor-pro/modules/theme-builder/views/ HTTP/2.0" 200 486 "-" "Mozilla/5.0 AppleWebKit/537.36 (KHTML, like Gecko; compatible; ClaudeBot/1.0; +claudebot@anthropic.com)"
216.73.216.212 - - [25/Aug/2026:12:36:19 +0000] "GET /wp-content/plugins/elementor-pro/modules/theme-builder/widgets/post-title.php HTTP/2.0" 200 0 "-" "Mozilla/5.0 AppleWebKit/537.36 (KHTML, like Gecko; compatible; ClaudeBot/1.0; +claudebot@anthropic.com)"
216.73.216.212 - - [25/Aug/2026:12:36:24 +0000] "GET /wp-content/plugins/elementor/core/page-assets/loader.php HTTP/2.0" 200 0 "-" "Mozilla/5.0 AppleWebKit/537.36 (KHTML, like Gecko; compatible; ClaudeBot/1.0; +claudebot@anthropic.com)"
52.207.47.227 - - [25/Aug/2026:12:36:29 +0000] "GET /wp-content/plugins/essential-blocks/includes/API/Product.php HTTP/2.0" 500 0 "-" "Mozilla/5.0 AppleWebKit/537.36 (KHTML, like Gecko; compatible; Amazonbot/0.1; +https://developer.amazon.com/support/amazonbot) Chrome/119.0.6045.214 Safari/537.36"
216.73.216.212 - - [25/Aug/2026:12:36:29 +0000] "GET /wp-content/plugins/elementor/modules/site-navigation/data/ HTTP/2.0" 200 446 "-" "Mozilla/5.0 AppleWebKit/537.36 (KHTML, like Gecko; compatible; ClaudeBot/1.0; +claudebot@anthropic.com)"
157.55.39.58 - - [25/Aug/2026:12:36:32 +0000] "GET /category/0/1/002/?SPC=0&STA=0&FPC=0&FGC=0&FTA=0&SFL_DF=0&CPPR=1 HTTP/2.0" 404 265 "-" "Mozilla/5.0 AppleWebKit/537.36 (KHTML, like Gecko; compatible; bingbot/2.0; +http://www.bing.com/bingbot.htm) Chrome/116.0.1938.76 Safari/537.36"
216.73.216.212 - - [25/Aug/2026:12:36:34 +0000] "GET /wp-content/plugins/elementor-pro/core/notifications/notification.php HTTP/2.0" 200 0 "-" "Mozilla/5.0 AppleWebKit/537.36 (KHTML, like Gecko; compatible; ClaudeBot/1.0; +claudebot@anthropic.com)"
216.73.216.212 - - [25/Aug/2026:12:36:39 +0000] "GET /wp-content/plugins/elementor-pro/assets/css/modules/custom-code-rtl.min.css HTTP/2.0" 200 6577 "-" "Mozilla/5.0 AppleWebKit/537.36 (KHTML, like Gecko; compatible; ClaudeBot/1.0; +claudebot@anthropic.com)"
2a03:2880:f802:1a:: - - [25/Aug/2026:12:36:43 +0000] "GET / HTTP/2.0" 200 435 "-" "facebookexternalhit/1.1 (+http://www.facebook.com/externalhit_uatext.php)"
216.73.216.212 - - [25/Aug/2026:12:36:45 +0000] "GET /wp-content/plugins/betterdocs/assets/admin/js/setup-wizard.asset.php HTTP/2.0" 200 0 "-" "Mozilla/5.0 AppleWebKit/537.36 (KHTML, like Gecko; compatible; ClaudeBot/1.0; +claudebot@anthropic.com)"
216.73.216.212 - - [25/Aug/2026:12:36:50 +0000] "GET /wp-content/plugins/betterdocs/includes/Dependencies/DI/Compiler/ HTTP/2.0" 200 490 "-" "Mozilla/5.0 AppleWebKit/537.36 (KHTML, like Gecko; compatible; ClaudeBot/1.0; +claudebot@anthropic.com)"
216.73.216.212 - - [25/Aug/2026:12:36:55 +0000] "GET /wp-content/plugins/elementor-pro/assets/css/widget-loop-filter.min.css HTTP/2.0" 200 834 "-" "Mozilla/5.0 AppleWebKit/537.36 (KHTML, like Gecko; compatible; ClaudeBot/1.0; +claudebot@anthropic.com)"
2a03:2880:f812:5:: - - [25/Aug/2026:12:36:58 +0000] "GET / HTTP/2.0" 200 435 "-" "facebookexternalhit/1.1 (+http://www.facebook.com/externalhit_uatext.php)"
216.73.216.212 - - [25/Aug/2026:12:37:00 +0000] "GET /wp-content/plugins/wordpress-seo/src/exceptions/addon-installation/ HTTP/2.0" 200 505 "-" "Mozilla/5.0 AppleWebKit/537.36 (KHTML, like Gecko; compatible; ClaudeBot/1.0; +claudebot@anthropic.com)"
216.73.216.212 - - [25/Aug/2026:12:37:05 +0000] "GET /wp-includes/sodium_compat/src/Core32/Poly1305/State.php HTTP/2.0" 500 0 "-" "Mozilla/5.0 AppleWebKit/537.36 (KHTML, like Gecko; compatible; ClaudeBot/1.0; +claudebot@anthropic.com)"
216.73.216.212 - - [25/Aug/2026:12:37:10 +0000] "GET /wp-content/plugins/elementor-pro/modules/custom-css/admin-menu-items/ HTTP/2.0" 200 431 "-" "Mozilla/5.0 AppleWebKit/537.36 (KHTML, like Gecko; compatible; ClaudeBot/1.0; +claudebot@anthropic.com)"
216.73.216.212 - - [25/Aug/2026:12:37:15 +0000] "GET /wp-content/plugins/templately/assets/js/admin.asset.php HTTP/2.0" 200 0 "-" "Mozilla/5.0 AppleWebKit/537.36 (KHTML, like Gecko; compatible; ClaudeBot/1.0; +claudebot@anthropic.com)"
216.73.216.212 - - [25/Aug/2026:12:37:20 +0000] "GET /wp-content/plugins/elementor-pro/core/editor/promotion.php HTTP/2.0" 200 0 "-" "Mozilla/5.0 AppleWebKit/537.36 (KHTML, like Gecko; compatible; ClaudeBot/1.0; +claudebot@anthropic.com)"
216.73.216.212 - - [25/Aug/2026:12:37:25 +0000] "GET /wp-content/plugins/elementor/modules/styleguide/controls/switcher.php HTTP/2.0" 200 0 "-" "Mozilla/5.0 AppleWebKit/537.36 (KHTML, like Gecko; compatible; ClaudeBot/1.0; +claudebot@anthropic.com)"
216.73.216.212 - - [25/Aug/2026:12:37:30 +0000] "GET /wp-content/plugins/contact-form-7/admin/js/scripts.js HTTP/2.0" 200 2486 "-" "Mozilla/5.0 AppleWebKit/537.36 (KHTML, like Gecko; compatible; ClaudeBot/1.0; +claudebot@anthropic.com)"
216.73.216.212 - - [25/Aug/2026:12:37:35 +0000] "GET /wp-content/plugins/betterdocs/includes/Dependencies/PhpParser/ErrorHandler/Collecting.php HTTP/2.0" 500 0 "-" "Mozilla/5.0 AppleWebKit/537.36 (KHTML, like Gecko; compatible; ClaudeBot/1.0; +claudebot@anthropic.com)"
216.73.216.212 - - [25/Aug/2026:12:37:40 +0000] "GET /wp-content/plugins/elementor-pro/modules/blockquote/widgets/ HTTP/2.0" 200 413 "-" "Mozilla/5.0 AppleWebKit/537.36 (KHTML, like Gecko; compatible; ClaudeBot/1.0; +claudebot@anthropic.com)"
216.73.216.212 - - [25/Aug/2026:12:37:45 +0000] "GET /wp-content/plugins/wordpress-seo/src/generators/breadcrumbs-generator.php HTTP/2.0" 500 0 "-" "Mozilla/5.0 AppleWebKit/537.36 (KHTML, like Gecko; compatible; ClaudeBot/1.0; +claudebot@anthropic.com)"
216.73.216.212 - - [25/Aug/2026:12:38:20 +0000] "GET /wp-content/plugins/google-site-kit/includes/Core/Assets/ HTTP/2.0" 200 536 "-" "Mozilla/5.0 AppleWebKit/537.36 (KHTML, like Gecko; compatible; ClaudeBot/1.0; +claudebot@anthropic.com)"
157.55.39.58 - - [25/Aug/2026:12:38:22 +0000] "GET /categoryshop/office/sitemap/KWf_CSfSendToKoubou.jsp?PAGE_ID=01&RTN_URL=/stamp/kaunetstamp/ HTTP/2.0" 404 265 "-" "Mozilla/5.0 AppleWebKit/537.36 (KHTML, like Gecko; compatible; bingbot/2.0; +http://www.bing.com/bingbot.htm) Chrome/116.0.1938.76 Safari/537.36"
216.73.216.212 - - [25/Aug/2026:12:38:25 +0000] "GET /wp-content/plugins/wordpress-seo/src/actions/semrush/ HTTP/2.0" 200 463 "-" "Mozilla/5.0 AppleWebKit/537.36 (KHTML, like Gecko; compatible; ClaudeBot/1.0; +claudebot@anthropic.com)"
216.73.216.212 - - [25/Aug/2026:12:38:30 +0000] "GET /wp-content/plugins/woocommerce/src/StoreApi/Formatters/MoneyFormatter.php HTTP/2.0" 500 0 "-" "Mozilla/5.0 AppleWebKit/537.36 (KHTML, like Gecko; compatible; ClaudeBot/1.0; +claudebot@anthropic.com)"
2a03:2880:f806:22:: - - [25/Aug/2026:12:38:31 +0000] "GET /sitemap-subitem-1481.xml HTTP/2.0" 404 265 "-" "Mozilla/5.0 (Windows NT 10.0; Win64; x64) AppleWebKit/537.36 (KHTML, like Gecko) Chrome/145.0.0.0 Safari/537.36 (compatible; meta-externalagent/1.1 (+https://developers.facebook.com/docs/sharing/webmasters/crawler))"
216.73.216.212 - - [25/Aug/2026:12:38:35 +0000] "GET /wp-content/plugins/essential-blocks/includes/Blocks/InstagramFeed.php HTTP/2.0" 500 0 "-" "Mozilla/5.0 AppleWebKit/537.36 (KHTML, like Gecko; compatible; ClaudeBot/1.0; +claudebot@anthropic.com)"
216.73.216.212 - - [25/Aug/2026:12:38:40 +0000] "GET /wp-content/plugins/wordpress-seo/src/conditionals/web-stories-conditional.php HTTP/2.0" 500 0 "-" "Mozilla/5.0 AppleWebKit/537.36 (KHTML, like Gecko; compatible; ClaudeBot/1.0; +claudebot@anthropic.com)"
216.73.216.212 - - [25/Aug/2026:12:38:45 +0000] "GET /wp-content/plugins/woocommerce/assets/css/dashboard-setup.css HTTP/2.0" 200 285 "-" "Mozilla/5.0 AppleWebKit/537.36 (KHTML, like Gecko; compatible; ClaudeBot/1.0; +claudebot@anthropic.com)"
2a03:2880:f806:31:: - - [25/Aug/2026:12:38:47 +0000] "GET /?d3i1s7g3a8g3e61336 HTTP/2.0" 200 435 "-" "Mozilla/5.0 (Windows NT 10.0; Win64; x64) AppleWebKit/537.36 (KHTML, like Gecko) Chrome/145.0.0.0 Safari/537.36 (compatible; meta-externalagent/1.1 (+https://developers.facebook.com/docs/sharing/webmasters/crawler))"
2a03:2880:f806:23:: - - [25/Aug/2026:12:38:48 +0000] "GET /?e6s7t6i0f9e6r9o4u3s8 HTTP/2.0" 200 435 "-" "Mozilla/5.0 (Macintosh; Intel Mac OS X 10_15_7) AppleWebKit/537.36 (KHTML, like Gecko) Chrome/145.0.0.0 Safari/537.36 (compatible; meta-externalagent/1.1 (+https://developers.facebook.com/docs/sharing/webmasters/crawler))"
216.73.216.212 - - [25/Aug/2026:12:38:50 +0000] "GET /wp-content/plugins/woocommerce/includes/gateways/ HTTP/2.0" 200 502 "-" "Mozilla/5.0 AppleWebKit/537.36 (KHTML, like Gecko; compatible; ClaudeBot/1.0; +claudebot@anthropic.com)"
216.73.216.212 - - [25/Aug/2026:12:38:55 +0000] "GET /wp-content/plugins/notificationx/blocks/controls/css/backend.min.css HTTP/2.0" 200 4872 "-" "Mozilla/5.0 AppleWebKit/537.36 (KHTML, like Gecko; compatible; ClaudeBot/1.0; +claudebot@anthropic.com)"
216.73.216.212 - - [25/Aug/2026:12:39:00 +0000] "GET /wp-content/plugins/google-site-kit/includes/Modules/Ads/Web_Tag.php HTTP/2.0" 500 0 "-" "Mozilla/5.0 AppleWebKit/537.36 (KHTML, like Gecko; compatible; ClaudeBot/1.0; +claudebot@anthropic.com)"
216.73.216.212 - - [25/Aug/2026:12:39:05 +0000] "GET /wp-content/plugins/essential-blocks/assets/admin/editor/ HTTP/2.0" 200 444 "-" "Mozilla/5.0 AppleWebKit/537.36 (KHTML, like Gecko; compatible; ClaudeBot/1.0; +claudebot@anthropic.com)"
216.73.216.212 - - [25/Aug/2026:12:39:10 +0000] "GET /wp-content/plugins/elementor/core/upgrade/upgrade-utils.php HTTP/2.0" 200 0 "-" "Mozilla/5.0 AppleWebKit/537.36 (KHTML, like Gecko; compatible; ClaudeBot/1.0; +claudebot@anthropic.com)"
2a03:2880:f808:2e:: - - [25/Aug/2026:12:39:11 +0000] "GET / HTTP/2.0" 200 435 "-" "facebookexternalhit/1.1 (+http://www.facebook.com/externalhit_uatext.php)"
216.73.216.212 - - [25/Aug/2026:12:39:15 +0000] "GET /wp-content/plugins/essential-blocks/includes/Traits/ HTTP/2.0" 200 413 "-" "Mozilla/5.0 AppleWebKit/537.36 (KHTML, like Gecko; compatible; ClaudeBot/1.0; +claudebot@anthropic.com)"
216.73.216.212 - - [25/Aug/2026:12:39:20 +0000] "GET /wp-content/plugins/woocommerce/src/Internal/Features/ProductBlockEditor/ HTTP/2.0" 200 418 "-" "Mozilla/5.0 AppleWebKit/537.36 (KHTML, like Gecko; compatible; ClaudeBot/1.0; +claudebot@anthropic.com)"
2a03:2880:f806:12:: - - [25/Aug/2026:12:39:24 +0000] "GET /?c4a7r1b1o9n9o4u8s43 HTTP/2.0" 200 435 "-" "Mozilla/5.0 (Windows NT 10.0; Win64; x64) AppleWebKit/537.36 (KHTML, like Gecko) Chrome/145.0.0.0 Safari/537.36 (compatible; meta-externalagent/1.1 (+https://developers.facebook.com/docs/sharing/webmasters/crawler))"
216.73.216.212 - - [25/Aug/2026:12:39:25 +0000] "GET /wp-content/plugins/google-site-kit/includes/Core/Admin/Screens.php HTTP/2.0" 200 0 "-" "Mozilla/5.0 AppleWebKit/537.36 (KHTML, like Gecko; compatible; ClaudeBot/1.0; +claudebot@anthropic.com)"
2a03:2880:f806:36:: - - [25/Aug/2026:12:39:29 +0000] "GET /?t0r1e7t1i9n8o1i7n14 HTTP/2.0" 200 435 "-" "Mozilla/5.0 (Windows NT 10.0; Win64; x64) AppleWebKit/537.36 (KHTML, like Gecko) Chrome/145.0.0.0 Safari/537.36 (compatible; meta-externalagent/1.1 (+https://developers.facebook.com/docs/sharing/webmasters/crawler))"
216.73.216.212 - - [25/Aug/2026:12:39:30 +0000] "GET /wp-content/plugins/wordpress-seo/vendor/autoload.php HTTP/2.0" 500 0 "-" "Mozilla/5.0 AppleWebKit/537.36 (KHTML, like Gecko; compatible; ClaudeBot/1.0; +claudebot@anthropic.com)"
216.73.216.212 - - [25/Aug/2026:12:39:35 +0000] "GET /wp-content/plugins/betterdocs/assets/customizer/js/ HTTP/2.0" 200 588 "-" "Mozilla/5.0 AppleWebKit/537.36 (KHTML, like Gecko; compatible; ClaudeBot/1.0; +claudebot@anthropic.com)"
216.73.216.212 - - [25/Aug/2026:12:39:40 +0000] "GET /wp-content/plugins/elementor/assets/css/widget-progress-rtl.min.css HTTP/2.0" 200 437 "-" "Mozilla/5.0 AppleWebKit/537.36 (KHTML, like Gecko; compatible; ClaudeBot/1.0; +claudebot@anthropic.com)"
216.73.216.212 - - [25/Aug/2026:12:39:47 +0000] "GET /wp-content/plugins/elementor/modules/atomic-widgets/props-resolver/transformers/ HTTP/2.0" 200 473 "-" "Mozilla/5.0 AppleWebKit/537.36 (KHTML, like Gecko; compatible; ClaudeBot/1.0; +claudebot@anthropic.com)"
216.73.216.212 - - [25/Aug/2026:12:39:51 +0000] "GET /wp-content/plugins/elementor/assets/css/widget-floating-bars-base.min.css HTTP/2.0" 200 1432 "-" "Mozilla/5.0 AppleWebKit/537.36 (KHTML, like Gecko; compatible; ClaudeBot/1.0; +claudebot@anthropic.com)"
216.73.216.212 - - [25/Aug/2026:12:39:56 +0000] "GET /wp-content/plugins/contact-form-7/admin/css/styles-rtl.css HTTP/2.0" 200 445 "-" "Mozilla/5.0 AppleWebKit/537.36 (KHTML, like Gecko; compatible; ClaudeBot/1.0; +claudebot@anthropic.com)"
216.73.216.212 - - [25/Aug/2026:12:40:01 +0000] "GET /wp-content/plugins/wordpress-seo/js/dist/api-client.js HTTP/2.0" 200 310 "-" "Mozilla/5.0 AppleWebKit/537.36 (KHTML, like Gecko; compatible; ClaudeBot/1.0; +claudebot@anthropic.com)"
2a03:2880:f806:40:: - - [25/Aug/2026:12:40:02 +0000] "GET /?w9i1n9t1e7r2a0n0a435 HTTP/2.0" 200 435 "-" "Mozilla/5.0 (Windows NT 10.0; Win64; x64) AppleWebKit/537.36 (KHTML, like Gecko) Chrome/145.0.0.0 Safari/537.36 (compatible; meta-externalagent/1.1 (+https://developers.facebook.com/docs/sharing/webmasters/crawler))"
216.73.216.212 - - [25/Aug/2026:12:40:06 +0000] "GET /wp-content/plugins/contact-form-7/admin/includes/config-validator.php HTTP/2.0" 500 0 "-" "Mozilla/5.0 AppleWebKit/537.36 (KHTML, like Gecko; compatible; ClaudeBot/1.0; +claudebot@anthropic.com)"
216.73.216.212 - - [25/Aug/2026:12:40:11 +0000] "GET /wp-includes/php-ai-client/src/Providers/Models/TextToSpeechConversion/ HTTP/2.0" 200 419 "-" "Mozilla/5.0 AppleWebKit/537.36 (KHTML, like Gecko; compatible; ClaudeBot/1.0; +claudebot@anthropic.com)"
216.73.216.212 - - [25/Aug/2026:12:40:16 +0000] "GET /wp-content/plugins/betterdocs/assets/blocks/faq/ HTTP/2.0" 200 444 "-" "Mozilla/5.0 AppleWebKit/537.36 (KHTML, like Gecko; compatible; ClaudeBot/1.0; +claudebot@anthropic.com)"
216.73.216.212 - - [25/Aug/2026:12:40:21 +0000] "GET /wp-content/plugins/essential-blocks/src/blocks/pricing-table/ HTTP/2.0" 200 428 "-" "Mozilla/5.0 AppleWebKit/537.36 (KHTML, like Gecko; compatible; ClaudeBot/1.0; +claudebot@anthropic.com)"
216.73.216.212 - - [25/Aug/2026:12:40:26 +0000] "GET /wp-content/plugins/essential-blocks/views/common/no-content.php HTTP/2.0" 404 265 "-" "Mozilla/5.0 AppleWebKit/537.36 (KHTML, like Gecko; compatible; ClaudeBot/1.0; +claudebot@anthropic.com)"
216.73.216.212 - - [25/Aug/2026:12:40:31 +0000] "GET /wp-content/plugins/betterdocs/assets/vendor/css/select2.min.css HTTP/2.0" 200 2116 "-" "Mozilla/5.0 AppleWebKit/537.36 (KHTML, like Gecko; compatible; ClaudeBot/1.0; +claudebot@anthropic.com)"
157.55.39.58 - - [25/Aug/2026:12:40:33 +0000] "GET /review/goods/D2126032239/ HTTP/2.0" 404 265 "-" "Mozilla/5.0 AppleWebKit/537.36 (KHTML, like Gecko; compatible; bingbot/2.0; +http://www.bing.com/bingbot.htm) Chrome/116.0.1938.76 Safari/537.36"
216.73.216.212 - - [25/Aug/2026:12:40:36 +0000] "GET /wp-content/uploads/plugin-install.php?rename=%2F%2Froot HTTP/2.0" 404 265 "-" "Mozilla/5.0 AppleWebKit/537.36 (KHTML, like Gecko; compatible; ClaudeBot/1.0; +claudebot@anthropic.com)"
216.73.216.212 - - [25/Aug/2026:12:40:41 +0000] "GET /wp-content/plugins/google-site-kit/includes/Core/Feature_Tours/ HTTP/2.0" 200 484 "-" "Mozilla/5.0 AppleWebKit/537.36 (KHTML, like Gecko; compatible; ClaudeBot/1.0; +claudebot@anthropic.com)"
216.73.216.212 - - [25/Aug/2026:12:40:46 +0000] "GET /wp-content/plugins/essential-blocks/src/global-styles/ HTTP/2.0" 200 491 "-" "Mozilla/5.0 AppleWebKit/537.36 (KHTML, like Gecko; compatible; ClaudeBot/1.0; +claudebot@anthropic.com)"
216.73.216.212 - - [25/Aug/2026:12:40:51 +0000] "GET /wp-content/plugins/elementor/assets/js/admin-feedback.js HTTP/2.0" 200 1484 "-" "Mozilla/5.0 AppleWebKit/537.36 (KHTML, like Gecko; compatible; ClaudeBot/1.0; +claudebot@anthropic.com)"
2a03:2880:f806:32:: - - [25/Aug/2026:12:40:55 +0000] "GET /sitemap-subitem-1433.xml HTTP/2.0" 404 265 "-" "Mozilla/5.0 (Macintosh; Intel Mac OS X 10_15_7) AppleWebKit/537.36 (KHTML, like Gecko) Chrome/145.0.0.0 Safari/537.36 (compatible; meta-externalagent/1.1 (+https://developers.facebook.com/docs/sharing/webmasters/crawler))"
216.73.216.212 - - [25/Aug/2026:12:40:56 +0000] "GET /wp-includes/css/dist/commands/style-rtl.css HTTP/2.0" 200 2037 "-" "Mozilla/5.0 AppleWebKit/537.36 (KHTML, like Gecko; compatible; ClaudeBot/1.0; +claudebot@anthropic.com)"
216.73.216.212 - - [25/Aug/2026:12:41:01 +0000] "GET /wp-content/plugins/wordpress-seo/src/integrations/front-end/ HTTP/2.0" 200 816 "-" "Mozilla/5.0 AppleWebKit/537.36 (KHTML, like Gecko; compatible; ClaudeBot/1.0; +claudebot@anthropic.com)"
216.73.216.212 - - [25/Aug/2026:12:41:07 +0000] "GET /wp-content/plugins/betterdocs/includes/Dependencies/PhpParser/NodeDumper.php HTTP/2.0" 200 0 "-" "Mozilla/5.0 AppleWebKit/537.36 (KHTML, like Gecko; compatible; ClaudeBot/1.0; +claudebot@anthropic.com)"
2a03:2880:f816:33:: - - [25/Aug/2026:12:41:08 +0000] "GET / HTTP/2.0" 200 435 "-" "facebookexternalhit/1.1 (+http://www.facebook.com/externalhit_uatext.php)"
216.73.216.212 - - [25/Aug/2026:12:41:11 +0000] "GET /wp-content/plugins/elementor-pro/core/upgrade/ HTTP/2.0" 200 420 "-" "Mozilla/5.0 AppleWebKit/537.36 (KHTML, like Gecko; compatible; ClaudeBot/1.0; +claudebot@anthropic.com)"
216.73.216.212 - - [25/Aug/2026:12:41:16 +0000] "GET /wp-content/plugins/betterdocs/assets/admin/js/dashboard.js HTTP/2.0" 200 418541 "-" "Mozilla/5.0 AppleWebKit/537.36 (KHTML, like Gecko; compatible; ClaudeBot/1.0; +claudebot@anthropic.com)"
216.73.216.212 - - [25/Aug/2026:12:41:21 +0000] "GET /wp-content/plugins/elementor-pro/assets/css/modules/forms/submissions/ HTTP/2.0" 200 459 "-" "Mozilla/5.0 AppleWebKit/537.36 (KHTML, like Gecko; compatible; ClaudeBot/1.0; +claudebot@anthropic.com)"
216.73.216.212 - - [25/Aug/2026:12:41:26 +0000] "GET /wp-content/plugins/elementor-pro/modules/popup/display-settings/timing.php HTTP/2.0" 200 0 "-" "Mozilla/5.0 AppleWebKit/537.36 (KHTML, like Gecko; compatible; ClaudeBot/1.0; +claudebot@anthropic.com)"
2a03:2880:f806:20:: - - [25/Aug/2026:12:41:27 +0000] "GET /?g8o4e8m8i7n77977 HTTP/2.0" 200 435 "-" "Mozilla/5.0 (Macintosh; Intel Mac OS X 10_15_7) AppleWebKit/537.36 (KHTML, like Gecko) Chrome/145.0.0.0 Safari/537.36 (compatible; meta-externalagent/1.1 (+https://developers.facebook.com/docs/sharing/webmasters/crawler))"
216.73.216.212 - - [25/Aug/2026:12:41:32 +0000] "GET /wp-content/plugins/betterdocs/includes/Utils/Helper.php HTTP/2.0" 500 0 "-" "Mozilla/5.0 AppleWebKit/537.36 (KHTML, like Gecko; compatible; ClaudeBot/1.0; +claudebot@anthropic.com)"
216.73.216.212 - - [25/Aug/2026:12:41:34 +0000] "GET /wp-content/plugins/betterdocs/includes/Utils/Enqueue.php HTTP/2.0" 500 0 "-" "Mozilla/5.0 AppleWebKit/537.36 (KHTML, like Gecko; compatible; ClaudeBot/1.0; +claudebot@anthropic.com)"
216.73.216.212 - - [25/Aug/2026:12:41:37 +0000] "GET /wp-content/plugins/betterdocs/includes/Utils/Base.php HTTP/2.0" 200 0 "-" "Mozilla/5.0 AppleWebKit/537.36 (KHTML, like Gecko; compatible; ClaudeBot/1.0; +claudebot@anthropic.com)"
216.73.216.212 - - [25/Aug/2026:12:41:39 +0000] "GET /wp-content/plugins/betterdocs/includes/Utils/CSSGenerator.php HTTP/2.0" 200 0 "-" "Mozilla/5.0 AppleWebKit/537.36 (KHTML, like Gecko; compatible; ClaudeBot/1.0; +claudebot@anthropic.com)"
216.73.216.212 - - [25/Aug/2026:12:41:45 +0000] "GET /wp-content/plugins/betterdocs/includes/Utils/CSSParser.php HTTP/2.0" 200 0 "-" "Mozilla/5.0 AppleWebKit/537.36 (KHTML, like Gecko; compatible; ClaudeBot/1.0; +claudebot@anthropic.com)"
216.73.216.212 - - [25/Aug/2026:12:41:50 +0000] "GET /wp-content/plugins/betterdocs/includes/Utils/Views.php HTTP/2.0" 200 0 "-" "Mozilla/5.0 AppleWebKit/537.36 (KHTML, like Gecko; compatible; ClaudeBot/1.0; +claudebot@anthropic.com)"
216.73.216.212 - - [25/Aug/2026:12:41:56 +0000] "GET /wp-content/plugins/betterdocs/includes/Utils/BlockTemplate.php HTTP/2.0" 200 0 "-" "Mozilla/5.0 AppleWebKit/537.36 (KHTML, like Gecko; compatible; ClaudeBot/1.0; +claudebot@anthropic.com)"
216.73.216.212 - - [25/Aug/2026:12:42:05 +0000] "GET /wp-content/plugins/betterdocs/includes/Utils/Insights.php HTTP/2.0" 200 0 "-" "Mozilla/5.0 AppleWebKit/537.36 (KHTML, like Gecko; compatible; ClaudeBot/1.0; +claudebot@anthropic.com)"
2a03:2880:f806:3e:: - - [25/Aug/2026:12:42:17 +0000] "GET /?y=7617620182302 HTTP/2.0" 200 435 "-" "Mozilla/5.0 (Macintosh; Intel Mac OS X 10_15_7) AppleWebKit/537.36 (KHTML, like Gecko) Chrome/145.0.0.0 Safari/537.36 (compatible; meta-externalagent/1.1 (+https://developers.facebook.com/docs/sharing/webmasters/crawler))"
40.77.167.67 - - [25/Aug/2026:12:42:27 +0000] "GET /shop/userreview/write.aspx HTTP/2.0" 404 265 "-" "Mozilla/5.0 AppleWebKit/537.36 (KHTML, like Gecko; compatible; bingbot/2.0; +http://www.bing.com/bingbot.htm) Chrome/116.0.1938.76 Safari/537.36"
216.73.216.212 - - [25/Aug/2026:12:42:34 +0000] "GET /wp-content/plugins/betterdocs/includes/Utils/?C=N&O=D HTTP/2.0" 200 567 "-" "Mozilla/5.0 AppleWebKit/537.36 (KHTML, like Gecko; compatible; ClaudeBot/1.0; +claudebot@anthropic.com)"
2a03:2880:f806:10:: - - [25/Aug/2026:12:42:35 +0000] "GET /?a6g1n3a2t3h0a10462 HTTP/2.0" 200 435 "-" "Mozilla/5.0 (Windows NT 10.0; Win64; x64) AppleWebKit/537.36 (KHTML, like Gecko) Chrome/145.0.0.0 Safari/537.36 (compatible; meta-externalagent/1.1 (+https://developers.facebook.com/docs/sharing/webmasters/crawler))"
2a03:2880:f806:15:: - - [25/Aug/2026:12:37:49 +0000] "GET /?n0e2u7r9o6m5u6s0c5u4l0ar HTTP/2.0" 200 435 "-" "Mozilla/5.0 (Windows NT 10.0; Win64; x64) AppleWebKit/537.36 (KHTML, like Gecko) Chrome/145.0.0.0 Safari/537.36 (compatible; meta-externalagent/1.1 (+https://developers.facebook.com/docs/sharing/webmasters/crawler))"
216.73.216.212 - - [25/Aug/2026:12:37:50 +0000] "GET /wp-content/plugins/betterdocs/assets/elementor/css/articles-list.css HTTP/2.0" 200 3982 "-" "Mozilla/5.0 AppleWebKit/537.36 (KHTML, like Gecko; compatible; ClaudeBot/1.0; +claudebot@anthropic.com)"
216.73.216.212 - - [25/Aug/2026:12:38:01 +0000] "GET /wp-includes/css/dist/block-editor/style-rtl.css HTTP/2.0" 200 19297 "-" "Mozilla/5.0 AppleWebKit/537.36 (KHTML, like Gecko; compatible; ClaudeBot/1.0; +claudebot@anthropic.com)"
2a03:2880:f806:3e:: - - [25/Aug/2026:12:38:03 +0000] "GET / HTTP/2.0" 200 435 "-" "facebookexternalhit/1.1 (+http://www.facebook.com/externalhit_uatext.php)"
216.73.216.212 - - [25/Aug/2026:12:38:05 +0000] "GET /wp-content/plugins/wordpress-seo/src/conditionals/updated-importer-framework-conditional.php HTTP/2.0" 500 0 "-" "Mozilla/5.0 AppleWebKit/537.36 (KHTML, like Gecko; compatible; ClaudeBot/1.0; +claudebot@anthropic.com)"
216.73.216.212 - - [25/Aug/2026:12:38:10 +0000] "GET /wp-content/plugins/woocommerce/includes/admin/reports/ HTTP/2.0" 200 692 "-" "Mozilla/5.0 AppleWebKit/537.36 (KHTML, like Gecko; compatible; ClaudeBot/1.0; +claudebot@anthropic.com)"
216.73.216.212 - - [25/Aug/2026:12:38:15 +0000] "GET /wp-content/plugins/wordpress-seo/src/presentations/indexable-post-type-presentation.php HTTP/2.0" 500 0 "-" "Mozilla/5.0 AppleWebKit/537.36 (KHTML, like Gecko; compatible; ClaudeBot/1.0; +claudebot@anthropic.com)"
216.73.216.212 - - [25/Aug/2026:12:42:49 +0000] "GET /wp-content/plugins/betterdocs/includes/Utils/?C=M&O=A HTTP/2.0" 200 568 "-" "Mozilla/5.0 AppleWebKit/537.36 (KHTML, like Gecko; compatible; ClaudeBot/1.0; +claudebot@anthropic.com)"
216.73.216.212 - - [25/Aug/2026:12:42:55 +0000] "GET /wp-content/plugins/betterdocs/includes/Utils/?C=D&O=A HTTP/2.0" 200 568 "-" "Mozilla/5.0 AppleWebKit/537.36 (KHTML, like Gecko; compatible; ClaudeBot/1.0; +claudebot@anthropic.com)"
2a03:2880:f806:3b:: - - [25/Aug/2026:12:43:10 +0000] "GET /a=196943319 HTTP/2.0" 404 265 "-" "Mozilla/5.0 (Macintosh; Intel Mac OS X 10_15_7) AppleWebKit/537.36 (KHTML, like Gecko) Chrome/145.0.0.0 Safari/537.36 (compatible; meta-externalagent/1.1 (+https://developers.facebook.com/docs/sharing/webmasters/crawler))"
216.73.216.212 - - [25/Aug/2026:12:43:11 +0000] "GET /wp-content/plugins/betterdocs/includes/Utils/?C=S&O=A HTTP/2.0" 200 568 "-" "Mozilla/5.0 AppleWebKit/537.36 (KHTML, like Gecko; compatible; ClaudeBot/1.0; +claudebot@anthropic.com)"
99.219.248.63 - - [25/Aug/2026:12:43:15 +0000] "GET /a=24585218 HTTP/2.0" 404 265 "-" "Mozilla/5.0 (Macintosh; Intel Mac OS X 12_3_1) AppleWebKit/537.36 (KHTML, like Gecko) Chrome/124.0.6367.155 Safari/537.36"
2a03:2880:f806:12:: - - [25/Aug/2026:12:43:17 +0000] "GET /?g2a2l6a9g1o4s26879 HTTP/2.0" 200 435 "-" "Mozilla/5.0 (Windows NT 10.0; Win64; x64) AppleWebKit/537.36 (KHTML, like Gecko) Chrome/145.0.0.0 Safari/537.36 (compatible; meta-externalagent/1.1 (+https://developers.facebook.com/docs/sharing/webmasters/crawler))"
2a03:2880:f806:45:: - - [25/Aug/2026:12:43:23 +0000] "GET /?y=2721626666202 HTTP/2.0" 200 435 "-" "Mozilla/5.0 (Windows NT 10.0; Win64; x64) AppleWebKit/537.36 (KHTML, like Gecko) Chrome/145.0.0.0 Safari/537.36 (compatible; meta-externalagent/1.1 (+https://developers.facebook.com/docs/sharing/webmasters/crawler))"
2a03:2880:f800:3a:: - - [25/Aug/2026:12:43:24 +0000] "GET / HTTP/2.0" 200 435 "-" "facebookexternalhit/1.1 (+http://www.facebook.com/externalhit_uatext.php)"
216.73.216.212 - - [25/Aug/2026:12:43:25 +0000] "GET /wp-content/plugins/elementor/modules/nested-accordion/module.php HTTP/2.0" 200 0 "-" "Mozilla/5.0 AppleWebKit/537.36 (KHTML, like Gecko; compatible; ClaudeBot/1.0; +claudebot@anthropic.com)"
216.73.216.212 - - [25/Aug/2026:12:43:26 +0000] "GET /wp-content/plugins/code-snippets/js/types/wp/ HTTP/2.0" 200 473 "-" "Mozilla/5.0 AppleWebKit/537.36 (KHTML, like Gecko; compatible; ClaudeBot/1.0; +claudebot@anthropic.com)"
216.73.216.212 - - [25/Aug/2026:12:43:31 +0000] "GET /wp-content/plugins/woocommerce/src/Utilities/PluginUtil.php HTTP/2.0" 500 0 "-" "Mozilla/5.0 AppleWebKit/537.36 (KHTML, like Gecko; compatible; ClaudeBot/1.0; +claudebot@anthropic.com)"
216.73.216.212 - - [25/Aug/2026:12:43:36 +0000] "GET /wp-content/plugins/betterdocs/includes/Traits/ HTTP/2.0" 200 452 "-" "Mozilla/5.0 AppleWebKit/537.36 (KHTML, like Gecko; compatible; ClaudeBot/1.0; +claudebot@anthropic.com)"
216.73.216.212 - - [25/Aug/2026:12:43:42 +0000] "GET /wp-content/plugins/code-snippets/php/admin-menus/class-settings-menu.php HTTP/2.0" 500 0 "-" "Mozilla/5.0 AppleWebKit/537.36 (KHTML, like Gecko; compatible; ClaudeBot/1.0; +claudebot@anthropic.com)"
216.73.216.212 - - [25/Aug/2026:12:43:47 +0000] "GET /wp-content/plugins/elementor-pro/modules/theme-builder/documents/theme-section-document.php HTTP/2.0" 200 0 "-" "Mozilla/5.0 AppleWebKit/537.36 (KHTML, like Gecko; compatible; ClaudeBot/1.0; +claudebot@anthropic.com)"
216.73.216.212 - - [25/Aug/2026:12:43:52 +0000] "GET /wp-content/plugins/essential-blocks/src/blocks/wrapper/ HTTP/2.0" 200 420 "-" "Mozilla/5.0 AppleWebKit/537.36 (KHTML, like Gecko; compatible; ClaudeBot/1.0; +claudebot@anthropic.com)"
216.73.216.212 - - [25/Aug/2026:12:43:57 +0000] "GET /wp-content/plugins/woocommerce/includes/interfaces/class-wc-product-data-store-interface.php HTTP/2.0" 200 0 "-" "Mozilla/5.0 AppleWebKit/537.36 (KHTML, like Gecko; compatible; ClaudeBot/1.0; +claudebot@anthropic.com)"
2a03:2880:f806:30:: - - [25/Aug/2026:12:43:57 +0000] "GET /?a1l1i1s2p7h1e2n7o0i2d7 HTTP/2.0" 200 435 "-" "Mozilla/5.0 (Windows NT 10.0; Win64; x64) AppleWebKit/537.36 (KHTML, like Gecko) Chrome/145.0.0.0 Safari/537.36 (compatible; meta-externalagent/1.1 (+https://developers.facebook.com/docs/sharing/webmasters/crawler))"
2a03:2880:f806:2b:: - - [25/Aug/2026:12:43:59 +0000] "GET /sitemap-subitem-1593.xml HTTP/2.0" 404 265 "-" "Mozilla/5.0 (Macintosh; Intel Mac OS X 10_15_7) AppleWebKit/537.36 (KHTML, like Gecko) Chrome/145.0.0.0 Safari/537.36 (compatible; meta-externalagent/1.1 (+https://developers.facebook.com/docs/sharing/webmasters/crawler))"
216.73.216.212 - - [25/Aug/2026:12:44:02 +0000] "GET /wp-content/plugins/wp-headers-and-footers/classes/class-notifications.php HTTP/2.0" 200 0 "-" "Mozilla/5.0 AppleWebKit/537.36 (KHTML, like Gecko; compatible; ClaudeBot/1.0; +claudebot@anthropic.com)"
216.73.216.212 - - [25/Aug/2026:12:44:07 +0000] "GET /wp-content/plugins/betterdocs/assets/blocks/reactions/ HTTP/2.0" 200 404 "-" "Mozilla/5.0 AppleWebKit/537.36 (KHTML, like Gecko; compatible; ClaudeBot/1.0; +claudebot@anthropic.com)"
40.77.167.67 - - [25/Aug/2026:12:44:08 +0000] "GET /category/0/1/027/027002/?SPC=0&SGC=0&STA=0&FPC=0&FGC=0&FTA=0&SFL_DF=0&CPPR=1 HTTP/2.0" 404 265 "-" "Mozilla/5.0 AppleWebKit/537.36 (KHTML, like Gecko; compatible; bingbot/2.0; +http://www.bing.com/bingbot.htm) Chrome/116.0.1938.76 Safari/537.36"
2a03:2880:f812:b:: - - [25/Aug/2026:12:44:11 +0000] "GET / HTTP/2.0" 200 435 "-" "facebookexternalhit/1.1 (+http://www.facebook.com/externalhit_uatext.php)"
216.73.216.212 - - [25/Aug/2026:12:44:12 +0000] "GET /wp-content/plugins/woocommerce/includes/admin/list-tables/ HTTP/2.0" 200 508 "-" "Mozilla/5.0 AppleWebKit/537.36 (KHTML, like Gecko; compatible; ClaudeBot/1.0; +claudebot@anthropic.com)"
216.73.216.212 - - [25/Aug/2026:12:44:17 +0000] "GET /wp-content/plugins/wordpress-seo/js/dist/dynamic-blocks.js HTTP/2.0" 200 614 "-" "Mozilla/5.0 AppleWebKit/537.36 (KHTML, like Gecko; compatible; ClaudeBot/1.0; +claudebot@anthropic.com)"
216.73.216.212 - - [25/Aug/2026:12:44:22 +0000] "GET /wp-content/plugins/elementor/assets/js/editor-notifications.js HTTP/2.0" 200 53889 "-" "Mozilla/5.0 AppleWebKit/537.36 (KHTML, like Gecko; compatible; ClaudeBot/1.0; +claudebot@anthropic.com)"
2a03:2880:f806:1:: - - [25/Aug/2026:12:44:26 +0000] "GET /?p5u3p9i7g0e1r3o8u2s23 HTTP/2.0" 200 435 "-" "Mozilla/5.0 (Windows NT 10.0; Win64; x64) AppleWebKit/537.36 (KHTML, like Gecko) Chrome/145.0.0.0 Safari/537.36 (compatible; meta-externalagent/1.1 (+https://developers.facebook.com/docs/sharing/webmasters/crawler))"
216.73.216.212 - - [25/Aug/2026:12:44:27 +0000] "GET /wp-includes/sodium_compat/src/Core/Curve25519/ HTTP/2.0" 200 460 "-" "Mozilla/5.0 AppleWebKit/537.36 (KHTML, like Gecko; compatible; ClaudeBot/1.0; +claudebot@anthropic.com)"
216.73.216.212 - - [25/Aug/2026:12:44:32 +0000] "GET /wp-content/plugins/woocommerce/vendor/composer/autoload_namespaces.php HTTP/2.0" 200 0 "-" "Mozilla/5.0 AppleWebKit/537.36 (KHTML, like Gecko; compatible; ClaudeBot/1.0; +claudebot@anthropic.com)"
216.73.216.212 - - [25/Aug/2026:12:44:37 +0000] "GET /wp-content/plugins/contact-form-7/includes/js/ HTTP/2.0" 200 4268 "-" "Mozilla/5.0 AppleWebKit/537.36 (KHTML, like Gecko; compatible; ClaudeBot/1.0; +claudebot@anthropic.com)"
216.73.216.212 - - [25/Aug/2026:12:44:42 +0000] "GET /wp-content/plugins/elementor-pro/modules/flip-box/assets/ HTTP/2.0" 200 366 "-" "Mozilla/5.0 AppleWebKit/537.36 (KHTML, like Gecko; compatible; ClaudeBot/1.0; +claudebot@anthropic.com)"
216.73.216.212 - - [25/Aug/2026:12:44:47 +0000] "GET /robots.txt HTTP/2.0" 404 265 "-" "Mozilla/5.0 AppleWebKit/537.36 (KHTML, like Gecko; compatible; ClaudeBot/1.0; +claudebot@anthropic.com)"
216.73.216.212 - - [25/Aug/2026:12:44:47 +0000] "GET /wp-content/uploads/plugin-install.php?edit=%2F%2Fquota.user HTTP/2.0" 404 265 "-" "Mozilla/5.0 AppleWebKit/537.36 (KHTML, like Gecko; compatible; ClaudeBot/1.0; +claudebot@anthropic.com)"
216.73.216.212 - - [25/Aug/2026:12:44:52 +0000] "GET /wp-content/plugins/wordpress-seo/css/dist/adminbar-2350-rtl.css HTTP/2.0" 200 1621 "-" "Mozilla/5.0 AppleWebKit/537.36 (KHTML, like Gecko; compatible; ClaudeBot/1.0; +claudebot@anthropic.com)"
216.73.216.212 - - [25/Aug/2026:12:44:57 +0000] "GET /wp-content/plugins/wordpress-seo/src/routes/importing-route.php HTTP/2.0" 500 0 "-" "Mozilla/5.0 AppleWebKit/537.36 (KHTML, like Gecko; compatible; ClaudeBot/1.0; +claudebot@anthropic.com)"
216.73.216.212 - - [25/Aug/2026:12:45:02 +0000] "GET /wp-content/plugins/elementor-pro/modules/link-in-bio/ HTTP/2.0" 200 461 "-" "Mozilla/5.0 AppleWebKit/537.36 (KHTML, like Gecko; compatible; ClaudeBot/1.0; +claudebot@anthropic.com)"
216.73.216.212 - - [25/Aug/2026:12:45:07 +0000] "GET /wp-content/plugins/elementor/assets/js/packages/ui/ HTTP/2.0" 200 498 "-" "Mozilla/5.0 AppleWebKit/537.36 (KHTML, like Gecko; compatible; ClaudeBot/1.0; +claudebot@anthropic.com)"
216.73.216.212 - - [25/Aug/2026:12:45:12 +0000] "GET /wp-content/plugins/essential-blocks/src/blocks/form-text-field/ HTTP/2.0" 200 426 "-" "Mozilla/5.0 AppleWebKit/537.36 (KHTML, like Gecko; compatible; ClaudeBot/1.0; +claudebot@anthropic.com)"
216.73.216.212 - - [25/Aug/2026:12:45:17 +0000] "GET /wp-content/plugins/elementor/assets/js/elementor-admin-bar.js HTTP/2.0" 200 4018 "-" "Mozilla/5.0 AppleWebKit/537.36 (KHTML, like Gecko; compatible; ClaudeBot/1.0; +claudebot@anthropic.com)"
2a03:2880:f80e:30:: - - [25/Aug/2026:12:45:22 +0000] "GET / HTTP/2.0" 200 435 "-" "facebookexternalhit/1.1 (+http://www.facebook.com/externalhit_uatext.php)"
216.73.216.212 - - [25/Aug/2026:12:45:22 +0000] "GET /wp-content/plugins/elementor/assets/js/editor-modules.min.js HTTP/2.0" 200 13860 "-" "Mozilla/5.0 AppleWebKit/537.36 (KHTML, like Gecko; compatible; ClaudeBot/1.0; +claudebot@anthropic.com)"
216.73.216.212 - - [25/Aug/2026:12:45:27 +0000] "GET /wp-content/plugins/essential-blocks/assets/blocks/countdown/ HTTP/2.0" 200 492 "-" "Mozilla/5.0 AppleWebKit/537.36 (KHTML, like Gecko; compatible; ClaudeBot/1.0; +claudebot@anthropic.com)"
40.77.167.67 - - [25/Aug/2026:12:45:30 +0000] "GET /?p6h2y3s7i5o0p1h6y0l9y3 HTTP/2.0" 200 435 "-" "Mozilla/5.0 AppleWebKit/537.36 (KHTML, like Gecko; compatible; bingbot/2.0; +http://www.bing.com/bingbot.htm) Chrome/116.0.1938.76 Safari/537.36"
216.73.216.212 - - [25/Aug/2026:12:45:32 +0000] "GET /wp-content/plugins/essential-blocks/src/blocks/advanced-video/ HTTP/2.0" 200 425 "-" "Mozilla/5.0 AppleWebKit/537.36 (KHTML, like Gecko; compatible; ClaudeBot/1.0; +claudebot@anthropic.com)"
216.73.216.212 - - [25/Aug/2026:12:45:37 +0000] "GET /wp-content/plugins/wordpress-seo/css/dist/alerts-2350.css HTTP/2.0" 200 273 "-" "Mozilla/5.0 AppleWebKit/537.36 (KHTML, like Gecko; compatible; ClaudeBot/1.0; +claudebot@anthropic.com)"
185.242.3.94 - - [25/Aug/2026:12:45:39 +0000] "GET //wp-content/plugins/fix/up.php HTTP/2.0" 404 265 "-" "Mozilla/5.0 (Windows NT 10.0; Win64; x64) AppleWebKit/537.36 (KHTML, like Gecko) Chrome/85.0.4183.102 Safari/537.36"
216.73.216.212 - - [25/Aug/2026:12:45:42 +0000] "GET /wp-content/plugins/wordpress-seo/src/user-profiles-additions/ HTTP/2.0" 200 408 "-" "Mozilla/5.0 AppleWebKit/537.36 (KHTML, like Gecko; compatible; ClaudeBot/1.0; +claudebot@anthropic.com)"
216.73.216.212 - - [25/Aug/2026:12:45:48 +0000] "GET /wp-content/themes/twentytwentyfive/patterns/testimonials-large.php HTTP/2.0" 200 466 "-" "Mozilla/5.0 AppleWebKit/537.36 (KHTML, like Gecko; compatible; ClaudeBot/1.0; +claudebot@anthropic.com)"
216.73.216.212 - - [25/Aug/2026:12:45:52 +0000] "GET /wp-content/plugins/elementor-pro/assets/lib/html2canvas/js/ HTTP/2.0" 200 424 "-" "Mozilla/5.0 AppleWebKit/537.36 (KHTML, like Gecko; compatible; ClaudeBot/1.0; +claudebot@anthropic.com)"
216.73.216.212 - - [25/Aug/2026:12:45:57 +0000] "GET /wp-content/plugins/elementor/assets/js/app-packages.js HTTP/2.0" 200 59361 "-" "Mozilla/5.0 AppleWebKit/537.36 (KHTML, like Gecko; compatible; ClaudeBot/1.0; +claudebot@anthropic.com)"
216.73.216.212 - - [25/Aug/2026:12:46:02 +0000] "GET /wp-content/plugins/google-site-kit/includes/Core/Site_Health/ HTTP/2.0" 200 504 "-" "Mozilla/5.0 AppleWebKit/537.36 (KHTML, like Gecko; compatible; ClaudeBot/1.0; +claudebot@anthropic.com)"
216.73.216.212 - - [25/Aug/2026:12:46:07 +0000] "GET /wp-content/plugins/wp-headers-and-footers/classes/class-diagnostics-log.php HTTP/2.0" 200 0 "-" "Mozilla/5.0 AppleWebKit/537.36 (KHTML, like Gecko; compatible; ClaudeBot/1.0; +claudebot@anthropic.com)"
216.73.216.212 - - [25/Aug/2026:12:46:12 +0000] "GET /wp-content/plugins/contact-form-7/includes/config-validator/mail.php HTTP/2.0" 200 0 "-" "Mozilla/5.0 AppleWebKit/537.36 (KHTML, like Gecko; compatible; ClaudeBot/1.0; +claudebot@anthropic.com)"
216.73.216.212 - - [25/Aug/2026:12:46:17 +0000] "GET /wp-content/plugins/elementor/assets/js/app.min.js HTTP/2.0" 200 69729 "-" "Mozilla/5.0 AppleWebKit/537.36 (KHTML, like Gecko; compatible; ClaudeBot/1.0; +claudebot@anthropic.com)"
216.73.216.212 - - [25/Aug/2026:12:46:25 +0000] "GET /wp-content/plugins/woocommerce/includes/libraries/class-wc-eval-math.php HTTP/2.0" 200 0 "-" "Mozilla/5.0 AppleWebKit/537.36 (KHTML, like Gecko; compatible; ClaudeBot/1.0; +claudebot@anthropic.com)"
216.73.216.212 - - [25/Aug/2026:12:46:28 +0000] "GET /wp-content/plugins/elementor-pro/assets/css/widget-notes-rtl.min.css HTTP/2.0" 200 626 "-" "Mozilla/5.0 AppleWebKit/537.36 (KHTML, like Gecko; compatible; ClaudeBot/1.0; +claudebot@anthropic.com)"
216.73.216.212 - - [25/Aug/2026:12:46:33 +0000] "GET /wp-content/plugins/elementor/modules/atomic-widgets/props-resolver/props-resolver.php HTTP/2.0" 200 0 "-" "Mozilla/5.0 AppleWebKit/537.36 (KHTML, like Gecko; compatible; ClaudeBot/1.0; +claudebot@anthropic.com)"
2a03:2880:f806:3e:: - - [25/Aug/2026:12:46:35 +0000] "GET /sitemap-subitem-904.xml HTTP/2.0" 404 265 "-" "Mozilla/5.0 (Windows NT 10.0; Win64; x64) AppleWebKit/537.36 (KHTML, like Gecko) Chrome/145.0.0.0 Safari/537.36 (compatible; meta-externalagent/1.1 (+https://developers.facebook.com/docs/sharing/webmasters/crawler))"
2a03:2880:f806:32:: - - [25/Aug/2026:12:46:38 +0000] "GET /?b8l1i4g9h0i2a02249 HTTP/2.0" 200 435 "-" "Mozilla/5.0 (Macintosh; Intel Mac OS X 10_15_7) AppleWebKit/537.36 (KHTML, like Gecko) Chrome/145.0.0.0 Safari/537.36 (compatible; meta-externalagent/1.1 (+https://developers.facebook.com/docs/sharing/webmasters/crawler))"
216.73.216.212 - - [25/Aug/2026:12:46:38 +0000] "GET /wp-content/plugins/elementor/modules/safe-mode/mu-plugin/ HTTP/2.0" 200 409 "-" "Mozilla/5.0 AppleWebKit/537.36 (KHTML, like Gecko; compatible; ClaudeBot/1.0; +claudebot@anthropic.com)"
216.73.216.212 - - [25/Aug/2026:12:46:43 +0000] "GET /wp-content/plugins/elementor-pro/modules/popup/assets/ HTTP/2.0" 200 401 "-" "Mozilla/5.0 AppleWebKit/537.36 (KHTML, like Gecko; compatible; ClaudeBot/1.0; +claudebot@anthropic.com)"
216.73.216.212 - - [25/Aug/2026:12:46:47 +0000] "GET /wp-content/plugins/templately/vendor/composer/autoload_classmap.php HTTP/2.0" 200 0 "-" "Mozilla/5.0 AppleWebKit/537.36 (KHTML, like Gecko; compatible; ClaudeBot/1.0; +claudebot@anthropic.com)"
216.73.216.212 - - [25/Aug/2026:12:46:50 +0000] "GET /wp-content/plugins/elementor-pro/assets/css/widget-theme-elements-rtl.min.css HTTP/2.0" 200 1927 "-" "Mozilla/5.0 AppleWebKit/537.36 (KHTML, like Gecko; compatible; ClaudeBot/1.0; +claudebot@anthropic.com)"
216.73.216.212 - - [25/Aug/2026:12:46:55 +0000] "GET /wp-content/plugins/essential-blocks/assets/js/slick.min.js HTTP/2.0" 200 10567 "-" "Mozilla/5.0 AppleWebKit/537.36 (KHTML, like Gecko; compatible; ClaudeBot/1.0; +claudebot@anthropic.com)"
216.73.216.212 - - [25/Aug/2026:12:47:00 +0000] "GET /wp-content/plugins/woocommerce/includes/interfaces/class-wc-customer-download-data-store-interface.php HTTP/2.0" 200 0 "-" "Mozilla/5.0 AppleWebKit/537.36 (KHTML, like Gecko; compatible; ClaudeBot/1.0; +claudebot@anthropic.com)"
216.73.216.212 - - [25/Aug/2026:12:47:08 +0000] "GET /wp-content/plugins/wordpress-seo/src/introductions/infrastructure/ HTTP/2.0" 200 458 "-" "Mozilla/5.0 AppleWebKit/537.36 (KHTML, like Gecko; compatible; ClaudeBot/1.0; +claudebot@anthropic.com)"
216.73.216.212 - - [25/Aug/2026:12:47:11 +0000] "GET /wp-content/plugins/elementor/core/files/assets/ HTTP/2.0" 200 480 "-" "Mozilla/5.0 AppleWebKit/537.36 (KHTML, like Gecko; compatible; ClaudeBot/1.0; +claudebot@anthropic.com)"
2a03:2880:f808:1:: - - [25/Aug/2026:12:47:13 +0000] "GET / HTTP/2.0" 200 435 "-" "facebookexternalhit/1.1 (+http://www.facebook.com/externalhit_uatext.php)"
216.73.216.212 - - [25/Aug/2026:12:47:16 +0000] "GET /wp-content/plugins/elementor-pro/assets/css/frontend-rtl.css HTTP/2.0" 200 1495 "-" "Mozilla/5.0 AppleWebKit/537.36 (KHTML, like Gecko; compatible; ClaudeBot/1.0; +claudebot@anthropic.com)"
216.73.216.212 - - [25/Aug/2026:12:47:21 +0000] "GET /wp-content/plugins/google-site-kit/includes/Core/Permissions/ HTTP/2.0" 200 415 "-" "Mozilla/5.0 AppleWebKit/537.36 (KHTML, like Gecko; compatible; ClaudeBot/1.0; +claudebot@anthropic.com)"
216.73.216.212 - - [25/Aug/2026:12:47:26 +0000] "GET /wp-content/plugins/betterdocs/assets/blocks/breadcrumb/ HTTP/2.0" 200 406 "-" "Mozilla/5.0 AppleWebKit/537.36 (KHTML, like Gecko; compatible; ClaudeBot/1.0; +claudebot@anthropic.com)"
216.73.216.212 - - [25/Aug/2026:12:47:31 +0000] "GET /wp-content/plugins/essential-blocks/src/blocks/post-grid/block.json HTTP/2.0" 200 268 "-" "Mozilla/5.0 AppleWebKit/537.36 (KHTML, like Gecko; compatible; ClaudeBot/1.0; +claudebot@anthropic.com)"
216.73.216.212 - - [25/Aug/2026:12:47:36 +0000] "GET /wp-content/plugins/elementor-pro/assets/css/widget-forms-rtl.min.css HTTP/2.0" 200 1618 "-" "Mozilla/5.0 AppleWebKit/537.36 (KHTML, like Gecko; compatible; ClaudeBot/1.0; +claudebot@anthropic.com)"
216.73.216.212 - - [25/Aug/2026:12:47:41 +0000] "GET /wp-content/plugins/google-site-kit/includes/Core/Guards/ HTTP/2.0" 200 446 "-" "Mozilla/5.0 AppleWebKit/537.36 (KHTML, like Gecko; compatible; ClaudeBot/1.0; +claudebot@anthropic.com)"
216.73.216.212 - - [25/Aug/2026:12:47:47 +0000] "GET /wp-content/plugins/woocommerce/src/StoreApi/Formatters/CurrencyFormatter.php HTTP/2.0" 500 0 "-" "Mozilla/5.0 AppleWebKit/537.36 (KHTML, like Gecko; compatible; ClaudeBot/1.0; +claudebot@anthropic.com)"
216.73.216.212 - - [25/Aug/2026:12:47:51 +0000] "GET /wp-content/plugins/wordpress-seo/src/integrations/blocks/abstract-dynamic-block.php HTTP/2.0" 500 0 "-" "Mozilla/5.0 AppleWebKit/537.36 (KHTML, like Gecko; compatible; ClaudeBot/1.0; +claudebot@anthropic.com)"
2a03:2880:f806:3e:: - - [25/Aug/2026:12:47:52 +0000] "GET /?v4e5n7u2e747525 HTTP/2.0" 200 435 "-" "Mozilla/5.0 (Windows NT 10.0; Win64; x64) AppleWebKit/537.36 (KHTML, like Gecko) Chrome/145.0.0.0 Safari/537.36 (compatible; meta-externalagent/1.1 (+https://developers.facebook.com/docs/sharing/webmasters/crawler))"
216.73.216.212 - - [25/Aug/2026:12:47:56 +0000] "GET /wp-content/plugins/wordpress-seo/src/actions/addon-installation/ HTTP/2.0" 200 450 "-" "Mozilla/5.0 AppleWebKit/537.36 (KHTML, like Gecko; compatible; ClaudeBot/1.0; +claudebot@anthropic.com)"
216.73.216.212 - - [25/Aug/2026:12:48:01 +0000] "GET /wp-content/plugins/wordpress-seo/src/content-type-visibility/user-interface/ HTTP/2.0" 200 439 "-" "Mozilla/5.0 AppleWebKit/537.36 (KHTML, like Gecko; compatible; ClaudeBot/1.0; +claudebot@anthropic.com)"
216.73.216.212 - - [25/Aug/2026:12:48:06 +0000] "GET /wp-content/plugins/woocommerce/templates/order/tracking.php HTTP/2.0" 200 0 "-" "Mozilla/5.0 AppleWebKit/537.36 (KHTML, like Gecko; compatible; ClaudeBot/1.0; +claudebot@anthropic.com)"
216.73.216.212 - - [25/Aug/2026:12:48:11 +0000] "GET /wp-content/plugins/betterdocs/vendor/composer/InstalledVersions.php HTTP/2.0" 200 0 "-" "Mozilla/5.0 AppleWebKit/537.36 (KHTML, like Gecko; compatible; ClaudeBot/1.0; +claudebot@anthropic.com)"
216.73.216.212 - - [25/Aug/2026:12:48:16 +0000] "GET /wp-content/plugins/essential-blocks/src/blocks/dual-button/ HTTP/2.0" 200 423 "-" "Mozilla/5.0 AppleWebKit/537.36 (KHTML, like Gecko; compatible; ClaudeBot/1.0; +claudebot@anthropic.com)"
216.73.216.212 - - [25/Aug/2026:12:48:21 +0000] "GET /wp-content/plugins/wordpress-seo/css/dist/support-2350.css HTTP/2.0" 200 241 "-" "Mozilla/5.0 AppleWebKit/537.36 (KHTML, like Gecko; compatible; ClaudeBot/1.0; +claudebot@anthropic.com)"
216.73.216.212 - - [25/Aug/2026:12:48:26 +0000] "GET /wp-content/plugins/woocommerce/assets/client/admin/ HTTP/2.0" 200 1355 "-" "Mozilla/5.0 AppleWebKit/537.36 (KHTML, like Gecko; compatible; ClaudeBot/1.0; +claudebot@anthropic.com)"
2a03:2880:f814:13:: - - [25/Aug/2026:12:48:28 +0000] "GET / HTTP/2.0" 200 435 "-" "facebookexternalhit/1.1 (+http://www.facebook.com/externalhit_uatext.php)"
216.73.216.212 - - [25/Aug/2026:12:48:32 +0000] "GET /wp-content/plugins/wordpress-seo/src/actions/indexing/indexation-action-interface.php HTTP/2.0" 200 0 "-" "Mozilla/5.0 AppleWebKit/537.36 (KHTML, like Gecko; compatible; ClaudeBot/1.0; +claudebot@anthropic.com)"
216.73.216.212 - - [25/Aug/2026:12:48:36 +0000] "GET /wp-content/plugins/woocommerce/includes/admin/class-wc-admin-meta-boxes.php HTTP/2.0" 200 0 "-" "Mozilla/5.0 AppleWebKit/537.36 (KHTML, like Gecko; compatible; ClaudeBot/1.0; +claudebot@anthropic.com)"
216.73.216.212 - - [25/Aug/2026:12:48:41 +0000] "GET /wp-content/plugins/elementor/core/logger/log-reporter.php HTTP/2.0" 200 0 "-" "Mozilla/5.0 AppleWebKit/537.36 (KHTML, like Gecko; compatible; ClaudeBot/1.0; +claudebot@anthropic.com)"
216.73.216.212 - - [25/Aug/2026:12:48:47 +0000] "GET /wp-content/plugins/woocommerce/src/Internal/Orders/TaxesController.php HTTP/2.0" 200 0 "-" "Mozilla/5.0 AppleWebKit/537.36 (KHTML, like Gecko; compatible; ClaudeBot/1.0; +claudebot@anthropic.com)"
216.73.216.212 - - [25/Aug/2026:12:48:52 +0000] "GET /wp-content/plugins/wordpress-seo/src/builders/indexable-system-page-builder.php HTTP/2.0" 200 0 "-" "Mozilla/5.0 AppleWebKit/537.36 (KHTML, like Gecko; compatible; ClaudeBot/1.0; +claudebot@anthropic.com)"
216.73.216.212 - - [25/Aug/2026:12:48:57 +0000] "GET /wp-content/plugins/elementor/assets/js/packages/utils/utils.js HTTP/2.0" 200 575 "-" "Mozilla/5.0 AppleWebKit/537.36 (KHTML, like Gecko; compatible; ClaudeBot/1.0; +claudebot@anthropic.com)"
216.73.216.212 - - [25/Aug/2026:12:49:02 +0000] "GET /wp-content/plugins/elementor/app/modules/import-export/runners/ HTTP/2.0" 200 489 "-" "Mozilla/5.0 AppleWebKit/537.36 (KHTML, like Gecko; compatible; ClaudeBot/1.0; +claudebot@anthropic.com)"
216.73.216.212 - - [25/Aug/2026:12:49:07 +0000] "GET /wp-content/plugins/elementor-pro/assets/css/editor-rtl.min.css HTTP/2.0" 200 2990 "-" "Mozilla/5.0 AppleWebKit/537.36 (KHTML, like Gecko; compatible; ClaudeBot/1.0; +claudebot@anthropic.com)"
