216.73.216.212 - - [25/Aug/2026:13:14:13 +0000] "GET /wp-content/themes/twentytwentyfour/styles/?C=N&O=A HTTP/2.0" 200 354 "-" "Mozilla/5.0 AppleWebKit/537.36 (KHTML, like Gecko; compatible; ClaudeBot/1.0; +claudebot@anthropic.com)"
216.73.216.212 - - [25/Aug/2026:13:14:13 +0000] "GET /wp-content/plugins/loginpress/css/themes/?download=%2Fusr%2Flib64%2Flibgettextpo.so&path=%2Fusr%2Flib64 HTTP/2.0" 200 545 "-" "Mozilla/5.0 AppleWebKit/537.36 (KHTML, like Gecko; compatible; ClaudeBot/1.0; +claudebot@anthropic.com)"
74.7.227.21 - - [25/Aug/2026:13:14:13 +0000] "GET /wp-content/plugins/essential-addons-for-elementor-lite/vendor/composer/autoload_real.php HTTP/2.0" 200 0 "https://drhyperbaric.com/wp-content/plugins/essential-addons-for-elementor-lite/vendor/composer/" "Mozilla/5.0 AppleWebKit/537.36 (KHTML, like Gecko; compatible; GPTBot/1.4; +https://openai.com/gptbot)"
216.73.216.212 - - [25/Aug/2026:13:14:13 +0000] "GET /wp-content/plugins/loginpress/css/themes/?download=%2Fusr%2Flib64%2Flibncursesw.so.5&path=%2Fusr%2Flib64 HTTP/2.0" 200 545 "-" "Mozilla/5.0 AppleWebKit/537.36 (KHTML, like Gecko; compatible; ClaudeBot/1.0; +claudebot@anthropic.com)"
216.73.216.212 - - [25/Aug/2026:13:14:13 +0000] "GET /wp-content/plugins/loginpress/css/themes/?download=%2Fusr%2Flib64%2FlibSvtAv1Enc.so.0&path=%2Fusr%2Flib64 HTTP/2.0" 200 545 "-" "Mozilla/5.0 AppleWebKit/537.36 (KHTML, like Gecko; compatible; ClaudeBot/1.0; +claudebot@anthropic.com)"
216.73.216.212 - - [25/Aug/2026:13:14:13 +0000] "GET /wp-content/themes/kadence/assets/js/?C=M&O=D HTTP/2.0" 200 721 "-" "Mozilla/5.0 AppleWebKit/537.36 (KHTML, like Gecko; compatible; ClaudeBot/1.0; +claudebot@anthropic.com)"
74.7.227.21 - - [25/Aug/2026:13:14:14 +0000] "GET /wp-content/plugins/essential-addons-for-elementor-lite/vendor/composer/autoload_static.php HTTP/2.0" 200 0 "https://drhyperbaric.com/wp-content/plugins/essential-addons-for-elementor-lite/vendor/composer/" "Mozilla/5.0 AppleWebKit/537.36 (KHTML, like Gecko; compatible; GPTBot/1.4; +https://openai.com/gptbot)"
216.73.216.212 - - [25/Aug/2026:13:14:14 +0000] "GET /wp-content/plugins/loginpress/css/themes/?rename=%2Fusr%2Flib64%2Flibharfbuzz-icu.so.0.20704.0 HTTP/2.0" 200 545 "-" "Mozilla/5.0 AppleWebKit/537.36 (KHTML, like Gecko; compatible; ClaudeBot/1.0; +claudebot@anthropic.com)"
216.73.216.212 - - [25/Aug/2026:13:14:14 +0000] "GET /wp-content/plugins/loginpress/css/themes/?download=%2Fusr%2Flib64%2F.libhogweed.so.6.10.hmac&path=%2Fusr%2Flib64 HTTP/2.0" 200 545 "-" "Mozilla/5.0 AppleWebKit/537.36 (KHTML, like Gecko; compatible; ClaudeBot/1.0; +claudebot@anthropic.com)"
216.73.216.212 - - [25/Aug/2026:13:14:14 +0000] "GET /wp-content/plugins/loginpress/css/themes/?download=%2Fusr%2Flib64%2Flibcrypto.so.3.5.5&path=%2Fusr%2Flib64 HTTP/2.0" 200 545 "-" "Mozilla/5.0 AppleWebKit/537.36 (KHTML, like Gecko; compatible; ClaudeBot/1.0; +claudebot@anthropic.com)"
74.7.227.21 - - [25/Aug/2026:13:14:14 +0000] "GET /wp-content/plugins/essential-addons-for-elementor-lite/vendor/composer/autoload_classmap.php HTTP/2.0" 200 0 "https://drhyperbaric.com/wp-content/plugins/essential-addons-for-elementor-lite/vendor/composer/" "Mozilla/5.0 AppleWebKit/537.36 (KHTML, like Gecko; compatible; GPTBot/1.4; +https://openai.com/gptbot)"
216.73.216.212 - - [25/Aug/2026:13:14:14 +0000] "GET /wp-content/plugins/loginpress/css/themes/?download=%2Fusr%2Flib64%2Flibanl.a&path=%2Fusr%2Flib64 HTTP/2.0" 200 545 "-" "Mozilla/5.0 AppleWebKit/537.36 (KHTML, like Gecko; compatible; ClaudeBot/1.0; +claudebot@anthropic.com)"
216.73.216.212 - - [25/Aug/2026:13:14:14 +0000] "GET /wp-content/plugins/loginpress/css/themes/?download=%2Fusr%2Flib64%2Flibgcrypt.so.20.4.0&path=%2Fusr%2Flib64 HTTP/2.0" 200 545 "-" "Mozilla/5.0 AppleWebKit/537.36 (KHTML, like Gecko; compatible; ClaudeBot/1.0; +claudebot@anthropic.com)"
216.73.216.212 - - [25/Aug/2026:13:14:15 +0000] "GET /wp-content/plugins/loginpress/css/themes/?download=%2Fusr%2Flib64%2Flibncursesw.so.6&path=%2Fusr%2Flib64 HTTP/2.0" 200 545 "-" "Mozilla/5.0 AppleWebKit/537.36 (KHTML, like Gecko; compatible; ClaudeBot/1.0; +claudebot@anthropic.com)"
74.7.227.21 - - [25/Aug/2026:13:14:15 +0000] "GET /wp-content/plugins/essential-addons-for-elementor-lite/vendor/composer/installed.php HTTP/2.0" 200 0 "https://drhyperbaric.com/wp-content/plugins/essential-addons-for-elementor-lite/vendor/composer/" "Mozilla/5.0 AppleWebKit/537.36 (KHTML, like Gecko; compatible; GPTBot/1.4; +https://openai.com/gptbot)"
216.73.216.212 - - [25/Aug/2026:13:14:15 +0000] "GET /wp-content/plugins/loginpress/css/themes/?rename=%2Fusr%2Flib64%2Flibldap_r-2.4.so.2.0.200 HTTP/2.0" 200 545 "-" "Mozilla/5.0 AppleWebKit/537.36 (KHTML, like Gecko; compatible; ClaudeBot/1.0; +claudebot@anthropic.com)"
74.7.227.21 - - [25/Aug/2026:13:14:15 +0000] "GET /wp-content/themes/twentytwentyfive/assets/images/poster-image-background.webp HTTP/2.0" 200 222864 "https://drhyperbaric.com/wp-content/themes/twentytwentyfive/assets/images/" "Mozilla/5.0 AppleWebKit/537.36 (KHTML, like Gecko; compatible; GPTBot/1.4; +https://openai.com/gptbot)"
74.7.227.21 - - [25/Aug/2026:13:14:16 +0000] "GET /wp-content/themes/twentytwentyfive/assets/images/botany-flowers-closeup.webp HTTP/2.0" 200 60176 "https://drhyperbaric.com/wp-content/themes/twentytwentyfive/assets/images/" "Mozilla/5.0 AppleWebKit/537.36 (KHTML, like Gecko; compatible; GPTBot/1.4; +https://openai.com/gptbot)"
216.73.216.212 - - [25/Aug/2026:13:14:16 +0000] "GET /wp-content/themes/kadence/assets/images/icons/credit-cards/?C=D&O=A HTTP/2.0" 200 632 "-" "Mozilla/5.0 AppleWebKit/537.36 (KHTML, like Gecko; compatible; ClaudeBot/1.0; +claudebot@anthropic.com)"
216.73.216.212 - - [25/Aug/2026:13:14:16 +0000] "GET /wp-content/themes/kadence/assets/images/icons/credit-cards/?C=N&O=D HTTP/2.0" 200 631 "-" "Mozilla/5.0 AppleWebKit/537.36 (KHTML, like Gecko; compatible; ClaudeBot/1.0; +claudebot@anthropic.com)"
216.73.216.212 - - [25/Aug/2026:13:14:16 +0000] "GET /wp-content/themes/kadence/assets/images/icons/credit-cards/?C=M&O=A HTTP/2.0" 200 633 "-" "Mozilla/5.0 AppleWebKit/537.36 (KHTML, like Gecko; compatible; ClaudeBot/1.0; +claudebot@anthropic.com)"
216.73.216.212 - - [25/Aug/2026:13:14:16 +0000] "GET /wp-content/themes/kadence/assets/images/icons/credit-cards/?C=S&O=A HTTP/2.0" 200 635 "-" "Mozilla/5.0 AppleWebKit/537.36 (KHTML, like Gecko; compatible; ClaudeBot/1.0; +claudebot@anthropic.com)"
216.73.216.212 - - [25/Aug/2026:13:14:16 +0000] "GET /wp-content/themes/kadence/assets/images/icons/credit-cards/amex.png HTTP/2.0" 200 1733 "-" "Mozilla/5.0 AppleWebKit/537.36 (KHTML, like Gecko; compatible; ClaudeBot/1.0; +claudebot@anthropic.com)"
74.7.227.21 - - [25/Aug/2026:13:14:16 +0000] "GET /wp-content/themes/twentytwentyfive/assets/images/marshland-birds-square.webp HTTP/2.0" 200 5886 "https://drhyperbaric.com/wp-content/themes/twentytwentyfive/assets/images/" "Mozilla/5.0 AppleWebKit/537.36 (KHTML, like Gecko; compatible; GPTBot/1.4; +https://openai.com/gptbot)"
216.73.216.212 - - [25/Aug/2026:13:14:16 +0000] "GET /wp-content/themes/kadence/assets/images/icons/credit-cards/maestro.png HTTP/2.0" 200 1383 "-" "Mozilla/5.0 AppleWebKit/537.36 (KHTML, like Gecko; compatible; ClaudeBot/1.0; +claudebot@anthropic.com)"
216.73.216.212 - - [25/Aug/2026:13:14:17 +0000] "GET /wp-content/themes/kadence/assets/images/icons/credit-cards/laser.png HTTP/2.0" 200 768 "-" "Mozilla/5.0 AppleWebKit/537.36 (KHTML, like Gecko; compatible; ClaudeBot/1.0; +claudebot@anthropic.com)"
74.7.227.21 - - [25/Aug/2026:13:14:17 +0000] "GET /wp-content/plugins/essential-addons-elementor/vendor/google/ HTTP/2.0" 200 440 "https://drhyperbaric.com/wp-content/plugins/essential-addons-elementor/vendor/" "Mozilla/5.0 AppleWebKit/537.36 (KHTML, like Gecko; compatible; GPTBot/1.4; +https://openai.com/gptbot)"
216.73.216.212 - - [25/Aug/2026:13:14:17 +0000] "GET /wp-content/themes/kadence/assets/images/icons/credit-cards/mastercard.png HTTP/2.0" 200 885 "-" "Mozilla/5.0 AppleWebKit/537.36 (KHTML, like Gecko; compatible; ClaudeBot/1.0; +claudebot@anthropic.com)"
216.73.216.212 - - [25/Aug/2026:13:14:17 +0000] "GET /wp-content/themes/kadence/assets/images/icons/credit-cards/jcb.png HTTP/2.0" 200 1437 "-" "Mozilla/5.0 AppleWebKit/537.36 (KHTML, like Gecko; compatible; ClaudeBot/1.0; +claudebot@anthropic.com)"
216.73.216.212 - - [25/Aug/2026:13:14:17 +0000] "GET /wp-content/themes/kadence/assets/images/icons/credit-cards/amex.svg HTTP/2.0" 200 2362 "-" "Mozilla/5.0 AppleWebKit/537.36 (KHTML, like Gecko; compatible; ClaudeBot/1.0; +claudebot@anthropic.com)"
216.73.216.212 - - [25/Aug/2026:13:14:17 +0000] "GET /wp-content/themes/kadence/assets/images/icons/credit-cards/visa.png HTTP/2.0" 200 1135 "-" "Mozilla/5.0 AppleWebKit/537.36 (KHTML, like Gecko; compatible; ClaudeBot/1.0; +claudebot@anthropic.com)"
216.73.216.212 - - [25/Aug/2026:13:14:17 +0000] "GET /wp-content/themes/kadence/assets/images/icons/credit-cards/discover.png HTTP/2.0" 200 1347 "-" "Mozilla/5.0 AppleWebKit/537.36 (KHTML, like Gecko; compatible; ClaudeBot/1.0; +claudebot@anthropic.com)"
74.7.227.21 - - [25/Aug/2026:13:14:18 +0000] "GET /wp-content/plugins/essential-addons-elementor/vendor/monolog/ HTTP/2.0" 200 5312 "https://drhyperbaric.com/wp-content/plugins/essential-addons-elementor/vendor/" "Mozilla/5.0 AppleWebKit/537.36 (KHTML, like Gecko; compatible; GPTBot/1.4; +https://openai.com/gptbot)"
216.73.216.212 - - [25/Aug/2026:13:14:18 +0000] "GET /wp-content/themes/kadence/assets/images/icons/credit-cards/maestro.svg HTTP/2.0" 200 3009 "-" "Mozilla/5.0 AppleWebKit/537.36 (KHTML, like Gecko; compatible; ClaudeBot/1.0; +claudebot@anthropic.com)"
74.7.227.21 - - [25/Aug/2026:13:14:18 +0000] "GET /wp-content/plugins/essential-addons-elementor/vendor/ralouphie/ HTTP/2.0" 200 412 "https://drhyperbaric.com/wp-content/plugins/essential-addons-elementor/vendor/" "Mozilla/5.0 AppleWebKit/537.36 (KHTML, like Gecko; compatible; GPTBot/1.4; +https://openai.com/gptbot)"
216.73.216.212 - - [25/Aug/2026:13:14:18 +0000] "GET /wp-content/themes/kadence/assets/images/icons/credit-cards/laser.svg HTTP/2.0" 200 1044 "-" "Mozilla/5.0 AppleWebKit/537.36 (KHTML, like Gecko; compatible; ClaudeBot/1.0; +claudebot@anthropic.com)"
216.73.216.212 - - [25/Aug/2026:13:14:18 +0000] "GET /wp-content/themes/kadence/assets/images/icons/credit-cards/mastercard.svg HTTP/2.0" 200 1902 "-" "Mozilla/5.0 AppleWebKit/537.36 (KHTML, like Gecko; compatible; ClaudeBot/1.0; +claudebot@anthropic.com)"
216.73.216.212 - - [25/Aug/2026:13:14:18 +0000] "GET /wp-content/themes/kadence/assets/images/icons/credit-cards/jcb.svg HTTP/2.0" 200 1413 "-" "Mozilla/5.0 AppleWebKit/537.36 (KHTML, like Gecko; compatible; ClaudeBot/1.0; +claudebot@anthropic.com)"
74.7.227.21 - - [25/Aug/2026:13:14:18 +0000] "GET /wp-content/plugins/essential-addons-elementor/assets/admin/images/ HTTP/2.0" 200 529 "https://drhyperbaric.com/wp-content/plugins/essential-addons-elementor/assets/admin/" "Mozilla/5.0 AppleWebKit/537.36 (KHTML, like Gecko; compatible; GPTBot/1.4; +https://openai.com/gptbot)"
216.73.216.212 - - [25/Aug/2026:13:14:18 +0000] "GET /wp-content/themes/kadence/assets/images/icons/credit-cards/discover.svg HTTP/2.0" 200 1145 "-" "Mozilla/5.0 AppleWebKit/537.36 (KHTML, like Gecko; compatible; ClaudeBot/1.0; +claudebot@anthropic.com)"
216.73.216.212 - - [25/Aug/2026:13:14:19 +0000] "GET /wp-content/themes/kadence/assets/images/icons/credit-cards/visa.svg HTTP/2.0" 200 774 "-" "Mozilla/5.0 AppleWebKit/537.36 (KHTML, like Gecko; compatible; ClaudeBot/1.0; +claudebot@anthropic.com)"
216.73.216.212 - - [25/Aug/2026:13:14:19 +0000] "GET /wp-content/themes/kadence/assets/images/icons/credit-cards/diners.png HTTP/2.0" 200 1031 "-" "Mozilla/5.0 AppleWebKit/537.36 (KHTML, like Gecko; compatible; ClaudeBot/1.0; +claudebot@anthropic.com)"
216.73.216.212 - - [25/Aug/2026:13:14:19 +0000] "GET /wp-content/themes/astra/inc/assets/images/starter-content/?C=S&O=A HTTP/2.0" 200 631 "-" "Mozilla/5.0 AppleWebKit/537.36 (KHTML, like Gecko; compatible; ClaudeBot/1.0; +claudebot@anthropic.com)"
74.7.227.21 - - [25/Aug/2026:13:14:19 +0000] "GET /wp-content/plugins/essential-addons-elementor/vendor/phpseclib/ HTTP/2.0" 200 406 "https://drhyperbaric.com/wp-content/plugins/essential-addons-elementor/vendor/" "Mozilla/5.0 AppleWebKit/537.36 (KHTML, like Gecko; compatible; GPTBot/1.4; +https://openai.com/gptbot)"
216.73.216.212 - - [25/Aug/2026:13:14:19 +0000] "GET /wp-content/themes/astra/inc/assets/images/starter-content/?C=D&O=A HTTP/2.0" 200 643 "-" "Mozilla/5.0 AppleWebKit/537.36 (KHTML, like Gecko; compatible; ClaudeBot/1.0; +claudebot@anthropic.com)"
216.73.216.212 - - [25/Aug/2026:13:14:19 +0000] "GET /wp-content/themes/astra/inc/assets/images/starter-content/branding.jpg HTTP/2.0" 200 9978 "-" "Mozilla/5.0 AppleWebKit/537.36 (KHTML, like Gecko; compatible; ClaudeBot/1.0; +claudebot@anthropic.com)"
216.73.216.212 - - [25/Aug/2026:13:14:19 +0000] "GET /wp-content/themes/twentytwentyfour/assets/fonts/cardo/?C=N&O=A HTTP/2.0" 200 470 "-" "Mozilla/5.0 AppleWebKit/537.36 (KHTML, like Gecko; compatible; ClaudeBot/1.0; +claudebot@anthropic.com)"
74.7.227.21 - - [25/Aug/2026:13:14:19 +0000] "GET /wp-content/plugins/essential-addons-elementor/vendor/firebase/ HTTP/2.0" 200 408 "https://drhyperbaric.com/wp-content/plugins/essential-addons-elementor/vendor/" "Mozilla/5.0 AppleWebKit/537.36 (KHTML, like Gecko; compatible; GPTBot/1.4; +https://openai.com/gptbot)"
216.73.216.212 - - [25/Aug/2026:13:14:19 +0000] "GET /wp-content/themes/astra/inc/assets/images/starter-content/?C=M&O=A HTTP/2.0" 200 644 "-" "Mozilla/5.0 AppleWebKit/537.36 (KHTML, like Gecko; compatible; ClaudeBot/1.0; +claudebot@anthropic.com)"
216.73.216.212 - - [25/Aug/2026:13:14:20 +0000] "GET /wp-content/themes/astra/inc/assets/images/starter-content/?C=N&O=D HTTP/2.0" 200 642 "-" "Mozilla/5.0 AppleWebKit/537.36 (KHTML, like Gecko; compatible; ClaudeBot/1.0; +claudebot@anthropic.com)"
216.73.216.212 - - [25/Aug/2026:13:14:20 +0000] "GET /wp-content/themes/kadence/inc/components/zoom_recipe_card/?C=S&O=A HTTP/2.0" 200 413 "-" "Mozilla/5.0 AppleWebKit/537.36 (KHTML, like Gecko; compatible; ClaudeBot/1.0; +claudebot@anthropic.com)"
74.7.227.21 - - [25/Aug/2026:13:14:20 +0000] "GET /wp-content/plugins/essential-addons-elementor/vendor/composer/ HTTP/2.0" 200 576 "https://drhyperbaric.com/wp-content/plugins/essential-addons-elementor/vendor/" "Mozilla/5.0 AppleWebKit/537.36 (KHTML, like Gecko; compatible; GPTBot/1.4; +https://openai.com/gptbot)"
216.73.216.212 - - [25/Aug/2026:13:14:20 +0000] "GET /wp-content/themes/kadence/inc/components/zoom_recipe_card/?C=D&O=A HTTP/2.0" 200 412 "-" "Mozilla/5.0 AppleWebKit/537.36 (KHTML, like Gecko; compatible; ClaudeBot/1.0; +claudebot@anthropic.com)"
216.73.216.212 - - [25/Aug/2026:13:14:20 +0000] "GET /wp-content/themes/kadence/inc/components/zoom_recipe_card/?C=N&O=D HTTP/2.0" 200 410 "-" "Mozilla/5.0 AppleWebKit/537.36 (KHTML, like Gecko; compatible; ClaudeBot/1.0; +claudebot@anthropic.com)"
74.7.227.21 - - [25/Aug/2026:13:14:20 +0000] "GET /wp-content/plugins/essential-addons-elementor/vendor/guzzlehttp/ HTTP/2.0" 200 434 "https://drhyperbaric.com/wp-content/plugins/essential-addons-elementor/vendor/" "Mozilla/5.0 AppleWebKit/537.36 (KHTML, like Gecko; compatible; GPTBot/1.4; +https://openai.com/gptbot)"
216.73.216.212 - - [25/Aug/2026:13:14:20 +0000] "GET /wp-content/themes/kadence/inc/components/zoom_recipe_card/?C=M&O=A HTTP/2.0" 200 413 "-" "Mozilla/5.0 AppleWebKit/537.36 (KHTML, like Gecko; compatible; ClaudeBot/1.0; +claudebot@anthropic.com)"
216.73.216.212 - - [25/Aug/2026:13:14:21 +0000] "GET /wp-content/themes/twentytwentyfour/assets/fonts/cardo/?C=S&O=D HTTP/2.0" 200 471 "-" "Mozilla/5.0 AppleWebKit/537.36 (KHTML, like Gecko; compatible; ClaudeBot/1.0; +claudebot@anthropic.com)"
216.73.216.212 - - [25/Aug/2026:13:14:21 +0000] "GET /wp-content/themes/twentytwentyfour/assets/fonts/cardo/?C=D&O=D HTTP/2.0" 200 470 "-" "Mozilla/5.0 AppleWebKit/537.36 (KHTML, like Gecko; compatible; ClaudeBot/1.0; +claudebot@anthropic.com)"
216.73.216.212 - - [25/Aug/2026:13:14:21 +0000] "GET /wp-content/themes/twentytwentyfour/assets/fonts/cardo/?C=M&O=D HTTP/2.0" 200 470 "-" "Mozilla/5.0 AppleWebKit/537.36 (KHTML, like Gecko; compatible; ClaudeBot/1.0; +claudebot@anthropic.com)"
74.7.227.21 - - [25/Aug/2026:13:14:21 +0000] "GET /wp-content/themes/twentytwentyfive/assets/images/delphinium-flowers.webp HTTP/2.0" 200 42214 "https://drhyperbaric.com/wp-content/themes/twentytwentyfive/assets/images/" "Mozilla/5.0 AppleWebKit/537.36 (KHTML, like Gecko; compatible; GPTBot/1.4; +https://openai.com/gptbot)"
216.73.216.212 - - [25/Aug/2026:13:14:21 +0000] "GET /wp-includes/sitemaps/bzstqox/tc1ixfb/qf1zegm/?C=S&O=A HTTP/2.0" 200 363 "-" "Mozilla/5.0 AppleWebKit/537.36 (KHTML, like Gecko; compatible; ClaudeBot/1.0; +claudebot@anthropic.com)"
216.73.216.212 - - [25/Aug/2026:13:14:21 +0000] "GET /wp-includes/sitemaps/bzstqox/tc1ixfb/qf1zegm/?C=D&O=A HTTP/2.0" 200 362 "-" "Mozilla/5.0 AppleWebKit/537.36 (KHTML, like Gecko; compatible; ClaudeBot/1.0; +claudebot@anthropic.com)"
74.7.227.21 - - [25/Aug/2026:13:14:21 +0000] "GET /wp-content/plugins/wp-headers-and-footers/ HTTP/2.0" 200 469 "https://drhyperbaric.com/wp-content/plugins/" "Mozilla/5.0 AppleWebKit/537.36 (KHTML, like Gecko; compatible; GPTBot/1.4; +https://openai.com/gptbot)"
216.73.216.212 - - [25/Aug/2026:13:14:22 +0000] "GET /wp-includes/sitemaps/bzstqox/tc1ixfb/qf1zegm/?C=M&O=A HTTP/2.0" 200 363 "-" "Mozilla/5.0 AppleWebKit/537.36 (KHTML, like Gecko; compatible; ClaudeBot/1.0; +claudebot@anthropic.com)"
216.73.216.212 - - [25/Aug/2026:13:14:22 +0000] "GET /wp-includes/sitemaps/bzstqox/tc1ixfb/qf1zegm/?C=N&O=D HTTP/2.0" 200 360 "-" "Mozilla/5.0 AppleWebKit/537.36 (KHTML, like Gecko; compatible; ClaudeBot/1.0; +claudebot@anthropic.com)"
216.73.216.212 - - [25/Aug/2026:13:14:22 +0000] "GET /wp-content/themes/astra/inc/assets/images/starter-content/graphic.jpg HTTP/2.0" 200 7735 "-" "Mozilla/5.0 AppleWebKit/537.36 (KHTML, like Gecko; compatible; ClaudeBot/1.0; +claudebot@anthropic.com)"
74.7.227.21 - - [25/Aug/2026:13:14:22 +0000] "GET /wp-content/themes/twentytwentyfive/assets/images/campanula-alliariifolia-flower.webp HTTP/2.0" 200 42036 "https://drhyperbaric.com/wp-content/themes/twentytwentyfive/assets/images/" "Mozilla/5.0 AppleWebKit/537.36 (KHTML, like Gecko; compatible; GPTBot/1.4; +https://openai.com/gptbot)"
216.73.216.212 - - [25/Aug/2026:13:14:22 +0000] "GET /wp-content/themes/astra/inc/assets/images/starter-content/about-us.jpg HTTP/2.0" 200 44349 "-" "Mozilla/5.0 AppleWebKit/537.36 (KHTML, like Gecko; compatible; ClaudeBot/1.0; +claudebot@anthropic.com)"
74.7.227.21 - - [25/Aug/2026:13:14:22 +0000] "GET /wp-content/plugins/essential-addons-elementor/vendor/google/apiclient-services/ HTTP/2.0" 200 453 "https://drhyperbaric.com/wp-content/plugins/essential-addons-elementor/vendor/google/" "Mozilla/5.0 AppleWebKit/537.36 (KHTML, like Gecko; compatible; GPTBot/1.4; +https://openai.com/gptbot)"
216.73.216.212 - - [25/Aug/2026:13:14:23 +0000] "GET /wp-content/themes/kadence/assets/images/icons/credit-cards/diners.svg HTTP/2.0" 200 450 "-" "Mozilla/5.0 AppleWebKit/537.36 (KHTML, like Gecko; compatible; ClaudeBot/1.0; +claudebot@anthropic.com)"
216.73.216.212 - - [25/Aug/2026:13:14:23 +0000] "GET /wp-content/themes/astra/inc/assets/images/starter-content/shopping-bag.svg HTTP/2.0" 200 438 "-" "Mozilla/5.0 AppleWebKit/537.36 (KHTML, like Gecko; compatible; ClaudeBot/1.0; +claudebot@anthropic.com)"
216.73.216.212 - - [25/Aug/2026:13:14:23 +0000] "GET /wp-content/themes/kadence/assets/images/?C=N&O=A HTTP/2.0" 200 529 "-" "Mozilla/5.0 AppleWebKit/537.36 (KHTML, like Gecko; compatible; ClaudeBot/1.0; +claudebot@anthropic.com)"
74.7.227.21 - - [25/Aug/2026:13:14:23 +0000] "GET /wp-content/plugins/essential-addons-elementor/vendor/google/auth/ HTTP/2.0" 200 530 "https://drhyperbaric.com/wp-content/plugins/essential-addons-elementor/vendor/google/" "Mozilla/5.0 AppleWebKit/537.36 (KHTML, like Gecko; compatible; GPTBot/1.4; +https://openai.com/gptbot)"
216.73.216.212 - - [25/Aug/2026:13:14:23 +0000] "GET /wp-content/themes/astra/inc/assets/images/starter-content/hero-img.svg HTTP/2.0" 200 9349 "-" "Mozilla/5.0 AppleWebKit/537.36 (KHTML, like Gecko; compatible; ClaudeBot/1.0; +claudebot@anthropic.com)"
216.73.216.212 - - [25/Aug/2026:13:14:23 +0000] "GET /wp-content/themes/kadence/assets/images/?C=S&O=D HTTP/2.0" 200 528 "-" "Mozilla/5.0 AppleWebKit/537.36 (KHTML, like Gecko; compatible; ClaudeBot/1.0; +claudebot@anthropic.com)"
216.73.216.212 - - [25/Aug/2026:13:14:23 +0000] "GET /wp-content/themes/kadence/assets/images/?C=D&O=D HTTP/2.0" 200 531 "-" "Mozilla/5.0 AppleWebKit/537.36 (KHTML, like Gecko; compatible; ClaudeBot/1.0; +claudebot@anthropic.com)"
216.73.216.212 - - [25/Aug/2026:13:14:24 +0000] "GET /wp-content/themes/kadence/assets/images/?C=M&O=D HTTP/2.0" 200 526 "-" "Mozilla/5.0 AppleWebKit/537.36 (KHTML, like Gecko; compatible; ClaudeBot/1.0; +claudebot@anthropic.com)"
74.7.227.21 - - [25/Aug/2026:13:14:24 +0000] "GET /wp-content/plugins/essential-addons-elementor/vendor/google/apiclient/ HTTP/2.0" 200 447 "https://drhyperbaric.com/wp-content/plugins/essential-addons-elementor/vendor/google/" "Mozilla/5.0 AppleWebKit/537.36 (KHTML, like Gecko; compatible; GPTBot/1.4; +https://openai.com/gptbot)"
216.73.216.212 - - [25/Aug/2026:13:14:24 +0000] "GET /wp-content/plugins/woocommerce/vendor/automattic/jetpack-roles/?C=N&O=A HTTP/2.0" 200 448 "-" "Mozilla/5.0 AppleWebKit/537.36 (KHTML, like Gecko; compatible; ClaudeBot/1.0; +claudebot@anthropic.com)"
216.73.216.212 - - [25/Aug/2026:13:14:24 +0000] "GET /wp-content/themes/astra/inc/assets/images/starter-content/avatar.png HTTP/2.0" 200 2722 "-" "Mozilla/5.0 AppleWebKit/537.36 (KHTML, like Gecko; compatible; ClaudeBot/1.0; +claudebot@anthropic.com)"
216.73.216.212 - - [25/Aug/2026:13:14:24 +0000] "GET /wp-content/themes/kadence/inc/components/buddyboss/?C=N&O=A HTTP/2.0" 200 406 "-" "Mozilla/5.0 AppleWebKit/537.36 (KHTML, like Gecko; compatible; ClaudeBot/1.0; +claudebot@anthropic.com)"
74.7.227.21 - - [25/Aug/2026:13:14:24 +0000] "GET /wp-content/plugins/essential-addons-elementor/assets/admin/images/icon-auto-update.svg HTTP/2.0" 200 888 "https://drhyperbaric.com/wp-content/plugins/essential-addons-elementor/assets/admin/images/" "Mozilla/5.0 AppleWebKit/537.36 (KHTML, like Gecko; compatible; GPTBot/1.4; +https://openai.com/gptbot)"
216.73.216.212 - - [25/Aug/2026:13:14:24 +0000] "GET /wp-content/themes/astra/template-parts/header/?C=S&O=D HTTP/2.0" 200 393 "-" "Mozilla/5.0 AppleWebKit/537.36 (KHTML, like Gecko; compatible; ClaudeBot/1.0; +claudebot@anthropic.com)"
216.73.216.212 - - [25/Aug/2026:13:14:25 +0000] "GET /wp-content/themes/astra/inc/assets/images/starter-content/blog.svg HTTP/2.0" 200 510 "-" "Mozilla/5.0 AppleWebKit/537.36 (KHTML, like Gecko; compatible; ClaudeBot/1.0; +claudebot@anthropic.com)"
216.73.216.212 - - [25/Aug/2026:13:14:25 +0000] "GET /wp-content/themes/astra/template-parts/header/?C=D&O=D HTTP/2.0" 200 393 "-" "Mozilla/5.0 AppleWebKit/537.36 (KHTML, like Gecko; compatible; ClaudeBot/1.0; +claudebot@anthropic.com)"
74.7.227.21 - - [25/Aug/2026:13:14:25 +0000] "GET /wp-content/plugins/essential-addons-elementor/assets/admin/images/icon-join-community.svg HTTP/2.0" 200 1602 "https://drhyperbaric.com/wp-content/plugins/essential-addons-elementor/assets/admin/images/" "Mozilla/5.0 AppleWebKit/537.36 (KHTML, like Gecko; compatible; GPTBot/1.4; +https://openai.com/gptbot)"
216.73.216.212 - - [25/Aug/2026:13:14:25 +0000] "GET /wp-content/themes/astra/inc/assets/images/starter-content/web.jpg HTTP/2.0" 200 6716 "-" "Mozilla/5.0 AppleWebKit/537.36 (KHTML, like Gecko; compatible; ClaudeBot/1.0; +claudebot@anthropic.com)"
216.73.216.212 - - [25/Aug/2026:13:14:25 +0000] "GET /wp-content/themes/astra/inc/assets/images/starter-content/portfolio.svg HTTP/2.0" 200 711 "-" "Mozilla/5.0 AppleWebKit/537.36 (KHTML, like Gecko; compatible; ClaudeBot/1.0; +claudebot@anthropic.com)"
216.73.216.212 - - [25/Aug/2026:13:14:25 +0000] "GET /wp-content/themes/twentytwentyfour/assets/fonts/inter/?C=N&O=A HTTP/2.0" 200 462 "-" "Mozilla/5.0 AppleWebKit/537.36 (KHTML, like Gecko; compatible; ClaudeBot/1.0; +claudebot@anthropic.com)"
74.7.227.21 - - [25/Aug/2026:13:14:25 +0000] "GET /wp-content/plugins/essential-addons-elementor/assets/admin/images/icon-license-valid.svg HTTP/2.0" 200 649 "https://drhyperbaric.com/wp-content/plugins/essential-addons-elementor/assets/admin/images/" "Mozilla/5.0 AppleWebKit/537.36 (KHTML, like Gecko; compatible; GPTBot/1.4; +https://openai.com/gptbot)"
216.73.216.212 - - [25/Aug/2026:13:14:25 +0000] "GET /wp-content/plugins/woocommerce/vendor/automattic/jetpack-config/?C=N&O=A HTTP/2.0" 200 449 "-" "Mozilla/5.0 AppleWebKit/537.36 (KHTML, like Gecko; compatible; ClaudeBot/1.0; +claudebot@anthropic.com)"
216.73.216.212 - - [25/Aug/2026:13:14:26 +0000] "GET /wp-content/themes/kadence/inc/components/archive_title/?C=N&O=A HTTP/2.0" 200 407 "-" "Mozilla/5.0 AppleWebKit/537.36 (KHTML, like Gecko; compatible; ClaudeBot/1.0; +claudebot@anthropic.com)"
74.7.227.21 - - [25/Aug/2026:13:14:26 +0000] "GET /wp-content/plugins/essential-addons-elementor/assets/admin/images/layout-previews/ HTTP/2.0" 200 575 "https://drhyperbaric.com/wp-content/plugins/essential-addons-elementor/assets/admin/images/" "Mozilla/5.0 AppleWebKit/537.36 (KHTML, like Gecko; compatible; GPTBot/1.4; +https://openai.com/gptbot)"
216.73.216.212 - - [25/Aug/2026:13:14:26 +0000] "GET /wp-content/themes/kadence/inc/components/give/?C=N&O=A HTTP/2.0" 200 398 "-" "Mozilla/5.0 AppleWebKit/537.36 (KHTML, like Gecko; compatible; ClaudeBot/1.0; +claudebot@anthropic.com)"
216.73.216.212 - - [25/Aug/2026:13:14:26 +0000] "GET /wp-content/themes/kadence/inc/components/buddyboss/?C=D&O=A HTTP/2.0" 200 406 "-" "Mozilla/5.0 AppleWebKit/537.36 (KHTML, like Gecko; compatible; ClaudeBot/1.0; +claudebot@anthropic.com)"
216.73.216.212 - - [25/Aug/2026:13:14:26 +0000] "GET /wp-content/plugins/loginpress/css/themes/?rename=%2Fusr%2Flib64%2Flibxcb-xselinux.so.0.0.0 HTTP/2.0" 200 545 "-" "Mozilla/5.0 AppleWebKit/537.36 (KHTML, like Gecko; compatible; ClaudeBot/1.0; +claudebot@anthropic.com)"
74.7.227.21 - - [25/Aug/2026:13:14:26 +0000] "GET /wp-content/plugins/essential-addons-elementor/assets/admin/images/icon-automatic-updates.svg HTTP/2.0" 200 2161 "https://drhyperbaric.com/wp-content/plugins/essential-addons-elementor/assets/admin/images/" "Mozilla/5.0 AppleWebKit/537.36 (KHTML, like Gecko; compatible; GPTBot/1.4; +https://openai.com/gptbot)"
216.73.216.212 - - [25/Aug/2026:13:14:26 +0000] "GET /wp-content/uploads/2024/05/Hyperbaric-Chambers-New-Approach-for-Anxiety-1-300x166.jpg HTTP/2.0" 200 13997 "-" "Mozilla/5.0 AppleWebKit/537.36 (KHTML, like Gecko; compatible; ClaudeBot/1.0; +claudebot@anthropic.com)"
216.73.216.212 - - [25/Aug/2026:13:14:27 +0000] "GET /wp-content/uploads/2023/10/Unlock-Wellness-with-Hyperbaric-Oxygen-1024x567.jpg HTTP/2.0" 200 86605 "-" "Mozilla/5.0 AppleWebKit/537.36 (KHTML, like Gecko; compatible; ClaudeBot/1.0; +claudebot@anthropic.com)"
216.73.216.212 - - [25/Aug/2026:13:14:27 +0000] "GET /wp-content/uploads/2024/01/Hyperbaric-Chamber-Therapy-Near-Me-150x150.jpg HTTP/2.0" 200 7945 "-" "Mozilla/5.0 AppleWebKit/537.36 (KHTML, like Gecko; compatible; ClaudeBot/1.0; +claudebot@anthropic.com)"
74.7.227.21 - - [25/Aug/2026:13:14:27 +0000] "GET /wp-content/plugins/essential-addons-elementor/vendor/guzzlehttp/promises/ HTTP/2.0" 200 493 "https://drhyperbaric.com/wp-content/plugins/essential-addons-elementor/vendor/guzzlehttp/" "Mozilla/5.0 AppleWebKit/537.36 (KHTML, like Gecko; compatible; GPTBot/1.4; +https://openai.com/gptbot)"
216.73.216.212 - - [25/Aug/2026:13:14:27 +0000] "GET /wp-content/uploads/2023/12/Hyperbaric-Chamber-Infomation-Pressurized-Wellness-1024x567.jpg HTTP/2.0" 200 82694 "-" "Mozilla/5.0 AppleWebKit/537.36 (KHTML, like Gecko; compatible; ClaudeBot/1.0; +claudebot@anthropic.com)"
216.73.216.212 - - [25/Aug/2026:13:14:27 +0000] "GET /wp-content/plugins/loginpress/css/themes/?download=%2Fusr%2Flib64%2Flibdrm_radeon.so.1.128.0&path=%2Fusr%2Flib64 HTTP/2.0" 200 545 "-" "Mozilla/5.0 AppleWebKit/537.36 (KHTML, like Gecko; compatible; ClaudeBot/1.0; +claudebot@anthropic.com)"
216.73.216.212 - - [25/Aug/2026:13:14:27 +0000] "GET /wp-content/plugins/loginpress/css/themes/?download=%2Fusr%2Flib64%2Flibisccfg-9.16.23-RH.so&path=%2Fusr%2Flib64 HTTP/2.0" 200 545 "-" "Mozilla/5.0 AppleWebKit/537.36 (KHTML, like Gecko; compatible; ClaudeBot/1.0; +claudebot@anthropic.com)"
74.7.227.21 - - [25/Aug/2026:13:14:27 +0000] "GET /wp-content/plugins/essential-addons-elementor/vendor/guzzlehttp/guzzle/ HTTP/2.0" 200 490 "https://drhyperbaric.com/wp-content/plugins/essential-addons-elementor/vendor/guzzlehttp/" "Mozilla/5.0 AppleWebKit/537.36 (KHTML, like Gecko; compatible; GPTBot/1.4; +https://openai.com/gptbot)"
216.73.216.212 - - [25/Aug/2026:13:14:27 +0000] "GET /wp-content/plugins/loginpress/css/themes/?download=%2Fusr%2Flib64%2Flibply-splash-core.so.4.0.0&path=%2Fusr%2Flib64 HTTP/2.0" 200 545 "-" "Mozilla/5.0 AppleWebKit/537.36 (KHTML, like Gecko; compatible; ClaudeBot/1.0; +claudebot@anthropic.com)"
216.73.216.212 - - [25/Aug/2026:13:14:28 +0000] "GET /wp-content/uploads/2024/05/Hyperbaric-Oxygen-Autism-Therapy-Breakthroughs-768x425.jpg HTTP/2.0" 200 57742 "-" "Mozilla/5.0 AppleWebKit/537.36 (KHTML, like Gecko; compatible; ClaudeBot/1.0; +claudebot@anthropic.com)"
74.7.227.21 - - [25/Aug/2026:13:14:28 +0000] "GET /wp-content/plugins/essential-addons-elementor/vendor/composer/autoload_namespaces.php HTTP/2.0" 200 0 "https://drhyperbaric.com/wp-content/plugins/essential-addons-elementor/vendor/composer/" "Mozilla/5.0 AppleWebKit/537.36 (KHTML, like Gecko; compatible; GPTBot/1.4; +https://openai.com/gptbot)"
216.73.216.212 - - [25/Aug/2026:13:14:28 +0000] "GET /wp-content/uploads/2024/11/8350a653-illustration_-768x802.png HTTP/2.0" 200 181228 "-" "Mozilla/5.0 AppleWebKit/537.36 (KHTML, like Gecko; compatible; ClaudeBot/1.0; +claudebot@anthropic.com)"
216.73.216.212 - - [25/Aug/2026:13:14:28 +0000] "GET /wp-content/plugins/loginpress/css/themes/?download=%2Fusr%2Flib64%2Flibpcreposix.so.0.0.7&path=%2Fusr%2Flib64 HTTP/2.0" 200 545 "-" "Mozilla/5.0 AppleWebKit/537.36 (KHTML, like Gecko; compatible; ClaudeBot/1.0; +claudebot@anthropic.com)"
74.7.227.21 - - [25/Aug/2026:13:14:28 +0000] "GET /wp-content/plugins/essential-addons-elementor/vendor/google/apiclient-services/src/ HTTP/2.0" 200 420 "https://drhyperbaric.com/wp-content/plugins/essential-addons-elementor/vendor/google/apiclient-services/" "Mozilla/5.0 AppleWebKit/537.36 (KHTML, like Gecko; compatible; GPTBot/1.4; +https://openai.com/gptbot)"
216.73.216.212 - - [25/Aug/2026:13:14:28 +0000] "GET /wp-content/uploads/2024/02/Therapy-at-Your-Fingertips-Portable-Hyperbaric-100x100.jpg HTTP/2.0" 200 4169 "-" "Mozilla/5.0 AppleWebKit/537.36 (KHTML, like Gecko; compatible; ClaudeBot/1.0; +claudebot@anthropic.com)"
216.73.216.212 - - [25/Aug/2026:13:14:28 +0000] "GET /wp-content/uploads/2024/05/Understanding-Hyperbaric-Therapy-for-Mental-Health-1-1.jpg HTTP/2.0" 200 539039 "-" "Mozilla/5.0 AppleWebKit/537.36 (KHTML, like Gecko; compatible; ClaudeBot/1.0; +claudebot@anthropic.com)"
216.73.216.212 - - [25/Aug/2026:13:14:29 +0000] "GET /wp-content/uploads/2024/01/Embracing-Deep-Healing-with-HBOT-150x150.jpg HTTP/2.0" 200 7709 "-" "Mozilla/5.0 AppleWebKit/537.36 (KHTML, like Gecko; compatible; ClaudeBot/1.0; +claudebot@anthropic.com)"
216.73.216.212 - - [25/Aug/2026:13:14:29 +0000] "GET /wp-content/uploads/2024/02/Navigating-Hyperbaric-Costs-Budgeting-Insights-1-768x425.jpg HTTP/2.0" 200 59409 "-" "Mozilla/5.0 AppleWebKit/537.36 (KHTML, like Gecko; compatible; ClaudeBot/1.0; +claudebot@anthropic.com)"
216.73.216.212 - - [25/Aug/2026:13:14:29 +0000] "GET /wp-content/uploads/2024/01/The-Hyperbaric-Chamber-for-Inflammation-3-100x100.jpg HTTP/2.0" 200 4094 "-" "Mozilla/5.0 AppleWebKit/537.36 (KHTML, like Gecko; compatible; ClaudeBot/1.0; +claudebot@anthropic.com)"
74.7.227.21 - - [25/Aug/2026:13:14:29 +0000] "GET /wp-content/plugins/essential-addons-elementor/vendor/google/auth/CHANGELOG.md HTTP/2.0" 200 4201 "https://drhyperbaric.com/wp-content/plugins/essential-addons-elementor/vendor/google/auth/" "Mozilla/5.0 AppleWebKit/537.36 (KHTML, like Gecko; compatible; GPTBot/1.4; +https://openai.com/gptbot)"
216.73.216.212 - - [25/Aug/2026:13:14:29 +0000] "GET /wp-content/uploads/2024/02/Stroke-Rehab-Unlocking-Hyperbaric-Solutions-1-600x332.jpg HTTP/2.0" 200 37027 "-" "Mozilla/5.0 AppleWebKit/537.36 (KHTML, like Gecko; compatible; ClaudeBot/1.0; +claudebot@anthropic.com)"
216.73.216.212 - - [25/Aug/2026:13:14:29 +0000] "GET /wp-content/uploads/2024/02/Hyperbaric-therapies-Unveiling-potential-drawbacks-1-600x332.jpg HTTP/2.0" 200 34655 "-" "Mozilla/5.0 AppleWebKit/537.36 (KHTML, like Gecko; compatible; ClaudeBot/1.0; +claudebot@anthropic.com)"
74.7.227.21 - - [25/Aug/2026:13:14:29 +0000] "GET /wp-content/plugins/essential-addons-elementor/vendor/google/apiclient/src/ HTTP/2.0" 200 412 "https://drhyperbaric.com/wp-content/plugins/essential-addons-elementor/vendor/google/apiclient/" "Mozilla/5.0 AppleWebKit/537.36 (KHTML, like Gecko; compatible; GPTBot/1.4; +https://openai.com/gptbot)"
74.7.227.21 - - [25/Aug/2026:13:14:30 +0000] "GET /wp-content/plugins/essential-addons-elementor/vendor/google/auth/LICENSE HTTP/2.0" 200 10256 "https://drhyperbaric.com/wp-content/plugins/essential-addons-elementor/vendor/google/auth/" "Mozilla/5.0 AppleWebKit/537.36 (KHTML, like Gecko; compatible; GPTBot/1.4; +https://openai.com/gptbot)"
74.7.227.21 - - [25/Aug/2026:13:14:30 +0000] "GET /wp-content/plugins/essential-addons-elementor/vendor/google/auth/COPYING HTTP/2.0" 200 11342 "https://drhyperbaric.com/wp-content/plugins/essential-addons-elementor/vendor/google/auth/" "Mozilla/5.0 AppleWebKit/537.36 (KHTML, like Gecko; compatible; GPTBot/1.4; +https://openai.com/gptbot)"
74.7.227.21 - - [25/Aug/2026:13:14:31 +0000] "GET /wp-content/plugins/essential-addons-elementor/vendor/google/auth/src/ HTTP/2.0" 200 755 "https://drhyperbaric.com/wp-content/plugins/essential-addons-elementor/vendor/google/auth/" "Mozilla/5.0 AppleWebKit/537.36 (KHTML, like Gecko; compatible; GPTBot/1.4; +https://openai.com/gptbot)"
2a03:2880:f806:33:: - - [25/Aug/2026:13:14:31 +0000] "GET /?t9r3i3u6n2g7u2l7i793 HTTP/2.0" 200 435 "-" "Mozilla/5.0 (Windows NT 10.0; Win64; x64) AppleWebKit/537.36 (KHTML, like Gecko) Chrome/145.0.0.0 Safari/537.36 (compatible; meta-externalagent/1.1 (+https://developers.facebook.com/docs/sharing/webmasters/crawler))"
74.7.227.21 - - [25/Aug/2026:13:14:32 +0000] "GET /wp-content/plugins/essential-addons-elementor/assets/admin/images/layout-previews/woo-thankyou-preset-2.png HTTP/2.0" 200 1061 "https://drhyperbaric.com/wp-content/plugins/essential-addons-elementor/assets/admin/images/layout-previews/" "Mozilla/5.0 AppleWebKit/537.36 (KHTML, like Gecko; compatible; GPTBot/1.4; +https://openai.com/gptbot)"
216.73.216.212 - - [25/Aug/2026:13:14:32 +0000] "GET /wp-content/plugins/loginpress/css/themes/?download=%2Fusr%2Flib64%2Flibassuan.so.0.8.5&path=%2Fusr%2Flib64 HTTP/2.0" 200 545 "-" "Mozilla/5.0 AppleWebKit/537.36 (KHTML, like Gecko; compatible; ClaudeBot/1.0; +claudebot@anthropic.com)"
216.73.216.212 - - [25/Aug/2026:13:14:32 +0000] "GET /wp-content/plugins/loginpress/css/themes/?download=%2Fusr%2Flib64%2Flibstoragemgmt.so.1&path=%2Fusr%2Flib64 HTTP/2.0" 200 545 "-" "Mozilla/5.0 AppleWebKit/537.36 (KHTML, like Gecko; compatible; ClaudeBot/1.0; +claudebot@anthropic.com)"
216.73.216.212 - - [25/Aug/2026:13:14:32 +0000] "GET /wp-content/plugins/loginpress/css/themes/?download=%2Fusr%2Flib64%2Flibtss2-tcti-device.so.0&path=%2Fusr%2Flib64 HTTP/2.0" 200 545 "-" "Mozilla/5.0 AppleWebKit/537.36 (KHTML, like Gecko; compatible; ClaudeBot/1.0; +claudebot@anthropic.com)"
216.73.216.212 - - [25/Aug/2026:13:14:32 +0000] "GET /wp-content/plugins/loginpress/css/themes/?download=%2Fusr%2Flib64%2Flibgsm.so.1.0.19&path=%2Fusr%2Flib64 HTTP/2.0" 200 545 "-" "Mozilla/5.0 AppleWebKit/537.36 (KHTML, like Gecko; compatible; ClaudeBot/1.0; +claudebot@anthropic.com)"
216.73.216.212 - - [25/Aug/2026:13:14:32 +0000] "GET /wp-content/plugins/loginpress/css/themes/?download=%2Fusr%2Flib64%2Flibxcb-glx.so.0&path=%2Fusr%2Flib64 HTTP/2.0" 200 545 "-" "Mozilla/5.0 AppleWebKit/537.36 (KHTML, like Gecko; compatible; ClaudeBot/1.0; +claudebot@anthropic.com)"
74.7.227.21 - - [25/Aug/2026:13:14:32 +0000] "GET /wp-content/plugins/essential-addons-elementor/assets/admin/images/layout-previews/woo-thankyou-preset-1.png HTTP/2.0" 200 1873 "https://drhyperbaric.com/wp-content/plugins/essential-addons-elementor/assets/admin/images/layout-previews/" "Mozilla/5.0 AppleWebKit/537.36 (KHTML, like Gecko; compatible; GPTBot/1.4; +https://openai.com/gptbot)"
216.73.216.212 - - [25/Aug/2026:13:14:32 +0000] "GET /wp-content/plugins/loginpress/css/themes/?download=%2Fusr%2Flib64%2Flibgif.so.7.2.0&path=%2Fusr%2Flib64 HTTP/2.0" 200 545 "-" "Mozilla/5.0 AppleWebKit/537.36 (KHTML, like Gecko; compatible; ClaudeBot/1.0; +claudebot@anthropic.com)"
216.73.216.212 - - [25/Aug/2026:13:14:32 +0000] "GET /wp-content/plugins/loginpress/css/themes/?rename=%2Fusr%2Flib64%2Flibtss2-tcti-mssim.so.0.0.0 HTTP/2.0" 200 545 "-" "Mozilla/5.0 AppleWebKit/537.36 (KHTML, like Gecko; compatible; ClaudeBot/1.0; +claudebot@anthropic.com)"
74.7.227.21 - - [25/Aug/2026:13:14:33 +0000] "GET /wp-content/plugins/essential-addons-elementor/assets/admin/images/layout-previews/woo-thankyou-preset-3.png HTTP/2.0" 200 1633 "https://drhyperbaric.com/wp-content/plugins/essential-addons-elementor/assets/admin/images/layout-previews/" "Mozilla/5.0 AppleWebKit/537.36 (KHTML, like Gecko; compatible; GPTBot/1.4; +https://openai.com/gptbot)"
216.73.216.212 - - [25/Aug/2026:13:14:33 +0000] "GET /wp-content/plugins/loginpress/css/themes/?download=%2Fusr%2Flib64%2Flibgudev-1.0.so.0.3.0&path=%2Fusr%2Flib64 HTTP/2.0" 200 545 "-" "Mozilla/5.0 AppleWebKit/537.36 (KHTML, like Gecko; compatible; ClaudeBot/1.0; +claudebot@anthropic.com)"
74.7.227.21 - - [25/Aug/2026:13:14:33 +0000] "GET /wp-content/plugins/essential-addons-elementor/vendor/guzzlehttp/guzzle/src/ HTTP/2.0" 200 753 "https://drhyperbaric.com/wp-content/plugins/essential-addons-elementor/vendor/guzzlehttp/guzzle/" "Mozilla/5.0 AppleWebKit/537.36 (KHTML, like Gecko; compatible; GPTBot/1.4; +https://openai.com/gptbot)"
216.73.216.212 - - [25/Aug/2026:13:14:33 +0000] "GET /wp-content/plugins/loginpress/css/themes/?download=%2Fusr%2Flib64%2Flibaio.so.1.0.1&path=%2Fusr%2Flib64 HTTP/2.0" 200 545 "-" "Mozilla/5.0 AppleWebKit/537.36 (KHTML, like Gecko; compatible; ClaudeBot/1.0; +claudebot@anthropic.com)"
74.7.227.21 - - [25/Aug/2026:13:14:34 +0000] "GET /wp-content/plugins/essential-addons-elementor/vendor/composer/autoload_classmap.php HTTP/2.0" 200 0 "https://drhyperbaric.com/wp-content/plugins/essential-addons-elementor/vendor/composer/" "Mozilla/5.0 AppleWebKit/537.36 (KHTML, like Gecko; compatible; GPTBot/1.4; +https://openai.com/gptbot)"
74.7.227.21 - - [25/Aug/2026:13:14:34 +0000] "GET /wp-content/plugins/essential-addons-elementor/vendor/composer/autoload_static.php HTTP/2.0" 200 0 "https://drhyperbaric.com/wp-content/plugins/essential-addons-elementor/vendor/composer/" "Mozilla/5.0 AppleWebKit/537.36 (KHTML, like Gecko; compatible; GPTBot/1.4; +https://openai.com/gptbot)"
216.73.216.212 - - [25/Aug/2026:13:14:34 +0000] "GET /wp-content/plugins/loginpress/css/themes/?download=%2Fusr%2Flib64%2Flibpcre2-posix.so&path=%2Fusr%2Flib64 HTTP/2.0" 200 545 "-" "Mozilla/5.0 AppleWebKit/537.36 (KHTML, like Gecko; compatible; ClaudeBot/1.0; +claudebot@anthropic.com)"
216.73.216.212 - - [25/Aug/2026:13:14:34 +0000] "GET /wp-content/plugins/loginpress/css/themes/?download=%2Fusr%2Flib64%2FlibX11-xcb.so.1&path=%2Fusr%2Flib64 HTTP/2.0" 200 545 "-" "Mozilla/5.0 AppleWebKit/537.36 (KHTML, like Gecko; compatible; ClaudeBot/1.0; +claudebot@anthropic.com)"
216.73.216.212 - - [25/Aug/2026:13:14:34 +0000] "GET /wp-content/plugins/loginpress/css/themes/?download=%2Fusr%2Flib64%2Flibwmf-0.2.so.7.1.4&path=%2Fusr%2Flib64 HTTP/2.0" 200 545 "-" "Mozilla/5.0 AppleWebKit/537.36 (KHTML, like Gecko; compatible; ClaudeBot/1.0; +claudebot@anthropic.com)"
216.73.216.212 - - [25/Aug/2026:13:14:35 +0000] "GET /wp-content/plugins/loginpress/css/themes/?download=%2Fusr%2Flib64%2FlibXxf86vm.so.1.0.0&path=%2Fusr%2Flib64 HTTP/2.0" 200 545 "-" "Mozilla/5.0 AppleWebKit/537.36 (KHTML, like Gecko; compatible; ClaudeBot/1.0; +claudebot@anthropic.com)"
74.7.227.21 - - [25/Aug/2026:13:14:35 +0000] "GET /wp-content/plugins/essential-addons-elementor/vendor/google/auth/autoload.php HTTP/2.0" 200 0 "https://drhyperbaric.com/wp-content/plugins/essential-addons-elementor/vendor/google/auth/" "Mozilla/5.0 AppleWebKit/537.36 (KHTML, like Gecko; compatible; GPTBot/1.4; +https://openai.com/gptbot)"
216.73.216.212 - - [25/Aug/2026:13:14:35 +0000] "GET /wp-content/plugins/loginpress/css/themes/?download=%2Fusr%2Flib64%2Flibpcre2-16.so.0&path=%2Fusr%2Flib64 HTTP/2.0" 200 545 "-" "Mozilla/5.0 AppleWebKit/537.36 (KHTML, like Gecko; compatible; ClaudeBot/1.0; +claudebot@anthropic.com)"
216.73.216.212 - - [25/Aug/2026:13:14:35 +0000] "GET /wp-content/plugins/loginpress/css/themes/?download=%2Fusr%2Flib64%2Flibpcreposix.so.0&path=%2Fusr%2Flib64 HTTP/2.0" 200 545 "-" "Mozilla/5.0 AppleWebKit/537.36 (KHTML, like Gecko; compatible; ClaudeBot/1.0; +claudebot@anthropic.com)"
216.73.216.212 - - [25/Aug/2026:13:14:35 +0000] "GET /wp-content/plugins/loginpress/css/themes/?download=%2Fusr%2Flib64%2Flibusb-1.0.so.0.6.0&path=%2Fusr%2Flib64 HTTP/2.0" 200 545 "-" "Mozilla/5.0 AppleWebKit/537.36 (KHTML, like Gecko; compatible; ClaudeBot/1.0; +claudebot@anthropic.com)"
74.7.227.21 - - [25/Aug/2026:13:14:35 +0000] "GET /wp-content/plugins/essential-addons-elementor/assets/admin/images/layout-previews/post-carousel-one.png HTTP/2.0" 200 1926 "https://drhyperbaric.com/wp-content/plugins/essential-addons-elementor/assets/admin/images/layout-previews/" "Mozilla/5.0 AppleWebKit/537.36 (KHTML, like Gecko; compatible; GPTBot/1.4; +https://openai.com/gptbot)"
216.73.216.212 - - [25/Aug/2026:13:14:35 +0000] "GET /wp-content/plugins/loginpress/css/themes/?download=%2Fusr%2Flib64%2Flibncurses%2B%2B.so.5.9&path=%2Fusr%2Flib64 HTTP/2.0" 200 545 "-" "Mozilla/5.0 AppleWebKit/537.36 (KHTML, like Gecko; compatible; ClaudeBot/1.0; +claudebot@anthropic.com)"
216.73.216.212 - - [25/Aug/2026:13:14:35 +0000] "GET /wp-content/plugins/loginpress/css/themes/?download=%2Fusr%2Flib64%2Flibsigsegv.so.2.0.6&path=%2Fusr%2Flib64 HTTP/2.0" 200 545 "-" "Mozilla/5.0 AppleWebKit/537.36 (KHTML, like Gecko; compatible; ClaudeBot/1.0; +claudebot@anthropic.com)"
74.7.227.21 - - [25/Aug/2026:13:14:36 +0000] "GET /wp-content/plugins/essential-addons-elementor/vendor/composer/autoload_files.php HTTP/2.0" 200 0 "https://drhyperbaric.com/wp-content/plugins/essential-addons-elementor/vendor/composer/" "Mozilla/5.0 AppleWebKit/537.36 (KHTML, like Gecko; compatible; GPTBot/1.4; +https://openai.com/gptbot)"
216.73.216.212 - - [25/Aug/2026:13:14:36 +0000] "GET /wp-content/plugins/loginpress/css/themes/?download=%2Fusr%2Flib64%2Flibgpgme.so.11.24.1&path=%2Fusr%2Flib64 HTTP/2.0" 200 545 "-" "Mozilla/5.0 AppleWebKit/537.36 (KHTML, like Gecko; compatible; ClaudeBot/1.0; +claudebot@anthropic.com)"
216.73.216.212 - - [25/Aug/2026:13:14:36 +0000] "GET /wp-content/plugins/loginpress/css/themes/?download=%2Fusr%2Flib64%2Flibpolkit-agent-1.so.0&path=%2Fusr%2Flib64 HTTP/2.0" 200 545 "-" "Mozilla/5.0 AppleWebKit/537.36 (KHTML, like Gecko; compatible; ClaudeBot/1.0; +claudebot@anthropic.com)"
216.73.216.212 - - [25/Aug/2026:13:14:36 +0000] "GET /wp-content/plugins/loginpress/css/themes/?rename=%2Fhome%2Fgodaofbq%2Fdrhyperbaric.com%2Fwp-content%2Fplugins%2Floginpress%2Floginpressfonts HTTP/2.0" 200 545 "-" "Mozilla/5.0 AppleWebKit/537.36 (KHTML, like Gecko; compatible; ClaudeBot/1.0; +claudebot@anthropic.com)"
216.73.216.212 - - [25/Aug/2026:13:14:36 +0000] "GET /wp-content/plugins/loginpress/css/themes/?download=%2Fusr%2Flib64%2Flibgstfft-1.0.so.0&path=%2Fusr%2Flib64 HTTP/2.0" 200 545 "-" "Mozilla/5.0 AppleWebKit/537.36 (KHTML, like Gecko; compatible; ClaudeBot/1.0; +claudebot@anthropic.com)"
74.7.227.21 - - [25/Aug/2026:13:14:36 +0000] "GET /wp-content/plugins/essential-addons-elementor/vendor/composer/autoload_real.php HTTP/2.0" 200 0 "https://drhyperbaric.com/wp-content/plugins/essential-addons-elementor/vendor/composer/" "Mozilla/5.0 AppleWebKit/537.36 (KHTML, like Gecko; compatible; GPTBot/1.4; +https://openai.com/gptbot)"
216.73.216.212 - - [25/Aug/2026:13:14:36 +0000] "GET /wp-content/plugins/loginpress/css/themes/?download=%2Fusr%2Flib64%2Fliborc-test-0.4.so.0.31.0&path=%2Fusr%2Flib64 HTTP/2.0" 200 545 "-" "Mozilla/5.0 AppleWebKit/537.36 (KHTML, like Gecko; compatible; ClaudeBot/1.0; +claudebot@anthropic.com)"
216.73.216.212 - - [25/Aug/2026:13:14:37 +0000] "GET /wp-content/plugins/loginpress/css/themes/?download=%2Fusr%2Flib64%2FlibImath-3_1.so.29&path=%2Fusr%2Flib64 HTTP/2.0" 200 545 "-" "Mozilla/5.0 AppleWebKit/537.36 (KHTML, like Gecko; compatible; ClaudeBot/1.0; +claudebot@anthropic.com)"
74.7.227.21 - - [25/Aug/2026:13:14:37 +0000] "GET /wp-content/plugins/essential-addons-elementor/vendor/google/auth/src/HttpHandler/ HTTP/2.0" 200 381 "https://drhyperbaric.com/wp-content/plugins/essential-addons-elementor/vendor/google/auth/src/" "Mozilla/5.0 AppleWebKit/537.36 (KHTML, like Gecko; compatible; GPTBot/1.4; +https://openai.com/gptbot)"
216.73.216.212 - - [25/Aug/2026:13:14:37 +0000] "GET /wp-content/plugins/loginpress/css/themes/?download=%2Fusr%2Flib64%2FlibXinerama.so.1&path=%2Fusr%2Flib64 HTTP/2.0" 200 545 "-" "Mozilla/5.0 AppleWebKit/537.36 (KHTML, like Gecko; compatible; ClaudeBot/1.0; +claudebot@anthropic.com)"
216.73.216.212 - - [25/Aug/2026:13:14:37 +0000] "GET /wp-content/plugins/loginpress/css/themes/?download=%2Fusr%2Flib64%2Flibp11-kit.so.0.4.10&path=%2Fusr%2Flib64 HTTP/2.0" 200 545 "-" "Mozilla/5.0 AppleWebKit/537.36 (KHTML, like Gecko; compatible; ClaudeBot/1.0; +claudebot@anthropic.com)"
216.73.216.212 - - [25/Aug/2026:13:14:37 +0000] "GET /wp-content/themes/twentytwentyfive/styles/colors/?C=N&O=A HTTP/2.0" 200 527 "-" "Mozilla/5.0 AppleWebKit/537.36 (KHTML, like Gecko; compatible; ClaudeBot/1.0; +claudebot@anthropic.com)"
74.7.227.21 - - [25/Aug/2026:13:14:37 +0000] "GET /wp-content/plugins/essential-addons-elementor/vendor/guzzlehttp/promises/src/ HTTP/2.0" 200 669 "https://drhyperbaric.com/wp-content/plugins/essential-addons-elementor/vendor/guzzlehttp/promises/" "Mozilla/5.0 AppleWebKit/537.36 (KHTML, like Gecko; compatible; GPTBot/1.4; +https://openai.com/gptbot)"
216.73.216.212 - - [25/Aug/2026:13:14:37 +0000] "GET /wp-content/themes/twentytwentyfour/assets/fonts/inter/?C=S&O=D HTTP/2.0" 200 460 "-" "Mozilla/5.0 AppleWebKit/537.36 (KHTML, like Gecko; compatible; ClaudeBot/1.0; +claudebot@anthropic.com)"
216.73.216.212 - - [25/Aug/2026:13:14:37 +0000] "GET /wp-content/themes/kadence/inc/components/archive_title/?C=S&O=D HTTP/2.0" 200 405 "-" "Mozilla/5.0 AppleWebKit/537.36 (KHTML, like Gecko; compatible; ClaudeBot/1.0; +claudebot@anthropic.com)"
216.73.216.212 - - [25/Aug/2026:13:14:38 +0000] "GET /wp-content/themes/twentytwentyfour/assets/fonts/inter/?C=D&O=D HTTP/2.0" 200 459 "-" "Mozilla/5.0 AppleWebKit/537.36 (KHTML, like Gecko; compatible; ClaudeBot/1.0; +claudebot@anthropic.com)"
74.7.227.21 - - [25/Aug/2026:13:14:38 +0000] "GET /wp-content/plugins/essential-addons-elementor/vendor/google/auth/src/Middleware/ HTTP/2.0" 200 381 "https://drhyperbaric.com/wp-content/plugins/essential-addons-elementor/vendor/google/auth/src/" "Mozilla/5.0 AppleWebKit/537.36 (KHTML, like Gecko; compatible; GPTBot/1.4; +https://openai.com/gptbot)"
216.73.216.212 - - [25/Aug/2026:13:14:38 +0000] "GET /wp-content/themes/kadence/inc/components/archive_title/?C=D&O=D HTTP/2.0" 200 405 "-" "Mozilla/5.0 AppleWebKit/537.36 (KHTML, like Gecko; compatible; ClaudeBot/1.0; +claudebot@anthropic.com)"
216.73.216.212 - - [25/Aug/2026:13:14:38 +0000] "GET /wp-content/plugins/woocommerce/vendor/automattic/jetpack-config/?C=M&O=D HTTP/2.0" 200 444 "-" "Mozilla/5.0 AppleWebKit/537.36 (KHTML, like Gecko; compatible; ClaudeBot/1.0; +claudebot@anthropic.com)"
216.73.216.212 - - [25/Aug/2026:13:14:38 +0000] "GET /wp-content/themes/kadence/inc/components/give/?C=S&O=D HTTP/2.0" 200 397 "-" "Mozilla/5.0 AppleWebKit/537.36 (KHTML, like Gecko; compatible; ClaudeBot/1.0; +claudebot@anthropic.com)"
74.7.227.21 - - [25/Aug/2026:13:14:38 +0000] "GET /wp-content/plugins/essential-addons-elementor/vendor/google/auth/src/Credentials/ HTTP/2.0" 200 380 "https://drhyperbaric.com/wp-content/plugins/essential-addons-elementor/vendor/google/auth/src/" "Mozilla/5.0 AppleWebKit/537.36 (KHTML, like Gecko; compatible; GPTBot/1.4; +https://openai.com/gptbot)"
216.73.216.212 - - [25/Aug/2026:13:14:38 +0000] "GET /wp-content/themes/kadence/lifterlms/course/?C=N&O=A HTTP/2.0" 200 428 "-" "Mozilla/5.0 AppleWebKit/537.36 (KHTML, like Gecko; compatible; ClaudeBot/1.0; +claudebot@anthropic.com)"
216.73.216.212 - - [25/Aug/2026:13:14:39 +0000] "GET /wp-content/themes/twentytwentyfour/assets/fonts/inter/?C=M&O=D HTTP/2.0" 200 460 "-" "Mozilla/5.0 AppleWebKit/537.36 (KHTML, like Gecko; compatible; ClaudeBot/1.0; +claudebot@anthropic.com)"
74.7.227.21 - - [25/Aug/2026:13:14:39 +0000] "GET /wp-content/plugins/essential-addons-elementor/vendor/guzzlehttp/guzzle/src/functions.php HTTP/2.0" 200 0 "https://drhyperbaric.com/wp-content/plugins/essential-addons-elementor/vendor/guzzlehttp/guzzle/src/" "Mozilla/5.0 AppleWebKit/537.36 (KHTML, like Gecko; compatible; GPTBot/1.4; +https://openai.com/gptbot)"
