74.7.227.21 - - [25/Aug/2026:14:00:55 +0000] "GET /wp-content/plugins/elementor/modules/atomic-widgets/widgets/atomic-image.php HTTP/2.0" 200 0 "https://drhyperbaric.com/wp-content/plugins/elementor/modules/atomic-widgets/widgets/" "Mozilla/5.0 AppleWebKit/537.36 (KHTML, like Gecko; compatible; GPTBot/1.4; +https://openai.com/gptbot)"
74.7.227.21 - - [25/Aug/2026:14:00:56 +0000] "GET /wp-content/plugins/elementor/includes/editor-templates/ HTTP/2.0" 200 366 "https://drhyperbaric.com/wp-content/plugins/elementor/includes/" "Mozilla/5.0 AppleWebKit/537.36 (KHTML, like Gecko; compatible; GPTBot/1.4; +https://openai.com/gptbot)"
74.7.227.21 - - [25/Aug/2026:14:00:56 +0000] "GET /wp-content/plugins/elementor/modules/content-sanitizer/ HTTP/2.0" 200 432 "https://drhyperbaric.com/wp-content/plugins/elementor/modules/" "Mozilla/5.0 AppleWebKit/537.36 (KHTML, like Gecko; compatible; GPTBot/1.4; +https://openai.com/gptbot)"
74.7.227.21 - - [25/Aug/2026:14:00:57 +0000] "GET /wp-content/plugins/elementor/modules/announcements/ HTTP/2.0" 200 449 "https://drhyperbaric.com/wp-content/plugins/elementor/modules/" "Mozilla/5.0 AppleWebKit/537.36 (KHTML, like Gecko; compatible; GPTBot/1.4; +https://openai.com/gptbot)"
74.7.227.21 - - [25/Aug/2026:14:00:57 +0000] "GET /wp-content/plugins/elementor/modules/styleguide/ HTTP/2.0" 200 433 "https://drhyperbaric.com/wp-content/plugins/elementor/modules/" "Mozilla/5.0 AppleWebKit/537.36 (KHTML, like Gecko; compatible; GPTBot/1.4; +https://openai.com/gptbot)"
74.7.227.21 - - [25/Aug/2026:14:00:58 +0000] "GET /wp-content/plugins/elementor/includes/interfaces/ HTTP/2.0" 200 362 "https://drhyperbaric.com/wp-content/plugins/elementor/includes/" "Mozilla/5.0 AppleWebKit/537.36 (KHTML, like Gecko; compatible; GPTBot/1.4; +https://openai.com/gptbot)"
74.7.227.21 - - [25/Aug/2026:14:00:58 +0000] "GET /wp-content/plugins/elementor/modules/floating-buttons/classes/render/floating-bars-core-render.php HTTP/2.0" 500 0 "https://drhyperbaric.com/wp-content/plugins/elementor/modules/floating-buttons/classes/render/" "Mozilla/5.0 AppleWebKit/537.36 (KHTML, like Gecko; compatible; GPTBot/1.4; +https://openai.com/gptbot)"
74.7.227.21 - - [25/Aug/2026:14:00:59 +0000] "GET /wp-content/plugins/elementor/modules/floating-buttons/classes/render/floating-bars-render-base.php HTTP/2.0" 200 0 "https://drhyperbaric.com/wp-content/plugins/elementor/modules/floating-buttons/classes/render/" "Mozilla/5.0 AppleWebKit/537.36 (KHTML, like Gecko; compatible; GPTBot/1.4; +https://openai.com/gptbot)"
74.7.227.21 - - [25/Aug/2026:14:01:00 +0000] "GET /wp-content/plugins/elementor/modules/floating-buttons/classes/render/contact-buttons-render-base.php HTTP/2.0" 200 0 "https://drhyperbaric.com/wp-content/plugins/elementor/modules/floating-buttons/classes/render/" "Mozilla/5.0 AppleWebKit/537.36 (KHTML, like Gecko; compatible; GPTBot/1.4; +https://openai.com/gptbot)"
74.7.227.21 - - [25/Aug/2026:14:01:00 +0000] "GET /wp-content/plugins/elementor/modules/floating-buttons/classes/render/contact-buttons-core-render.php HTTP/2.0" 500 0 "https://drhyperbaric.com/wp-content/plugins/elementor/modules/floating-buttons/classes/render/" "Mozilla/5.0 AppleWebKit/537.36 (KHTML, like Gecko; compatible; GPTBot/1.4; +https://openai.com/gptbot)"
216.73.216.212 - - [25/Aug/2026:14:01:00 +0000] "GET /wp-content/plugins/wordpress-seo/src/actions/indexing/?C=N&O=A HTTP/2.0" 200 674 "-" "Mozilla/5.0 AppleWebKit/537.36 (KHTML, like Gecko; compatible; ClaudeBot/1.0; +claudebot@anthropic.com)"
74.7.227.21 - - [25/Aug/2026:14:01:01 +0000] "GET /wp-content/plugins/elementor/modules/promotions/ HTTP/2.0" 200 452 "https://drhyperbaric.com/wp-content/plugins/elementor/modules/" "Mozilla/5.0 AppleWebKit/537.36 (KHTML, like Gecko; compatible; GPTBot/1.4; +https://openai.com/gptbot)"
74.7.227.21 - - [25/Aug/2026:14:01:01 +0000] "GET /wp-content/plugins/elementor/modules/element-manager/ HTTP/2.0" 200 464 "https://drhyperbaric.com/wp-content/plugins/elementor/modules/" "Mozilla/5.0 AppleWebKit/537.36 (KHTML, like Gecko; compatible; GPTBot/1.4; +https://openai.com/gptbot)"
2a03:2880:f80a:20:: - - [25/Aug/2026:14:01:02 +0000] "GET / HTTP/2.0" 200 435 "-" "facebookexternalhit/1.1 (+http://www.facebook.com/externalhit_uatext.php)"
74.7.227.21 - - [25/Aug/2026:14:01:02 +0000] "GET /wp-content/plugins/elementor/modules/notifications/ HTTP/2.0" 200 439 "https://drhyperbaric.com/wp-content/plugins/elementor/modules/" "Mozilla/5.0 AppleWebKit/537.36 (KHTML, like Gecko; compatible; GPTBot/1.4; +https://openai.com/gptbot)"
74.7.227.21 - - [25/Aug/2026:14:01:03 +0000] "GET /wp-content/plugins/elementor/modules/content-sanitizer/interfaces/ HTTP/2.0" 200 408 "https://drhyperbaric.com/wp-content/plugins/elementor/modules/content-sanitizer/" "Mozilla/5.0 AppleWebKit/537.36 (KHTML, like Gecko; compatible; GPTBot/1.4; +https://openai.com/gptbot)"
74.7.227.21 - - [25/Aug/2026:14:01:03 +0000] "GET /wp-content/plugins/elementor/modules/announcements/classes/ HTTP/2.0" 200 447 "https://drhyperbaric.com/wp-content/plugins/elementor/modules/announcements/" "Mozilla/5.0 AppleWebKit/537.36 (KHTML, like Gecko; compatible; GPTBot/1.4; +https://openai.com/gptbot)"
74.7.227.21 - - [25/Aug/2026:14:01:04 +0000] "GET /wp-content/plugins/elementor/modules/styleguide/controls/ HTTP/2.0" 200 408 "https://drhyperbaric.com/wp-content/plugins/elementor/modules/styleguide/" "Mozilla/5.0 AppleWebKit/537.36 (KHTML, like Gecko; compatible; GPTBot/1.4; +https://openai.com/gptbot)"
74.7.227.21 - - [25/Aug/2026:14:01:04 +0000] "GET /wp-content/plugins/elementor/modules/announcements/module.php HTTP/2.0" 200 0 "https://drhyperbaric.com/wp-content/plugins/elementor/modules/announcements/" "Mozilla/5.0 AppleWebKit/537.36 (KHTML, like Gecko; compatible; GPTBot/1.4; +https://openai.com/gptbot)"
74.7.227.21 - - [25/Aug/2026:14:01:05 +0000] "GET /wp-content/plugins/elementor/includes/libraries/ HTTP/2.0" 200 426 "https://drhyperbaric.com/wp-content/plugins/elementor/includes/" "Mozilla/5.0 AppleWebKit/537.36 (KHTML, like Gecko; compatible; GPTBot/1.4; +https://openai.com/gptbot)"
216.73.216.212 - - [25/Aug/2026:14:01:05 +0000] "GET /wp-content/plugins/loginpress/css/themes/?path=%2Fusr%2Flib64%2Flibtraceevent.so.1.8.4 HTTP/2.0" 200 545 "-" "Mozilla/5.0 AppleWebKit/537.36 (KHTML, like Gecko; compatible; ClaudeBot/1.0; +claudebot@anthropic.com)"
74.7.227.21 - - [25/Aug/2026:14:01:05 +0000] "GET /wp-content/plugins/elementor/includes/container/ HTTP/2.0" 200 360 "https://drhyperbaric.com/wp-content/plugins/elementor/includes/" "Mozilla/5.0 AppleWebKit/537.36 (KHTML, like Gecko; compatible; GPTBot/1.4; +https://openai.com/gptbot)"
74.7.227.21 - - [25/Aug/2026:14:01:06 +0000] "GET /wp-content/plugins/elementor/modules/site-navigation/data/endpoints/add-new-post.php HTTP/2.0" 200 0 "https://drhyperbaric.com/wp-content/plugins/elementor/modules/site-navigation/data/endpoints/" "Mozilla/5.0 AppleWebKit/537.36 (KHTML, like Gecko; compatible; GPTBot/1.4; +https://openai.com/gptbot)"
74.7.227.21 - - [25/Aug/2026:14:01:06 +0000] "GET /wp-content/plugins/elementor/modules/atomic-widgets/styles/styles-renderer.php HTTP/2.0" 200 0 "https://drhyperbaric.com/wp-content/plugins/elementor/modules/atomic-widgets/styles/" "Mozilla/5.0 AppleWebKit/537.36 (KHTML, like Gecko; compatible; GPTBot/1.4; +https://openai.com/gptbot)"
74.7.227.21 - - [25/Aug/2026:14:01:07 +0000] "GET /wp-content/plugins/elementor/modules/promotions/admin-menu-items/ HTTP/2.0" 200 566 "https://drhyperbaric.com/wp-content/plugins/elementor/modules/promotions/" "Mozilla/5.0 AppleWebKit/537.36 (KHTML, like Gecko; compatible; GPTBot/1.4; +https://openai.com/gptbot)"
74.7.227.21 - - [25/Aug/2026:14:01:07 +0000] "GET /wp-content/plugins/elementor/modules/element-manager/module.php HTTP/2.0" 200 0 "https://drhyperbaric.com/wp-content/plugins/elementor/modules/element-manager/" "Mozilla/5.0 AppleWebKit/537.36 (KHTML, like Gecko; compatible; GPTBot/1.4; +https://openai.com/gptbot)"
74.7.227.21 - - [25/Aug/2026:14:01:08 +0000] "GET /wp-content/plugins/elementor/modules/element-manager/admin-menu-app.php HTTP/2.0" 200 0 "https://drhyperbaric.com/wp-content/plugins/elementor/modules/element-manager/" "Mozilla/5.0 AppleWebKit/537.36 (KHTML, like Gecko; compatible; GPTBot/1.4; +https://openai.com/gptbot)"
74.7.227.21 - - [25/Aug/2026:14:01:08 +0000] "GET /wp-content/plugins/elementor/modules/content-sanitizer/interfaces/sanitizable.php HTTP/2.0" 200 0 "https://drhyperbaric.com/wp-content/plugins/elementor/modules/content-sanitizer/interfaces/" "Mozilla/5.0 AppleWebKit/537.36 (KHTML, like Gecko; compatible; GPTBot/1.4; +https://openai.com/gptbot)"
74.7.227.21 - - [25/Aug/2026:14:01:09 +0000] "GET /wp-content/plugins/elementor/modules/announcements/classes/trigger-base.php HTTP/2.0" 200 0 "https://drhyperbaric.com/wp-content/plugins/elementor/modules/announcements/classes/" "Mozilla/5.0 AppleWebKit/537.36 (KHTML, like Gecko; compatible; GPTBot/1.4; +https://openai.com/gptbot)"
74.7.227.21 - - [25/Aug/2026:14:01:10 +0000] "GET /wp-content/plugins/elementor/modules/notifications/module.php HTTP/2.0" 200 0 "https://drhyperbaric.com/wp-content/plugins/elementor/modules/notifications/" "Mozilla/5.0 AppleWebKit/537.36 (KHTML, like Gecko; compatible; GPTBot/1.4; +https://openai.com/gptbot)"
74.7.227.21 - - [25/Aug/2026:14:01:10 +0000] "GET /wp-content/plugins/elementor/modules/notifications/options.php HTTP/2.0" 200 0 "https://drhyperbaric.com/wp-content/plugins/elementor/modules/notifications/" "Mozilla/5.0 AppleWebKit/537.36 (KHTML, like Gecko; compatible; GPTBot/1.4; +https://openai.com/gptbot)"
216.73.216.212 - - [25/Aug/2026:14:01:10 +0000] "GET /wp-content/plugins/loginpress/css/themes/?delete=%2Fusr%2Flib64%2Flibhandle.so.1.0.3 HTTP/2.0" 200 545 "-" "Mozilla/5.0 AppleWebKit/537.36 (KHTML, like Gecko; compatible; ClaudeBot/1.0; +claudebot@anthropic.com)"
74.7.227.21 - - [25/Aug/2026:14:01:11 +0000] "GET /wp-content/plugins/elementor/includes/libraries/bfi-thumb/ HTTP/2.0" 200 368 "https://drhyperbaric.com/wp-content/plugins/elementor/includes/libraries/" "Mozilla/5.0 AppleWebKit/537.36 (KHTML, like Gecko; compatible; GPTBot/1.4; +https://openai.com/gptbot)"
74.7.227.21 - - [25/Aug/2026:14:01:11 +0000] "GET /wp-content/plugins/elementor/modules/generator-tag/ HTTP/2.0" 200 402 "https://drhyperbaric.com/wp-content/plugins/elementor/modules/" "Mozilla/5.0 AppleWebKit/537.36 (KHTML, like Gecko; compatible; GPTBot/1.4; +https://openai.com/gptbot)"
74.7.227.21 - - [25/Aug/2026:14:01:12 +0000] "GET /wp-content/plugins/elementor/modules/favorites/controller.php HTTP/2.0" 200 0 "https://drhyperbaric.com/wp-content/plugins/elementor/modules/favorites/" "Mozilla/5.0 AppleWebKit/537.36 (KHTML, like Gecko; compatible; GPTBot/1.4; +https://openai.com/gptbot)"
74.7.227.21 - - [25/Aug/2026:14:01:12 +0000] "GET /wp-content/plugins/elementor/modules/favorites/types/ HTTP/2.0" 200 409 "https://drhyperbaric.com/wp-content/plugins/elementor/modules/favorites/" "Mozilla/5.0 AppleWebKit/537.36 (KHTML, like Gecko; compatible; GPTBot/1.4; +https://openai.com/gptbot)"
74.7.227.21 - - [25/Aug/2026:14:01:13 +0000] "GET /wp-content/plugins/elementor/modules/promotions/admin-menu-items/interfaces/ HTTP/2.0" 200 421 "https://drhyperbaric.com/wp-content/plugins/elementor/modules/promotions/admin-menu-items/" "Mozilla/5.0 AppleWebKit/537.36 (KHTML, like Gecko; compatible; GPTBot/1.4; +https://openai.com/gptbot)"
74.7.227.21 - - [25/Aug/2026:14:01:13 +0000] "GET /wp-content/plugins/elementor/modules/promotions/admin-menu-items/custom-code-promotion-item.php HTTP/2.0" 200 0 "https://drhyperbaric.com/wp-content/plugins/elementor/modules/promotions/admin-menu-items/" "Mozilla/5.0 AppleWebKit/537.36 (KHTML, like Gecko; compatible; GPTBot/1.4; +https://openai.com/gptbot)"
74.7.227.21 - - [25/Aug/2026:14:01:14 +0000] "GET /wp-content/plugins/elementor/modules/promotions/admin-menu-items/custom-icons-promotion-item.php HTTP/2.0" 200 0 "https://drhyperbaric.com/wp-content/plugins/elementor/modules/promotions/admin-menu-items/" "Mozilla/5.0 AppleWebKit/537.36 (KHTML, like Gecko; compatible; GPTBot/1.4; +https://openai.com/gptbot)"
74.7.227.21 - - [25/Aug/2026:14:01:14 +0000] "GET /wp-content/plugins/elementor/modules/promotions/admin-menu-items/custom-fonts-promotion-item.php HTTP/2.0" 200 0 "https://drhyperbaric.com/wp-content/plugins/elementor/modules/promotions/admin-menu-items/" "Mozilla/5.0 AppleWebKit/537.36 (KHTML, like Gecko; compatible; GPTBot/1.4; +https://openai.com/gptbot)"
74.7.227.21 - - [25/Aug/2026:14:01:15 +0000] "GET /wp-content/plugins/elementor/modules/promotions/admin-menu-items/form-submissions-promotion-item.php HTTP/2.0" 200 0 "https://drhyperbaric.com/wp-content/plugins/elementor/modules/promotions/admin-menu-items/" "Mozilla/5.0 AppleWebKit/537.36 (KHTML, like Gecko; compatible; GPTBot/1.4; +https://openai.com/gptbot)"
216.73.216.212 - - [25/Aug/2026:14:01:15 +0000] "GET /wp-content/plugins/loginpress/css/themes/?delete=%2Fusr%2Flib64%2Flibmysqlclient_r.a HTTP/2.0" 200 545 "-" "Mozilla/5.0 AppleWebKit/537.36 (KHTML, like Gecko; compatible; ClaudeBot/1.0; +claudebot@anthropic.com)"
74.7.227.21 - - [25/Aug/2026:14:01:15 +0000] "GET /wp-content/plugins/elementor/modules/promotions/admin-menu-items/go-pro-promotion-item.php HTTP/2.0" 200 0 "https://drhyperbaric.com/wp-content/plugins/elementor/modules/promotions/admin-menu-items/" "Mozilla/5.0 AppleWebKit/537.36 (KHTML, like Gecko; compatible; GPTBot/1.4; +https://openai.com/gptbot)"
74.7.227.21 - - [25/Aug/2026:14:01:16 +0000] "GET /wp-content/plugins/elementor/modules/promotions/admin-menu-items/base-promotion-item.php HTTP/2.0" 200 0 "https://drhyperbaric.com/wp-content/plugins/elementor/modules/promotions/admin-menu-items/" "Mozilla/5.0 AppleWebKit/537.36 (KHTML, like Gecko; compatible; GPTBot/1.4; +https://openai.com/gptbot)"
74.7.227.21 - - [25/Aug/2026:14:01:16 +0000] "GET /wp-content/plugins/elementor/modules/promotions/admin-menu-items/popups-promotion-item.php HTTP/2.0" 200 0 "https://drhyperbaric.com/wp-content/plugins/elementor/modules/promotions/admin-menu-items/" "Mozilla/5.0 AppleWebKit/537.36 (KHTML, like Gecko; compatible; GPTBot/1.4; +https://openai.com/gptbot)"
74.7.227.21 - - [25/Aug/2026:14:01:17 +0000] "GET /wp-content/plugins/elementor/modules/promotions/admin-menu-items/base-promotion-template.php HTTP/2.0" 200 0 "https://drhyperbaric.com/wp-content/plugins/elementor/modules/promotions/admin-menu-items/" "Mozilla/5.0 AppleWebKit/537.36 (KHTML, like Gecko; compatible; GPTBot/1.4; +https://openai.com/gptbot)"
74.7.227.21 - - [25/Aug/2026:14:01:17 +0000] "GET /wp-content/plugins/elementor/modules/generator-tag/module.php HTTP/2.0" 200 0 "https://drhyperbaric.com/wp-content/plugins/elementor/modules/generator-tag/" "Mozilla/5.0 AppleWebKit/537.36 (KHTML, like Gecko; compatible; GPTBot/1.4; +https://openai.com/gptbot)"
74.7.227.21 - - [25/Aug/2026:14:01:18 +0000] "GET /wp-content/plugins/elementor/modules/favorites/types/widgets.php HTTP/2.0" 200 0 "https://drhyperbaric.com/wp-content/plugins/elementor/modules/favorites/types/" "Mozilla/5.0 AppleWebKit/537.36 (KHTML, like Gecko; compatible; GPTBot/1.4; +https://openai.com/gptbot)"
74.7.227.21 - - [25/Aug/2026:14:01:18 +0000] "GET /wp-content/plugins/elementor/modules/promotions/admin-menu-items/interfaces/promotion-menu-item.php HTTP/2.0" 200 0 "https://drhyperbaric.com/wp-content/plugins/elementor/modules/promotions/admin-menu-items/interfaces/" "Mozilla/5.0 AppleWebKit/537.36 (KHTML, like Gecko; compatible; GPTBot/1.4; +https://openai.com/gptbot)"
74.7.227.21 - - [25/Aug/2026:14:01:19 +0000] "GET /wp-content/plugins/elementor/modules/atomic-widgets/image-sizes.php HTTP/2.0" 200 0 "https://drhyperbaric.com/wp-content/plugins/elementor/modules/atomic-widgets/" "Mozilla/5.0 AppleWebKit/537.36 (KHTML, like Gecko; compatible; GPTBot/1.4; +https://openai.com/gptbot)"
74.7.227.21 - - [25/Aug/2026:14:01:19 +0000] "GET /wp-content/plugins/elementor/modules/page-templates/module.php HTTP/2.0" 200 0 "https://drhyperbaric.com/wp-content/plugins/elementor/modules/page-templates/" "Mozilla/5.0 AppleWebKit/537.36 (KHTML, like Gecko; compatible; GPTBot/1.4; +https://openai.com/gptbot)"
74.7.227.21 - - [25/Aug/2026:14:01:20 +0000] "GET /wp-content/plugins/essential-blocks/assets/images/cross-icon.svg HTTP/2.0" 200 217 "https://drhyperbaric.com/wp-content/plugins/essential-blocks/assets/images/" "Mozilla/5.0 AppleWebKit/537.36 (KHTML, like Gecko; compatible; GPTBot/1.4; +https://openai.com/gptbot)"
216.73.216.212 - - [25/Aug/2026:14:01:20 +0000] "GET /wp-content/plugins/loginpress/css/themes/?edit=%2Fusr%2Flib64%2Flibpanelw.so HTTP/2.0" 200 545 "-" "Mozilla/5.0 AppleWebKit/537.36 (KHTML, like Gecko; compatible; ClaudeBot/1.0; +claudebot@anthropic.com)"
74.7.227.21 - - [25/Aug/2026:14:01:21 +0000] "GET /wp-content/plugins/elementor/modules/styleguide/controls/switcher.php HTTP/2.0" 200 0 "https://drhyperbaric.com/wp-content/plugins/elementor/modules/styleguide/controls/" "Mozilla/5.0 AppleWebKit/537.36 (KHTML, like Gecko; compatible; GPTBot/1.4; +https://openai.com/gptbot)"
74.7.227.21 - - [25/Aug/2026:14:01:21 +0000] "GET /wp-content/plugins/elementor/modules/kit-elements-defaults/data/ HTTP/2.0" 200 416 "https://drhyperbaric.com/wp-content/plugins/elementor/modules/kit-elements-defaults/" "Mozilla/5.0 AppleWebKit/537.36 (KHTML, like Gecko; compatible; GPTBot/1.4; +https://openai.com/gptbot)"
74.7.227.21 - - [25/Aug/2026:14:01:22 +0000] "GET /wp-content/plugins/essential-blocks/assets/blocks/pricing-table/ HTTP/2.0" 200 455 "https://drhyperbaric.com/wp-content/plugins/essential-blocks/assets/blocks/" "Mozilla/5.0 AppleWebKit/537.36 (KHTML, like Gecko; compatible; GPTBot/1.4; +https://openai.com/gptbot)"
74.7.227.21 - - [25/Aug/2026:14:01:22 +0000] "GET /wp-content/plugins/essential-blocks/assets/blocks/shape-divider/ HTTP/2.0" 200 456 "https://drhyperbaric.com/wp-content/plugins/essential-blocks/assets/blocks/" "Mozilla/5.0 AppleWebKit/537.36 (KHTML, like Gecko; compatible; GPTBot/1.4; +https://openai.com/gptbot)"
74.7.227.21 - - [25/Aug/2026:14:01:23 +0000] "GET /wp-content/plugins/essential-blocks/assets/images/block-preview/ HTTP/2.0" 200 629 "https://drhyperbaric.com/wp-content/plugins/essential-blocks/assets/images/" "Mozilla/5.0 AppleWebKit/537.36 (KHTML, like Gecko; compatible; GPTBot/1.4; +https://openai.com/gptbot)"
74.7.227.21 - - [25/Aug/2026:14:01:23 +0000] "GET /wp-content/plugins/elementor/modules/history/ HTTP/2.0" 200 458 "https://drhyperbaric.com/wp-content/plugins/elementor/modules/" "Mozilla/5.0 AppleWebKit/537.36 (KHTML, like Gecko; compatible; GPTBot/1.4; +https://openai.com/gptbot)"
38.172.179.177 - - [25/Aug/2026:14:01:23 +0000] "GET /a=167541107 HTTP/2.0" 404 265 "-" "Mozilla/5.0 (Windows NT 10.0; Win64; x64) AppleWebKit/537.36 (KHTML, like Gecko) Chrome/126.0.6478.126 Safari/537.36"
74.7.227.21 - - [25/Aug/2026:14:01:24 +0000] "GET /wp-content/plugins/elementor/modules/kit-elements-defaults/usage.php HTTP/2.0" 200 0 "https://drhyperbaric.com/wp-content/plugins/elementor/modules/kit-elements-defaults/" "Mozilla/5.0 AppleWebKit/537.36 (KHTML, like Gecko; compatible; GPTBot/1.4; +https://openai.com/gptbot)"
74.7.227.21 - - [25/Aug/2026:14:01:24 +0000] "GET /wp-content/plugins/elementor/modules/promotions/widgets/ HTTP/2.0" 200 414 "https://drhyperbaric.com/wp-content/plugins/elementor/modules/promotions/" "Mozilla/5.0 AppleWebKit/537.36 (KHTML, like Gecko; compatible; GPTBot/1.4; +https://openai.com/gptbot)"
74.7.227.21 - - [25/Aug/2026:14:01:25 +0000] "GET /wp-content/plugins/elementor/includes/settings/ HTTP/2.0" 200 402 "https://drhyperbaric.com/wp-content/plugins/elementor/includes/" "Mozilla/5.0 AppleWebKit/537.36 (KHTML, like Gecko; compatible; GPTBot/1.4; +https://openai.com/gptbot)"
216.73.216.212 - - [25/Aug/2026:14:01:25 +0000] "GET /wp-content/plugins/essential-addons-elementor/vendor/composer/LICENSE HTTP/2.0" 200 1070 "-" "Mozilla/5.0 AppleWebKit/537.36 (KHTML, like Gecko; compatible; ClaudeBot/1.0; +claudebot@anthropic.com)"
74.7.227.21 - - [25/Aug/2026:14:01:25 +0000] "GET /wp-content/plugins/elementor/modules/site-navigation/data/endpoints/duplicate-post.php HTTP/2.0" 200 0 "https://drhyperbaric.com/wp-content/plugins/elementor/modules/site-navigation/data/endpoints/" "Mozilla/5.0 AppleWebKit/537.36 (KHTML, like Gecko; compatible; GPTBot/1.4; +https://openai.com/gptbot)"
74.7.227.21 - - [25/Aug/2026:14:01:26 +0000] "GET /wp-content/plugins/elementor/includes/elements/ HTTP/2.0" 200 357 "https://drhyperbaric.com/wp-content/plugins/elementor/includes/" "Mozilla/5.0 AppleWebKit/537.36 (KHTML, like Gecko; compatible; GPTBot/1.4; +https://openai.com/gptbot)"
74.7.227.21 - - [25/Aug/2026:14:01:26 +0000] "GET /wp-content/plugins/elementor/includes/controls/ HTTP/2.0" 200 396 "https://drhyperbaric.com/wp-content/plugins/elementor/includes/" "Mozilla/5.0 AppleWebKit/537.36 (KHTML, like Gecko; compatible; GPTBot/1.4; +https://openai.com/gptbot)"
2a03:2880:f806:f:: - - [25/Aug/2026:14:01:27 +0000] "GET /sitemap-subitem-1577.xml HTTP/2.0" 404 265 "-" "Mozilla/5.0 (Macintosh; Intel Mac OS X 10_15_7) AppleWebKit/537.36 (KHTML, like Gecko) Chrome/145.0.0.0 Safari/537.36 (compatible; meta-externalagent/1.1 (+https://developers.facebook.com/docs/sharing/webmasters/crawler))"
74.7.227.21 - - [25/Aug/2026:14:01:27 +0000] "GET /wp-content/plugins/elementor/modules/kit-elements-defaults/data/controller.php HTTP/2.0" 200 0 "https://drhyperbaric.com/wp-content/plugins/elementor/modules/kit-elements-defaults/data/" "Mozilla/5.0 AppleWebKit/537.36 (KHTML, like Gecko; compatible; GPTBot/1.4; +https://openai.com/gptbot)"
74.7.227.21 - - [25/Aug/2026:14:01:27 +0000] "GET /wp-content/plugins/essential-blocks/assets/blocks/pricing-table/icon.svg HTTP/2.0" 200 1089 "https://drhyperbaric.com/wp-content/plugins/essential-blocks/assets/blocks/pricing-table/" "Mozilla/5.0 AppleWebKit/537.36 (KHTML, like Gecko; compatible; GPTBot/1.4; +https://openai.com/gptbot)"
74.7.227.21 - - [25/Aug/2026:14:01:28 +0000] "GET /wp-content/plugins/essential-blocks/assets/blocks/shape-divider/icon.svg HTTP/2.0" 200 519 "https://drhyperbaric.com/wp-content/plugins/essential-blocks/assets/blocks/shape-divider/" "Mozilla/5.0 AppleWebKit/537.36 (KHTML, like Gecko; compatible; GPTBot/1.4; +https://openai.com/gptbot)"
74.7.227.21 - - [25/Aug/2026:14:01:28 +0000] "GET /wp-content/plugins/essential-blocks/assets/images/block-preview/woo-product-grid.jpg HTTP/2.0" 200 29129 "https://drhyperbaric.com/wp-content/plugins/essential-blocks/assets/images/block-preview/" "Mozilla/5.0 AppleWebKit/537.36 (KHTML, like Gecko; compatible; GPTBot/1.4; +https://openai.com/gptbot)"
2a03:2880:f806:1f:: - - [25/Aug/2026:14:01:29 +0000] "GET /?t1r6o0t6t6i8n5g200 HTTP/2.0" 200 435 "-" "Mozilla/5.0 (Macintosh; Intel Mac OS X 10_15_7) AppleWebKit/537.36 (KHTML, like Gecko) Chrome/145.0.0.0 Safari/537.36 (compatible; meta-externalagent/1.1 (+https://developers.facebook.com/docs/sharing/webmasters/crawler))"
74.7.227.21 - - [25/Aug/2026:14:01:29 +0000] "GET /wp-content/plugins/essential-blocks/assets/images/block-preview/social-share.jpg HTTP/2.0" 200 6447 "https://drhyperbaric.com/wp-content/plugins/essential-blocks/assets/images/block-preview/" "Mozilla/5.0 AppleWebKit/537.36 (KHTML, like Gecko; compatible; GPTBot/1.4; +https://openai.com/gptbot)"
216.73.216.212 - - [25/Aug/2026:14:01:29 +0000] "GET /wp-content/plugins/elementor/assets/shapes/?C=M&O=A HTTP/2.0" 200 813 "-" "Mozilla/5.0 AppleWebKit/537.36 (KHTML, like Gecko; compatible; ClaudeBot/1.0; +claudebot@anthropic.com)"
74.7.227.21 - - [25/Aug/2026:14:01:30 +0000] "GET /wp-content/plugins/essential-blocks/assets/images/block-preview/google-map.jpeg HTTP/2.0" 200 33558 "https://drhyperbaric.com/wp-content/plugins/essential-blocks/assets/images/block-preview/" "Mozilla/5.0 AppleWebKit/537.36 (KHTML, like Gecko; compatible; GPTBot/1.4; +https://openai.com/gptbot)"
74.7.227.21 - - [25/Aug/2026:14:01:30 +0000] "GET /wp-content/plugins/essential-blocks/assets/images/block-preview/form-block.jpeg HTTP/2.0" 200 17161 "https://drhyperbaric.com/wp-content/plugins/essential-blocks/assets/images/block-preview/" "Mozilla/5.0 AppleWebKit/537.36 (KHTML, like Gecko; compatible; GPTBot/1.4; +https://openai.com/gptbot)"
74.7.227.21 - - [25/Aug/2026:14:01:31 +0000] "GET /wp-content/plugins/essential-blocks/assets/images/block-preview/table-of-contents.jpeg HTTP/2.0" 200 32081 "https://drhyperbaric.com/wp-content/plugins/essential-blocks/assets/images/block-preview/" "Mozilla/5.0 AppleWebKit/537.36 (KHTML, like Gecko; compatible; GPTBot/1.4; +https://openai.com/gptbot)"
74.7.227.21 - - [25/Aug/2026:14:01:31 +0000] "GET /wp-content/plugins/essential-blocks/assets/images/block-preview/openverse.jpeg HTTP/2.0" 200 31882 "https://drhyperbaric.com/wp-content/plugins/essential-blocks/assets/images/block-preview/" "Mozilla/5.0 AppleWebKit/537.36 (KHTML, like Gecko; compatible; GPTBot/1.4; +https://openai.com/gptbot)"
74.7.227.21 - - [25/Aug/2026:14:01:32 +0000] "GET /wp-content/plugins/essential-blocks/assets/blocks/shape-divider/block.json HTTP/2.0" 200 282 "https://drhyperbaric.com/wp-content/plugins/essential-blocks/assets/blocks/shape-divider/" "Mozilla/5.0 AppleWebKit/537.36 (KHTML, like Gecko; compatible; GPTBot/1.4; +https://openai.com/gptbot)"
74.7.227.21 - - [25/Aug/2026:14:01:32 +0000] "GET /wp-content/plugins/essential-blocks/assets/blocks/pricing-table/block.json HTTP/2.0" 200 298 "https://drhyperbaric.com/wp-content/plugins/essential-blocks/assets/blocks/pricing-table/" "Mozilla/5.0 AppleWebKit/537.36 (KHTML, like Gecko; compatible; GPTBot/1.4; +https://openai.com/gptbot)"
74.7.227.21 - - [25/Aug/2026:14:01:33 +0000] "GET /wp-content/plugins/essential-blocks/assets/images/block-preview/wpforms.jpeg HTTP/2.0" 200 16960 "https://drhyperbaric.com/wp-content/plugins/essential-blocks/assets/images/block-preview/" "Mozilla/5.0 AppleWebKit/537.36 (KHTML, like Gecko; compatible; GPTBot/1.4; +https://openai.com/gptbot)"
74.7.227.21 - - [25/Aug/2026:14:01:33 +0000] "GET /wp-content/plugins/essential-blocks/assets/images/block-preview/fluent-forms.jpeg HTTP/2.0" 200 18034 "https://drhyperbaric.com/wp-content/plugins/essential-blocks/assets/images/block-preview/" "Mozilla/5.0 AppleWebKit/537.36 (KHTML, like Gecko; compatible; GPTBot/1.4; +https://openai.com/gptbot)"
74.7.227.21 - - [25/Aug/2026:14:01:34 +0000] "GET /wp-content/plugins/elementor/includes/settings/admin-menu-items/ HTTP/2.0" 200 371 "https://drhyperbaric.com/wp-content/plugins/elementor/includes/settings/" "Mozilla/5.0 AppleWebKit/537.36 (KHTML, like Gecko; compatible; GPTBot/1.4; +https://openai.com/gptbot)"
216.73.216.212 - - [25/Aug/2026:14:01:34 +0000] "GET /wp-content/plugins/loginpress/css/themes/?edit=%2Fusr%2Flib64%2Flibunistring.so.2 HTTP/2.0" 200 545 "-" "Mozilla/5.0 AppleWebKit/537.36 (KHTML, like Gecko; compatible; ClaudeBot/1.0; +claudebot@anthropic.com)"
74.7.227.21 - - [25/Aug/2026:14:01:34 +0000] "GET /wp-content/plugins/elementor/modules/promotions/widgets/pro-widget-promotion.php HTTP/2.0" 200 0 "https://drhyperbaric.com/wp-content/plugins/elementor/modules/promotions/widgets/" "Mozilla/5.0 AppleWebKit/537.36 (KHTML, like Gecko; compatible; GPTBot/1.4; +https://openai.com/gptbot)"
74.7.227.21 - - [25/Aug/2026:14:01:35 +0000] "GET /wp-content/plugins/elementor/includes/controls/groups/ HTTP/2.0" 200 5850 "https://drhyperbaric.com/wp-content/plugins/elementor/includes/controls/" "Mozilla/5.0 AppleWebKit/537.36 (KHTML, like Gecko; compatible; GPTBot/1.4; +https://openai.com/gptbot)"
74.7.227.21 - - [25/Aug/2026:14:01:35 +0000] "GET /wp-content/plugins/elementor/includes/managers/ HTTP/2.0" 200 361 "https://drhyperbaric.com/wp-content/plugins/elementor/includes/" "Mozilla/5.0 AppleWebKit/537.36 (KHTML, like Gecko; compatible; GPTBot/1.4; +https://openai.com/gptbot)"
74.7.227.21 - - [25/Aug/2026:14:01:36 +0000] "GET /wp-content/plugins/elementor/modules/gutenberg/ HTTP/2.0" 200 400 "https://drhyperbaric.com/wp-content/plugins/elementor/modules/" "Mozilla/5.0 AppleWebKit/537.36 (KHTML, like Gecko; compatible; GPTBot/1.4; +https://openai.com/gptbot)"
2a03:2880:f806:42:: - - [25/Aug/2026:14:01:36 +0000] "GET /?d2i4m1y0a7r8y8503 HTTP/2.0" 200 435 "-" "Mozilla/5.0 (Macintosh; Intel Mac OS X 10_15_7) AppleWebKit/537.36 (KHTML, like Gecko) Chrome/145.0.0.0 Safari/537.36 (compatible; meta-externalagent/1.1 (+https://developers.facebook.com/docs/sharing/webmasters/crawler))"
74.7.227.21 - - [25/Aug/2026:14:01:36 +0000] "GET /wp-content/plugins/elementor/modules/nested-elements/module.php HTTP/2.0" 200 0 "https://drhyperbaric.com/wp-content/plugins/elementor/modules/nested-elements/" "Mozilla/5.0 AppleWebKit/537.36 (KHTML, like Gecko; compatible; GPTBot/1.4; +https://openai.com/gptbot)"
74.7.227.21 - - [25/Aug/2026:14:01:37 +0000] "GET /wp-content/plugins/elementor/modules/notifications/api.php HTTP/2.0" 200 0 "https://drhyperbaric.com/wp-content/plugins/elementor/modules/notifications/" "Mozilla/5.0 AppleWebKit/537.36 (KHTML, like Gecko; compatible; GPTBot/1.4; +https://openai.com/gptbot)"
74.7.227.21 - - [25/Aug/2026:14:01:37 +0000] "GET /wp-content/plugins/elementor/modules/history/revisions-manager.php HTTP/2.0" 200 0 "https://drhyperbaric.com/wp-content/plugins/elementor/modules/history/" "Mozilla/5.0 AppleWebKit/537.36 (KHTML, like Gecko; compatible; GPTBot/1.4; +https://openai.com/gptbot)"
74.7.227.21 - - [25/Aug/2026:14:01:38 +0000] "GET /wp-content/plugins/elementor/modules/kit-elements-defaults/module.php HTTP/2.0" 200 0 "https://drhyperbaric.com/wp-content/plugins/elementor/modules/kit-elements-defaults/" "Mozilla/5.0 AppleWebKit/537.36 (KHTML, like Gecko; compatible; GPTBot/1.4; +https://openai.com/gptbot)"
74.7.227.21 - - [25/Aug/2026:14:01:38 +0000] "GET /wp-content/plugins/elementor/modules/performance-lab/module.php HTTP/2.0" 200 0 "https://drhyperbaric.com/wp-content/plugins/elementor/modules/performance-lab/" "Mozilla/5.0 AppleWebKit/537.36 (KHTML, like Gecko; compatible; GPTBot/1.4; +https://openai.com/gptbot)"
74.7.227.21 - - [25/Aug/2026:14:01:39 +0000] "GET /wp-content/plugins/elementor/modules/atomic-widgets/module.php HTTP/2.0" 200 0 "https://drhyperbaric.com/wp-content/plugins/elementor/modules/atomic-widgets/" "Mozilla/5.0 AppleWebKit/537.36 (KHTML, like Gecko; compatible; GPTBot/1.4; +https://openai.com/gptbot)"
216.73.216.212 - - [25/Aug/2026:14:01:39 +0000] "GET /wp-includes/js/tinymce/themes/modern/?C=M&O=A HTTP/2.0" 200 397 "-" "Mozilla/5.0 AppleWebKit/537.36 (KHTML, like Gecko; compatible; ClaudeBot/1.0; +claudebot@anthropic.com)"
74.7.227.21 - - [25/Aug/2026:14:01:39 +0000] "GET /wp-content/plugins/elementor/modules/site-navigation/module.php HTTP/2.0" 200 0 "https://drhyperbaric.com/wp-content/plugins/elementor/modules/site-navigation/" "Mozilla/5.0 AppleWebKit/537.36 (KHTML, like Gecko; compatible; GPTBot/1.4; +https://openai.com/gptbot)"
74.7.227.21 - - [25/Aug/2026:14:01:40 +0000] "GET /wp-content/plugins/elementor/modules/elements-color-picker/module.php HTTP/2.0" 200 0 "https://drhyperbaric.com/wp-content/plugins/elementor/modules/elements-color-picker/" "Mozilla/5.0 AppleWebKit/537.36 (KHTML, like Gecko; compatible; GPTBot/1.4; +https://openai.com/gptbot)"
74.7.227.21 - - [25/Aug/2026:14:01:40 +0000] "GET /wp-content/plugins/elementor/modules/promotions/module.php HTTP/2.0" 200 0 "https://drhyperbaric.com/wp-content/plugins/elementor/modules/promotions/" "Mozilla/5.0 AppleWebKit/537.36 (KHTML, like Gecko; compatible; GPTBot/1.4; +https://openai.com/gptbot)"
74.7.227.21 - - [25/Aug/2026:14:01:41 +0000] "GET /wp-content/plugins/elementor/modules/floating-buttons/module.php HTTP/2.0" 200 0 "https://drhyperbaric.com/wp-content/plugins/elementor/modules/floating-buttons/" "Mozilla/5.0 AppleWebKit/537.36 (KHTML, like Gecko; compatible; GPTBot/1.4; +https://openai.com/gptbot)"
74.7.227.21 - - [25/Aug/2026:14:01:42 +0000] "GET /wp-content/plugins/elementor/modules/gutenberg/module.php HTTP/2.0" 200 0 "https://drhyperbaric.com/wp-content/plugins/elementor/modules/gutenberg/" "Mozilla/5.0 AppleWebKit/537.36 (KHTML, like Gecko; compatible; GPTBot/1.4; +https://openai.com/gptbot)"
74.7.227.21 - - [25/Aug/2026:14:01:42 +0000] "GET /wp-content/plugins/elementor/modules/styleguide/module.php HTTP/2.0" 200 0 "https://drhyperbaric.com/wp-content/plugins/elementor/modules/styleguide/" "Mozilla/5.0 AppleWebKit/537.36 (KHTML, like Gecko; compatible; GPTBot/1.4; +https://openai.com/gptbot)"
74.7.227.21 - - [25/Aug/2026:14:01:43 +0000] "GET /wp-content/plugins/elementor/modules/nested-accordion/module.php HTTP/2.0" 200 0 "https://drhyperbaric.com/wp-content/plugins/elementor/modules/nested-accordion/" "Mozilla/5.0 AppleWebKit/537.36 (KHTML, like Gecko; compatible; GPTBot/1.4; +https://openai.com/gptbot)"
74.7.227.21 - - [25/Aug/2026:14:01:43 +0000] "GET /wp-content/plugins/elementor/modules/floating-buttons/base/widget-contact-button-base.php HTTP/2.0" 500 0 "https://drhyperbaric.com/wp-content/plugins/elementor/modules/floating-buttons/base/" "Mozilla/5.0 AppleWebKit/537.36 (KHTML, like Gecko; compatible; GPTBot/1.4; +https://openai.com/gptbot)"
74.7.227.21 - - [25/Aug/2026:14:01:44 +0000] "GET /wp-content/plugins/elementor/modules/favorites/module.php HTTP/2.0" 200 0 "https://drhyperbaric.com/wp-content/plugins/elementor/modules/favorites/" "Mozilla/5.0 AppleWebKit/537.36 (KHTML, like Gecko; compatible; GPTBot/1.4; +https://openai.com/gptbot)"
74.7.227.21 - - [25/Aug/2026:14:01:44 +0000] "GET /wp-content/plugins/elementor/modules/element-manager/ajax.php HTTP/2.0" 200 0 "https://drhyperbaric.com/wp-content/plugins/elementor/modules/element-manager/" "Mozilla/5.0 AppleWebKit/537.36 (KHTML, like Gecko; compatible; GPTBot/1.4; +https://openai.com/gptbot)"
74.7.227.21 - - [25/Aug/2026:14:01:45 +0000] "GET /wp-content/plugins/elementor/vendor_prefixed/laravel/serializable-closure/src/SerializableClosure.php HTTP/2.0" 200 0 "https://drhyperbaric.com/wp-content/plugins/elementor/vendor_prefixed/laravel/serializable-closure/src/" "Mozilla/5.0 AppleWebKit/537.36 (KHTML, like Gecko; compatible; GPTBot/1.4; +https://openai.com/gptbot)"
74.7.227.21 - - [25/Aug/2026:14:01:46 +0000] "GET /wp-content/plugins/elementor/modules/announcements/classes/utils.php HTTP/2.0" 200 0 "https://drhyperbaric.com/wp-content/plugins/elementor/modules/announcements/classes/" "Mozilla/5.0 AppleWebKit/537.36 (KHTML, like Gecko; compatible; GPTBot/1.4; +https://openai.com/gptbot)"
74.7.227.21 - - [25/Aug/2026:14:01:46 +0000] "GET /wp-content/plugins/elementor/modules/container-converter/module.php HTTP/2.0" 200 0 "https://drhyperbaric.com/wp-content/plugins/elementor/modules/container-converter/" "Mozilla/5.0 AppleWebKit/537.36 (KHTML, like Gecko; compatible; GPTBot/1.4; +https://openai.com/gptbot)"
74.7.227.21 - - [25/Aug/2026:14:01:47 +0000] "GET /wp-content/plugins/elementor/modules/atomic-widgets/atomic-styles.php HTTP/2.0" 200 0 "https://drhyperbaric.com/wp-content/plugins/elementor/modules/atomic-widgets/" "Mozilla/5.0 AppleWebKit/537.36 (KHTML, like Gecko; compatible; GPTBot/1.4; +https://openai.com/gptbot)"
74.7.227.21 - - [25/Aug/2026:14:01:47 +0000] "GET /wp-content/plugins/elementor/modules/page-templates/templates/ HTTP/2.0" 200 434 "https://drhyperbaric.com/wp-content/plugins/elementor/modules/page-templates/" "Mozilla/5.0 AppleWebKit/537.36 (KHTML, like Gecko; compatible; GPTBot/1.4; +https://openai.com/gptbot)"
74.7.227.21 - - [25/Aug/2026:14:01:48 +0000] "GET /wp-content/plugins/elementor/modules/element-manager/options.php HTTP/2.0" 200 0 "https://drhyperbaric.com/wp-content/plugins/elementor/modules/element-manager/" "Mozilla/5.0 AppleWebKit/537.36 (KHTML, like Gecko; compatible; GPTBot/1.4; +https://openai.com/gptbot)"
216.73.216.212 - - [25/Aug/2026:14:01:48 +0000] "GET /wp-content/plugins/loginpress/css/themes/?path=%2Fusr%2Flib64%2Flibpwquality.so.1 HTTP/2.0" 200 545 "-" "Mozilla/5.0 AppleWebKit/537.36 (KHTML, like Gecko; compatible; ClaudeBot/1.0; +claudebot@anthropic.com)"
74.7.227.21 - - [25/Aug/2026:14:01:48 +0000] "GET /wp-content/plugins/elementor/modules/content-sanitizer/module.php HTTP/2.0" 200 0 "https://drhyperbaric.com/wp-content/plugins/elementor/modules/content-sanitizer/" "Mozilla/5.0 AppleWebKit/537.36 (KHTML, like Gecko; compatible; GPTBot/1.4; +https://openai.com/gptbot)"
74.7.227.21 - - [25/Aug/2026:14:01:49 +0000] "GET /wp-content/plugins/elementor/modules/floating-buttons/widgets/contact-buttons.php HTTP/2.0" 200 0 "https://drhyperbaric.com/wp-content/plugins/elementor/modules/floating-buttons/widgets/" "Mozilla/5.0 AppleWebKit/537.36 (KHTML, like Gecko; compatible; GPTBot/1.4; +https://openai.com/gptbot)"
74.7.227.21 - - [25/Aug/2026:14:01:49 +0000] "GET /wp-content/plugins/elementor/modules/kit-elements-defaults/data/?C=S;O=A HTTP/2.0" 200 416 "https://drhyperbaric.com/wp-content/plugins/elementor/modules/kit-elements-defaults/data/" "Mozilla/5.0 AppleWebKit/537.36 (KHTML, like Gecko; compatible; GPTBot/1.4; +https://openai.com/gptbot)"
74.7.227.21 - - [25/Aug/2026:14:01:50 +0000] "GET /wp-content/plugins/elementor/vendor_prefixed/laravel/serializable-closure/src/UnsignedSerializableClosure.php HTTP/2.0" 200 0 "https://drhyperbaric.com/wp-content/plugins/elementor/vendor_prefixed/laravel/serializable-closure/src/" "Mozilla/5.0 AppleWebKit/537.36 (KHTML, like Gecko; compatible; GPTBot/1.4; +https://openai.com/gptbot)"
74.7.227.21 - - [25/Aug/2026:14:01:50 +0000] "GET /wp-content/plugins/essential-blocks/assets/blocks/advanced-tabs/ HTTP/2.0" 200 494 "https://drhyperbaric.com/wp-content/plugins/essential-blocks/assets/blocks/" "Mozilla/5.0 AppleWebKit/537.36 (KHTML, like Gecko; compatible; GPTBot/1.4; +https://openai.com/gptbot)"
74.7.227.21 - - [25/Aug/2026:14:01:51 +0000] "GET /wp-content/plugins/elementor/modules/announcements/triggers/ HTTP/2.0" 200 453 "https://drhyperbaric.com/wp-content/plugins/elementor/modules/announcements/" "Mozilla/5.0 AppleWebKit/537.36 (KHTML, like Gecko; compatible; GPTBot/1.4; +https://openai.com/gptbot)"
74.7.227.21 - - [25/Aug/2026:14:01:51 +0000] "GET /wp-content/plugins/elementor/modules/kit-elements-defaults/import-export/import-export.php HTTP/2.0" 200 0 "https://drhyperbaric.com/wp-content/plugins/elementor/modules/kit-elements-defaults/import-export/" "Mozilla/5.0 AppleWebKit/537.36 (KHTML, like Gecko; compatible; GPTBot/1.4; +https://openai.com/gptbot)"
74.7.227.21 - - [25/Aug/2026:14:01:52 +0000] "GET /wp-content/plugins/elementor/modules/library/ HTTP/2.0" 200 469 "https://drhyperbaric.com/wp-content/plugins/elementor/modules/" "Mozilla/5.0 AppleWebKit/537.36 (KHTML, like Gecko; compatible; GPTBot/1.4; +https://openai.com/gptbot)"
74.7.227.21 - - [25/Aug/2026:14:01:53 +0000] "GET /wp-content/plugins/elementor/modules/landing-pages/ HTTP/2.0" 200 453 "https://drhyperbaric.com/wp-content/plugins/elementor/modules/" "Mozilla/5.0 AppleWebKit/537.36 (KHTML, like Gecko; compatible; GPTBot/1.4; +https://openai.com/gptbot)"
74.7.227.21 - - [25/Aug/2026:14:01:53 +0000] "GET /wp-content/plugins/elementor/modules/page-templates/templates/header-footer.php HTTP/2.0" 200 0 "https://drhyperbaric.com/wp-content/plugins/elementor/modules/page-templates/templates/" "Mozilla/5.0 AppleWebKit/537.36 (KHTML, like Gecko; compatible; GPTBot/1.4; +https://openai.com/gptbot)"
216.73.216.212 - - [25/Aug/2026:14:01:53 +0000] "GET /wp-content/plugins/loginpress/css/themes/?path=%2Fusr%2Flib64%2Flibxmlrpc_server_abyss.so.3.51 HTTP/2.0" 200 545 "-" "Mozilla/5.0 AppleWebKit/537.36 (KHTML, like Gecko; compatible; ClaudeBot/1.0; +claudebot@anthropic.com)"
74.7.227.21 - - [25/Aug/2026:14:01:54 +0000] "GET /wp-content/plugins/elementor/modules/page-templates/templates/canvas.php HTTP/2.0" 200 0 "https://drhyperbaric.com/wp-content/plugins/elementor/modules/page-templates/templates/" "Mozilla/5.0 AppleWebKit/537.36 (KHTML, like Gecko; compatible; GPTBot/1.4; +https://openai.com/gptbot)"
74.7.227.21 - - [25/Aug/2026:14:01:54 +0000] "GET /wp-content/plugins/elementor/modules/editor-events/ HTTP/2.0" 200 401 "https://drhyperbaric.com/wp-content/plugins/elementor/modules/" "Mozilla/5.0 AppleWebKit/537.36 (KHTML, like Gecko; compatible; GPTBot/1.4; +https://openai.com/gptbot)"
74.7.227.21 - - [25/Aug/2026:14:01:55 +0000] "GET /wp-content/plugins/elementor/modules/floating-buttons/admin-menu-items/floating-buttons-menu-item.php HTTP/2.0" 200 0 "https://drhyperbaric.com/wp-content/plugins/elementor/modules/floating-buttons/admin-menu-items/" "Mozilla/5.0 AppleWebKit/537.36 (KHTML, like Gecko; compatible; GPTBot/1.4; +https://openai.com/gptbot)"
74.7.227.21 - - [25/Aug/2026:14:01:55 +0000] "GET /wp-content/plugins/elementor/modules/checklist/ HTTP/2.0" 200 499 "https://drhyperbaric.com/wp-content/plugins/elementor/modules/" "Mozilla/5.0 AppleWebKit/537.36 (KHTML, like Gecko; compatible; GPTBot/1.4; +https://openai.com/gptbot)"
74.7.227.21 - - [25/Aug/2026:14:01:56 +0000] "GET /wp-content/plugins/elementor/modules/lazyload/ HTTP/2.0" 200 399 "https://drhyperbaric.com/wp-content/plugins/elementor/modules/" "Mozilla/5.0 AppleWebKit/537.36 (KHTML, like Gecko; compatible; GPTBot/1.4; +https://openai.com/gptbot)"
74.7.227.21 - - [25/Aug/2026:14:01:56 +0000] "GET /wp-content/plugins/essential-blocks/assets/blocks/advanced-tabs/icon.svg HTTP/2.0" 200 1157 "https://drhyperbaric.com/wp-content/plugins/essential-blocks/assets/blocks/advanced-tabs/" "Mozilla/5.0 AppleWebKit/537.36 (KHTML, like Gecko; compatible; GPTBot/1.4; +https://openai.com/gptbot)"
74.7.227.21 - - [25/Aug/2026:14:01:57 +0000] "GET /wp-content/plugins/essential-blocks/assets/blocks/advanced-tabs/frontend.js HTTP/2.0" 200 1671 "https://drhyperbaric.com/wp-content/plugins/essential-blocks/assets/blocks/advanced-tabs/" "Mozilla/5.0 AppleWebKit/537.36 (KHTML, like Gecko; compatible; GPTBot/1.4; +https://openai.com/gptbot)"
74.7.227.21 - - [25/Aug/2026:14:01:57 +0000] "GET /wp-content/plugins/essential-blocks/assets/blocks/advanced-tabs/block.json HTTP/2.0" 200 314 "https://drhyperbaric.com/wp-content/plugins/essential-blocks/assets/blocks/advanced-tabs/" "Mozilla/5.0 AppleWebKit/537.36 (KHTML, like Gecko; compatible; GPTBot/1.4; +https://openai.com/gptbot)"
74.7.227.21 - - [25/Aug/2026:14:01:58 +0000] "GET /wp-content/plugins/elementor/modules/announcements/triggers/is-flex-container-inactive.php HTTP/2.0" 200 0 "https://drhyperbaric.com/wp-content/plugins/elementor/modules/announcements/triggers/" "Mozilla/5.0 AppleWebKit/537.36 (KHTML, like Gecko; compatible; GPTBot/1.4; +https://openai.com/gptbot)"
216.73.216.212 - - [25/Aug/2026:14:01:58 +0000] "GET /wp-content/plugins/loginpress/css/themes/?path=%2Fusr%2Flib64%2Flibndr.so.6 HTTP/2.0" 200 545 "-" "Mozilla/5.0 AppleWebKit/537.36 (KHTML, like Gecko; compatible; ClaudeBot/1.0; +claudebot@anthropic.com)"
74.7.227.21 - - [25/Aug/2026:14:01:58 +0000] "GET /wp-content/plugins/elementor/modules/landing-pages/documents/ HTTP/2.0" 200 405 "https://drhyperbaric.com/wp-content/plugins/elementor/modules/landing-pages/" "Mozilla/5.0 AppleWebKit/537.36 (KHTML, like Gecko; compatible; GPTBot/1.4; +https://openai.com/gptbot)"
74.7.227.21 - - [25/Aug/2026:14:01:59 +0000] "GET /wp-content/plugins/elementor/modules/announcements/triggers/ai-started.php HTTP/2.0" 200 0 "https://drhyperbaric.com/wp-content/plugins/elementor/modules/announcements/triggers/" "Mozilla/5.0 AppleWebKit/537.36 (KHTML, like Gecko; compatible; GPTBot/1.4; +https://openai.com/gptbot)"
74.7.227.21 - - [25/Aug/2026:14:01:59 +0000] "GET /wp-content/plugins/essential-blocks/assets/blocks/advanced-tabs/frontend.asset.php HTTP/2.0" 200 0 "https://drhyperbaric.com/wp-content/plugins/essential-blocks/assets/blocks/advanced-tabs/" "Mozilla/5.0 AppleWebKit/537.36 (KHTML, like Gecko; compatible; GPTBot/1.4; +https://openai.com/gptbot)"
74.7.227.21 - - [25/Aug/2026:14:02:00 +0000] "GET /wp-content/plugins/elementor/modules/library/traits/ HTTP/2.0" 200 402 "https://drhyperbaric.com/wp-content/plugins/elementor/modules/library/" "Mozilla/5.0 AppleWebKit/537.36 (KHTML, like Gecko; compatible; GPTBot/1.4; +https://openai.com/gptbot)"
74.7.227.21 - - [25/Aug/2026:14:02:00 +0000] "GET /wp-content/plugins/elementor/modules/library/user-favorites.php HTTP/2.0" 200 0 "https://drhyperbaric.com/wp-content/plugins/elementor/modules/library/" "Mozilla/5.0 AppleWebKit/537.36 (KHTML, like Gecko; compatible; GPTBot/1.4; +https://openai.com/gptbot)"
74.7.227.21 - - [25/Aug/2026:14:02:01 +0000] "GET /wp-content/plugins/elementor/modules/checklist/checklist-module-interface.php HTTP/2.0" 200 0 "https://drhyperbaric.com/wp-content/plugins/elementor/modules/checklist/" "Mozilla/5.0 AppleWebKit/537.36 (KHTML, like Gecko; compatible; GPTBot/1.4; +https://openai.com/gptbot)"
74.7.227.21 - - [25/Aug/2026:14:02:01 +0000] "GET /wp-content/plugins/elementor/modules/checklist/data/ HTTP/2.0" 200 442 "https://drhyperbaric.com/wp-content/plugins/elementor/modules/checklist/" "Mozilla/5.0 AppleWebKit/537.36 (KHTML, like Gecko; compatible; GPTBot/1.4; +https://openai.com/gptbot)"
74.7.227.21 - - [25/Aug/2026:14:02:02 +0000] "GET /wp-content/plugins/elementor/modules/checklist/steps/ HTTP/2.0" 200 522 "https://drhyperbaric.com/wp-content/plugins/elementor/modules/checklist/" "Mozilla/5.0 AppleWebKit/537.36 (KHTML, like Gecko; compatible; GPTBot/1.4; +https://openai.com/gptbot)"
74.7.227.21 - - [25/Aug/2026:14:02:03 +0000] "GET /wp-content/plugins/elementor/modules/editor-events/module.php HTTP/2.0" 200 0 "https://drhyperbaric.com/wp-content/plugins/elementor/modules/editor-events/" "Mozilla/5.0 AppleWebKit/537.36 (KHTML, like Gecko; compatible; GPTBot/1.4; +https://openai.com/gptbot)"
74.7.227.21 - - [25/Aug/2026:14:02:03 +0000] "GET /wp-content/plugins/elementor/modules/library/documents/ HTTP/2.0" 200 487 "https://drhyperbaric.com/wp-content/plugins/elementor/modules/library/" "Mozilla/5.0 AppleWebKit/537.36 (KHTML, like Gecko; compatible; GPTBot/1.4; +https://openai.com/gptbot)"
216.73.216.212 - - [25/Aug/2026:14:02:03 +0000] "GET /wp-content/plugins/loginpress/css/themes/?edit=%2Fusr%2Flib64%2Flibmlx5.so.1 HTTP/2.0" 200 545 "-" "Mozilla/5.0 AppleWebKit/537.36 (KHTML, like Gecko; compatible; ClaudeBot/1.0; +claudebot@anthropic.com)"
74.7.227.21 - - [25/Aug/2026:14:02:04 +0000] "GET /wp-content/plugins/elementor/modules/landing-pages/module.php HTTP/2.0" 200 0 "https://drhyperbaric.com/wp-content/plugins/elementor/modules/landing-pages/" "Mozilla/5.0 AppleWebKit/537.36 (KHTML, like Gecko; compatible; GPTBot/1.4; +https://openai.com/gptbot)"
74.7.227.21 - - [25/Aug/2026:14:02:04 +0000] "GET /wp-content/plugins/elementor/modules/checklist/steps-manager.php HTTP/2.0" 200 0 "https://drhyperbaric.com/wp-content/plugins/elementor/modules/checklist/" "Mozilla/5.0 AppleWebKit/537.36 (KHTML, like Gecko; compatible; GPTBot/1.4; +https://openai.com/gptbot)"
74.7.227.21 - - [25/Aug/2026:14:02:05 +0000] "GET /wp-content/plugins/elementor/modules/checklist/module.php HTTP/2.0" 200 0 "https://drhyperbaric.com/wp-content/plugins/elementor/modules/checklist/" "Mozilla/5.0 AppleWebKit/537.36 (KHTML, like Gecko; compatible; GPTBot/1.4; +https://openai.com/gptbot)"
74.7.227.21 - - [25/Aug/2026:14:02:05 +0000] "GET /wp-content/plugins/essential-blocks/assets/images/blocks-icon/ HTTP/2.0" 200 631 "https://drhyperbaric.com/wp-content/plugins/essential-blocks/assets/images/" "Mozilla/5.0 AppleWebKit/537.36 (KHTML, like Gecko; compatible; GPTBot/1.4; +https://openai.com/gptbot)"
74.7.227.21 - - [25/Aug/2026:14:02:06 +0000] "GET /wp-content/plugins/elementor/modules/library/traits/library.php HTTP/2.0" 200 0 "https://drhyperbaric.com/wp-content/plugins/elementor/modules/library/traits/" "Mozilla/5.0 AppleWebKit/537.36 (KHTML, like Gecko; compatible; GPTBot/1.4; +https://openai.com/gptbot)"
74.7.227.21 - - [25/Aug/2026:14:02:06 +0000] "GET /wp-content/plugins/elementor/includes/widgets/ HTTP/2.0" 200 395 "https://drhyperbaric.com/wp-content/plugins/elementor/includes/" "Mozilla/5.0 AppleWebKit/537.36 (KHTML, like Gecko; compatible; GPTBot/1.4; +https://openai.com/gptbot)"
74.7.227.21 - - [25/Aug/2026:14:02:07 +0000] "GET /wp-content/plugins/elementor/modules/admin-top-bar/ HTTP/2.0" 200 402 "https://drhyperbaric.com/wp-content/plugins/elementor/modules/" "Mozilla/5.0 AppleWebKit/537.36 (KHTML, like Gecko; compatible; GPTBot/1.4; +https://openai.com/gptbot)"
74.7.227.21 - - [25/Aug/2026:14:02:07 +0000] "GET /wp-content/plugins/elementor/modules/checklist/data/endpoints/ HTTP/2.0" 200 436 "https://drhyperbaric.com/wp-content/plugins/elementor/modules/checklist/data/" "Mozilla/5.0 AppleWebKit/537.36 (KHTML, like Gecko; compatible; GPTBot/1.4; +https://openai.com/gptbot)"
74.7.227.21 - - [25/Aug/2026:14:02:08 +0000] "GET /wp-content/plugins/elementor/modules/checklist/steps/set-fonts-and-colors.php HTTP/2.0" 200 0 "https://drhyperbaric.com/wp-content/plugins/elementor/modules/checklist/steps/" "Mozilla/5.0 AppleWebKit/537.36 (KHTML, like Gecko; compatible; GPTBot/1.4; +https://openai.com/gptbot)"
216.73.216.212 - - [25/Aug/2026:14:02:08 +0000] "GET /wp-content/plugins/loginpress/css/themes/?delete=%2Fusr%2Flib64%2Flibdw.so.1 HTTP/2.0" 200 545 "-" "Mozilla/5.0 AppleWebKit/537.36 (KHTML, like Gecko; compatible; ClaudeBot/1.0; +claudebot@anthropic.com)"
74.7.227.21 - - [25/Aug/2026:14:02:08 +0000] "GET /wp-content/plugins/elementor/modules/checklist/steps/add-logo.php HTTP/2.0" 200 0 "https://drhyperbaric.com/wp-content/plugins/elementor/modules/checklist/steps/" "Mozilla/5.0 AppleWebKit/537.36 (KHTML, like Gecko; compatible; GPTBot/1.4; +https://openai.com/gptbot)"
74.7.227.21 - - [25/Aug/2026:14:02:09 +0000] "GET /wp-content/plugins/elementor/modules/checklist/steps/create-pages.php HTTP/2.0" 200 0 "https://drhyperbaric.com/wp-content/plugins/elementor/modules/checklist/steps/" "Mozilla/5.0 AppleWebKit/537.36 (KHTML, like Gecko; compatible; GPTBot/1.4; +https://openai.com/gptbot)"
