74.7.227.21 - - [25/Aug/2026:13:15:51 +0000] "GET /wp-content/plugins/essential-addons-elementor/vendor/guzzlehttp/psr7/src/Stream.php HTTP/2.0" 500 0 "https://drhyperbaric.com/wp-content/plugins/essential-addons-elementor/vendor/guzzlehttp/psr7/src/" "Mozilla/5.0 AppleWebKit/537.36 (KHTML, like Gecko; compatible; GPTBot/1.4; +https://openai.com/gptbot)"
74.7.227.21 - - [25/Aug/2026:13:15:56 +0000] "GET /wp-content/plugins/essential-addons-elementor/vendor/guzzlehttp/psr7/src/Request.php HTTP/2.0" 500 0 "https://drhyperbaric.com/wp-content/plugins/essential-addons-elementor/vendor/guzzlehttp/psr7/src/" "Mozilla/5.0 AppleWebKit/537.36 (KHTML, like Gecko; compatible; GPTBot/1.4; +https://openai.com/gptbot)"
74.7.227.21 - - [25/Aug/2026:13:16:03 +0000] "GET /wp-content/plugins/essential-addons-elementor/vendor/guzzlehttp/psr7/src/LimitStream.php HTTP/2.0" 500 0 "https://drhyperbaric.com/wp-content/plugins/essential-addons-elementor/vendor/guzzlehttp/psr7/src/" "Mozilla/5.0 AppleWebKit/537.36 (KHTML, like Gecko; compatible; GPTBot/1.4; +https://openai.com/gptbot)"
74.7.227.21 - - [25/Aug/2026:13:16:14 +0000] "GET /wp-content/plugins/essential-addons-elementor/vendor/guzzlehttp/psr7/src/NoSeekStream.php HTTP/2.0" 500 0 "https://drhyperbaric.com/wp-content/plugins/essential-addons-elementor/vendor/guzzlehttp/psr7/src/" "Mozilla/5.0 AppleWebKit/537.36 (KHTML, like Gecko; compatible; GPTBot/1.4; +https://openai.com/gptbot)"
74.7.227.21 - - [25/Aug/2026:13:16:31 +0000] "GET /wp-content/plugins/essential-addons-elementor/vendor/guzzlehttp/psr7/src/UriResolver.php HTTP/2.0" 200 0 "https://drhyperbaric.com/wp-content/plugins/essential-addons-elementor/vendor/guzzlehttp/psr7/src/" "Mozilla/5.0 AppleWebKit/537.36 (KHTML, like Gecko; compatible; GPTBot/1.4; +https://openai.com/gptbot)"
216.73.216.212 - - [25/Aug/2026:13:16:36 +0000] "GET /wp-content/uploads/2023/10/A-Deeper-Look-at-Hyperbaric-Oxygen-300x300.jpg HTTP/2.0" 200 22615 "-" "Mozilla/5.0 AppleWebKit/537.36 (KHTML, like Gecko; compatible; ClaudeBot/1.0; +claudebot@anthropic.com)"
216.73.216.212 - - [25/Aug/2026:13:16:36 +0000] "GET /wp-content/uploads/2023/10/Oxygen-Therapy-Unveiled-HBOT-Essentials-300x300.jpg HTTP/2.0" 200 20927 "-" "Mozilla/5.0 AppleWebKit/537.36 (KHTML, like Gecko; compatible; ClaudeBot/1.0; +claudebot@anthropic.com)"
216.73.216.212 - - [25/Aug/2026:13:16:36 +0000] "GET /wp-content/uploads/2023/11/Breathing-New-Life-with-Hyperbaric-Therapy-600x332.jpg HTTP/2.0" 200 41116 "-" "Mozilla/5.0 AppleWebKit/537.36 (KHTML, like Gecko; compatible; ClaudeBot/1.0; +claudebot@anthropic.com)"
216.73.216.212 - - [25/Aug/2026:13:16:36 +0000] "GET /wp-content/uploads/2024/02/Wellness-on-a-Budget-Hyperbaric-Economics-1-600x332.jpg HTTP/2.0" 200 40632 "-" "Mozilla/5.0 AppleWebKit/537.36 (KHTML, like Gecko; compatible; ClaudeBot/1.0; +claudebot@anthropic.com)"
216.73.216.212 - - [25/Aug/2026:13:16:36 +0000] "GET /wp-content/uploads/2024/03/Inflamed-No-More-Hyperbaric-Healing-Solutions-1-600x332.jpg HTTP/2.0" 200 34730 "-" "Mozilla/5.0 AppleWebKit/537.36 (KHTML, like Gecko; compatible; ClaudeBot/1.0; +claudebot@anthropic.com)"
216.73.216.212 - - [25/Aug/2026:13:16:37 +0000] "GET /wp-content/uploads/2024/05/Hyperbaric-Oxygen-A-Depression-Therapy-Option-1-150x150.jpg HTTP/2.0" 200 6916 "-" "Mozilla/5.0 AppleWebKit/537.36 (KHTML, like Gecko; compatible; ClaudeBot/1.0; +claudebot@anthropic.com)"
216.73.216.212 - - [25/Aug/2026:13:16:43 +0000] "GET /wp-content/themes/kadence/assets/images/icons/?C=S&O=A HTTP/2.0" 200 451 "-" "Mozilla/5.0 AppleWebKit/537.36 (KHTML, like Gecko; compatible; ClaudeBot/1.0; +claudebot@anthropic.com)"
216.73.216.212 - - [25/Aug/2026:13:16:43 +0000] "GET /wp-content/themes/kadence/assets/images/icons/?C=D&O=A HTTP/2.0" 200 453 "-" "Mozilla/5.0 AppleWebKit/537.36 (KHTML, like Gecko; compatible; ClaudeBot/1.0; +claudebot@anthropic.com)"
216.73.216.212 - - [25/Aug/2026:13:16:43 +0000] "GET /wp-content/themes/kadence/assets/images/icons/?C=M&O=A HTTP/2.0" 200 455 "-" "Mozilla/5.0 AppleWebKit/537.36 (KHTML, like Gecko; compatible; ClaudeBot/1.0; +claudebot@anthropic.com)"
216.73.216.212 - - [25/Aug/2026:13:16:43 +0000] "GET /wp-content/themes/kadence/assets/images/icons/?C=N&O=D HTTP/2.0" 200 450 "-" "Mozilla/5.0 AppleWebKit/537.36 (KHTML, like Gecko; compatible; ClaudeBot/1.0; +claudebot@anthropic.com)"
216.73.216.212 - - [25/Aug/2026:13:16:43 +0000] "GET /wp-content/uploads/2023/09/Who-Can-Benefit-from-the-Oxyflow-Hyperbaric-Chamber-1024x567.jpg HTTP/2.0" 304 0 "-" "Mozilla/5.0 AppleWebKit/537.36 (KHTML, like Gecko; compatible; ClaudeBot/1.0; +claudebot@anthropic.com)"
216.73.216.212 - - [25/Aug/2026:13:16:43 +0000] "GET /wp-content/uploads/2023/12/4-Person-Hyperbaric-Chamber-1.3-ATA-150x150.jpg HTTP/2.0" 200 3746 "-" "Mozilla/5.0 AppleWebKit/537.36 (KHTML, like Gecko; compatible; ClaudeBot/1.0; +claudebot@anthropic.com)"
74.7.227.21 - - [25/Aug/2026:13:16:53 +0000] "GET /wp-content/plugins/essential-addons-elementor/vendor/guzzlehttp/psr7/src/CachingStream.php HTTP/2.0" 500 0 "https://drhyperbaric.com/wp-content/plugins/essential-addons-elementor/vendor/guzzlehttp/psr7/src/" "Mozilla/5.0 AppleWebKit/537.36 (KHTML, like Gecko; compatible; GPTBot/1.4; +https://openai.com/gptbot)"
216.73.216.212 - - [25/Aug/2026:13:16:58 +0000] "GET /wp-content/uploads/2024/01/The-Potential-of-Hyperbaric-Chamber-Clinical-Trials-300x300.jpg HTTP/2.0" 200 23733 "-" "Mozilla/5.0 AppleWebKit/537.36 (KHTML, like Gecko; compatible; ClaudeBot/1.0; +claudebot@anthropic.com)"
216.73.216.212 - - [25/Aug/2026:13:16:58 +0000] "GET /wp-content/uploads/2023/09/How-Can-the-Oxyflow-Hyperbaric-Chamber-Benefit-Stroke-Survivors-100x100.jpg HTTP/2.0" 200 4654 "-" "Mozilla/5.0 AppleWebKit/537.36 (KHTML, like Gecko; compatible; ClaudeBot/1.0; +claudebot@anthropic.com)"
216.73.216.212 - - [25/Aug/2026:13:16:58 +0000] "GET /wp-content/uploads/2023/09/Is-the-Oxyflow-Hyperbaric-Chamber-Effective-for-Treating-Chronic-Fatigue-Syndrome-600x332.jpg HTTP/2.0" 200 46053 "-" "Mozilla/5.0 AppleWebKit/537.36 (KHTML, like Gecko; compatible; ClaudeBot/1.0; +claudebot@anthropic.com)"
216.73.216.212 - - [25/Aug/2026:13:16:59 +0000] "GET /wp-content/uploads/2024/03/Revitalize-Your-Skin-Hyperbaric-Chamber-Treatments-300x300.jpg HTTP/2.0" 200 19153 "-" "Mozilla/5.0 AppleWebKit/537.36 (KHTML, like Gecko; compatible; ClaudeBot/1.0; +claudebot@anthropic.com)"
216.73.216.212 - - [25/Aug/2026:13:16:59 +0000] "GET /wp-content/uploads/2023/12/Revitalize-with-Oxygen-Therapy-Chamber-Benefits-300x166.jpg HTTP/2.0" 200 13773 "-" "Mozilla/5.0 AppleWebKit/537.36 (KHTML, like Gecko; compatible; ClaudeBot/1.0; +claudebot@anthropic.com)"
216.73.216.212 - - [25/Aug/2026:13:16:59 +0000] "GET /wp-content/uploads/2024/01/Discovering-the-Power-of-Hyperbaric-Insights-1024x567.jpg HTTP/2.0" 200 85168 "-" "Mozilla/5.0 AppleWebKit/537.36 (KHTML, like Gecko; compatible; ClaudeBot/1.0; +claudebot@anthropic.com)"
74.7.227.21 - - [25/Aug/2026:13:17:09 +0000] "GET /wp-content/plugins/essential-addons-elementor/vendor/guzzlehttp/psr7/src/InflateStream.php HTTP/2.0" 500 0 "https://drhyperbaric.com/wp-content/plugins/essential-addons-elementor/vendor/guzzlehttp/psr7/src/" "Mozilla/5.0 AppleWebKit/537.36 (KHTML, like Gecko; compatible; GPTBot/1.4; +https://openai.com/gptbot)"
216.73.216.212 - - [25/Aug/2026:13:17:26 +0000] "GET /wp-content/uploads/2024/03/Buy-hyperbaric-chambers-for-wound-healing-benefits-1-300x166.jpg HTTP/2.0" 200 13658 "-" "Mozilla/5.0 AppleWebKit/537.36 (KHTML, like Gecko; compatible; ClaudeBot/1.0; +claudebot@anthropic.com)"
216.73.216.212 - - [25/Aug/2026:13:17:26 +0000] "GET /wp-content/uploads/2023/10/Explore-the-Magic-of-Hyperbaric-Oxygen-300x300.jpg HTTP/2.0" 200 23772 "-" "Mozilla/5.0 AppleWebKit/537.36 (KHTML, like Gecko; compatible; ClaudeBot/1.0; +claudebot@anthropic.com)"
216.73.216.212 - - [25/Aug/2026:13:17:26 +0000] "GET /wp-content/uploads/2023/10/Your-Journey-to-Better-Health-HBOT-150x150.jpg HTTP/2.0" 200 7854 "-" "Mozilla/5.0 AppleWebKit/537.36 (KHTML, like Gecko; compatible; ClaudeBot/1.0; +claudebot@anthropic.com)"
216.73.216.212 - - [25/Aug/2026:13:17:26 +0000] "GET /wp-content/uploads/2024/02/The-Role-of-Hyperbaric-Chambers-in-Cancer-Treatment-100x100.jpg HTTP/2.0" 200 4048 "-" "Mozilla/5.0 AppleWebKit/537.36 (KHTML, like Gecko; compatible; ClaudeBot/1.0; +claudebot@anthropic.com)"
216.73.216.212 - - [25/Aug/2026:13:17:27 +0000] "GET /wp-content/uploads/2024/03/Benefits-reviews-Hyperbaric-Chambers-for-Wound-Healing-300x300.jpg HTTP/2.0" 200 21442 "-" "Mozilla/5.0 AppleWebKit/537.36 (KHTML, like Gecko; compatible; ClaudeBot/1.0; +claudebot@anthropic.com)"
216.73.216.212 - - [25/Aug/2026:13:17:30 +0000] "GET /wp-content/uploads/2024/03/Hyperbaric-chamber-healing-benefits-for-wounds-1024x567.jpg HTTP/2.0" 200 82396 "-" "Mozilla/5.0 AppleWebKit/537.36 (KHTML, like Gecko; compatible; ClaudeBot/1.0; +claudebot@anthropic.com)"
216.73.216.212 - - [25/Aug/2026:13:17:30 +0000] "GET /wp-content/uploads/2024/05/Innovative-Depression-Treatments-Hyperbaric-Oxygen-Therapy-1-1-600x332.jpg HTTP/2.0" 200 38486 "-" "Mozilla/5.0 AppleWebKit/537.36 (KHTML, like Gecko; compatible; ClaudeBot/1.0; +claudebot@anthropic.com)"
216.73.216.212 - - [25/Aug/2026:13:17:30 +0000] "GET /wp-content/uploads/2024/05/Innovative-Depression-Treatments-Hyperbaric-Oxygen-Therapy-1-1-768x425.jpg HTTP/2.0" 200 55594 "-" "Mozilla/5.0 AppleWebKit/537.36 (KHTML, like Gecko; compatible; ClaudeBot/1.0; +claudebot@anthropic.com)"
216.73.216.212 - - [25/Aug/2026:13:17:30 +0000] "GET /wp-content/uploads/2024/05/Innovative-Depression-Treatments-Hyperbaric-Oxygen-Therapy-1-1-150x150.jpg HTTP/2.0" 200 7367 "-" "Mozilla/5.0 AppleWebKit/537.36 (KHTML, like Gecko; compatible; ClaudeBot/1.0; +claudebot@anthropic.com)"
216.73.216.212 - - [25/Aug/2026:13:17:30 +0000] "GET /wp-content/uploads/2023/10/Your-Journey-to-Better-Health-HBOT-600x332.jpg HTTP/2.0" 200 39850 "-" "Mozilla/5.0 AppleWebKit/537.36 (KHTML, like Gecko; compatible; ClaudeBot/1.0; +claudebot@anthropic.com)"
74.7.227.21 - - [25/Aug/2026:13:17:31 +0000] "GET /wp-content/plugins/essential-addons-elementor/vendor/guzzlehttp/psr7/src/MessageTrait.php HTTP/2.0" 200 0 "https://drhyperbaric.com/wp-content/plugins/essential-addons-elementor/vendor/guzzlehttp/psr7/src/" "Mozilla/5.0 AppleWebKit/537.36 (KHTML, like Gecko; compatible; GPTBot/1.4; +https://openai.com/gptbot)"
54.235.125.129 - - [25/Aug/2026:13:17:44 +0000] "GET /wp-content/plugins/essential-blocks/includes/API/PostBlock.php HTTP/2.0" 404 265 "-" "Mozilla/5.0 AppleWebKit/537.36 (KHTML, like Gecko; compatible; Amazonbot/0.1; +https://developer.amazon.com/support/amazonbot) Chrome/119.0.6045.214 Safari/537.36"
74.7.227.21 - - [25/Aug/2026:13:17:52 +0000] "GET /wp-content/plugins/essential-addons-elementor/vendor/guzzlehttp/psr7/src/UriNormalizer.php HTTP/2.0" 200 0 "https://drhyperbaric.com/wp-content/plugins/essential-addons-elementor/vendor/guzzlehttp/psr7/src/" "Mozilla/5.0 AppleWebKit/537.36 (KHTML, like Gecko; compatible; GPTBot/1.4; +https://openai.com/gptbot)"
216.73.216.212 - - [25/Aug/2026:13:17:55 +0000] "GET /wp-content/uploads/2023/09/Can-Hyperbaric-Oxygen-Therapy-with-Oxyflow-Aid-in-Detoxification-1024x567.jpg HTTP/2.0" 200 88026 "-" "Mozilla/5.0 AppleWebKit/537.36 (KHTML, like Gecko; compatible; ClaudeBot/1.0; +claudebot@anthropic.com)"
216.73.216.212 - - [25/Aug/2026:13:17:55 +0000] "GET /wp-content/uploads/2023/12/The-Breath-of-Wellness-Hyperbaric-Revelations-100x100.jpg HTTP/2.0" 200 4286 "-" "Mozilla/5.0 AppleWebKit/537.36 (KHTML, like Gecko; compatible; ClaudeBot/1.0; +claudebot@anthropic.com)"
216.73.216.212 - - [25/Aug/2026:13:17:56 +0000] "GET /wp-content/uploads/2024/03/Benefits-reviews-Hyperbaric-Chambers-for-Wound-Healing-1-300x166.jpg HTTP/2.0" 200 13930 "-" "Mozilla/5.0 AppleWebKit/537.36 (KHTML, like Gecko; compatible; ClaudeBot/1.0; +claudebot@anthropic.com)"
216.73.216.212 - - [25/Aug/2026:13:17:56 +0000] "GET /wp-content/uploads/2024/02/The-Role-of-Hyperbaric-Chambers-in-Cancer-Treatment-1024x567.jpg HTTP/2.0" 200 82347 "-" "Mozilla/5.0 AppleWebKit/537.36 (KHTML, like Gecko; compatible; ClaudeBot/1.0; +claudebot@anthropic.com)"
216.73.216.212 - - [25/Aug/2026:13:17:56 +0000] "GET /wp-content/uploads/2024/05/Hyperbaric-Chambers-Aiding-Stroke-Rehabilitation-Efforts-1-300x166.jpg HTTP/2.0" 200 12687 "-" "Mozilla/5.0 AppleWebKit/537.36 (KHTML, like Gecko; compatible; ClaudeBot/1.0; +claudebot@anthropic.com)"
74.7.227.21 - - [25/Aug/2026:13:18:10 +0000] "GET /wp-content/plugins/essential-addons-elementor/vendor/guzzlehttp/psr7/src/PumpStream.php HTTP/2.0" 500 0 "https://drhyperbaric.com/wp-content/plugins/essential-addons-elementor/vendor/guzzlehttp/psr7/src/" "Mozilla/5.0 AppleWebKit/537.36 (KHTML, like Gecko; compatible; GPTBot/1.4; +https://openai.com/gptbot)"
2a03:2880:f806:38:: - - [25/Aug/2026:13:18:14 +0000] "GET /a=127852228 HTTP/2.0" 404 265 "-" "Mozilla/5.0 (Windows NT 10.0; Win64; x64) AppleWebKit/537.36 (KHTML, like Gecko) Chrome/145.0.0.0 Safari/537.36 (compatible; meta-externalagent/1.1 (+https://developers.facebook.com/docs/sharing/webmasters/crawler))"
74.7.227.21 - - [25/Aug/2026:13:18:23 +0000] "GET /wp-content/plugins/essential-addons-elementor/vendor/guzzlehttp/psr7/src/UploadedFile.php HTTP/2.0" 500 0 "https://drhyperbaric.com/wp-content/plugins/essential-addons-elementor/vendor/guzzlehttp/psr7/src/" "Mozilla/5.0 AppleWebKit/537.36 (KHTML, like Gecko; compatible; GPTBot/1.4; +https://openai.com/gptbot)"
74.7.227.21 - - [25/Aug/2026:13:18:42 +0000] "GET /wp-content/plugins/essential-addons-elementor/vendor/guzzlehttp/psr7/src/BufferStream.php HTTP/2.0" 500 0 "https://drhyperbaric.com/wp-content/plugins/essential-addons-elementor/vendor/guzzlehttp/psr7/src/" "Mozilla/5.0 AppleWebKit/537.36 (KHTML, like Gecko; compatible; GPTBot/1.4; +https://openai.com/gptbot)"
216.73.216.212 - - [25/Aug/2026:13:18:57 +0000] "GET /wp-content/uploads/2024/01/The-Benefits-of-Hyperbaric-Chambers-for-Skin-Conditions-150x150.jpg HTTP/2.0" 200 7530 "-" "Mozilla/5.0 AppleWebKit/537.36 (KHTML, like Gecko; compatible; ClaudeBot/1.0; +claudebot@anthropic.com)"
216.73.216.212 - - [25/Aug/2026:13:18:57 +0000] "GET /wp-content/uploads/2023/09/The-Oxyflow-Hyperbaric-Chamber-on-the-Different-Pressure-Settings-300x300.jpg HTTP/2.0" 200 24860 "-" "Mozilla/5.0 AppleWebKit/537.36 (KHTML, like Gecko; compatible; ClaudeBot/1.0; +claudebot@anthropic.com)"
216.73.216.212 - - [25/Aug/2026:13:18:57 +0000] "GET /wp-content/uploads/2023/12/The-Breath-of-Wellness-Hyperbaric-Revelations-1024x567.jpg HTTP/2.0" 200 90871 "-" "Mozilla/5.0 AppleWebKit/537.36 (KHTML, like Gecko; compatible; ClaudeBot/1.0; +claudebot@anthropic.com)"
216.73.216.212 - - [25/Aug/2026:13:18:57 +0000] "GET /wp-content/uploads/2023/09/What-Conditions-Can-the-Oxyflow-Hyperbaric-Chamber-Treat-300x300.jpg HTTP/2.0" 200 25563 "-" "Mozilla/5.0 AppleWebKit/537.36 (KHTML, like Gecko; compatible; ClaudeBot/1.0; +claudebot@anthropic.com)"
216.73.216.212 - - [25/Aug/2026:13:18:57 +0000] "GET /wp-content/uploads/2024/01/The-Benefits-of-Hyperbaric-Chambers-for-Skin-Conditions-768x425.jpg HTTP/2.0" 200 55946 "-" "Mozilla/5.0 AppleWebKit/537.36 (KHTML, like Gecko; compatible; ClaudeBot/1.0; +claudebot@anthropic.com)"
216.73.216.212 - - [25/Aug/2026:13:19:00 +0000] "GET /wp-content/uploads/2024/02/Healing-Journey-Hyperbaric-Chamber-Clinical-Trial-Perspectives-1-100x100.jpg HTTP/2.0" 200 3756 "-" "Mozilla/5.0 AppleWebKit/537.36 (KHTML, like Gecko; compatible; ClaudeBot/1.0; +claudebot@anthropic.com)"
216.73.216.212 - - [25/Aug/2026:13:19:00 +0000] "GET /wp-content/uploads/2024/02/Investments-Healing-Hyperbaric-Oxygen-and-Finances-1-300x166.jpg HTTP/2.0" 200 13089 "-" "Mozilla/5.0 AppleWebKit/537.36 (KHTML, like Gecko; compatible; ClaudeBot/1.0; +claudebot@anthropic.com)"
216.73.216.212 - - [25/Aug/2026:13:19:01 +0000] "GET /wp-content/uploads/2024/01/The-Benefits-of-Hyperbaric-Chambers-for-Skin-Conditions-600x332.jpg HTTP/2.0" 200 38762 "-" "Mozilla/5.0 AppleWebKit/537.36 (KHTML, like Gecko; compatible; ClaudeBot/1.0; +claudebot@anthropic.com)"
216.73.216.212 - - [25/Aug/2026:13:19:01 +0000] "GET /wp-content/uploads/2024/01/Discovering-the-Power-of-Hyperbaric-Insights-768x425.jpg HTTP/2.0" 200 55890 "-" "Mozilla/5.0 AppleWebKit/537.36 (KHTML, like Gecko; compatible; ClaudeBot/1.0; +claudebot@anthropic.com)"
216.73.216.212 - - [25/Aug/2026:13:19:01 +0000] "GET /wp-content/uploads/2024/11/Multiplace-chamber_shutterstock_2206781515_-768x432.jpg HTTP/2.0" 200 33787 "-" "Mozilla/5.0 AppleWebKit/537.36 (KHTML, like Gecko; compatible; ClaudeBot/1.0; +claudebot@anthropic.com)"
74.7.227.21 - - [25/Aug/2026:13:19:03 +0000] "GET /wp-content/plugins/essential-addons-elementor/vendor/guzzlehttp/psr7/src/LazyOpenStream.php HTTP/2.0" 500 0 "https://drhyperbaric.com/wp-content/plugins/essential-addons-elementor/vendor/guzzlehttp/psr7/src/" "Mozilla/5.0 AppleWebKit/537.36 (KHTML, like Gecko; compatible; GPTBot/1.4; +https://openai.com/gptbot)"
216.73.216.212 - - [25/Aug/2026:13:19:04 +0000] "GET /wp-content/uploads/2024/01/Hyperbaric-Oxygen-Chamber-36-inch-Diameter-2-ATA-300x300.jpg HTTP/2.0" 200 6219 "-" "Mozilla/5.0 AppleWebKit/537.36 (KHTML, like Gecko; compatible; ClaudeBot/1.0; +claudebot@anthropic.com)"
216.73.216.212 - - [25/Aug/2026:13:19:04 +0000] "GET /wp-content/uploads/2024/05/Hyperbaric-Chambers-Aiding-Stroke-Rehabilitation-Efforts.-1-1-100x100.jpg HTTP/2.0" 200 4240 "-" "Mozilla/5.0 AppleWebKit/537.36 (KHTML, like Gecko; compatible; ClaudeBot/1.0; +claudebot@anthropic.com)"
216.73.216.212 - - [25/Aug/2026:13:19:04 +0000] "GET /wp-content/uploads/2024/01/Discovering-the-Power-of-Hyperbaric-Insights-150x150.jpg HTTP/2.0" 200 7722 "-" "Mozilla/5.0 AppleWebKit/537.36 (KHTML, like Gecko; compatible; ClaudeBot/1.0; +claudebot@anthropic.com)"
216.73.216.212 - - [25/Aug/2026:13:19:04 +0000] "GET /wp-content/uploads/2024/03/Hyperbaric-chambers-for-wound-care-benefits-1-1-100x100.jpg HTTP/2.0" 200 4353 "-" "Mozilla/5.0 AppleWebKit/537.36 (KHTML, like Gecko; compatible; ClaudeBot/1.0; +claudebot@anthropic.com)"
216.73.216.212 - - [25/Aug/2026:13:19:05 +0000] "GET /wp-content/uploads/2024/03/Revitalize-Your-Skin-Hyperbaric-Chamber-Treatments-1-300x166.jpg HTTP/2.0" 200 12165 "-" "Mozilla/5.0 AppleWebKit/537.36 (KHTML, like Gecko; compatible; ClaudeBot/1.0; +claudebot@anthropic.com)"
2a03:2880:f806:1e:: - - [25/Aug/2026:13:19:13 +0000] "GET /?r5e2s5e1i4z2e89370 HTTP/2.0" 200 435 "-" "Mozilla/5.0 (Macintosh; Intel Mac OS X 10_15_7) AppleWebKit/537.36 (KHTML, like Gecko) Chrome/145.0.0.0 Safari/537.36 (compatible; meta-externalagent/1.1 (+https://developers.facebook.com/docs/sharing/webmasters/crawler))"
66.249.64.4 - - [25/Aug/2026:13:19:18 +0000] "GET /2024/11/16/free-bonus-sign-up-casino/ HTTP/2.0" 404 265 "-" "Mozilla/5.0 (Linux; Android 6.0.1; Nexus 5X Build/MMB29P) AppleWebKit/537.36 (KHTML, like Gecko) Chrome/151.0.7922.137 Mobile Safari/537.36 (compatible; Googlebot/2.1; +http://www.google.com/bot.html)"
66.249.64.6 - - [25/Aug/2026:13:19:18 +0000] "GET /robots.txt HTTP/2.0" 404 265 "-" "Mozilla/5.0 (compatible; Googlebot/2.1; +http://www.google.com/bot.html)"
74.7.227.21 - - [25/Aug/2026:13:19:25 +0000] "GET /wp-content/plugins/essential-addons-elementor/vendor/guzzlehttp/psr7/src/Uri.php HTTP/2.0" 500 0 "https://drhyperbaric.com/wp-content/plugins/essential-addons-elementor/vendor/guzzlehttp/psr7/src/" "Mozilla/5.0 AppleWebKit/537.36 (KHTML, like Gecko; compatible; GPTBot/1.4; +https://openai.com/gptbot)"
216.73.216.212 - - [25/Aug/2026:13:19:36 +0000] "GET /wp-content/uploads/2023/09/Does-Hyperbaric-Oxygen-Therapy-Improve-Sleep-Quality-with-Oxyflow-300x300.jpg HTTP/2.0" 200 24969 "-" "Mozilla/5.0 AppleWebKit/537.36 (KHTML, like Gecko; compatible; ClaudeBot/1.0; +claudebot@anthropic.com)"
216.73.216.212 - - [25/Aug/2026:13:19:36 +0000] "GET /wp-content/uploads/2023/12/The-Breath-of-Wellness-Hyperbaric-Revelations-300x166.jpg HTTP/2.0" 200 14978 "-" "Mozilla/5.0 AppleWebKit/537.36 (KHTML, like Gecko; compatible; ClaudeBot/1.0; +claudebot@anthropic.com)"
216.73.216.212 - - [25/Aug/2026:13:19:37 +0000] "GET /wp-content/uploads/2024/02/The-Role-of-Hyperbaric-Chambers-in-Cancer-Treatment-300x166.jpg HTTP/2.0" 200 12611 "-" "Mozilla/5.0 AppleWebKit/537.36 (KHTML, like Gecko; compatible; ClaudeBot/1.0; +claudebot@anthropic.com)"
216.73.216.212 - - [25/Aug/2026:13:19:37 +0000] "GET /wp-content/uploads/2024/11/How-Multiplace-Hard-Shell-Oxygen-Chambers-Improve-Healing-and-Health_Vr-2_1_Vr2-1536x1536.jpg HTTP/2.0" 200 279398 "-" "Mozilla/5.0 AppleWebKit/537.36 (KHTML, like Gecko; compatible; ClaudeBot/1.0; +claudebot@anthropic.com)"
2a03:2880:f806:33:: - - [25/Aug/2026:13:19:37 +0000] "GET /?t7a1b6i9d5n0e3s8s162 HTTP/2.0" 200 435 "-" "Mozilla/5.0 (Windows NT 10.0; Win64; x64) AppleWebKit/537.36 (KHTML, like Gecko) Chrome/145.0.0.0 Safari/537.36 (compatible; meta-externalagent/1.1 (+https://developers.facebook.com/docs/sharing/webmasters/crawler))"
74.7.227.21 - - [25/Aug/2026:13:19:45 +0000] "GET /wp-content/plugins/essential-addons-elementor/includes/Template/Post-List/advanced.php HTTP/2.0" 200 0 "https://drhyperbaric.com/wp-content/plugins/essential-addons-elementor/includes/Template/Post-List/" "Mozilla/5.0 AppleWebKit/537.36 (KHTML, like Gecko; compatible; GPTBot/1.4; +https://openai.com/gptbot)"
2a03:2880:f806:3e:: - - [25/Aug/2026:13:20:05 +0000] "GET /?a2s3c3e0r7t4a1i0n0a5b6leness HTTP/2.0" 200 435 "-" "Mozilla/5.0 (Windows NT 10.0; Win64; x64) AppleWebKit/537.36 (KHTML, like Gecko) Chrome/145.0.0.0 Safari/537.36 (compatible; meta-externalagent/1.1 (+https://developers.facebook.com/docs/sharing/webmasters/crawler))"
74.7.227.21 - - [25/Aug/2026:13:20:06 +0000] "GET /wp-content/plugins/essential-addons-elementor/includes/Template/Post-Block/ HTTP/2.0" 200 426 "https://drhyperbaric.com/wp-content/plugins/essential-addons-elementor/includes/Template/" "Mozilla/5.0 AppleWebKit/537.36 (KHTML, like Gecko; compatible; GPTBot/1.4; +https://openai.com/gptbot)"
74.7.227.21 - - [25/Aug/2026:13:20:24 +0000] "GET /wp-content/plugins/essential-addons-elementor/includes/Template/Post-Carousel/ HTTP/2.0" 200 428 "https://drhyperbaric.com/wp-content/plugins/essential-addons-elementor/includes/Template/" "Mozilla/5.0 AppleWebKit/537.36 (KHTML, like Gecko; compatible; GPTBot/1.4; +https://openai.com/gptbot)"
74.7.227.21 - - [25/Aug/2026:13:20:37 +0000] "GET /wp-content/themes/twentytwentythree/assets/fonts/inter/ HTTP/2.0" 200 455 "https://drhyperbaric.com/wp-content/themes/twentytwentythree/assets/fonts/" "Mozilla/5.0 AppleWebKit/537.36 (KHTML, like Gecko; compatible; GPTBot/1.4; +https://openai.com/gptbot)"
2a03:2880:f806:38:: - - [25/Aug/2026:13:20:42 +0000] "GET /?b2i7a4u2r5i7c9u7l3a6te HTTP/2.0" 200 435 "-" "Mozilla/5.0 (Windows NT 10.0; Win64; x64) AppleWebKit/537.36 (KHTML, like Gecko) Chrome/145.0.0.0 Safari/537.36 (compatible; meta-externalagent/1.1 (+https://developers.facebook.com/docs/sharing/webmasters/crawler))"
74.7.227.21 - - [25/Aug/2026:13:20:48 +0000] "GET /wp-content/themes/twentytwentyfour/patterns/template-home-blogging.php HTTP/2.0" 200 283 "https://drhyperbaric.com/wp-content/themes/twentytwentyfour/patterns/" "Mozilla/5.0 AppleWebKit/537.36 (KHTML, like Gecko; compatible; GPTBot/1.4; +https://openai.com/gptbot)"
74.7.227.21 - - [25/Aug/2026:13:20:57 +0000] "GET /wp-content/plugins/essential-addons-elementor/vendor/composer/installed.json HTTP/2.0" 200 4736 "https://drhyperbaric.com/wp-content/plugins/essential-addons-elementor/vendor/composer/" "Mozilla/5.0 AppleWebKit/537.36 (KHTML, like Gecko; compatible; GPTBot/1.4; +https://openai.com/gptbot)"
2a03:2880:f806:27:: - - [25/Aug/2026:13:20:59 +0000] "GET /?b2a1n5a2n3a899905 HTTP/2.0" 200 435 "-" "Mozilla/5.0 (Macintosh; Intel Mac OS X 10_15_7) AppleWebKit/537.36 (KHTML, like Gecko) Chrome/145.0.0.0 Safari/537.36 (compatible; meta-externalagent/1.1 (+https://developers.facebook.com/docs/sharing/webmasters/crawler))"
74.7.227.21 - - [25/Aug/2026:13:21:03 +0000] "GET /wp-content/themes/twentytwentyfour/assets/fonts/cardo/cardo_normal_400.woff2 HTTP/2.0" 200 146060 "https://drhyperbaric.com/wp-content/themes/twentytwentyfour/assets/fonts/cardo/" "Mozilla/5.0 AppleWebKit/537.36 (KHTML, like Gecko; compatible; GPTBot/1.4; +https://openai.com/gptbot)"
46.32.198.234 - - [25/Aug/2026:13:21:08 +0000] "GET /a=182155309 HTTP/2.0" 404 265 "-" "Mozilla/5.0 (Macintosh; Intel Mac OS X 11.1; rv:135.0) Gecko/20100101 Firefox/135.0"
74.7.227.21 - - [25/Aug/2026:13:21:09 +0000] "GET /wp-content/themes/twentytwentytwo/inc/ HTTP/2.0" 200 388 "https://drhyperbaric.com/wp-content/themes/twentytwentytwo/" "Mozilla/5.0 AppleWebKit/537.36 (KHTML, like Gecko; compatible; GPTBot/1.4; +https://openai.com/gptbot)"
74.7.227.21 - - [25/Aug/2026:13:21:14 +0000] "GET /wp-content/plugins/essential-addons-for-elementor-lite/assets/front-end/ HTTP/2.0" 200 0 "https://drhyperbaric.com/wp-content/plugins/essential-addons-for-elementor-lite/assets/" "Mozilla/5.0 AppleWebKit/537.36 (KHTML, like Gecko; compatible; GPTBot/1.4; +https://openai.com/gptbot)"
74.7.227.21 - - [25/Aug/2026:13:21:17 +0000] "GET /wp-content/plugins/essential-addons-elementor/src/ HTTP/2.0" 200 407 "https://drhyperbaric.com/wp-content/plugins/essential-addons-elementor/" "Mozilla/5.0 AppleWebKit/537.36 (KHTML, like Gecko; compatible; GPTBot/1.4; +https://openai.com/gptbot)"
2a03:2880:f806:12:: - - [25/Aug/2026:13:21:19 +0000] "GET /?e3n2t2r8a8n4c5e6m6e7nt HTTP/2.0" 200 435 "-" "Mozilla/5.0 (Windows NT 10.0; Win64; x64) AppleWebKit/537.36 (KHTML, like Gecko) Chrome/145.0.0.0 Safari/537.36 (compatible; meta-externalagent/1.1 (+https://developers.facebook.com/docs/sharing/webmasters/crawler))"
74.7.227.21 - - [25/Aug/2026:13:21:20 +0000] "GET /wp-content/plugins/essential-addons-elementor/includes/Classes/License/ HTTP/2.0" 200 514 "https://drhyperbaric.com/wp-content/plugins/essential-addons-elementor/includes/Classes/" "Mozilla/5.0 AppleWebKit/537.36 (KHTML, like Gecko; compatible; GPTBot/1.4; +https://openai.com/gptbot)"
74.7.227.21 - - [25/Aug/2026:13:21:22 +0000] "GET /wp-content/themes/twentytwentytwo/assets/fonts/ HTTP/2.0" 200 452 "https://drhyperbaric.com/wp-content/themes/twentytwentytwo/assets/" "Mozilla/5.0 AppleWebKit/537.36 (KHTML, like Gecko; compatible; GPTBot/1.4; +https://openai.com/gptbot)"
74.7.227.21 - - [25/Aug/2026:13:21:24 +0000] "GET /?sitemap929.xml HTTP/2.0" 200 435 "-" "Mozilla/5.0 AppleWebKit/537.36 (KHTML, like Gecko; compatible; GPTBot/1.4; +https://openai.com/gptbot)"
74.7.227.21 - - [25/Aug/2026:13:21:25 +0000] "GET /wp-content/themes/twentytwentyfour/patterns/template-home-business.php HTTP/2.0" 200 246 "https://drhyperbaric.com/wp-content/themes/twentytwentyfour/patterns/" "Mozilla/5.0 AppleWebKit/537.36 (KHTML, like Gecko; compatible; GPTBot/1.4; +https://openai.com/gptbot)"
74.7.227.21 - - [25/Aug/2026:13:21:27 +0000] "GET /wp-content/themes/twentytwentythree/assets/fonts/inter/Inter-VariableFont_slnt,wght.ttf HTTP/2.0" 200 803384 "https://drhyperbaric.com/wp-content/themes/twentytwentythree/assets/fonts/inter/" "Mozilla/5.0 AppleWebKit/537.36 (KHTML, like Gecko; compatible; GPTBot/1.4; +https://openai.com/gptbot)"
74.7.227.21 - - [25/Aug/2026:13:21:28 +0000] "GET /wp-content/plugins/essential-addons-elementor/vendor/google/auth/src/ApplicationDefaultCredentials.php HTTP/2.0" 200 0 "https://drhyperbaric.com/wp-content/plugins/essential-addons-elementor/vendor/google/auth/src/" "Mozilla/5.0 AppleWebKit/537.36 (KHTML, like Gecko; compatible; GPTBot/1.4; +https://openai.com/gptbot)"
74.7.227.21 - - [25/Aug/2026:13:21:28 +0000] "GET /wp-content/themes/twentytwentyfive/patterns/contact-info-locations.php HTTP/2.0" 200 298 "https://drhyperbaric.com/wp-content/themes/twentytwentyfive/patterns/" "Mozilla/5.0 AppleWebKit/537.36 (KHTML, like Gecko; compatible; GPTBot/1.4; +https://openai.com/gptbot)"
74.7.227.21 - - [25/Aug/2026:13:21:29 +0000] "GET /wp-content/themes/twentytwentytwo/parts/ HTTP/2.0" 200 351 "https://drhyperbaric.com/wp-content/themes/twentytwentytwo/" "Mozilla/5.0 AppleWebKit/537.36 (KHTML, like Gecko; compatible; GPTBot/1.4; +https://openai.com/gptbot)"
74.7.227.21 - - [25/Aug/2026:13:21:29 +0000] "GET /wp-content/themes/twentytwentytwo/inc/patterns/ HTTP/2.0" 200 1189 "https://drhyperbaric.com/wp-content/themes/twentytwentytwo/inc/" "Mozilla/5.0 AppleWebKit/537.36 (KHTML, like Gecko; compatible; GPTBot/1.4; +https://openai.com/gptbot)"
74.7.227.21 - - [25/Aug/2026:13:21:30 +0000] "GET /wp-content/themes/twentytwentyfive/patterns/template-404-vertical-header-blog.php HTTP/2.0" 200 503 "https://drhyperbaric.com/wp-content/themes/twentytwentyfive/patterns/" "Mozilla/5.0 AppleWebKit/537.36 (KHTML, like Gecko; compatible; GPTBot/1.4; +https://openai.com/gptbot)"
74.7.227.21 - - [25/Aug/2026:13:21:31 +0000] "GET /wp-admin/includes/576376/ HTTP/2.0" 200 381 "https://drhyperbaric.com/wp-admin/includes/" "Mozilla/5.0 AppleWebKit/537.36 (KHTML, like Gecko; compatible; GPTBot/1.4; +https://openai.com/gptbot)"
74.7.227.21 - - [25/Aug/2026:13:21:31 +0000] "GET /wp-content/plugins/essential-addons-elementor/includes/Classes/License/Contracts/ HTTP/2.0" 200 430 "https://drhyperbaric.com/wp-content/plugins/essential-addons-elementor/includes/Classes/License/" "Mozilla/5.0 AppleWebKit/537.36 (KHTML, like Gecko; compatible; GPTBot/1.4; +https://openai.com/gptbot)"
74.7.227.21 - - [25/Aug/2026:13:21:32 +0000] "GET /wp-content/plugins/essential-addons-elementor/includes/Classes/License/LicenseManager.php HTTP/2.0" 200 0 "https://drhyperbaric.com/wp-content/plugins/essential-addons-elementor/includes/Classes/License/" "Mozilla/5.0 AppleWebKit/537.36 (KHTML, like Gecko; compatible; GPTBot/1.4; +https://openai.com/gptbot)"
74.7.227.21 - - [25/Aug/2026:13:21:32 +0000] "GET /wp-content/themes/twentytwentytwo/assets/fonts/inter/ HTTP/2.0" 200 358 "https://drhyperbaric.com/wp-content/themes/twentytwentytwo/assets/fonts/" "Mozilla/5.0 AppleWebKit/537.36 (KHTML, like Gecko; compatible; GPTBot/1.4; +https://openai.com/gptbot)"
74.7.227.21 - - [25/Aug/2026:13:21:33 +0000] "GET /wp-content/plugins/essential-addons-elementor/includes/Classes/License/AJAXApi.php HTTP/2.0" 200 0 "https://drhyperbaric.com/wp-content/plugins/essential-addons-elementor/includes/Classes/License/" "Mozilla/5.0 AppleWebKit/537.36 (KHTML, like Gecko; compatible; GPTBot/1.4; +https://openai.com/gptbot)"
74.7.227.21 - - [25/Aug/2026:13:21:33 +0000] "GET /wp-content/themes/twentytwentythree/assets/fonts/source-serif-pro/LICENSE.md HTTP/2.0" 200 4580 "https://drhyperbaric.com/wp-content/themes/twentytwentythree/assets/fonts/source-serif-pro/" "Mozilla/5.0 AppleWebKit/537.36 (KHTML, like Gecko; compatible; GPTBot/1.4; +https://openai.com/gptbot)"
74.7.227.21 - - [25/Aug/2026:13:21:34 +0000] "GET /wp-content/themes/twentytwentythree/parts/footer.html HTTP/2.0" 200 65 "https://drhyperbaric.com/wp-content/themes/twentytwentythree/parts/" "Mozilla/5.0 AppleWebKit/537.36 (KHTML, like Gecko; compatible; GPTBot/1.4; +https://openai.com/gptbot)"
74.7.227.21 - - [25/Aug/2026:13:21:34 +0000] "GET /wp-content/themes/twentytwentythree/parts/header.html HTTP/2.0" 200 318 "https://drhyperbaric.com/wp-content/themes/twentytwentythree/parts/" "Mozilla/5.0 AppleWebKit/537.36 (KHTML, like Gecko; compatible; GPTBot/1.4; +https://openai.com/gptbot)"
74.7.227.21 - - [25/Aug/2026:13:21:35 +0000] "GET /wp-content/themes/twentytwentyfive/assets/images/malibu-plantlife.webp HTTP/2.0" 200 5194 "https://drhyperbaric.com/wp-content/themes/twentytwentyfive/assets/images/" "Mozilla/5.0 AppleWebKit/537.36 (KHTML, like Gecko; compatible; GPTBot/1.4; +https://openai.com/gptbot)"
74.7.227.21 - - [25/Aug/2026:13:21:35 +0000] "GET /wp-content/themes/twentytwentytwo/inc/patterns/header-title-navigation-social.php HTTP/2.0" 500 0 "https://drhyperbaric.com/wp-content/themes/twentytwentytwo/inc/patterns/" "Mozilla/5.0 AppleWebKit/537.36 (KHTML, like Gecko; compatible; GPTBot/1.4; +https://openai.com/gptbot)"
74.7.227.21 - - [25/Aug/2026:13:21:36 +0000] "GET /wp-content/themes/twentytwentytwo/inc/patterns/page-about-large-image-and-buttons.php HTTP/2.0" 500 0 "https://drhyperbaric.com/wp-content/themes/twentytwentytwo/inc/patterns/" "Mozilla/5.0 AppleWebKit/537.36 (KHTML, like Gecko; compatible; GPTBot/1.4; +https://openai.com/gptbot)"
74.7.227.21 - - [25/Aug/2026:13:21:37 +0000] "GET /wp-content/themes/twentytwentytwo/inc/patterns/page-layout-image-and-text.php HTTP/2.0" 500 0 "https://drhyperbaric.com/wp-content/themes/twentytwentytwo/inc/patterns/" "Mozilla/5.0 AppleWebKit/537.36 (KHTML, like Gecko; compatible; GPTBot/1.4; +https://openai.com/gptbot)"
74.7.227.21 - - [25/Aug/2026:13:21:38 +0000] "GET /wp-content/themes/twentytwentytwo/inc/patterns/header-text-only-with-tagline-black-background.php HTTP/2.0" 500 0 "https://drhyperbaric.com/wp-content/themes/twentytwentytwo/inc/patterns/" "Mozilla/5.0 AppleWebKit/537.36 (KHTML, like Gecko; compatible; GPTBot/1.4; +https://openai.com/gptbot)"
74.7.227.21 - - [25/Aug/2026:13:21:40 +0000] "GET /wp-content/plugins/essential-addons-elementor/includes/Classes/License/Contracts/ApiAdapter.php HTTP/2.0" 200 0 "https://drhyperbaric.com/wp-content/plugins/essential-addons-elementor/includes/Classes/License/Contracts/" "Mozilla/5.0 AppleWebKit/537.36 (KHTML, like Gecko; compatible; GPTBot/1.4; +https://openai.com/gptbot)"
74.7.227.21 - - [25/Aug/2026:13:21:42 +0000] "GET /wp-content/themes/twentytwentytwo/inc/patterns/page-about-links-dark.php HTTP/2.0" 500 0 "https://drhyperbaric.com/wp-content/themes/twentytwentytwo/inc/patterns/" "Mozilla/5.0 AppleWebKit/537.36 (KHTML, like Gecko; compatible; GPTBot/1.4; +https://openai.com/gptbot)"
74.7.227.21 - - [25/Aug/2026:13:21:44 +0000] "GET /wp-content/themes/twentytwentytwo/inc/patterns/page-about-solid-color.php HTTP/2.0" 500 0 "https://drhyperbaric.com/wp-content/themes/twentytwentytwo/inc/patterns/" "Mozilla/5.0 AppleWebKit/537.36 (KHTML, like Gecko; compatible; GPTBot/1.4; +https://openai.com/gptbot)"
74.7.227.21 - - [25/Aug/2026:13:21:47 +0000] "GET /wp-content/themes/twentytwentytwo/inc/patterns/page-about-media-left.php HTTP/2.0" 500 0 "https://drhyperbaric.com/wp-content/themes/twentytwentytwo/inc/patterns/" "Mozilla/5.0 AppleWebKit/537.36 (KHTML, like Gecko; compatible; GPTBot/1.4; +https://openai.com/gptbot)"
74.7.227.21 - - [25/Aug/2026:13:21:52 +0000] "GET /wp-content/themes/twentytwentytwo/inc/patterns/page-about-media-right.php HTTP/2.0" 500 0 "https://drhyperbaric.com/wp-content/themes/twentytwentytwo/inc/patterns/" "Mozilla/5.0 AppleWebKit/537.36 (KHTML, like Gecko; compatible; GPTBot/1.4; +https://openai.com/gptbot)"
74.7.227.21 - - [25/Aug/2026:13:21:59 +0000] "GET /wp-content/themes/twentytwentytwo/inc/patterns/page-about-simple-dark.php HTTP/2.0" 500 0 "https://drhyperbaric.com/wp-content/themes/twentytwentytwo/inc/patterns/" "Mozilla/5.0 AppleWebKit/537.36 (KHTML, like Gecko; compatible; GPTBot/1.4; +https://openai.com/gptbot)"
74.7.227.21 - - [25/Aug/2026:13:22:10 +0000] "GET /wp-content/themes/twentytwentytwo/inc/patterns/header-logo-navigation-gray-background.php HTTP/2.0" 500 0 "https://drhyperbaric.com/wp-content/themes/twentytwentytwo/inc/patterns/" "Mozilla/5.0 AppleWebKit/537.36 (KHTML, like Gecko; compatible; GPTBot/1.4; +https://openai.com/gptbot)"
74.7.227.21 - - [25/Aug/2026:13:22:25 +0000] "GET /wp-content/themes/twentytwentytwo/inc/patterns/page-sidebar-grid-posts.php HTTP/2.0" 500 0 "https://drhyperbaric.com/wp-content/themes/twentytwentytwo/inc/patterns/" "Mozilla/5.0 AppleWebKit/537.36 (KHTML, like Gecko; compatible; GPTBot/1.4; +https://openai.com/gptbot)"
2a03:2880:f806:2a:: - - [25/Aug/2026:13:22:36 +0000] "GET /?p2a2r6i0e3t5o48111 HTTP/2.0" 200 435 "-" "Mozilla/5.0 (Windows NT 10.0; Win64; x64) AppleWebKit/537.36 (KHTML, like Gecko) Chrome/145.0.0.0 Safari/537.36 (compatible; meta-externalagent/1.1 (+https://developers.facebook.com/docs/sharing/webmasters/crawler))"
74.7.227.21 - - [25/Aug/2026:13:22:46 +0000] "GET /wp-content/themes/twentytwentytwo/inc/patterns/header-image-background-overlay.php HTTP/2.0" 500 0 "https://drhyperbaric.com/wp-content/themes/twentytwentytwo/inc/patterns/" "Mozilla/5.0 AppleWebKit/537.36 (KHTML, like Gecko; compatible; GPTBot/1.4; +https://openai.com/gptbot)"
74.7.227.21 - - [25/Aug/2026:13:23:08 +0000] "GET /wp-content/themes/twentytwentytwo/inc/patterns/general-wide-image-intro-buttons.php HTTP/2.0" 500 0 "https://drhyperbaric.com/wp-content/themes/twentytwentytwo/inc/patterns/" "Mozilla/5.0 AppleWebKit/537.36 (KHTML, like Gecko; compatible; GPTBot/1.4; +https://openai.com/gptbot)"
2a03:2880:f806:3c:: - - [25/Aug/2026:13:23:09 +0000] "GET /?y=22813158002402 HTTP/2.0" 200 435 "-" "Mozilla/5.0 (Macintosh; Intel Mac OS X 10_15_7) AppleWebKit/537.36 (KHTML, like Gecko) Chrome/145.0.0.0 Safari/537.36 (compatible; meta-externalagent/1.1 (+https://developers.facebook.com/docs/sharing/webmasters/crawler))"
157.55.39.48 - - [25/Aug/2026:13:23:28 +0000] "GET /furniture/kokuyo/ HTTP/2.0" 404 265 "-" "Mozilla/5.0 AppleWebKit/537.36 (KHTML, like Gecko; compatible; bingbot/2.0; +http://www.bing.com/bingbot.htm) Chrome/116.0.1938.76 Safari/537.36"
74.7.227.21 - - [25/Aug/2026:13:23:28 +0000] "GET /wp-content/themes/twentytwentytwo/inc/patterns/header-title-and-button.php HTTP/2.0" 500 0 "https://drhyperbaric.com/wp-content/themes/twentytwentytwo/inc/patterns/" "Mozilla/5.0 AppleWebKit/537.36 (KHTML, like Gecko; compatible; GPTBot/1.4; +https://openai.com/gptbot)"
216.73.216.212 - - [25/Aug/2026:13:23:37 +0000] "GET /wp-content/themes/kadence/inc/components/buddyboss/?C=M&O=D HTTP/2.0" 200 404 "-" "Mozilla/5.0 AppleWebKit/537.36 (KHTML, like Gecko; compatible; ClaudeBot/1.0; +claudebot@anthropic.com)"
74.7.227.21 - - [25/Aug/2026:13:23:48 +0000] "GET /wp-content/themes/twentytwentytwo/inc/patterns/footer-about-title-logo.php HTTP/2.0" 500 0 "https://drhyperbaric.com/wp-content/themes/twentytwentytwo/inc/patterns/" "Mozilla/5.0 AppleWebKit/537.36 (KHTML, like Gecko; compatible; GPTBot/1.4; +https://openai.com/gptbot)"
2a03:2880:f806:3a:: - - [25/Aug/2026:13:23:56 +0000] "GET /?p1o3s8t4b7o4y48830 HTTP/2.0" 200 435 "-" "Mozilla/5.0 (Macintosh; Intel Mac OS X 10_15_7) AppleWebKit/537.36 (KHTML, like Gecko) Chrome/145.0.0.0 Safari/537.36 (compatible; meta-externalagent/1.1 (+https://developers.facebook.com/docs/sharing/webmasters/crawler))"
74.7.227.21 - - [25/Aug/2026:13:24:09 +0000] "GET /wp-content/themes/twentytwentytwo/inc/patterns/general-two-images-text.php HTTP/2.0" 500 0 "https://drhyperbaric.com/wp-content/themes/twentytwentytwo/inc/patterns/" "Mozilla/5.0 AppleWebKit/537.36 (KHTML, like Gecko; compatible; GPTBot/1.4; +https://openai.com/gptbot)"
2a03:2880:f806:44:: - - [25/Aug/2026:13:24:17 +0000] "GET /?r7a1t9h2s4k5e9l1l7e8r5 HTTP/2.0" 200 435 "-" "Mozilla/5.0 (Macintosh; Intel Mac OS X 10_15_7) AppleWebKit/537.36 (KHTML, like Gecko) Chrome/145.0.0.0 Safari/537.36 (compatible; meta-externalagent/1.1 (+https://developers.facebook.com/docs/sharing/webmasters/crawler))"
2a03:2880:f806:9:: - - [25/Aug/2026:13:24:22 +0000] "GET /sitemap-subitem-1575.xml HTTP/2.0" 404 265 "-" "Mozilla/5.0 (Windows NT 10.0; Win64; x64) AppleWebKit/537.36 (KHTML, like Gecko) Chrome/145.0.0.0 Safari/537.36 (compatible; meta-externalagent/1.1 (+https://developers.facebook.com/docs/sharing/webmasters/crawler))"
74.7.227.21 - - [25/Aug/2026:13:24:31 +0000] "GET /wp-content/themes/twentytwentytwo/inc/patterns/hidden-heading-and-bird.php HTTP/2.0" 500 0 "https://drhyperbaric.com/wp-content/themes/twentytwentytwo/inc/patterns/" "Mozilla/5.0 AppleWebKit/537.36 (KHTML, like Gecko; compatible; GPTBot/1.4; +https://openai.com/gptbot)"
74.7.227.21 - - [25/Aug/2026:13:24:52 +0000] "GET /?sitemap927.xml HTTP/2.0" 200 435 "-" "Mozilla/5.0 AppleWebKit/537.36 (KHTML, like Gecko; compatible; GPTBot/1.4; +https://openai.com/gptbot)"
216.73.216.212 - - [25/Aug/2026:13:24:55 +0000] "GET /wp-content/plugins/woocommerce/vendor/automattic/jetpack-config/?C=S&O=D HTTP/2.0" 200 447 "-" "Mozilla/5.0 AppleWebKit/537.36 (KHTML, like Gecko; compatible; ClaudeBot/1.0; +claudebot@anthropic.com)"
74.7.227.21 - - [25/Aug/2026:13:25:13 +0000] "GET /wp-content/themes/twentytwentytwo/inc/patterns/footer-social-copyright.php HTTP/2.0" 500 0 "https://drhyperbaric.com/wp-content/themes/twentytwentytwo/inc/patterns/" "Mozilla/5.0 AppleWebKit/537.36 (KHTML, like Gecko; compatible; GPTBot/1.4; +https://openai.com/gptbot)"
2a03:2880:f806:9:: - - [25/Aug/2026:13:25:23 +0000] "GET /?d7i3s4p1r6a9i8s2e6d03 HTTP/2.0" 200 435 "-" "Mozilla/5.0 (Windows NT 10.0; Win64; x64) AppleWebKit/537.36 (KHTML, like Gecko) Chrome/145.0.0.0 Safari/537.36 (compatible; meta-externalagent/1.1 (+https://developers.facebook.com/docs/sharing/webmasters/crawler))"
2a03:2880:f806:26:: - - [25/Aug/2026:13:25:25 +0000] "GET /?g4u1i7d9i3n0g70394 HTTP/2.0" 200 435 "-" "Mozilla/5.0 (Windows NT 10.0; Win64; x64) AppleWebKit/537.36 (KHTML, like Gecko) Chrome/145.0.0.0 Safari/537.36 (compatible; meta-externalagent/1.1 (+https://developers.facebook.com/docs/sharing/webmasters/crawler))"
74.7.227.21 - - [25/Aug/2026:13:25:29 +0000] "GET /wp-content/themes/twentytwentytwo/inc/patterns/header-image-background.php HTTP/2.0" 500 0 "https://drhyperbaric.com/wp-content/themes/twentytwentytwo/inc/patterns/" "Mozilla/5.0 AppleWebKit/537.36 (KHTML, like Gecko; compatible; GPTBot/1.4; +https://openai.com/gptbot)"
2a03:2880:f806:45:: - - [25/Aug/2026:13:25:36 +0000] "GET /?q6u1i6n3q2u0e4s9y3l4l2able HTTP/2.0" 200 435 "-" "Mozilla/5.0 (Windows NT 10.0; Win64; x64) AppleWebKit/537.36 (KHTML, like Gecko) Chrome/145.0.0.0 Safari/537.36 Edg/145.0.0.0 (compatible; meta-externalagent/1.1 (+https://developers.facebook.com/docs/sharing/webmasters/crawler))"
74.7.227.21 - - [25/Aug/2026:13:25:50 +0000] "GET /wp-content/themes/twentytwentytwo/inc/patterns/page-layout-two-columns.php HTTP/2.0" 500 0 "https://drhyperbaric.com/wp-content/themes/twentytwentytwo/inc/patterns/" "Mozilla/5.0 AppleWebKit/537.36 (KHTML, like Gecko; compatible; GPTBot/1.4; +https://openai.com/gptbot)"
2a03:2880:f806:11:: - - [25/Aug/2026:13:26:07 +0000] "GET /a=25017652 HTTP/2.0" 404 265 "-" "Mozilla/5.0 (X11; Linux x86_64) AppleWebKit/537.36 (KHTML, like Gecko) Chrome/145.0.0.0 Safari/537.36 (compatible; meta-externalagent/1.1 (+https://developers.facebook.com/docs/sharing/webmasters/crawler))"
74.7.227.21 - - [25/Aug/2026:13:26:11 +0000] "GET /wp-content/themes/twentytwentytwo/inc/patterns/general-featured-posts.php HTTP/2.0" 500 0 "https://drhyperbaric.com/wp-content/themes/twentytwentytwo/inc/patterns/" "Mozilla/5.0 AppleWebKit/537.36 (KHTML, like Gecko; compatible; GPTBot/1.4; +https://openai.com/gptbot)"
2a03:2880:f806:9:: - - [25/Aug/2026:13:26:21 +0000] "GET /?c5o2a3g9u6l0a5t0i0o9n7 HTTP/2.0" 200 435 "-" "Mozilla/5.0 (Windows NT 10.0; Win64; x64) AppleWebKit/537.36 (KHTML, like Gecko) Chrome/145.0.0.0 Safari/537.36 (compatible; meta-externalagent/1.1 (+https://developers.facebook.com/docs/sharing/webmasters/crawler))"
207.46.13.64 - - [25/Aug/2026:13:26:26 +0000] "GET /review/goods/D2533555502/ HTTP/2.0" 404 265 "-" "Mozilla/5.0 AppleWebKit/537.36 (KHTML, like Gecko; compatible; bingbot/2.0; +http://www.bing.com/bingbot.htm) Chrome/116.0.1938.76 Safari/537.36"
74.7.227.21 - - [25/Aug/2026:13:26:32 +0000] "GET /wp-content/themes/twentytwentytwo/inc/patterns/page-about-links.php HTTP/2.0" 500 0 "https://drhyperbaric.com/wp-content/themes/twentytwentytwo/inc/patterns/" "Mozilla/5.0 AppleWebKit/537.36 (KHTML, like Gecko; compatible; GPTBot/1.4; +https://openai.com/gptbot)"
2a03:2880:f806:12:: - - [25/Aug/2026:13:26:50 +0000] "GET /?n8i3d5u5l5a1n8t0907 HTTP/2.0" 200 435 "-" "Mozilla/5.0 (Windows NT 10.0; Win64; x64) AppleWebKit/537.36 (KHTML, like Gecko) Chrome/145.0.0.0 Safari/537.36 Edg/145.0.0.0 (compatible; meta-externalagent/1.1 (+https://developers.facebook.com/docs/sharing/webmasters/crawler))"
74.7.227.21 - - [25/Aug/2026:13:26:52 +0000] "GET /wp-content/themes/twentytwentyfive/assets/images/parthenon-square.webp HTTP/2.0" 200 36124 "https://drhyperbaric.com/wp-content/themes/twentytwentyfive/assets/images/" "Mozilla/5.0 AppleWebKit/537.36 (KHTML, like Gecko; compatible; GPTBot/1.4; +https://openai.com/gptbot)"
52.167.144.238 - - [25/Aug/2026:13:27:02 +0000] "GET /etc/kaizen HTTP/2.0" 404 265 "-" "Mozilla/5.0 AppleWebKit/537.36 (KHTML, like Gecko; compatible; bingbot/2.0; +http://www.bing.com/bingbot.htm) Chrome/116.0.1938.76 Safari/537.36"
2a03:2880:f806:44:: - - [25/Aug/2026:13:27:09 +0000] "GET /?o0f2f5i2c5i4a0r6y594 HTTP/2.0" 200 435 "-" "Mozilla/5.0 (Macintosh; Intel Mac OS X 10_15_7) AppleWebKit/537.36 (KHTML, like Gecko) Chrome/145.0.0.0 Safari/537.36 (compatible; meta-externalagent/1.1 (+https://developers.facebook.com/docs/sharing/webmasters/crawler))"
74.7.227.21 - - [25/Aug/2026:13:27:13 +0000] "GET /wp-content/themes/twentytwentytwo/inc/patterns/query-text-grid.php HTTP/2.0" 500 0 "https://drhyperbaric.com/wp-content/themes/twentytwentytwo/inc/patterns/" "Mozilla/5.0 AppleWebKit/537.36 (KHTML, like Gecko; compatible; GPTBot/1.4; +https://openai.com/gptbot)"
74.7.227.21 - - [25/Aug/2026:13:27:30 +0000] "GET /wp-content/themes/twentytwentytwo/inc/patterns/query-image-grid.php HTTP/2.0" 500 0 "https://drhyperbaric.com/wp-content/themes/twentytwentytwo/inc/patterns/" "Mozilla/5.0 AppleWebKit/537.36 (KHTML, like Gecko; compatible; GPTBot/1.4; +https://openai.com/gptbot)"
2a03:2880:f806:11:: - - [25/Aug/2026:13:27:44 +0000] "GET /a=37764814 HTTP/2.0" 404 265 "-" "Mozilla/5.0 (Windows NT 10.0; Win64; x64) AppleWebKit/537.36 (KHTML, like Gecko) Chrome/145.0.0.0 Safari/537.36 (compatible; meta-externalagent/1.1 (+https://developers.facebook.com/docs/sharing/webmasters/crawler))"
74.7.227.21 - - [25/Aug/2026:13:27:51 +0000] "GET /wp-content/plugins/essential-addons-elementor/vendor/guzzlehttp/promises/src/CancellationException.php HTTP/2.0" 500 0 "https://drhyperbaric.com/wp-content/plugins/essential-addons-elementor/vendor/guzzlehttp/promises/src/" "Mozilla/5.0 AppleWebKit/537.36 (KHTML, like Gecko; compatible; GPTBot/1.4; +https://openai.com/gptbot)"
74.7.227.21 - - [25/Aug/2026:13:28:11 +0000] "GET /wp-content/themes/twentytwentyfive/assets/images/location.webp HTTP/2.0" 200 141020 "https://drhyperbaric.com/wp-content/themes/twentytwentyfive/assets/images/" "Mozilla/5.0 AppleWebKit/537.36 (KHTML, like Gecko; compatible; GPTBot/1.4; +https://openai.com/gptbot)"
2a03:2880:f806:44:: - - [25/Aug/2026:13:28:20 +0000] "GET /?p5r3a9n5g6o4s46448 HTTP/2.0" 200 435 "-" "Mozilla/5.0 (Windows NT 10.0; Win64; x64) AppleWebKit/537.36 (KHTML, like Gecko) Chrome/145.0.0.0 Safari/537.36 (compatible; meta-externalagent/1.1 (+https://developers.facebook.com/docs/sharing/webmasters/crawler))"
2a03:2880:10ff:24:: - - [25/Aug/2026:13:28:24 +0000] "GET /robots.txt HTTP/2.0" 404 265 "-" "facebookexternalhit/1.1 (+http://www.facebook.com/externalhit_uatext.php)"
66.249.64.5 - - [25/Aug/2026:13:28:31 +0000] "GET /2024/11/16/how-to-cancel-gamstop/ HTTP/2.0" 404 265 "-" "Mozilla/5.0 (Linux; Android 6.0.1; Nexus 5X Build/MMB29P) AppleWebKit/537.36 (KHTML, like Gecko) Chrome/151.0.7922.137 Mobile Safari/537.36 (compatible; Googlebot/2.1; +http://www.google.com/bot.html)"
66.249.64.6 - - [25/Aug/2026:13:28:31 +0000] "GET /robots.txt HTTP/2.0" 404 265 "-" "Mozilla/5.0 (compatible; Googlebot/2.1; +http://www.google.com/bot.html)"
74.7.227.21 - - [25/Aug/2026:13:28:33 +0000] "GET /wp-content/themes/twentytwentyfive/assets/images/typewriter.webp HTTP/2.0" 200 97944 "https://drhyperbaric.com/wp-content/themes/twentytwentyfive/assets/images/" "Mozilla/5.0 AppleWebKit/537.36 (KHTML, like Gecko; compatible; GPTBot/1.4; +https://openai.com/gptbot)"
74.7.227.21 - - [25/Aug/2026:13:28:50 +0000] "GET /wp-content/themes/twentytwentytwo/inc/patterns/header-large-dark.php HTTP/2.0" 500 0 "https://drhyperbaric.com/wp-content/themes/twentytwentytwo/inc/patterns/" "Mozilla/5.0 AppleWebKit/537.36 (KHTML, like Gecko; compatible; GPTBot/1.4; +https://openai.com/gptbot)"
2a03:2880:f806:d:: - - [25/Aug/2026:13:28:52 +0000] "GET /?c1o5n1c9l4a6v1e548 HTTP/2.0" 200 435 "-" "Mozilla/5.0 (Windows NT 10.0; Win64; x64) AppleWebKit/537.36 (KHTML, like Gecko) Chrome/145.0.0.0 Safari/537.36 (compatible; meta-externalagent/1.1 (+https://developers.facebook.com/docs/sharing/webmasters/crawler))"
74.7.227.21 - - [25/Aug/2026:13:29:02 +0000] "GET /wp-content/themes/twentytwentyfour/patterns/testimonial-centered.php HTTP/2.0" 200 56 "https://drhyperbaric.com/wp-content/themes/twentytwentyfour/patterns/" "Mozilla/5.0 AppleWebKit/537.36 (KHTML, like Gecko; compatible; GPTBot/1.4; +https://openai.com/gptbot)"
196.18.164.239 - - [25/Aug/2026:13:29:22 +0000] "POST /wp-json/batch/v1 HTTP/2.0" 404 265 "-" "Mozilla/5.0 (Windows NT 10.0; Win64; x64) AppleWebKit/537.36"
196.18.164.239 - - [25/Aug/2026:13:29:22 +0000] "POST /?rest_route=/batch/v1 HTTP/2.0" 404 265 "-" "Mozilla/5.0 (Windows NT 10.0; Win64; x64) AppleWebKit/537.36"
196.18.164.239 - - [25/Aug/2026:13:29:23 +0000] "POST /wp-json/batch/v1 HTTP/2.0" 404 265 "-" "Mozilla/5.0 (Windows NT 10.0; Win64; x64) AppleWebKit/537.36"
74.7.227.21 - - [25/Aug/2026:13:29:24 +0000] "GET /wp-content/themes/twentytwentytwo/inc/patterns/query-grid.php HTTP/2.0" 500 0 "https://drhyperbaric.com/wp-content/themes/twentytwentytwo/inc/patterns/" "Mozilla/5.0 AppleWebKit/537.36 (KHTML, like Gecko; compatible; GPTBot/1.4; +https://openai.com/gptbot)"
74.7.227.21 - - [25/Aug/2026:13:29:40 +0000] "GET /wp-content/plugins/essential-addons-elementor/includes/Template/Content-Timeline/ HTTP/2.0" 200 450 "https://drhyperbaric.com/wp-content/plugins/essential-addons-elementor/includes/Template/" "Mozilla/5.0 AppleWebKit/537.36 (KHTML, like Gecko; compatible; GPTBot/1.4; +https://openai.com/gptbot)"
