74.7.227.21 - - [25/Aug/2026:14:03:34 +0000] "GET /wp-content/plugins/essential-blocks/assets/blocks/advanced-video/frontend.asset.php HTTP/2.0" 200 0 "https://drhyperbaric.com/wp-content/plugins/essential-blocks/assets/blocks/advanced-video/" "Mozilla/5.0 AppleWebKit/537.36 (KHTML, like Gecko; compatible; GPTBot/1.4; +https://openai.com/gptbot)"
74.7.227.21 - - [25/Aug/2026:14:03:35 +0000] "GET /wp-content/plugins/loginpress/lib/wpb-sdk/views/wpb-debug.php HTTP/2.0" 500 0 "https://drhyperbaric.com/wp-content/plugins/loginpress/lib/wpb-sdk/views/" "Mozilla/5.0 AppleWebKit/537.36 (KHTML, like Gecko; compatible; GPTBot/1.4; +https://openai.com/gptbot)"
216.73.216.212 - - [25/Aug/2026:14:03:35 +0000] "GET /wp-content/plugins/loginpress/css/themes/?rename=%2Fusr%2Flib64%2Flibwebp.so HTTP/2.0" 200 545 "-" "Mozilla/5.0 AppleWebKit/537.36 (KHTML, like Gecko; compatible; ClaudeBot/1.0; +claudebot@anthropic.com)"
74.7.227.21 - - [25/Aug/2026:14:03:36 +0000] "GET /wp-content/plugins/elementor/modules/element-cache/ HTTP/2.0" 200 399 "https://drhyperbaric.com/wp-content/plugins/elementor/modules/" "Mozilla/5.0 AppleWebKit/537.36 (KHTML, like Gecko; compatible; GPTBot/1.4; +https://openai.com/gptbot)"
74.7.227.21 - - [25/Aug/2026:14:03:36 +0000] "GET /wp-content/plugins/elementor/assets/ HTTP/2.0" 200 470 "https://drhyperbaric.com/wp-content/plugins/elementor/" "Mozilla/5.0 AppleWebKit/537.36 (KHTML, like Gecko; compatible; GPTBot/1.4; +https://openai.com/gptbot)"
74.7.227.21 - - [25/Aug/2026:14:03:37 +0000] "GET /wp-content/plugins/loginizer/assets/ HTTP/2.0" 200 412 "https://drhyperbaric.com/wp-content/plugins/loginizer/" "Mozilla/5.0 AppleWebKit/537.36 (KHTML, like Gecko; compatible; GPTBot/1.4; +https://openai.com/gptbot)"
74.7.227.21 - - [25/Aug/2026:14:03:37 +0000] "GET /wp-content/plugins/loginpress/lib/wpb-sdk/views/wpb-sdk-deactivate-form.php HTTP/2.0" 200 658 "https://drhyperbaric.com/wp-content/plugins/loginpress/lib/wpb-sdk/views/" "Mozilla/5.0 AppleWebKit/537.36 (KHTML, like Gecko; compatible; GPTBot/1.4; +https://openai.com/gptbot)"
74.7.227.21 - - [25/Aug/2026:14:03:38 +0000] "GET /wp-content/plugins/elementor/modules/atomic-widgets/props-resolver/props-resolver.php HTTP/2.0" 200 0 "https://drhyperbaric.com/wp-content/plugins/elementor/modules/atomic-widgets/props-resolver/" "Mozilla/5.0 AppleWebKit/537.36 (KHTML, like Gecko; compatible; GPTBot/1.4; +https://openai.com/gptbot)"
74.7.227.21 - - [25/Aug/2026:14:03:39 +0000] "GET /wp-content/plugins/elementor/includes/libraries/wp-background-process/ HTTP/2.0" 200 410 "https://drhyperbaric.com/wp-content/plugins/elementor/includes/libraries/" "Mozilla/5.0 AppleWebKit/537.36 (KHTML, like Gecko; compatible; GPTBot/1.4; +https://openai.com/gptbot)"
74.7.227.21 - - [25/Aug/2026:14:03:39 +0000] "GET /wp-content/plugins/elementor/modules/floating-buttons/control/hover-animation-floating-buttons.php HTTP/2.0" 500 0 "https://drhyperbaric.com/wp-content/plugins/elementor/modules/floating-buttons/control/" "Mozilla/5.0 AppleWebKit/537.36 (KHTML, like Gecko; compatible; GPTBot/1.4; +https://openai.com/gptbot)"
74.7.227.21 - - [25/Aug/2026:14:03:40 +0000] "GET /wp-content/plugins/essential-blocks/assets/images/admin/ HTTP/2.0" 200 596 "https://drhyperbaric.com/wp-content/plugins/essential-blocks/assets/images/" "Mozilla/5.0 AppleWebKit/537.36 (KHTML, like Gecko; compatible; GPTBot/1.4; +https://openai.com/gptbot)"
74.7.227.21 - - [25/Aug/2026:14:03:40 +0000] "GET /wp-content/plugins/essential-blocks/assets/blocks/table-of-contents/ HTTP/2.0" 200 494 "https://drhyperbaric.com/wp-content/plugins/essential-blocks/assets/blocks/" "Mozilla/5.0 AppleWebKit/537.36 (KHTML, like Gecko; compatible; GPTBot/1.4; +https://openai.com/gptbot)"
216.73.216.212 - - [25/Aug/2026:14:03:40 +0000] "GET /wp-content/plugins/loginpress/css/themes/?edit=%2Fusr%2Flib64%2Flibcares.so.2.6.1 HTTP/2.0" 200 545 "-" "Mozilla/5.0 AppleWebKit/537.36 (KHTML, like Gecko; compatible; ClaudeBot/1.0; +claudebot@anthropic.com)"
74.7.227.21 - - [25/Aug/2026:14:03:41 +0000] "GET /wp-content/plugins/elementor/modules/landing-pages/admin-menu-items/ HTTP/2.0" 200 445 "https://drhyperbaric.com/wp-content/plugins/elementor/modules/landing-pages/" "Mozilla/5.0 AppleWebKit/537.36 (KHTML, like Gecko; compatible; GPTBot/1.4; +https://openai.com/gptbot)"
74.7.227.21 - - [25/Aug/2026:14:03:42 +0000] "GET /wp-content/plugins/elementor/modules/editor-app-bar/ HTTP/2.0" 200 401 "https://drhyperbaric.com/wp-content/plugins/elementor/modules/" "Mozilla/5.0 AppleWebKit/537.36 (KHTML, like Gecko; compatible; GPTBot/1.4; +https://openai.com/gptbot)"
74.7.227.21 - - [25/Aug/2026:14:03:42 +0000] "GET /wp-content/plugins/elementor/vendor/composer/LICENSE HTTP/2.0" 200 1070 "https://drhyperbaric.com/wp-content/plugins/elementor/vendor/composer/" "Mozilla/5.0 AppleWebKit/537.36 (KHTML, like Gecko; compatible; GPTBot/1.4; +https://openai.com/gptbot)"
74.7.227.21 - - [25/Aug/2026:14:03:43 +0000] "GET /wp-content/plugins/elementor/modules/element-cache/module.php HTTP/2.0" 200 0 "https://drhyperbaric.com/wp-content/plugins/elementor/modules/element-cache/" "Mozilla/5.0 AppleWebKit/537.36 (KHTML, like Gecko; compatible; GPTBot/1.4; +https://openai.com/gptbot)"
74.7.227.21 - - [25/Aug/2026:14:03:43 +0000] "GET /wp-content/plugins/elementor/modules/system-info/ HTTP/2.0" 200 491 "https://drhyperbaric.com/wp-content/plugins/elementor/modules/" "Mozilla/5.0 AppleWebKit/537.36 (KHTML, like Gecko; compatible; GPTBot/1.4; +https://openai.com/gptbot)"
74.7.227.21 - - [25/Aug/2026:14:03:45 +0000] "GET /wp-content/plugins/elementor/modules/admin-bar/module.php HTTP/2.0" 200 0 "https://drhyperbaric.com/wp-content/plugins/elementor/modules/admin-bar/" "Mozilla/5.0 AppleWebKit/537.36 (KHTML, like Gecko; compatible; GPTBot/1.4; +https://openai.com/gptbot)"
74.7.227.21 - - [25/Aug/2026:14:03:45 +0000] "GET /wp-content/plugins/elementor/assets/mask-shapes/ HTTP/2.0" 200 494 "https://drhyperbaric.com/wp-content/plugins/elementor/assets/" "Mozilla/5.0 AppleWebKit/537.36 (KHTML, like Gecko; compatible; GPTBot/1.4; +https://openai.com/gptbot)"
216.73.216.212 - - [25/Aug/2026:14:03:45 +0000] "GET /wp-content/plugins/loginpress/css/themes/?edit=%2Fusr%2Flib64%2Flibopeniscsiusr.so.0.2.0 HTTP/2.0" 200 545 "-" "Mozilla/5.0 AppleWebKit/537.36 (KHTML, like Gecko; compatible; ClaudeBot/1.0; +claudebot@anthropic.com)"
74.7.227.21 - - [25/Aug/2026:14:03:45 +0000] "GET /wp-content/plugins/elementor/modules/admin-top-bar/module.php HTTP/2.0" 200 0 "https://drhyperbaric.com/wp-content/plugins/elementor/modules/admin-top-bar/" "Mozilla/5.0 AppleWebKit/537.36 (KHTML, like Gecko; compatible; GPTBot/1.4; +https://openai.com/gptbot)"
74.7.227.21 - - [25/Aug/2026:14:03:46 +0000] "GET /wp-content/plugins/essential-blocks/assets/images/eb-icon-128x128.png HTTP/2.0" 200 1589 "https://drhyperbaric.com/wp-content/plugins/essential-blocks/assets/images/" "Mozilla/5.0 AppleWebKit/537.36 (KHTML, like Gecko; compatible; GPTBot/1.4; +https://openai.com/gptbot)"
74.7.227.21 - - [25/Aug/2026:14:03:47 +0000] "GET /wp-content/plugins/essential-blocks/assets/images/admin/pro-teaser.jpg HTTP/2.0" 200 6654 "https://drhyperbaric.com/wp-content/plugins/essential-blocks/assets/images/admin/" "Mozilla/5.0 AppleWebKit/537.36 (KHTML, like Gecko; compatible; GPTBot/1.4; +https://openai.com/gptbot)"
74.7.227.21 - - [25/Aug/2026:14:03:48 +0000] "GET /wp-content/plugins/essential-blocks/assets/images/admin/logo-openverse.png HTTP/2.0" 200 692 "https://drhyperbaric.com/wp-content/plugins/essential-blocks/assets/images/admin/" "Mozilla/5.0 AppleWebKit/537.36 (KHTML, like Gecko; compatible; GPTBot/1.4; +https://openai.com/gptbot)"
74.7.227.21 - - [25/Aug/2026:14:03:49 +0000] "GET /wp-content/plugins/essential-blocks/assets/images/admin/logo-opensea.png HTTP/2.0" 200 1441 "https://drhyperbaric.com/wp-content/plugins/essential-blocks/assets/images/admin/" "Mozilla/5.0 AppleWebKit/537.36 (KHTML, like Gecko; compatible; GPTBot/1.4; +https://openai.com/gptbot)"
74.7.227.21 - - [25/Aug/2026:14:03:50 +0000] "GET /wp-content/plugins/essential-blocks/assets/images/admin/logo-instagram.png HTTP/2.0" 200 2152 "https://drhyperbaric.com/wp-content/plugins/essential-blocks/assets/images/admin/" "Mozilla/5.0 AppleWebKit/537.36 (KHTML, like Gecko; compatible; GPTBot/1.4; +https://openai.com/gptbot)"
216.73.216.212 - - [25/Aug/2026:14:03:50 +0000] "GET /wp-content/plugins/loginpress/css/themes/?path=%2Fusr%2Flib64%2Flibverto-libev.so.1.0.0 HTTP/2.0" 200 545 "-" "Mozilla/5.0 AppleWebKit/537.36 (KHTML, like Gecko; compatible; ClaudeBot/1.0; +claudebot@anthropic.com)"
74.7.227.21 - - [25/Aug/2026:14:03:51 +0000] "GET /wp-content/plugins/essential-blocks/assets/images/admin/teaser-arrow.png HTTP/2.0" 200 1264 "https://drhyperbaric.com/wp-content/plugins/essential-blocks/assets/images/admin/" "Mozilla/5.0 AppleWebKit/537.36 (KHTML, like Gecko; compatible; GPTBot/1.4; +https://openai.com/gptbot)"
74.7.227.21 - - [25/Aug/2026:14:03:51 +0000] "GET /wp-content/plugins/essential-blocks/assets/images/admin/intro-video-thmb.jpg HTTP/2.0" 200 25379 "https://drhyperbaric.com/wp-content/plugins/essential-blocks/assets/images/admin/" "Mozilla/5.0 AppleWebKit/537.36 (KHTML, like Gecko; compatible; GPTBot/1.4; +https://openai.com/gptbot)"
74.7.227.21 - - [25/Aug/2026:14:03:52 +0000] "GET /wp-content/plugins/essential-blocks/assets/images/admin/logo-fontawesome.png HTTP/2.0" 200 6550 "https://drhyperbaric.com/wp-content/plugins/essential-blocks/assets/images/admin/" "Mozilla/5.0 AppleWebKit/537.36 (KHTML, like Gecko; compatible; GPTBot/1.4; +https://openai.com/gptbot)"
74.7.227.21 - - [25/Aug/2026:14:03:52 +0000] "GET /wp-content/plugins/essential-blocks/assets/images/admin/templately-overlay.jpeg HTTP/2.0" 200 33780 "https://drhyperbaric.com/wp-content/plugins/essential-blocks/assets/images/admin/" "Mozilla/5.0 AppleWebKit/537.36 (KHTML, like Gecko; compatible; GPTBot/1.4; +https://openai.com/gptbot)"
74.7.227.21 - - [25/Aug/2026:14:03:53 +0000] "GET /wp-content/plugins/essential-blocks/assets/images/admin/logo-google-font.png HTTP/2.0" 200 1073 "https://drhyperbaric.com/wp-content/plugins/essential-blocks/assets/images/admin/" "Mozilla/5.0 AppleWebKit/537.36 (KHTML, like Gecko; compatible; GPTBot/1.4; +https://openai.com/gptbot)"
74.7.227.21 - - [25/Aug/2026:14:03:54 +0000] "GET /wp-content/plugins/essential-blocks/assets/blocks/table-of-contents/frontend.js HTTP/2.0" 200 2943 "https://drhyperbaric.com/wp-content/plugins/essential-blocks/assets/blocks/table-of-contents/" "Mozilla/5.0 AppleWebKit/537.36 (KHTML, like Gecko; compatible; GPTBot/1.4; +https://openai.com/gptbot)"
74.7.227.21 - - [25/Aug/2026:14:03:55 +0000] "GET /wp-content/plugins/essential-blocks/assets/images/admin/logo-google-map.png HTTP/2.0" 200 1160 "https://drhyperbaric.com/wp-content/plugins/essential-blocks/assets/images/admin/" "Mozilla/5.0 AppleWebKit/537.36 (KHTML, like Gecko; compatible; GPTBot/1.4; +https://openai.com/gptbot)"
74.7.227.21 - - [25/Aug/2026:14:03:55 +0000] "GET /wp-content/plugins/essential-blocks/assets/blocks/table-of-contents/block.json HTTP/2.0" 200 285 "https://drhyperbaric.com/wp-content/plugins/essential-blocks/assets/blocks/table-of-contents/" "Mozilla/5.0 AppleWebKit/537.36 (KHTML, like Gecko; compatible; GPTBot/1.4; +https://openai.com/gptbot)"
216.73.216.212 - - [25/Aug/2026:14:03:55 +0000] "GET /wp-content/plugins/loginpress/css/themes/?edit=%2Fusr%2Flib64%2Flibsss_nss_idmap.so.0 HTTP/2.0" 200 545 "-" "Mozilla/5.0 AppleWebKit/537.36 (KHTML, like Gecko; compatible; ClaudeBot/1.0; +claudebot@anthropic.com)"
74.7.227.21 - - [25/Aug/2026:14:03:55 +0000] "GET /wp-content/plugins/elementor/modules/system-info/reporters/ HTTP/2.0" 200 536 "https://drhyperbaric.com/wp-content/plugins/elementor/modules/system-info/" "Mozilla/5.0 AppleWebKit/537.36 (KHTML, like Gecko; compatible; GPTBot/1.4; +https://openai.com/gptbot)"
74.7.227.21 - - [25/Aug/2026:14:03:56 +0000] "GET /wp-content/plugins/elementor/modules/system-info/templates/ HTTP/2.0" 200 428 "https://drhyperbaric.com/wp-content/plugins/elementor/modules/system-info/" "Mozilla/5.0 AppleWebKit/537.36 (KHTML, like Gecko; compatible; GPTBot/1.4; +https://openai.com/gptbot)"
74.7.227.21 - - [25/Aug/2026:14:03:57 +0000] "GET /wp-content/plugins/elementor/assets/mask-shapes/hexagon.svg HTTP/2.0" 200 243 "https://drhyperbaric.com/wp-content/plugins/elementor/assets/mask-shapes/" "Mozilla/5.0 AppleWebKit/537.36 (KHTML, like Gecko; compatible; GPTBot/1.4; +https://openai.com/gptbot)"
2a03:2880:f806:3:: - - [25/Aug/2026:14:03:58 +0000] "GET /?f9r3a2m8i8n2g02285 HTTP/2.0" 200 435 "-" "Mozilla/5.0 (Windows NT 10.0; Win64; x64) AppleWebKit/537.36 (KHTML, like Gecko) Chrome/145.0.0.0 Safari/537.36 (compatible; meta-externalagent/1.1 (+https://developers.facebook.com/docs/sharing/webmasters/crawler))"
74.7.227.21 - - [25/Aug/2026:14:03:58 +0000] "GET /wp-content/plugins/elementor/assets/mask-shapes/flower.svg HTTP/2.0" 200 228 "https://drhyperbaric.com/wp-content/plugins/elementor/assets/mask-shapes/" "Mozilla/5.0 AppleWebKit/537.36 (KHTML, like Gecko; compatible; GPTBot/1.4; +https://openai.com/gptbot)"
74.7.227.21 - - [25/Aug/2026:14:03:58 +0000] "GET /wp-content/plugins/elementor/assets/mask-shapes/sketch.svg HTTP/2.0" 200 590 "https://drhyperbaric.com/wp-content/plugins/elementor/assets/mask-shapes/" "Mozilla/5.0 AppleWebKit/537.36 (KHTML, like Gecko; compatible; GPTBot/1.4; +https://openai.com/gptbot)"
74.7.227.21 - - [25/Aug/2026:14:03:59 +0000] "GET /wp-content/plugins/elementor/assets/mask-shapes/circle.svg HTTP/2.0" 200 128 "https://drhyperbaric.com/wp-content/plugins/elementor/assets/mask-shapes/" "Mozilla/5.0 AppleWebKit/537.36 (KHTML, like Gecko; compatible; GPTBot/1.4; +https://openai.com/gptbot)"
74.7.227.21 - - [25/Aug/2026:14:04:00 +0000] "GET /wp-content/plugins/elementor/assets/mask-shapes/triangle.svg HTTP/2.0" 200 180 "https://drhyperbaric.com/wp-content/plugins/elementor/assets/mask-shapes/" "Mozilla/5.0 AppleWebKit/537.36 (KHTML, like Gecko; compatible; GPTBot/1.4; +https://openai.com/gptbot)"
74.7.227.21 - - [25/Aug/2026:14:04:00 +0000] "GET /wp-content/plugins/essential-blocks/assets/blocks/table-of-contents/frontend.asset.php HTTP/2.0" 200 0 "https://drhyperbaric.com/wp-content/plugins/essential-blocks/assets/blocks/table-of-contents/" "Mozilla/5.0 AppleWebKit/537.36 (KHTML, like Gecko; compatible; GPTBot/1.4; +https://openai.com/gptbot)"
216.73.216.212 - - [25/Aug/2026:14:04:00 +0000] "GET /wp-content/plugins/loginpress/css/themes/?delete=%2Fusr%2Flib64%2Flibpixman-1.so.0 HTTP/2.0" 200 545 "-" "Mozilla/5.0 AppleWebKit/537.36 (KHTML, like Gecko; compatible; ClaudeBot/1.0; +claudebot@anthropic.com)"
74.7.227.21 - - [25/Aug/2026:14:04:01 +0000] "GET /wp-content/plugins/elementor/modules/system-info/system-info-menu-item.php HTTP/2.0" 200 0 "https://drhyperbaric.com/wp-content/plugins/elementor/modules/system-info/" "Mozilla/5.0 AppleWebKit/537.36 (KHTML, like Gecko; compatible; GPTBot/1.4; +https://openai.com/gptbot)"
74.7.227.21 - - [25/Aug/2026:14:04:01 +0000] "GET /wp-content/plugins/elementor/modules/system-info/module.php HTTP/2.0" 200 0 "https://drhyperbaric.com/wp-content/plugins/elementor/modules/system-info/" "Mozilla/5.0 AppleWebKit/537.36 (KHTML, like Gecko; compatible; GPTBot/1.4; +https://openai.com/gptbot)"
74.7.227.21 - - [25/Aug/2026:14:04:02 +0000] "GET /wp-content/plugins/elementor/modules/landing-pages/admin-menu-items/landing-pages-empty-view-menu-item.php HTTP/2.0" 200 0 "https://drhyperbaric.com/wp-content/plugins/elementor/modules/landing-pages/admin-menu-items/" "Mozilla/5.0 AppleWebKit/537.36 (KHTML, like Gecko; compatible; GPTBot/1.4; +https://openai.com/gptbot)"
74.7.227.21 - - [25/Aug/2026:14:04:03 +0000] "GET /wp-content/plugins/elementor/modules/system-info/reporters/user.php HTTP/2.0" 200 0 "https://drhyperbaric.com/wp-content/plugins/elementor/modules/system-info/reporters/" "Mozilla/5.0 AppleWebKit/537.36 (KHTML, like Gecko; compatible; GPTBot/1.4; +https://openai.com/gptbot)"
74.7.227.21 - - [25/Aug/2026:14:04:04 +0000] "GET /wp-content/plugins/elementor/modules/system-info/templates/html.php HTTP/2.0" 200 0 "https://drhyperbaric.com/wp-content/plugins/elementor/modules/system-info/templates/" "Mozilla/5.0 AppleWebKit/537.36 (KHTML, like Gecko; compatible; GPTBot/1.4; +https://openai.com/gptbot)"
74.7.227.21 - - [25/Aug/2026:14:04:04 +0000] "GET /wp-content/plugins/elementor/modules/system-info/reporters/wordpress.php HTTP/2.0" 200 0 "https://drhyperbaric.com/wp-content/plugins/elementor/modules/system-info/reporters/" "Mozilla/5.0 AppleWebKit/537.36 (KHTML, like Gecko; compatible; GPTBot/1.4; +https://openai.com/gptbot)"
74.7.227.21 - - [25/Aug/2026:14:04:04 +0000] "GET /wp-content/plugins/elementor/modules/system-info/reporters/base.php HTTP/2.0" 200 0 "https://drhyperbaric.com/wp-content/plugins/elementor/modules/system-info/reporters/" "Mozilla/5.0 AppleWebKit/537.36 (KHTML, like Gecko; compatible; GPTBot/1.4; +https://openai.com/gptbot)"
74.7.227.21 - - [25/Aug/2026:14:04:05 +0000] "GET /wp-content/plugins/elementor/modules/system-info/templates/raw.php HTTP/2.0" 200 0 "https://drhyperbaric.com/wp-content/plugins/elementor/modules/system-info/templates/" "Mozilla/5.0 AppleWebKit/537.36 (KHTML, like Gecko; compatible; GPTBot/1.4; +https://openai.com/gptbot)"
216.73.216.212 - - [25/Aug/2026:14:04:05 +0000] "GET /wp-content/plugins/loginpress/css/themes/?path=%2F%2Fusr%2Flib64%2Flibgusb.so.2.0.10 HTTP/2.0" 200 545 "-" "Mozilla/5.0 AppleWebKit/537.36 (KHTML, like Gecko; compatible; ClaudeBot/1.0; +claudebot@anthropic.com)"
74.7.227.21 - - [25/Aug/2026:14:04:05 +0000] "GET /wp-content/plugins/elementor/modules/system-info/reporters/theme.php HTTP/2.0" 200 0 "https://drhyperbaric.com/wp-content/plugins/elementor/modules/system-info/reporters/" "Mozilla/5.0 AppleWebKit/537.36 (KHTML, like Gecko; compatible; GPTBot/1.4; +https://openai.com/gptbot)"
74.7.227.21 - - [25/Aug/2026:14:04:06 +0000] "GET /wp-content/plugins/elementor/modules/system-info/reporters/server.php HTTP/2.0" 200 0 "https://drhyperbaric.com/wp-content/plugins/elementor/modules/system-info/reporters/" "Mozilla/5.0 AppleWebKit/537.36 (KHTML, like Gecko; compatible; GPTBot/1.4; +https://openai.com/gptbot)"
74.7.227.21 - - [25/Aug/2026:14:04:07 +0000] "GET /wp-content/plugins/elementor/modules/system-info/reporters/base-plugin.php HTTP/2.0" 200 0 "https://drhyperbaric.com/wp-content/plugins/elementor/modules/system-info/reporters/" "Mozilla/5.0 AppleWebKit/537.36 (KHTML, like Gecko; compatible; GPTBot/1.4; +https://openai.com/gptbot)"
74.7.227.21 - - [25/Aug/2026:14:04:07 +0000] "GET /wp-content/plugins/elementor/modules/system-info/reporters/network-plugins.php HTTP/2.0" 200 0 "https://drhyperbaric.com/wp-content/plugins/elementor/modules/system-info/reporters/" "Mozilla/5.0 AppleWebKit/537.36 (KHTML, like Gecko; compatible; GPTBot/1.4; +https://openai.com/gptbot)"
74.7.227.21 - - [25/Aug/2026:14:04:08 +0000] "GET /wp-content/plugins/elementor/modules/system-info/reporters/mu-plugins.php HTTP/2.0" 200 0 "https://drhyperbaric.com/wp-content/plugins/elementor/modules/system-info/reporters/" "Mozilla/5.0 AppleWebKit/537.36 (KHTML, like Gecko; compatible; GPTBot/1.4; +https://openai.com/gptbot)"
74.7.227.21 - - [25/Aug/2026:14:04:09 +0000] "GET /wp-content/plugins/essential-blocks/assets/blocks/table-of-contents/icon.svg HTTP/2.0" 200 489 "https://drhyperbaric.com/wp-content/plugins/essential-blocks/assets/blocks/table-of-contents/" "Mozilla/5.0 AppleWebKit/537.36 (KHTML, like Gecko; compatible; GPTBot/1.4; +https://openai.com/gptbot)"
74.7.227.21 - - [25/Aug/2026:14:04:09 +0000] "GET /wp-content/plugins/elementor/modules/system-info/reporters/plugins.php HTTP/2.0" 200 0 "https://drhyperbaric.com/wp-content/plugins/elementor/modules/system-info/reporters/" "Mozilla/5.0 AppleWebKit/537.36 (KHTML, like Gecko; compatible; GPTBot/1.4; +https://openai.com/gptbot)"
74.7.227.21 - - [25/Aug/2026:14:04:10 +0000] "GET /wp-content/plugins/elementor/modules/editor-app-bar/module.php HTTP/2.0" 200 0 "https://drhyperbaric.com/wp-content/plugins/elementor/modules/editor-app-bar/" "Mozilla/5.0 AppleWebKit/537.36 (KHTML, like Gecko; compatible; GPTBot/1.4; +https://openai.com/gptbot)"
74.7.227.21 - - [25/Aug/2026:14:04:10 +0000] "GET /wp-content/plugins/essential-blocks/assets/blocks/add-to-cart/ HTTP/2.0" 200 452 "https://drhyperbaric.com/wp-content/plugins/essential-blocks/assets/blocks/" "Mozilla/5.0 AppleWebKit/537.36 (KHTML, like Gecko; compatible; GPTBot/1.4; +https://openai.com/gptbot)"
216.73.216.212 - - [25/Aug/2026:14:04:11 +0000] "GET /wp-content/uploads/2023/12/Hyperbaric-Insights-Explored-Revolutionizing-Health.jpg HTTP/2.0" 200 123431 "-" "Mozilla/5.0 AppleWebKit/537.36 (KHTML, like Gecko; compatible; ClaudeBot/1.0; +claudebot@anthropic.com)"
74.7.227.21 - - [25/Aug/2026:14:04:11 +0000] "GET /wp-content/plugins/elementor/modules/nested-tabs/ HTTP/2.0" 200 436 "https://drhyperbaric.com/wp-content/plugins/elementor/modules/" "Mozilla/5.0 AppleWebKit/537.36 (KHTML, like Gecko; compatible; GPTBot/1.4; +https://openai.com/gptbot)"
74.7.227.21 - - [25/Aug/2026:14:04:12 +0000] "GET /wp-content/plugins/elementor/modules/nested-accordion/widgets/nested-accordion.php HTTP/2.0" 200 0 "https://drhyperbaric.com/wp-content/plugins/elementor/modules/nested-accordion/widgets/" "Mozilla/5.0 AppleWebKit/537.36 (KHTML, like Gecko; compatible; GPTBot/1.4; +https://openai.com/gptbot)"
74.7.227.21 - - [25/Aug/2026:14:04:12 +0000] "GET /wp-content/plugins/essential-blocks/assets/images/block-preview/nft-gallery.jpeg HTTP/2.0" 200 19599 "https://drhyperbaric.com/wp-content/plugins/essential-blocks/assets/images/block-preview/" "Mozilla/5.0 AppleWebKit/537.36 (KHTML, like Gecko; compatible; GPTBot/1.4; +https://openai.com/gptbot)"
74.7.227.21 - - [25/Aug/2026:14:04:13 +0000] "GET /wp-content/plugins/elementor/modules/safe-mode/ HTTP/2.0" 200 431 "https://drhyperbaric.com/wp-content/plugins/elementor/modules/" "Mozilla/5.0 AppleWebKit/537.36 (KHTML, like Gecko; compatible; GPTBot/1.4; +https://openai.com/gptbot)"
74.7.227.21 - - [25/Aug/2026:14:04:13 +0000] "GET /wp-content/plugins/essential-blocks/assets/images/block-preview/instagram-feed.jpeg HTTP/2.0" 200 22163 "https://drhyperbaric.com/wp-content/plugins/essential-blocks/assets/images/block-preview/" "Mozilla/5.0 AppleWebKit/537.36 (KHTML, like Gecko; compatible; GPTBot/1.4; +https://openai.com/gptbot)"
74.7.227.21 - - [25/Aug/2026:14:04:14 +0000] "GET /wp-content/plugins/essential-blocks/src/global-styles/block-defaults/instagram-feed.js HTTP/2.0" 200 2536 "https://drhyperbaric.com/wp-content/plugins/essential-blocks/src/global-styles/block-defaults/" "Mozilla/5.0 AppleWebKit/537.36 (KHTML, like Gecko; compatible; GPTBot/1.4; +https://openai.com/gptbot)"
74.7.227.21 - - [25/Aug/2026:14:04:15 +0000] "GET /wp-content/plugins/betterdocs/ HTTP/2.0" 200 466 "https://drhyperbaric.com/wp-content/plugins/" "Mozilla/5.0 AppleWebKit/537.36 (KHTML, like Gecko; compatible; GPTBot/1.4; +https://openai.com/gptbot)"
74.7.227.21 - - [25/Aug/2026:14:04:15 +0000] "GET /wp-content/plugins/templately/ HTTP/2.0" 200 451 "https://drhyperbaric.com/wp-content/plugins/" "Mozilla/5.0 AppleWebKit/537.36 (KHTML, like Gecko; compatible; GPTBot/1.4; +https://openai.com/gptbot)"
216.73.216.212 - - [25/Aug/2026:14:04:16 +0000] "GET /wp-content/plugins/loginpress/css/themes/?download=%2Fusr%2Flib64%2Flibpcrecpp.so&path=%2Fusr%2Flib64 HTTP/2.0" 200 545 "-" "Mozilla/5.0 AppleWebKit/537.36 (KHTML, like Gecko; compatible; ClaudeBot/1.0; +claudebot@anthropic.com)"
74.7.227.21 - - [25/Aug/2026:14:04:16 +0000] "GET /wp-content/plugins/contact-form-7/admin/js/scripts.js HTTP/2.0" 200 2486 "https://drhyperbaric.com/wp-content/plugins/contact-form-7/admin/js/" "Mozilla/5.0 AppleWebKit/537.36 (KHTML, like Gecko; compatible; GPTBot/1.4; +https://openai.com/gptbot)"
216.73.216.212 - - [25/Aug/2026:14:04:16 +0000] "GET /wp-content/plugins/loginpress/css/themes/?path=%2Fusr%2Flib64%2Flibkadm5srv_mit.so.12.0 HTTP/2.0" 200 545 "-" "Mozilla/5.0 AppleWebKit/537.36 (KHTML, like Gecko; compatible; ClaudeBot/1.0; +claudebot@anthropic.com)"
74.7.227.21 - - [25/Aug/2026:14:04:16 +0000] "GET /wp-content/plugins/contact-form-7/admin/includes/editor.php HTTP/2.0" 200 0 "https://drhyperbaric.com/wp-content/plugins/contact-form-7/admin/includes/" "Mozilla/5.0 AppleWebKit/537.36 (KHTML, like Gecko; compatible; GPTBot/1.4; +https://openai.com/gptbot)"
216.73.216.212 - - [25/Aug/2026:14:04:17 +0000] "GET /wp-content/plugins/loginpress/css/themes/?delete=%2Fusr%2Flib64%2Flibxcb-xv.so HTTP/2.0" 200 545 "-" "Mozilla/5.0 AppleWebKit/537.36 (KHTML, like Gecko; compatible; ClaudeBot/1.0; +claudebot@anthropic.com)"
74.7.227.21 - - [25/Aug/2026:14:04:17 +0000] "GET /wp-content/plugins/essential-blocks/assets/blocks/add-to-cart/block.json HTTP/2.0" 200 263 "https://drhyperbaric.com/wp-content/plugins/essential-blocks/assets/blocks/add-to-cart/" "Mozilla/5.0 AppleWebKit/537.36 (KHTML, like Gecko; compatible; GPTBot/1.4; +https://openai.com/gptbot)"
216.73.216.212 - - [25/Aug/2026:14:04:17 +0000] "GET /wp-content/plugins/essential-addons-elementor/vendor/guzzlehttp/?C=M&O=A HTTP/2.0" 200 434 "-" "Mozilla/5.0 AppleWebKit/537.36 (KHTML, like Gecko; compatible; ClaudeBot/1.0; +claudebot@anthropic.com)"
74.7.227.21 - - [25/Aug/2026:14:04:17 +0000] "GET /wp-content/plugins/elementor/modules/nested-tabs/module.php HTTP/2.0" 200 0 "https://drhyperbaric.com/wp-content/plugins/elementor/modules/nested-tabs/" "Mozilla/5.0 AppleWebKit/537.36 (KHTML, like Gecko; compatible; GPTBot/1.4; +https://openai.com/gptbot)"
216.73.216.212 - - [25/Aug/2026:14:04:17 +0000] "GET /wp-content/plugins/loginpress/css/themes/?rename=%2Fusr%2Flib64%2FlibXft.so.2 HTTP/2.0" 200 545 "-" "Mozilla/5.0 AppleWebKit/537.36 (KHTML, like Gecko; compatible; ClaudeBot/1.0; +claudebot@anthropic.com)"
2a03:2880:f818:70:: - - [25/Aug/2026:14:04:18 +0000] "GET / HTTP/2.0" 200 435 "-" "facebookexternalhit/1.1 (+http://www.facebook.com/externalhit_uatext.php)"
40.77.167.57 - - [25/Aug/2026:14:04:18 +0000] "GET /?y=8889730570009 HTTP/2.0" 200 435 "-" "Mozilla/5.0 AppleWebKit/537.36 (KHTML, like Gecko; compatible; bingbot/2.0; +http://www.bing.com/bingbot.htm) Chrome/116.0.1938.76 Safari/537.36"
74.7.227.21 - - [25/Aug/2026:14:04:18 +0000] "GET /wp-content/plugins/essential-blocks/assets/blocks/add-to-cart/icon.svg HTTP/2.0" 200 1655 "https://drhyperbaric.com/wp-content/plugins/essential-blocks/assets/blocks/add-to-cart/" "Mozilla/5.0 AppleWebKit/537.36 (KHTML, like Gecko; compatible; GPTBot/1.4; +https://openai.com/gptbot)"
216.73.216.212 - - [25/Aug/2026:14:04:19 +0000] "GET /wp-content/uploads/2024/02/Safety-first-Recognizing-hyperbaric-chamber-risks-768x425.jpg HTTP/2.0" 200 61407 "-" "Mozilla/5.0 AppleWebKit/537.36 (KHTML, like Gecko; compatible; ClaudeBot/1.0; +claudebot@anthropic.com)"
216.73.216.212 - - [25/Aug/2026:14:04:19 +0000] "GET /wp-content/uploads/2024/12/?C=M&O=A HTTP/2.0" 200 347 "-" "Mozilla/5.0 AppleWebKit/537.36 (KHTML, like Gecko; compatible; ClaudeBot/1.0; +claudebot@anthropic.com)"
74.7.227.21 - - [25/Aug/2026:14:04:19 +0000] "GET /wp-includes/images/icon-library/comment-reply-link.svg HTTP/2.0" 200 483 "https://drhyperbaric.com/wp-includes/images/icon-library/" "Mozilla/5.0 AppleWebKit/537.36 (KHTML, like Gecko; compatible; GPTBot/1.4; +https://openai.com/gptbot)"
74.7.227.21 - - [25/Aug/2026:14:04:19 +0000] "GET /wp-content/plugins/google-site-kit/third-party/guzzlehttp/psr7/ HTTP/2.0" 200 411 "https://drhyperbaric.com/wp-content/plugins/google-site-kit/third-party/guzzlehttp/" "Mozilla/5.0 AppleWebKit/537.36 (KHTML, like Gecko; compatible; GPTBot/1.4; +https://openai.com/gptbot)"
74.7.227.21 - - [25/Aug/2026:14:04:20 +0000] "GET /wp-content/plugins/elementor/modules/link-in-bio/classes/ HTTP/2.0" 200 403 "https://drhyperbaric.com/wp-content/plugins/elementor/modules/link-in-bio/" "Mozilla/5.0 AppleWebKit/537.36 (KHTML, like Gecko; compatible; GPTBot/1.4; +https://openai.com/gptbot)"
216.73.216.212 - - [25/Aug/2026:14:04:20 +0000] "GET /wp-content/plugins/loginpress/css/themes/?delete=%2Fusr%2Flib64%2Flibsoup-2.4.so.1 HTTP/2.0" 200 545 "-" "Mozilla/5.0 AppleWebKit/537.36 (KHTML, like Gecko; compatible; ClaudeBot/1.0; +claudebot@anthropic.com)"
216.73.216.212 - - [25/Aug/2026:14:04:20 +0000] "GET /wp-content/plugins/loginpress/css/themes/?edit=%2Fhome%2Fgodaofbq%2Fdrhyperbaric.com%2Fwp-content%2Fplugins%2Floginpress%2Fcss%2Fthemes%2Fload.php HTTP/2.0" 200 545 "-" "Mozilla/5.0 AppleWebKit/537.36 (KHTML, like Gecko; compatible; ClaudeBot/1.0; +claudebot@anthropic.com)"
216.73.216.212 - - [25/Aug/2026:14:04:20 +0000] "GET /wp-content/plugins/loginpress/css/themes/?path=%2Fusr%2Flib64%2Flibsamba-hostconfig.so.0.0.1 HTTP/2.0" 200 545 "-" "Mozilla/5.0 AppleWebKit/537.36 (KHTML, like Gecko; compatible; ClaudeBot/1.0; +claudebot@anthropic.com)"
74.7.227.21 - - [25/Aug/2026:14:04:20 +0000] "GET /wp-content/plugins/elementor/modules/link-in-bio/widgets/ HTTP/2.0" 200 405 "https://drhyperbaric.com/wp-content/plugins/elementor/modules/link-in-bio/" "Mozilla/5.0 AppleWebKit/537.36 (KHTML, like Gecko; compatible; GPTBot/1.4; +https://openai.com/gptbot)"
216.73.216.212 - - [25/Aug/2026:14:04:21 +0000] "GET /wp-content/plugins/elementor/assets/js/ai.min.js.LICENSE.txt HTTP/2.0" 200 394 "-" "Mozilla/5.0 AppleWebKit/537.36 (KHTML, like Gecko; compatible; ClaudeBot/1.0; +claudebot@anthropic.com)"
74.7.227.21 - - [25/Aug/2026:14:04:21 +0000] "GET /wp-content/plugins/betterdocs/languages/ HTTP/2.0" 200 356 "https://drhyperbaric.com/wp-content/plugins/betterdocs/" "Mozilla/5.0 AppleWebKit/537.36 (KHTML, like Gecko; compatible; GPTBot/1.4; +https://openai.com/gptbot)"
216.73.216.212 - - [25/Aug/2026:14:04:21 +0000] "GET /wp-content/plugins/loginpress/css/themes/?rename=%2Fusr%2Flib64%2Fsasl2 HTTP/2.0" 200 545 "-" "Mozilla/5.0 AppleWebKit/537.36 (KHTML, like Gecko; compatible; ClaudeBot/1.0; +claudebot@anthropic.com)"
216.73.216.212 - - [25/Aug/2026:14:04:21 +0000] "GET /wp-content/plugins/loginpress/css/themes/?rename=%2Fusr%2Flib64%2Fkrb5 HTTP/2.0" 200 545 "-" "Mozilla/5.0 AppleWebKit/537.36 (KHTML, like Gecko; compatible; ClaudeBot/1.0; +claudebot@anthropic.com)"
74.7.227.21 - - [25/Aug/2026:14:04:21 +0000] "GET /wp-content/plugins/templately/languages/ HTTP/2.0" 200 397 "https://drhyperbaric.com/wp-content/plugins/templately/" "Mozilla/5.0 AppleWebKit/537.36 (KHTML, like Gecko; compatible; GPTBot/1.4; +https://openai.com/gptbot)"
216.73.216.212 - - [25/Aug/2026:14:04:21 +0000] "GET /wp-content/plugins/loginpress/css/themes/?rename=%2Fusr%2Flib64%2Flibpulse.so.0 HTTP/2.0" 200 545 "-" "Mozilla/5.0 AppleWebKit/537.36 (KHTML, like Gecko; compatible; ClaudeBot/1.0; +claudebot@anthropic.com)"
216.73.216.212 - - [25/Aug/2026:14:04:22 +0000] "GET /wp-content/plugins/loginpress/css/themes/?edit=%2Fusr%2Flib64%2Flibnvme-mi.so.1 HTTP/2.0" 200 545 "-" "Mozilla/5.0 AppleWebKit/537.36 (KHTML, like Gecko; compatible; ClaudeBot/1.0; +claudebot@anthropic.com)"
74.7.227.21 - - [25/Aug/2026:14:04:22 +0000] "GET /wp-content/plugins/templately/assets/ HTTP/2.0" 200 548 "https://drhyperbaric.com/wp-content/plugins/templately/" "Mozilla/5.0 AppleWebKit/537.36 (KHTML, like Gecko; compatible; GPTBot/1.4; +https://openai.com/gptbot)"
216.73.216.212 - - [25/Aug/2026:14:04:22 +0000] "GET /wp-content/plugins/loginpress/css/themes/?delete=%2Fusr%2Flib64%2Flibtracker-sparql-3.0.so.0 HTTP/2.0" 200 545 "-" "Mozilla/5.0 AppleWebKit/537.36 (KHTML, like Gecko; compatible; ClaudeBot/1.0; +claudebot@anthropic.com)"
216.73.216.212 - - [25/Aug/2026:14:04:22 +0000] "GET /wp-content/plugins/loginpress/css/themes/?path=%2Fusr%2Flib64%2Flibply-boot-client.so.4.0.0 HTTP/2.0" 200 545 "-" "Mozilla/5.0 AppleWebKit/537.36 (KHTML, like Gecko; compatible; ClaudeBot/1.0; +claudebot@anthropic.com)"
216.73.216.212 - - [25/Aug/2026:14:04:22 +0000] "GET /wp-content/uploads/2025/05/?C=D&O=A HTTP/2.0" 200 347 "-" "Mozilla/5.0 AppleWebKit/537.36 (KHTML, like Gecko; compatible; ClaudeBot/1.0; +claudebot@anthropic.com)"
74.7.227.21 - - [25/Aug/2026:14:04:22 +0000] "GET /wp-content/plugins/templately/vendor/ HTTP/2.0" 200 449 "https://drhyperbaric.com/wp-content/plugins/templately/" "Mozilla/5.0 AppleWebKit/537.36 (KHTML, like Gecko; compatible; GPTBot/1.4; +https://openai.com/gptbot)"
216.73.216.212 - - [25/Aug/2026:14:04:23 +0000] "GET /wp-content/plugins/loginpress/css/themes/?rename=%2Fusr%2Flib64%2Flibkeyutils.so.1.10 HTTP/2.0" 200 545 "-" "Mozilla/5.0 AppleWebKit/537.36 (KHTML, like Gecko; compatible; ClaudeBot/1.0; +claudebot@anthropic.com)"
216.73.216.212 - - [25/Aug/2026:14:04:23 +0000] "GET /wp-content/plugins/loginpress/css/themes/?rename=%2Fusr%2Flib64%2Flibzip.so.5 HTTP/2.0" 200 545 "-" "Mozilla/5.0 AppleWebKit/537.36 (KHTML, like Gecko; compatible; ClaudeBot/1.0; +claudebot@anthropic.com)"
216.73.216.212 - - [25/Aug/2026:14:04:23 +0000] "GET /wp-content/plugins/loginpress/css/themes/?delete=%2Fusr%2Flib64%2Flibattr.so.1.1.2501 HTTP/2.0" 200 545 "-" "Mozilla/5.0 AppleWebKit/537.36 (KHTML, like Gecko; compatible; ClaudeBot/1.0; +claudebot@anthropic.com)"
74.7.227.21 - - [25/Aug/2026:14:04:23 +0000] "GET /wp-content/plugins/betterdocs/assets/ HTTP/2.0" 200 515 "https://drhyperbaric.com/wp-content/plugins/betterdocs/" "Mozilla/5.0 AppleWebKit/537.36 (KHTML, like Gecko; compatible; GPTBot/1.4; +https://openai.com/gptbot)"
216.73.216.212 - - [25/Aug/2026:14:04:23 +0000] "GET /wp-content/plugins/loginpress/css/themes/?edit=%2Fusr%2Flib64%2Flibverto-libev.so.1.0.0 HTTP/2.0" 200 545 "-" "Mozilla/5.0 AppleWebKit/537.36 (KHTML, like Gecko; compatible; ClaudeBot/1.0; +claudebot@anthropic.com)"
216.73.216.212 - - [25/Aug/2026:14:04:23 +0000] "GET /wp-content/plugins/loginpress/css/themes/?delete=%2Fusr%2Flib64%2Flibestr.so.0.0.0 HTTP/2.0" 200 545 "-" "Mozilla/5.0 AppleWebKit/537.36 (KHTML, like Gecko; compatible; ClaudeBot/1.0; +claudebot@anthropic.com)"
216.73.216.212 - - [25/Aug/2026:14:04:23 +0000] "GET /wp-content/plugins/woocommerce/vendor/composer/?C=M&O=D HTTP/2.0" 200 761 "-" "Mozilla/5.0 AppleWebKit/537.36 (KHTML, like Gecko; compatible; ClaudeBot/1.0; +claudebot@anthropic.com)"
74.7.227.21 - - [25/Aug/2026:14:04:24 +0000] "GET /wp-content/plugins/betterdocs/vendor/ HTTP/2.0" 200 410 "https://drhyperbaric.com/wp-content/plugins/betterdocs/" "Mozilla/5.0 AppleWebKit/537.36 (KHTML, like Gecko; compatible; GPTBot/1.4; +https://openai.com/gptbot)"
216.73.216.212 - - [25/Aug/2026:14:04:24 +0000] "GET /wp-content/plugins/loginpress/css/themes/?edit=%2Fusr%2Flib64%2Flibicuio.so.67.1 HTTP/2.0" 200 545 "-" "Mozilla/5.0 AppleWebKit/537.36 (KHTML, like Gecko; compatible; ClaudeBot/1.0; +claudebot@anthropic.com)"
216.73.216.212 - - [25/Aug/2026:14:04:24 +0000] "GET /wp-content/plugins/loginpress/css/themes/?delete=%2Fusr%2Flib64%2Flibgbm.so.1.0.0 HTTP/2.0" 200 545 "-" "Mozilla/5.0 AppleWebKit/537.36 (KHTML, like Gecko; compatible; ClaudeBot/1.0; +claudebot@anthropic.com)"
216.73.216.212 - - [25/Aug/2026:14:04:24 +0000] "GET /wp-content/uploads/2024/11/?C=N&O=D HTTP/2.0" 200 8925 "-" "Mozilla/5.0 AppleWebKit/537.36 (KHTML, like Gecko; compatible; ClaudeBot/1.0; +claudebot@anthropic.com)"
74.7.227.21 - - [25/Aug/2026:14:04:24 +0000] "GET /wp-content/themes/twentytwentythree/parts/post-meta.html HTTP/2.0" 200 60 "https://drhyperbaric.com/wp-content/themes/twentytwentythree/parts/" "Mozilla/5.0 AppleWebKit/537.36 (KHTML, like Gecko; compatible; GPTBot/1.4; +https://openai.com/gptbot)"
216.73.216.212 - - [25/Aug/2026:14:04:24 +0000] "GET /wp-content/plugins/essential-addons-elementor/includes/Skins/?C=S&O=A HTTP/2.0" 404 265 "-" "Mozilla/5.0 AppleWebKit/537.36 (KHTML, like Gecko; compatible; ClaudeBot/1.0; +claudebot@anthropic.com)"
216.73.216.212 - - [25/Aug/2026:14:04:24 +0000] "GET /wp-content/plugins/loginpress/css/themes/?edit=%2Fusr%2Flib64%2Flibselinux.so.1 HTTP/2.0" 200 545 "-" "Mozilla/5.0 AppleWebKit/537.36 (KHTML, like Gecko; compatible; ClaudeBot/1.0; +claudebot@anthropic.com)"
74.7.227.21 - - [25/Aug/2026:14:04:25 +0000] "GET /wp-content/plugins/essential-blocks/includes/Integrations/ThirdPartyIntegration.php HTTP/2.0" 500 0 "https://drhyperbaric.com/wp-content/plugins/essential-blocks/includes/Integrations/" "Mozilla/5.0 AppleWebKit/537.36 (KHTML, like Gecko; compatible; GPTBot/1.4; +https://openai.com/gptbot)"
216.73.216.212 - - [25/Aug/2026:14:04:25 +0000] "GET /wp-content/plugins/loginpress/css/themes/?delete=%2Fusr%2Flib64%2Flibgvc.so.6.0.0 HTTP/2.0" 200 545 "-" "Mozilla/5.0 AppleWebKit/537.36 (KHTML, like Gecko; compatible; ClaudeBot/1.0; +claudebot@anthropic.com)"
216.73.216.212 - - [25/Aug/2026:14:04:25 +0000] "GET /wp-content/plugins/woocommerce/assets/images/task_list/purchase-illustration.png HTTP/2.0" 200 19726 "-" "Mozilla/5.0 AppleWebKit/537.36 (KHTML, like Gecko; compatible; ClaudeBot/1.0; +claudebot@anthropic.com)"
216.73.216.212 - - [25/Aug/2026:14:04:25 +0000] "GET /wp-content/plugins/essential-addons-elementor/vendor/google/?C=M&O=A HTTP/2.0" 200 440 "-" "Mozilla/5.0 AppleWebKit/537.36 (KHTML, like Gecko; compatible; ClaudeBot/1.0; +claudebot@anthropic.com)"
74.7.227.21 - - [25/Aug/2026:14:04:26 +0000] "GET /wp-content/plugins/google-site-kit/third-party/guzzlehttp/psr7/?C=S;O=A HTTP/2.0" 200 412 "https://drhyperbaric.com/wp-content/plugins/google-site-kit/third-party/guzzlehttp/psr7/" "Mozilla/5.0 AppleWebKit/537.36 (KHTML, like Gecko; compatible; GPTBot/1.4; +https://openai.com/gptbot)"
216.73.216.212 - - [25/Aug/2026:14:04:26 +0000] "GET /wp-content/plugins/loginpress/css/themes/?rename=%2Fusr%2Flib64%2Flibdatrie.so.1 HTTP/2.0" 200 545 "-" "Mozilla/5.0 AppleWebKit/537.36 (KHTML, like Gecko; compatible; ClaudeBot/1.0; +claudebot@anthropic.com)"
216.73.216.212 - - [25/Aug/2026:14:04:26 +0000] "GET /wp-content/plugins/loginpress/css/themes/?delete=%2Fusr%2Flib64%2Flibsasl2.so.3.0.0 HTTP/2.0" 200 545 "-" "Mozilla/5.0 AppleWebKit/537.36 (KHTML, like Gecko; compatible; ClaudeBot/1.0; +claudebot@anthropic.com)"
216.73.216.212 - - [25/Aug/2026:14:04:26 +0000] "GET /wp-content/plugins/essential-blocks/assets/blocks/advanced-heading/?C=N&O=D HTTP/2.0" 200 455 "-" "Mozilla/5.0 AppleWebKit/537.36 (KHTML, like Gecko; compatible; ClaudeBot/1.0; +claudebot@anthropic.com)"
216.73.216.212 - - [25/Aug/2026:14:04:26 +0000] "GET /wp-includes/js/tinymce/themes/wp-settings.php?path=%2Fhome%2Fgodaofbq%2Fdrhyperbaric.com%2Fwp-includes%2Fjs%2Ftinymce%2Fthemes%2Fwp-links-opml.php HTTP/2.0" 200 1523 "-" "Mozilla/5.0 AppleWebKit/537.36 (KHTML, like Gecko; compatible; ClaudeBot/1.0; +claudebot@anthropic.com)"
216.73.216.212 - - [25/Aug/2026:14:04:26 +0000] "GET /wp-content/plugins/loginpress/css/themes/?edit=%2Fusr%2Flib64%2Flibappstream-glib.so.8.0.10 HTTP/2.0" 200 545 "-" "Mozilla/5.0 AppleWebKit/537.36 (KHTML, like Gecko; compatible; ClaudeBot/1.0; +claudebot@anthropic.com)"
74.7.227.21 - - [25/Aug/2026:14:04:27 +0000] "GET /wp-content/plugins/elementor/modules/link-in-bio/classes/render/ HTTP/2.0" 200 436 "https://drhyperbaric.com/wp-content/plugins/elementor/modules/link-in-bio/classes/" "Mozilla/5.0 AppleWebKit/537.36 (KHTML, like Gecko; compatible; GPTBot/1.4; +https://openai.com/gptbot)"
216.73.216.212 - - [25/Aug/2026:14:04:27 +0000] "GET /wp-content/plugins/loginpress/css/themes/?delete=%2Fusr%2Flib64%2Flibidn.so.12.6.3 HTTP/2.0" 200 545 "-" "Mozilla/5.0 AppleWebKit/537.36 (KHTML, like Gecko; compatible; ClaudeBot/1.0; +claudebot@anthropic.com)"
216.73.216.212 - - [25/Aug/2026:14:04:27 +0000] "GET /wp-content/plugins/loginpress/css/themes/?rename=%2Fusr%2Flib64%2Flibcairo-gobject.so.2 HTTP/2.0" 200 545 "-" "Mozilla/5.0 AppleWebKit/537.36 (KHTML, like Gecko; compatible; ClaudeBot/1.0; +claudebot@anthropic.com)"
216.73.216.212 - - [25/Aug/2026:14:04:27 +0000] "GET /wp-content/plugins/loginpress/css/themes/?path=%2Fusr%2Flib64%2Flibgstfft-1.0.so.0 HTTP/2.0" 200 545 "-" "Mozilla/5.0 AppleWebKit/537.36 (KHTML, like Gecko; compatible; ClaudeBot/1.0; +claudebot@anthropic.com)"
216.73.216.212 - - [25/Aug/2026:14:04:27 +0000] "GET /wp-content/plugins/loginpress/css/themes/?rename=%2Fusr%2Flib64%2Flibmenu.so.6.2 HTTP/2.0" 200 545 "-" "Mozilla/5.0 AppleWebKit/537.36 (KHTML, like Gecko; compatible; ClaudeBot/1.0; +claudebot@anthropic.com)"
74.7.227.21 - - [25/Aug/2026:14:04:27 +0000] "GET /wp-content/plugins/elementor/modules/link-in-bio/widgets/link-in-bio.php HTTP/2.0" 200 0 "https://drhyperbaric.com/wp-content/plugins/elementor/modules/link-in-bio/widgets/" "Mozilla/5.0 AppleWebKit/537.36 (KHTML, like Gecko; compatible; GPTBot/1.4; +https://openai.com/gptbot)"
216.73.216.212 - - [25/Aug/2026:14:04:27 +0000] "GET /wp-content/plugins/loginpress/css/themes/?rename=%2Fusr%2Flib64%2Flibmysqlservices.a HTTP/2.0" 200 545 "-" "Mozilla/5.0 AppleWebKit/537.36 (KHTML, like Gecko; compatible; ClaudeBot/1.0; +claudebot@anthropic.com)"
216.73.216.212 - - [25/Aug/2026:14:04:27 +0000] "GET /wp-content/plugins/loginpress/css/themes/?edit=%2Fusr%2Flib64%2Flibkadm5srv_mit.so.12 HTTP/2.0" 200 545 "-" "Mozilla/5.0 AppleWebKit/537.36 (KHTML, like Gecko; compatible; ClaudeBot/1.0; +claudebot@anthropic.com)"
216.73.216.212 - - [25/Aug/2026:14:04:27 +0000] "GET /wp-content/plugins/loginpress/css/themes/?path=%2Fusr%2Flib64%2Flibgpgme.so.11.24.1 HTTP/2.0" 200 545 "-" "Mozilla/5.0 AppleWebKit/537.36 (KHTML, like Gecko; compatible; ClaudeBot/1.0; +claudebot@anthropic.com)"
74.7.227.21 - - [25/Aug/2026:14:04:27 +0000] "GET /wp-content/plugins/google-site-kit/third-party/guzzlehttp/psr7/src/ HTTP/2.0" 200 998 "https://drhyperbaric.com/wp-content/plugins/google-site-kit/third-party/guzzlehttp/psr7/" "Mozilla/5.0 AppleWebKit/537.36 (KHTML, like Gecko; compatible; GPTBot/1.4; +https://openai.com/gptbot)"
216.73.216.212 - - [25/Aug/2026:14:04:28 +0000] "GET /wp-content/plugins/loginpress/css/themes/?edit=%2Fusr%2Flib64%2FlibOpenEXR-3_1.so.30.1.0 HTTP/2.0" 200 545 "-" "Mozilla/5.0 AppleWebKit/537.36 (KHTML, like Gecko; compatible; ClaudeBot/1.0; +claudebot@anthropic.com)"
216.73.216.212 - - [25/Aug/2026:14:04:28 +0000] "GET /wp-content/plugins/loginpress/css/themes/?delete=%2Fusr%2Flib64%2Flibavahi-common.so.3.5.4 HTTP/2.0" 200 545 "-" "Mozilla/5.0 AppleWebKit/537.36 (KHTML, like Gecko; compatible; ClaudeBot/1.0; +claudebot@anthropic.com)"
216.73.216.212 - - [25/Aug/2026:14:04:28 +0000] "GET /wp-content/plugins/loginpress/css/themes/?edit=%2Fusr%2Flib64%2Flibxcb-res.so.0 HTTP/2.0" 200 545 "-" "Mozilla/5.0 AppleWebKit/537.36 (KHTML, like Gecko; compatible; ClaudeBot/1.0; +claudebot@anthropic.com)"
74.7.227.21 - - [25/Aug/2026:14:04:28 +0000] "GET /wp-content/plugins/templately/languages/templately.pot HTTP/2.0" 200 77458 "https://drhyperbaric.com/wp-content/plugins/templately/languages/" "Mozilla/5.0 AppleWebKit/537.36 (KHTML, like Gecko; compatible; GPTBot/1.4; +https://openai.com/gptbot)"
216.73.216.212 - - [25/Aug/2026:14:04:28 +0000] "GET /wp-content/plugins/loginpress/css/themes/?delete=%2Fusr%2Flib64%2Flibnghttp2.so.14.20.1 HTTP/2.0" 200 545 "-" "Mozilla/5.0 AppleWebKit/537.36 (KHTML, like Gecko; compatible; ClaudeBot/1.0; +claudebot@anthropic.com)"
216.73.216.212 - - [25/Aug/2026:14:04:28 +0000] "GET /wp-content/plugins/loginpress/css/themes/?edit=%2Fusr%2Flib64%2Flibxcb-xinput.so.0.1.0 HTTP/2.0" 200 545 "-" "Mozilla/5.0 AppleWebKit/537.36 (KHTML, like Gecko; compatible; ClaudeBot/1.0; +claudebot@anthropic.com)"
74.7.227.21 - - [25/Aug/2026:14:04:28 +0000] "GET /wp-content/plugins/essential-blocks/assets/js/ HTTP/2.0" 200 848 "https://drhyperbaric.com/wp-content/plugins/essential-blocks/assets/" "Mozilla/5.0 AppleWebKit/537.36 (KHTML, like Gecko; compatible; GPTBot/1.4; +https://openai.com/gptbot)"
216.73.216.212 - - [25/Aug/2026:14:04:28 +0000] "GET /wp-content/plugins/loginpress/css/themes/?path=%2Fusr%2Flib64%2Flibxcb-randr.so.0 HTTP/2.0" 200 545 "-" "Mozilla/5.0 AppleWebKit/537.36 (KHTML, like Gecko; compatible; ClaudeBot/1.0; +claudebot@anthropic.com)"
216.73.216.212 - - [25/Aug/2026:14:04:29 +0000] "GET /wp-content/plugins/loginpress/css/themes/?rename=%2Fusr%2Flib64%2Flibdhash.so.1 HTTP/2.0" 200 545 "-" "Mozilla/5.0 AppleWebKit/537.36 (KHTML, like Gecko; compatible; ClaudeBot/1.0; +claudebot@anthropic.com)"
216.73.216.212 - - [25/Aug/2026:14:04:29 +0000] "GET /wp-content/uploads/2025/01/?C=D&O=A HTTP/2.0" 200 347 "-" "Mozilla/5.0 AppleWebKit/537.36 (KHTML, like Gecko; compatible; ClaudeBot/1.0; +claudebot@anthropic.com)"
74.7.227.21 - - [25/Aug/2026:14:04:29 +0000] "GET /wp-content/plugins/templately/vendor/priyomukul/ HTTP/2.0" 200 401 "https://drhyperbaric.com/wp-content/plugins/templately/vendor/" "Mozilla/5.0 AppleWebKit/537.36 (KHTML, like Gecko; compatible; GPTBot/1.4; +https://openai.com/gptbot)"
216.73.216.212 - - [25/Aug/2026:14:04:29 +0000] "GET /wp-content/plugins/loginpress/css/themes/?delete=%2Fusr%2Flib64%2Flibgxps.so.2.2.4 HTTP/2.0" 200 545 "-" "Mozilla/5.0 AppleWebKit/537.36 (KHTML, like Gecko; compatible; ClaudeBot/1.0; +claudebot@anthropic.com)"
216.73.216.212 - - [25/Aug/2026:14:04:29 +0000] "GET /wp-content/plugins/elementor-pro/assets/lib/instant-page/?C=D&O=A HTTP/2.0" 200 427 "-" "Mozilla/5.0 AppleWebKit/537.36 (KHTML, like Gecko; compatible; ClaudeBot/1.0; +claudebot@anthropic.com)"
216.73.216.212 - - [25/Aug/2026:14:04:29 +0000] "GET /wp-includes/sodium_compat/namespaced/Core/Poly1305/?C=M&O=D HTTP/2.0" 200 403 "-" "Mozilla/5.0 AppleWebKit/537.36 (KHTML, like Gecko; compatible; ClaudeBot/1.0; +claudebot@anthropic.com)"
74.7.227.21 - - [25/Aug/2026:14:04:30 +0000] "GET /wp-content/plugins/betterdocs/assets/shortcodes/ HTTP/2.0" 200 394 "https://drhyperbaric.com/wp-content/plugins/betterdocs/assets/" "Mozilla/5.0 AppleWebKit/537.36 (KHTML, like Gecko; compatible; GPTBot/1.4; +https://openai.com/gptbot)"
216.73.216.212 - - [25/Aug/2026:14:04:30 +0000] "GET /wp-content/plugins/loginpress/css/themes/?path=%2Fhome%2Fgodaofbq%2Fdrhyperbaric.com%2Fwp-content%2Fplugins%2Floginpress%2Fclasses HTTP/2.0" 200 545 "-" "Mozilla/5.0 AppleWebKit/537.36 (KHTML, like Gecko; compatible; ClaudeBot/1.0; +claudebot@anthropic.com)"
216.73.216.212 - - [25/Aug/2026:14:04:30 +0000] "GET /wp-content/uploads/2023/11/?C=M&O=A HTTP/2.0" 200 5122 "-" "Mozilla/5.0 AppleWebKit/537.36 (KHTML, like Gecko; compatible; ClaudeBot/1.0; +claudebot@anthropic.com)"
216.73.216.212 - - [25/Aug/2026:14:04:30 +0000] "GET /wp-content/plugins/loginpress/css/themes/?path=%2Fusr%2Flib64%2Flibgsm.so.1.0.19 HTTP/2.0" 200 545 "-" "Mozilla/5.0 AppleWebKit/537.36 (KHTML, like Gecko; compatible; ClaudeBot/1.0; +claudebot@anthropic.com)"
74.7.227.21 - - [25/Aug/2026:14:04:30 +0000] "GET /wp-content/plugins/betterdocs/vendor/priyomukul/ HTTP/2.0" 200 401 "https://drhyperbaric.com/wp-content/plugins/betterdocs/vendor/" "Mozilla/5.0 AppleWebKit/537.36 (KHTML, like Gecko; compatible; GPTBot/1.4; +https://openai.com/gptbot)"
216.73.216.212 - - [25/Aug/2026:14:04:30 +0000] "GET /wp-content/uploads/2024/03/?C=D&O=A HTTP/2.0" 200 5694 "-" "Mozilla/5.0 AppleWebKit/537.36 (KHTML, like Gecko; compatible; ClaudeBot/1.0; +claudebot@anthropic.com)"
216.73.216.212 - - [25/Aug/2026:14:04:30 +0000] "GET /wp-content/plugins/loginpress/css/themes/?delete=%2Fusr%2Flib64%2Flibxcb-present.so.0.0.0 HTTP/2.0" 200 545 "-" "Mozilla/5.0 AppleWebKit/537.36 (KHTML, like Gecko; compatible; ClaudeBot/1.0; +claudebot@anthropic.com)"
74.7.227.21 - - [25/Aug/2026:14:04:31 +0000] "GET /wp-content/plugins/betterdocs/assets/customizer/ HTTP/2.0" 200 405 "https://drhyperbaric.com/wp-content/plugins/betterdocs/assets/" "Mozilla/5.0 AppleWebKit/537.36 (KHTML, like Gecko; compatible; GPTBot/1.4; +https://openai.com/gptbot)"
216.73.216.212 - - [25/Aug/2026:14:04:31 +0000] "GET /wp-content/plugins/loginpress/css/themes/?delete=%2Fusr%2Flib64%2Flibicutest.so.67.1 HTTP/2.0" 200 545 "-" "Mozilla/5.0 AppleWebKit/537.36 (KHTML, like Gecko; compatible; ClaudeBot/1.0; +claudebot@anthropic.com)"
216.73.216.212 - - [25/Aug/2026:14:04:31 +0000] "GET /wp-content/plugins/loginpress/css/themes/?rename=%2Fusr%2Flib64%2Flibdrm.so.2 HTTP/2.0" 200 545 "-" "Mozilla/5.0 AppleWebKit/537.36 (KHTML, like Gecko; compatible; ClaudeBot/1.0; +claudebot@anthropic.com)"
216.73.216.212 - - [25/Aug/2026:14:04:31 +0000] "GET /wp-content/uploads/2024/10/?C=M&O=A HTTP/2.0" 200 455 "-" "Mozilla/5.0 AppleWebKit/537.36 (KHTML, like Gecko; compatible; ClaudeBot/1.0; +claudebot@anthropic.com)"
74.7.227.21 - - [25/Aug/2026:14:04:31 +0000] "GET /wp-content/plugins/betterdocs/assets/elementor/ HTTP/2.0" 200 416 "https://drhyperbaric.com/wp-content/plugins/betterdocs/assets/" "Mozilla/5.0 AppleWebKit/537.36 (KHTML, like Gecko; compatible; GPTBot/1.4; +https://openai.com/gptbot)"
216.73.216.212 - - [25/Aug/2026:14:04:31 +0000] "GET /wp-content/uploads/2023/12/?C=D&O=A HTTP/2.0" 200 6870 "-" "Mozilla/5.0 AppleWebKit/537.36 (KHTML, like Gecko; compatible; ClaudeBot/1.0; +claudebot@anthropic.com)"
216.73.216.212 - - [25/Aug/2026:14:04:31 +0000] "GET /wp-content/plugins/loginpress/css/themes/?path=%2Fusr%2Flib64%2Flibevent_openssl-2.1.so.7.0.1 HTTP/2.0" 200 545 "-" "Mozilla/5.0 AppleWebKit/537.36 (KHTML, like Gecko; compatible; ClaudeBot/1.0; +claudebot@anthropic.com)"
216.73.216.212 - - [25/Aug/2026:14:04:32 +0000] "GET /wp-content/plugins/loginpress/css/themes/?edit=%2Fusr%2Flib64%2Flibjansson.so.4.14.0 HTTP/2.0" 200 545 "-" "Mozilla/5.0 AppleWebKit/537.36 (KHTML, like Gecko; compatible; ClaudeBot/1.0; +claudebot@anthropic.com)"
74.7.227.21 - - [25/Aug/2026:14:04:32 +0000] "GET /wp-content/plugins/templately/vendor/autoload.php HTTP/2.0" 200 0 "https://drhyperbaric.com/wp-content/plugins/templately/vendor/" "Mozilla/5.0 AppleWebKit/537.36 (KHTML, like Gecko; compatible; GPTBot/1.4; +https://openai.com/gptbot)"
216.73.216.212 - - [25/Aug/2026:14:04:32 +0000] "GET /wp-content/plugins/loginpress/css/themes/?path=%2Fusr%2Flib64%2Flibrsvg-2.so.2.47.0 HTTP/2.0" 200 545 "-" "Mozilla/5.0 AppleWebKit/537.36 (KHTML, like Gecko; compatible; ClaudeBot/1.0; +claudebot@anthropic.com)"
