216.73.216.212 - - [25/Aug/2026:13:13:06 +0000] "GET /wp-content/plugins/loginpress/css/themes/?rename=%2Fusr%2Flib64%2Flibtss2-tctildr.so.0 HTTP/2.0" 200 545 "-" "Mozilla/5.0 AppleWebKit/537.36 (KHTML, like Gecko; compatible; ClaudeBot/1.0; +claudebot@anthropic.com)"
216.73.216.212 - - [25/Aug/2026:13:13:07 +0000] "GET /wp-content/themes/kadence/inc/components/styles/?C=S&O=D HTTP/2.0" 200 398 "-" "Mozilla/5.0 AppleWebKit/537.36 (KHTML, like Gecko; compatible; ClaudeBot/1.0; +claudebot@anthropic.com)"
216.73.216.212 - - [25/Aug/2026:13:13:07 +0000] "GET /wp-content/themes/astra/inc/builder/?C=S&O=A HTTP/2.0" 200 472 "-" "Mozilla/5.0 AppleWebKit/537.36 (KHTML, like Gecko; compatible; ClaudeBot/1.0; +claudebot@anthropic.com)"
74.7.227.21 - - [25/Aug/2026:13:13:07 +0000] "GET /wp-content/themes/twentytwentyfive/patterns/page-link-in-bio-with-tight-margins.php HTTP/2.0" 200 336 "https://drhyperbaric.com/wp-content/themes/twentytwentyfive/patterns/" "Mozilla/5.0 AppleWebKit/537.36 (KHTML, like Gecko; compatible; GPTBot/1.4; +https://openai.com/gptbot)"
216.73.216.212 - - [25/Aug/2026:13:13:07 +0000] "GET /wp-content/plugins/loginpress/css/themes/?delete=%2Fusr%2Flib64%2Flibgcc_s-11-20240719.so.1 HTTP/2.0" 200 545 "-" "Mozilla/5.0 AppleWebKit/537.36 (KHTML, like Gecko; compatible; ClaudeBot/1.0; +claudebot@anthropic.com)"
216.73.216.212 - - [25/Aug/2026:13:13:07 +0000] "GET /wp-content/plugins/loginpress/css/themes/?download=%2Fusr%2Flib64%2Flibrpmbuild.so.9.1.3&path=%2Fusr%2Flib64 HTTP/2.0" 200 545 "-" "Mozilla/5.0 AppleWebKit/537.36 (KHTML, like Gecko; compatible; ClaudeBot/1.0; +claudebot@anthropic.com)"
74.7.227.21 - - [25/Aug/2026:13:13:07 +0000] "GET /wp-content/themes/twentytwentyfour/patterns/text-centered-statement-small.php HTTP/2.0" 200 326 "https://drhyperbaric.com/wp-content/themes/twentytwentyfour/patterns/" "Mozilla/5.0 AppleWebKit/537.36 (KHTML, like Gecko; compatible; GPTBot/1.4; +https://openai.com/gptbot)"
216.73.216.212 - - [25/Aug/2026:13:13:08 +0000] "GET /wp-content/plugins/loginpress/css/themes/?download=%2Fusr%2Flib64%2Flibcap-ng.so.0&path=%2Fusr%2Flib64 HTTP/2.0" 200 545 "-" "Mozilla/5.0 AppleWebKit/537.36 (KHTML, like Gecko; compatible; ClaudeBot/1.0; +claudebot@anthropic.com)"
216.73.216.212 - - [25/Aug/2026:13:13:08 +0000] "GET /wp-content/plugins/loginpress/css/themes/?rename=%2Fusr%2Flib64%2Fliblz4.so.1.9.3 HTTP/2.0" 200 545 "-" "Mozilla/5.0 AppleWebKit/537.36 (KHTML, like Gecko; compatible; ClaudeBot/1.0; +claudebot@anthropic.com)"
216.73.216.212 - - [25/Aug/2026:13:13:08 +0000] "GET /wp-content/plugins/essential-addons-elementor/vendor/ralouphie/?C=S&O=D HTTP/2.0" 200 410 "-" "Mozilla/5.0 AppleWebKit/537.36 (KHTML, like Gecko; compatible; ClaudeBot/1.0; +claudebot@anthropic.com)"
74.7.227.21 - - [25/Aug/2026:13:13:08 +0000] "GET /wp-content/themes/twentytwentyfour/patterns/text-centered-statement.php HTTP/2.0" 200 480 "https://drhyperbaric.com/wp-content/themes/twentytwentyfour/patterns/" "Mozilla/5.0 AppleWebKit/537.36 (KHTML, like Gecko; compatible; GPTBot/1.4; +https://openai.com/gptbot)"
216.73.216.212 - - [25/Aug/2026:13:13:08 +0000] "GET /wp-content/plugins/loginpress/css/themes/?rename=%2Fusr%2Flib64%2Flibsombok.so.3.1.7 HTTP/2.0" 200 545 "-" "Mozilla/5.0 AppleWebKit/537.36 (KHTML, like Gecko; compatible; ClaudeBot/1.0; +claudebot@anthropic.com)"
216.73.216.212 - - [25/Aug/2026:13:13:08 +0000] "GET /wp-content/plugins/loginpress/css/themes/?download=%2Fusr%2Flib64%2Flibsepol.so&path=%2Fusr%2Flib64 HTTP/2.0" 200 545 "-" "Mozilla/5.0 AppleWebKit/537.36 (KHTML, like Gecko; compatible; ClaudeBot/1.0; +claudebot@anthropic.com)"
216.73.216.212 - - [25/Aug/2026:13:13:08 +0000] "GET /wp-content/plugins/loginpress/css/themes/?download=%2Fusr%2Flib64%2Flibgd.so.3&path=%2Fusr%2Flib64 HTTP/2.0" 200 545 "-" "Mozilla/5.0 AppleWebKit/537.36 (KHTML, like Gecko; compatible; ClaudeBot/1.0; +claudebot@anthropic.com)"
74.7.227.21 - - [25/Aug/2026:13:13:09 +0000] "GET /wp-content/maintenance/assets/704872/ HTTP/2.0" 200 354 "https://drhyperbaric.com/wp-content/maintenance/assets/" "Mozilla/5.0 AppleWebKit/537.36 (KHTML, like Gecko; compatible; GPTBot/1.4; +https://openai.com/gptbot)"
216.73.216.212 - - [25/Aug/2026:13:13:09 +0000] "GET /wp-content/plugins/google-site-kit/third-party/google/apiclient-services-adsenselinks/?C=S&O=D HTTP/2.0" 200 431 "-" "Mozilla/5.0 AppleWebKit/537.36 (KHTML, like Gecko; compatible; ClaudeBot/1.0; +claudebot@anthropic.com)"
216.73.216.212 - - [25/Aug/2026:13:13:09 +0000] "GET /wp-content/plugins/loginpress/css/themes/?download=%2Fusr%2Flib64%2FlibXcomposite.so.1&path=%2Fusr%2Flib64 HTTP/2.0" 200 545 "-" "Mozilla/5.0 AppleWebKit/537.36 (KHTML, like Gecko; compatible; ClaudeBot/1.0; +claudebot@anthropic.com)"
216.73.216.212 - - [25/Aug/2026:13:13:09 +0000] "GET /wp-content/plugins/loginpress/css/themes/?download=%2Fusr%2Flib64%2FlibXi.so.6&path=%2Fusr%2Flib64 HTTP/2.0" 200 545 "-" "Mozilla/5.0 AppleWebKit/537.36 (KHTML, like Gecko; compatible; ClaudeBot/1.0; +claudebot@anthropic.com)"
74.7.227.21 - - [25/Aug/2026:13:13:09 +0000] "GET /wp-content/themes/twentytwentyfive/patterns/banner-with-description-and-images-grid.php HTTP/2.0" 200 404 "https://drhyperbaric.com/wp-content/themes/twentytwentyfive/patterns/" "Mozilla/5.0 AppleWebKit/537.36 (KHTML, like Gecko; compatible; GPTBot/1.4; +https://openai.com/gptbot)"
216.73.216.212 - - [25/Aug/2026:13:13:09 +0000] "GET /wp-content/plugins/loginpress/css/themes/?rename=%2Fusr%2Flib64%2Flibpcre2-posix.so.3 HTTP/2.0" 200 545 "-" "Mozilla/5.0 AppleWebKit/537.36 (KHTML, like Gecko; compatible; ClaudeBot/1.0; +claudebot@anthropic.com)"
216.73.216.212 - - [25/Aug/2026:13:13:09 +0000] "GET /wp-content/plugins/woocommerce/templates/product-form/?C=D&O=A HTTP/2.0" 200 407 "-" "Mozilla/5.0 AppleWebKit/537.36 (KHTML, like Gecko; compatible; ClaudeBot/1.0; +claudebot@anthropic.com)"
216.73.216.212 - - [25/Aug/2026:13:13:10 +0000] "GET /wp-content/plugins/loginpress/css/themes/?download=%2Fusr%2Flib64%2Flibsepol.so.2&path=%2Fusr%2Flib64 HTTP/2.0" 200 545 "-" "Mozilla/5.0 AppleWebKit/537.36 (KHTML, like Gecko; compatible; ClaudeBot/1.0; +claudebot@anthropic.com)"
74.7.227.21 - - [25/Aug/2026:13:13:10 +0000] "GET /wp-content/themes/twentytwentyfive/patterns/heading-and-paragraph-with-image.php HTTP/2.0" 200 370 "https://drhyperbaric.com/wp-content/themes/twentytwentyfive/patterns/" "Mozilla/5.0 AppleWebKit/537.36 (KHTML, like Gecko; compatible; GPTBot/1.4; +https://openai.com/gptbot)"
216.73.216.212 - - [25/Aug/2026:13:13:10 +0000] "GET /wp-content/plugins/loginpress/css/themes/?rename=%2Fusr%2Flib64%2Flibpoppler.so.106.0.0 HTTP/2.0" 200 545 "-" "Mozilla/5.0 AppleWebKit/537.36 (KHTML, like Gecko; compatible; ClaudeBot/1.0; +claudebot@anthropic.com)"
216.73.216.212 - - [25/Aug/2026:13:13:10 +0000] "GET /wp-content/plugins/loginpress/css/themes/?download=%2Fusr%2Flib64%2Flibxmlrpc_server_abyss.so.3.51&path=%2Fusr%2Flib64 HTTP/2.0" 200 545 "-" "Mozilla/5.0 AppleWebKit/537.36 (KHTML, like Gecko; compatible; ClaudeBot/1.0; +claudebot@anthropic.com)"
216.73.216.212 - - [25/Aug/2026:13:13:10 +0000] "GET /wp-content/plugins/loginpress/css/themes/?rename=%2Fusr%2Flib64%2Flibatk-bridge-2.0.so.0 HTTP/2.0" 200 545 "-" "Mozilla/5.0 AppleWebKit/537.36 (KHTML, like Gecko; compatible; ClaudeBot/1.0; +claudebot@anthropic.com)"
74.7.227.21 - - [25/Aug/2026:13:13:10 +0000] "GET /wp-content/themes/twentytwentyfive/patterns/template-single-left-aligned-content.php HTTP/2.0" 200 472 "https://drhyperbaric.com/wp-content/themes/twentytwentyfive/patterns/" "Mozilla/5.0 AppleWebKit/537.36 (KHTML, like Gecko; compatible; GPTBot/1.4; +https://openai.com/gptbot)"
216.73.216.212 - - [25/Aug/2026:13:13:10 +0000] "GET /wp-content/plugins/templately/vendor/priyomukul/wp-notice/src/?C=S&O=A HTTP/2.0" 200 472 "-" "Mozilla/5.0 AppleWebKit/537.36 (KHTML, like Gecko; compatible; ClaudeBot/1.0; +claudebot@anthropic.com)"
216.73.216.212 - - [25/Aug/2026:13:13:10 +0000] "GET /wp-content/plugins/loginpress/css/themes/?download=%2Fusr%2Flib64%2Flibgio-2.0.so&path=%2Fusr%2Flib64 HTTP/2.0" 200 545 "-" "Mozilla/5.0 AppleWebKit/537.36 (KHTML, like Gecko; compatible; ClaudeBot/1.0; +claudebot@anthropic.com)"
216.73.216.212 - - [25/Aug/2026:13:13:11 +0000] "GET /wp-content/plugins/loginpress/css/themes/?download=%2Fusr%2Flib64%2Fcracklib_dict.pwi&path=%2Fusr%2Flib64 HTTP/2.0" 200 545 "-" "Mozilla/5.0 AppleWebKit/537.36 (KHTML, like Gecko; compatible; ClaudeBot/1.0; +claudebot@anthropic.com)"
74.7.227.21 - - [25/Aug/2026:13:13:11 +0000] "GET /wp-content/themes/twentytwentyfive/patterns/comments.php HTTP/2.0" 200 229 "https://drhyperbaric.com/wp-content/themes/twentytwentyfive/patterns/" "Mozilla/5.0 AppleWebKit/537.36 (KHTML, like Gecko; compatible; GPTBot/1.4; +https://openai.com/gptbot)"
216.73.216.212 - - [25/Aug/2026:13:13:11 +0000] "GET /wp-content/plugins/loginpress/css/themes/?download=%2Fusr%2Flib64%2Flibwebpmux.so.3&path=%2Fusr%2Flib64 HTTP/2.0" 200 545 "-" "Mozilla/5.0 AppleWebKit/537.36 (KHTML, like Gecko; compatible; ClaudeBot/1.0; +claudebot@anthropic.com)"
216.73.216.212 - - [25/Aug/2026:13:13:11 +0000] "GET /wp-content/plugins/loginpress/css/themes/?rename=%2Fusr%2Flib64%2Flibdns-9.16.23-RH.so HTTP/2.0" 200 545 "-" "Mozilla/5.0 AppleWebKit/537.36 (KHTML, like Gecko; compatible; ClaudeBot/1.0; +claudebot@anthropic.com)"
74.7.227.21 - - [25/Aug/2026:13:13:11 +0000] "GET /wp-content/themes/twentytwentyfour/patterns/text-title-left-image-right.php HTTP/2.0" 200 549 "https://drhyperbaric.com/wp-content/themes/twentytwentyfour/patterns/" "Mozilla/5.0 AppleWebKit/537.36 (KHTML, like Gecko; compatible; GPTBot/1.4; +https://openai.com/gptbot)"
216.73.216.212 - - [25/Aug/2026:13:13:11 +0000] "GET /wp-content/plugins/loginpress/css/themes/?download=%2Fusr%2Flib64%2Flibdb-5.3.so&path=%2Fusr%2Flib64 HTTP/2.0" 200 545 "-" "Mozilla/5.0 AppleWebKit/537.36 (KHTML, like Gecko; compatible; ClaudeBot/1.0; +claudebot@anthropic.com)"
216.73.216.212 - - [25/Aug/2026:13:13:11 +0000] "GET /wp-content/plugins/loginpress/css/themes/?download=%2Fusr%2Flib64%2Flibmenuw.so.5&path=%2Fusr%2Flib64 HTTP/2.0" 200 545 "-" "Mozilla/5.0 AppleWebKit/537.36 (KHTML, like Gecko; compatible; ClaudeBot/1.0; +claudebot@anthropic.com)"
216.73.216.212 - - [25/Aug/2026:13:13:12 +0000] "GET /wp-content/plugins/loginpress/css/themes/?download=%2Fusr%2Flib64%2Flibm.so.6&path=%2Fusr%2Flib64 HTTP/2.0" 200 545 "-" "Mozilla/5.0 AppleWebKit/537.36 (KHTML, like Gecko; compatible; ClaudeBot/1.0; +claudebot@anthropic.com)"
74.7.227.21 - - [25/Aug/2026:13:13:12 +0000] "GET /wp-content/themes/twentytwentyfour/patterns/page-home-blogging.php HTTP/2.0" 200 843 "https://drhyperbaric.com/wp-content/themes/twentytwentyfour/patterns/" "Mozilla/5.0 AppleWebKit/537.36 (KHTML, like Gecko; compatible; GPTBot/1.4; +https://openai.com/gptbot)"
216.73.216.212 - - [25/Aug/2026:13:13:12 +0000] "GET /wp-content/plugins/loginpress/css/themes/?download=%2Fusr%2Flib64%2FlibXfixes.so.3&path=%2Fusr%2Flib64 HTTP/2.0" 200 545 "-" "Mozilla/5.0 AppleWebKit/537.36 (KHTML, like Gecko; compatible; ClaudeBot/1.0; +claudebot@anthropic.com)"
216.73.216.212 - - [25/Aug/2026:13:13:12 +0000] "GET /wp-content/plugins/loginpress/css/themes/?download=%2Fusr%2Flib64%2Flibexslt.so&path=%2Fusr%2Flib64 HTTP/2.0" 200 545 "-" "Mozilla/5.0 AppleWebKit/537.36 (KHTML, like Gecko; compatible; ClaudeBot/1.0; +claudebot@anthropic.com)"
216.73.216.212 - - [25/Aug/2026:13:13:12 +0000] "GET /wp-content/plugins/loginpress/css/themes/?rename=%2Fusr%2Flib64%2Flibisccc-9.16.23-RH.so HTTP/2.0" 200 545 "-" "Mozilla/5.0 AppleWebKit/537.36 (KHTML, like Gecko; compatible; ClaudeBot/1.0; +claudebot@anthropic.com)"
74.7.227.21 - - [25/Aug/2026:13:13:12 +0000] "GET /wp-content/themes/twentytwentyfour/patterns/page-rsvp-landing.php HTTP/2.0" 200 56 "https://drhyperbaric.com/wp-content/themes/twentytwentyfour/patterns/" "Mozilla/5.0 AppleWebKit/537.36 (KHTML, like Gecko; compatible; GPTBot/1.4; +https://openai.com/gptbot)"
216.73.216.212 - - [25/Aug/2026:13:13:12 +0000] "GET /wp-content/themes/kadence/inc/customizer/?C=D&O=D HTTP/2.0" 200 537 "-" "Mozilla/5.0 AppleWebKit/537.36 (KHTML, like Gecko; compatible; ClaudeBot/1.0; +claudebot@anthropic.com)"
216.73.216.212 - - [25/Aug/2026:13:13:12 +0000] "GET /wp-content/plugins/loginpress/css/themes/?download=%2Fusr%2Flib64%2Flibgdbm.so&path=%2Fusr%2Flib64 HTTP/2.0" 200 545 "-" "Mozilla/5.0 AppleWebKit/537.36 (KHTML, like Gecko; compatible; ClaudeBot/1.0; +claudebot@anthropic.com)"
216.73.216.212 - - [25/Aug/2026:13:13:13 +0000] "GET /wp-content/plugins/loginpress/css/themes/?download=%2Fusr%2Flib64%2Flibgusb.so.2&path=%2Fusr%2Flib64 HTTP/2.0" 200 545 "-" "Mozilla/5.0 AppleWebKit/537.36 (KHTML, like Gecko; compatible; ClaudeBot/1.0; +claudebot@anthropic.com)"
74.7.227.21 - - [25/Aug/2026:13:13:13 +0000] "GET /wp-content/themes/twentytwentyfour/patterns/cta-services-image-left.php HTTP/2.0" 200 500 "https://drhyperbaric.com/wp-content/themes/twentytwentyfour/patterns/" "Mozilla/5.0 AppleWebKit/537.36 (KHTML, like Gecko; compatible; GPTBot/1.4; +https://openai.com/gptbot)"
216.73.216.212 - - [25/Aug/2026:13:13:13 +0000] "GET /wp-content/plugins/loginpress/css/themes/?download=%2Fusr%2Flib64%2Flibeconf.so.0&path=%2Fusr%2Flib64 HTTP/2.0" 200 545 "-" "Mozilla/5.0 AppleWebKit/537.36 (KHTML, like Gecko; compatible; ClaudeBot/1.0; +claudebot@anthropic.com)"
216.73.216.212 - - [25/Aug/2026:13:13:13 +0000] "GET /wp-content/plugins/loginpress/css/themes/?download=%2Fusr%2Flib64%2FlibXdamage.so.1&path=%2Fusr%2Flib64 HTTP/2.0" 200 545 "-" "Mozilla/5.0 AppleWebKit/537.36 (KHTML, like Gecko; compatible; ClaudeBot/1.0; +claudebot@anthropic.com)"
216.73.216.212 - - [25/Aug/2026:13:13:13 +0000] "GET /wp-content/plugins/woocommerce/vendor/automattic/?C=D&O=A HTTP/2.0" 200 527 "-" "Mozilla/5.0 AppleWebKit/537.36 (KHTML, like Gecko; compatible; ClaudeBot/1.0; +claudebot@anthropic.com)"
74.7.227.21 - - [25/Aug/2026:13:13:13 +0000] "GET /wp-content/themes/twentytwentyfive/patterns/banner-cover-big-heading.php HTTP/2.0" 200 318 "https://drhyperbaric.com/wp-content/themes/twentytwentyfive/patterns/" "Mozilla/5.0 AppleWebKit/537.36 (KHTML, like Gecko; compatible; GPTBot/1.4; +https://openai.com/gptbot)"
216.73.216.212 - - [25/Aug/2026:13:13:13 +0000] "GET /wp-content/plugins/loginpress/css/themes/?download=%2Fusr%2Flib64%2Flibmenuw.so.6&path=%2Fusr%2Flib64 HTTP/2.0" 200 545 "-" "Mozilla/5.0 AppleWebKit/537.36 (KHTML, like Gecko; compatible; ClaudeBot/1.0; +claudebot@anthropic.com)"
216.73.216.212 - - [25/Aug/2026:13:13:14 +0000] "GET /wp-content/plugins/loginpress/css/themes/?download=%2Fusr%2Flib64%2Flibraqm.so.0.8.0&path=%2Fusr%2Flib64 HTTP/2.0" 200 545 "-" "Mozilla/5.0 AppleWebKit/537.36 (KHTML, like Gecko; compatible; ClaudeBot/1.0; +claudebot@anthropic.com)"
216.73.216.212 - - [25/Aug/2026:13:13:14 +0000] "GET /wp-content/plugins/loginpress/css/themes/?download=%2Fusr%2Flib64%2Flibboost_wserialization.so.1.75.0&path=%2Fusr%2Flib64 HTTP/2.0" 200 545 "-" "Mozilla/5.0 AppleWebKit/537.36 (KHTML, like Gecko; compatible; ClaudeBot/1.0; +claudebot@anthropic.com)"
74.7.227.21 - - [25/Aug/2026:13:13:14 +0000] "GET /wp-content/themes/twentytwentyfour/patterns/footer-centered-logo-nav.php HTTP/2.0" 200 370 "https://drhyperbaric.com/wp-content/themes/twentytwentyfour/patterns/" "Mozilla/5.0 AppleWebKit/537.36 (KHTML, like Gecko; compatible; GPTBot/1.4; +https://openai.com/gptbot)"
216.73.216.212 - - [25/Aug/2026:13:13:14 +0000] "GET /wp-content/plugins/loginpress/css/themes/?rename=%2Fusr%2Flib64%2Flibkadm5clnt_mit.so.12.0 HTTP/2.0" 200 545 "-" "Mozilla/5.0 AppleWebKit/537.36 (KHTML, like Gecko; compatible; ClaudeBot/1.0; +claudebot@anthropic.com)"
216.73.216.212 - - [25/Aug/2026:13:13:14 +0000] "GET /wp-content/plugins/loginpress/css/themes/?download=%2Fusr%2Flib64%2Fld-linux-x86-64.so.2&path=%2Fusr%2Flib64 HTTP/2.0" 200 545 "-" "Mozilla/5.0 AppleWebKit/537.36 (KHTML, like Gecko; compatible; ClaudeBot/1.0; +claudebot@anthropic.com)"
74.7.227.21 - - [25/Aug/2026:13:13:14 +0000] "GET /wp-content/themes/twentytwentyfour/patterns/cta-content-image-on-right.php HTTP/2.0" 200 362 "https://drhyperbaric.com/wp-content/themes/twentytwentyfour/patterns/" "Mozilla/5.0 AppleWebKit/537.36 (KHTML, like Gecko; compatible; GPTBot/1.4; +https://openai.com/gptbot)"
74.7.227.21 - - [25/Aug/2026:13:13:15 +0000] "GET /wp-content/themes/twentytwentyfive/patterns/header-columns.php HTTP/2.0" 200 446 "https://drhyperbaric.com/wp-content/themes/twentytwentyfive/patterns/" "Mozilla/5.0 AppleWebKit/537.36 (KHTML, like Gecko; compatible; GPTBot/1.4; +https://openai.com/gptbot)"
74.7.227.21 - - [25/Aug/2026:13:13:15 +0000] "GET /wp-content/themes/twentytwentyfour/patterns/hidden-portfolio-hero.php HTTP/2.0" 200 295 "https://drhyperbaric.com/wp-content/themes/twentytwentyfour/patterns/" "Mozilla/5.0 AppleWebKit/537.36 (KHTML, like Gecko; compatible; GPTBot/1.4; +https://openai.com/gptbot)"
74.7.227.21 - - [25/Aug/2026:13:13:16 +0000] "GET /wp-content/themes/twentytwentyfour/patterns/hidden-sidebar.php HTTP/2.0" 200 323 "https://drhyperbaric.com/wp-content/themes/twentytwentyfour/patterns/" "Mozilla/5.0 AppleWebKit/537.36 (KHTML, like Gecko; compatible; GPTBot/1.4; +https://openai.com/gptbot)"
74.7.227.21 - - [25/Aug/2026:13:13:16 +0000] "GET /wp-content/themes/twentytwentyfive/patterns/overlapped-images.php HTTP/2.0" 200 370 "https://drhyperbaric.com/wp-content/themes/twentytwentyfive/patterns/" "Mozilla/5.0 AppleWebKit/537.36 (KHTML, like Gecko; compatible; GPTBot/1.4; +https://openai.com/gptbot)"
74.7.227.21 - - [25/Aug/2026:13:13:17 +0000] "GET /wp-content/maintenance/assets/images/ HTTP/2.0" 200 351 "https://drhyperbaric.com/wp-content/maintenance/assets/" "Mozilla/5.0 AppleWebKit/537.36 (KHTML, like Gecko; compatible; GPTBot/1.4; +https://openai.com/gptbot)"
74.7.227.21 - - [25/Aug/2026:13:13:17 +0000] "GET /wp-content/themes/twentytwentyfive/patterns/cta-newsletter.php HTTP/2.0" 200 443 "https://drhyperbaric.com/wp-content/themes/twentytwentyfive/patterns/" "Mozilla/5.0 AppleWebKit/537.36 (KHTML, like Gecko; compatible; GPTBot/1.4; +https://openai.com/gptbot)"
74.7.227.21 - - [25/Aug/2026:13:13:18 +0000] "GET /wp-content/themes/twentytwentyfive/patterns/banner-poster.php HTTP/2.0" 200 42 "https://drhyperbaric.com/wp-content/themes/twentytwentyfive/patterns/" "Mozilla/5.0 AppleWebKit/537.36 (KHTML, like Gecko; compatible; GPTBot/1.4; +https://openai.com/gptbot)"
74.7.227.21 - - [25/Aug/2026:13:13:18 +0000] "GET /wp-content/themes/twentytwentyfive/patterns/header-centered.php HTTP/2.0" 200 353 "https://drhyperbaric.com/wp-content/themes/twentytwentyfive/patterns/" "Mozilla/5.0 AppleWebKit/537.36 (KHTML, like Gecko; compatible; GPTBot/1.4; +https://openai.com/gptbot)"
74.7.227.21 - - [25/Aug/2026:13:13:19 +0000] "GET /wp-content/themes/twentytwentyfive/patterns/testimonials-large.php HTTP/2.0" 200 466 "https://drhyperbaric.com/wp-content/themes/twentytwentyfive/patterns/" "Mozilla/5.0 AppleWebKit/537.36 (KHTML, like Gecko; compatible; GPTBot/1.4; +https://openai.com/gptbot)"
74.7.227.21 - - [25/Aug/2026:13:13:19 +0000] "GET /wp-content/themes/twentytwentyfive/patterns/vertical-header.php HTTP/2.0" 200 527 "https://drhyperbaric.com/wp-content/themes/twentytwentyfive/patterns/" "Mozilla/5.0 AppleWebKit/537.36 (KHTML, like Gecko; compatible; GPTBot/1.4; +https://openai.com/gptbot)"
74.7.227.21 - - [25/Aug/2026:13:13:20 +0000] "GET /wp-content/themes/twentytwentyfive/patterns/footer-columns.php HTTP/2.0" 200 507 "https://drhyperbaric.com/wp-content/themes/twentytwentyfive/patterns/" "Mozilla/5.0 AppleWebKit/537.36 (KHTML, like Gecko; compatible; GPTBot/1.4; +https://openai.com/gptbot)"
74.7.227.21 - - [25/Aug/2026:13:13:20 +0000] "GET /wp-content/themes/twentytwentyfive/patterns/hidden-sidebar.php HTTP/2.0" 200 208 "https://drhyperbaric.com/wp-content/themes/twentytwentyfive/patterns/" "Mozilla/5.0 AppleWebKit/537.36 (KHTML, like Gecko; compatible; GPTBot/1.4; +https://openai.com/gptbot)"
74.7.227.21 - - [25/Aug/2026:13:13:21 +0000] "GET /wp-content/themes/twentytwentyfive/patterns/footer-centered.php HTTP/2.0" 200 408 "https://drhyperbaric.com/wp-content/themes/twentytwentyfive/patterns/" "Mozilla/5.0 AppleWebKit/537.36 (KHTML, like Gecko; compatible; GPTBot/1.4; +https://openai.com/gptbot)"
74.7.227.21 - - [25/Aug/2026:13:13:22 +0000] "GET /wp-content/themes/twentytwentyfive/patterns/footer-social.php HTTP/2.0" 200 421 "https://drhyperbaric.com/wp-content/themes/twentytwentyfive/patterns/" "Mozilla/5.0 AppleWebKit/537.36 (KHTML, like Gecko; compatible; GPTBot/1.4; +https://openai.com/gptbot)"
74.7.227.21 - - [25/Aug/2026:13:13:22 +0000] "GET /wp-content/themes/twentytwentyfour/patterns/page-about-business.php HTTP/2.0" 200 168 "https://drhyperbaric.com/wp-content/themes/twentytwentyfour/patterns/" "Mozilla/5.0 AppleWebKit/537.36 (KHTML, like Gecko; compatible; GPTBot/1.4; +https://openai.com/gptbot)"
74.7.227.21 - - [25/Aug/2026:13:13:23 +0000] "GET /wp-content/themes/twentytwentyfive/patterns/page-portfolio-home.php HTTP/2.0" 200 324 "https://drhyperbaric.com/wp-content/themes/twentytwentyfive/patterns/" "Mozilla/5.0 AppleWebKit/537.36 (KHTML, like Gecko; compatible; GPTBot/1.4; +https://openai.com/gptbot)"
74.7.227.21 - - [25/Aug/2026:13:13:23 +0000] "GET /wp-content/themes/twentytwentyfour/patterns/page-home-business.php HTTP/2.0" 200 154 "https://drhyperbaric.com/wp-content/themes/twentytwentyfour/patterns/" "Mozilla/5.0 AppleWebKit/537.36 (KHTML, like Gecko; compatible; GPTBot/1.4; +https://openai.com/gptbot)"
74.7.227.21 - - [25/Aug/2026:13:13:24 +0000] "GET /wp-content/themes/twentytwentyfour/patterns/page-home-portfolio.php HTTP/2.0" 200 117 "https://drhyperbaric.com/wp-content/themes/twentytwentyfour/patterns/" "Mozilla/5.0 AppleWebKit/537.36 (KHTML, like Gecko; compatible; GPTBot/1.4; +https://openai.com/gptbot)"
74.7.227.21 - - [25/Aug/2026:13:13:24 +0000] "GET /wp-content/themes/twentytwentyfive/patterns/page-business-home.php HTTP/2.0" 200 153 "https://drhyperbaric.com/wp-content/themes/twentytwentyfive/patterns/" "Mozilla/5.0 AppleWebKit/537.36 (KHTML, like Gecko; compatible; GPTBot/1.4; +https://openai.com/gptbot)"
74.7.227.21 - - [25/Aug/2026:13:13:25 +0000] "GET /wp-content/themes/twentytwentyfive/styles/sections/ HTTP/2.0" 200 446 "https://drhyperbaric.com/wp-content/themes/twentytwentyfive/styles/" "Mozilla/5.0 AppleWebKit/537.36 (KHTML, like Gecko; compatible; GPTBot/1.4; +https://openai.com/gptbot)"
74.7.227.21 - - [25/Aug/2026:13:13:25 +0000] "GET /wp-content/themes/twentytwentyfour/patterns/template-index-blogging.php HTTP/2.0" 200 285 "https://drhyperbaric.com/wp-content/themes/twentytwentyfour/patterns/" "Mozilla/5.0 AppleWebKit/537.36 (KHTML, like Gecko; compatible; GPTBot/1.4; +https://openai.com/gptbot)"
74.7.227.21 - - [25/Aug/2026:13:13:26 +0000] "GET /wp-content/themes/twentytwentyfour/patterns/template-index-portfolio.php HTTP/2.0" 200 250 "https://drhyperbaric.com/wp-content/themes/twentytwentyfour/patterns/" "Mozilla/5.0 AppleWebKit/537.36 (KHTML, like Gecko; compatible; GPTBot/1.4; +https://openai.com/gptbot)"
74.7.227.21 - - [25/Aug/2026:13:13:26 +0000] "GET /wp-content/themes/twentytwentyfour/patterns/template-home-portfolio.php HTTP/2.0" 200 314 "https://drhyperbaric.com/wp-content/themes/twentytwentyfour/patterns/" "Mozilla/5.0 AppleWebKit/537.36 (KHTML, like Gecko; compatible; GPTBot/1.4; +https://openai.com/gptbot)"
74.7.227.21 - - [25/Aug/2026:13:13:27 +0000] "GET /wp-content/themes/twentytwentyfive/patterns/event-schedule.php HTTP/2.0" 200 278 "https://drhyperbaric.com/wp-content/themes/twentytwentyfive/patterns/" "Mozilla/5.0 AppleWebKit/537.36 (KHTML, like Gecko; compatible; GPTBot/1.4; +https://openai.com/gptbot)"
74.7.227.21 - - [25/Aug/2026:13:13:27 +0000] "GET /wp-content/themes/twentytwentyfive/patterns/grid-with-categories.php HTTP/2.0" 200 351 "https://drhyperbaric.com/wp-content/themes/twentytwentyfive/patterns/" "Mozilla/5.0 AppleWebKit/537.36 (KHTML, like Gecko; compatible; GPTBot/1.4; +https://openai.com/gptbot)"
74.7.227.21 - - [25/Aug/2026:13:13:28 +0000] "GET /wp-content/themes/twentytwentyfour/patterns/text-project-details.php HTTP/2.0" 200 384 "https://drhyperbaric.com/wp-content/themes/twentytwentyfour/patterns/" "Mozilla/5.0 AppleWebKit/537.36 (KHTML, like Gecko; compatible; GPTBot/1.4; +https://openai.com/gptbot)"
74.7.227.21 - - [25/Aug/2026:13:13:28 +0000] "GET /wp-content/themes/twentytwentyfive/patterns/media-instagram-grid.php HTTP/2.0" 200 444 "https://drhyperbaric.com/wp-content/themes/twentytwentyfive/patterns/" "Mozilla/5.0 AppleWebKit/537.36 (KHTML, like Gecko; compatible; GPTBot/1.4; +https://openai.com/gptbot)"
74.7.227.21 - - [25/Aug/2026:13:13:29 +0000] "GET /wp-content/themes/twentytwentyfive/patterns/grid-videos.php HTTP/2.0" 200 384 "https://drhyperbaric.com/wp-content/themes/twentytwentyfive/patterns/" "Mozilla/5.0 AppleWebKit/537.36 (KHTML, like Gecko; compatible; GPTBot/1.4; +https://openai.com/gptbot)"
74.7.227.21 - - [25/Aug/2026:13:13:29 +0000] "GET /wp-content/themes/twentytwentyfive/patterns/page-coming-soon.php HTTP/2.0" 200 42 "https://drhyperbaric.com/wp-content/themes/twentytwentyfive/patterns/" "Mozilla/5.0 AppleWebKit/537.36 (KHTML, like Gecko; compatible; GPTBot/1.4; +https://openai.com/gptbot)"
74.7.227.21 - - [25/Aug/2026:13:13:30 +0000] "GET /wp-content/themes/twentytwentyfour/patterns/banner-hero.php HTTP/2.0" 200 328 "https://drhyperbaric.com/wp-content/themes/twentytwentyfour/patterns/" "Mozilla/5.0 AppleWebKit/537.36 (KHTML, like Gecko; compatible; GPTBot/1.4; +https://openai.com/gptbot)"
74.7.227.21 - - [25/Aug/2026:13:13:31 +0000] "GET /wp-content/themes/twentytwentyfive/patterns/banner-intro.php HTTP/2.0" 200 267 "https://drhyperbaric.com/wp-content/themes/twentytwentyfive/patterns/" "Mozilla/5.0 AppleWebKit/537.36 (KHTML, like Gecko; compatible; GPTBot/1.4; +https://openai.com/gptbot)"
74.7.227.21 - - [25/Aug/2026:13:13:31 +0000] "GET /wp-content/themes/twentytwentyfive/patterns/cta-centered-heading.php HTTP/2.0" 200 388 "https://drhyperbaric.com/wp-content/themes/twentytwentyfive/patterns/" "Mozilla/5.0 AppleWebKit/537.36 (KHTML, like Gecko; compatible; GPTBot/1.4; +https://openai.com/gptbot)"
74.7.227.21 - - [25/Aug/2026:13:13:32 +0000] "GET /wp-content/themes/twentytwentyfive/patterns/banner-intro-image.php HTTP/2.0" 200 348 "https://drhyperbaric.com/wp-content/themes/twentytwentyfive/patterns/" "Mozilla/5.0 AppleWebKit/537.36 (KHTML, like Gecko; compatible; GPTBot/1.4; +https://openai.com/gptbot)"
74.7.227.21 - - [25/Aug/2026:13:13:32 +0000] "GET /wp-content/themes/twentytwentyfive/patterns/template-query-loop.php HTTP/2.0" 200 505 "https://drhyperbaric.com/wp-content/themes/twentytwentyfive/patterns/" "Mozilla/5.0 AppleWebKit/537.36 (KHTML, like Gecko; compatible; GPTBot/1.4; +https://openai.com/gptbot)"
74.7.227.21 - - [25/Aug/2026:13:13:33 +0000] "GET /wp-content/themes/twentytwentyfive/patterns/header-large-title.php HTTP/2.0" 200 515 "https://drhyperbaric.com/wp-content/themes/twentytwentyfive/patterns/" "Mozilla/5.0 AppleWebKit/537.36 (KHTML, like Gecko; compatible; GPTBot/1.4; +https://openai.com/gptbot)"
74.7.227.21 - - [25/Aug/2026:13:13:33 +0000] "GET /wp-content/themes/twentytwentyfive/patterns/services-team-photos.php HTTP/2.0" 200 261 "https://drhyperbaric.com/wp-content/themes/twentytwentyfive/patterns/" "Mozilla/5.0 AppleWebKit/537.36 (KHTML, like Gecko; compatible; GPTBot/1.4; +https://openai.com/gptbot)"
74.7.227.21 - - [25/Aug/2026:13:13:34 +0000] "GET /wp-content/themes/twentytwentyfive/assets/fonts/ HTTP/2.0" 200 510 "https://drhyperbaric.com/wp-content/themes/twentytwentyfive/assets/" "Mozilla/5.0 AppleWebKit/537.36 (KHTML, like Gecko; compatible; GPTBot/1.4; +https://openai.com/gptbot)"
74.7.227.21 - - [25/Aug/2026:13:13:34 +0000] "GET /wp-content/themes/twentytwentyfive/patterns/contact-centered-social-link.php HTTP/2.0" 200 349 "https://drhyperbaric.com/wp-content/themes/twentytwentyfive/patterns/" "Mozilla/5.0 AppleWebKit/537.36 (KHTML, like Gecko; compatible; GPTBot/1.4; +https://openai.com/gptbot)"
74.7.227.21 - - [25/Aug/2026:13:13:35 +0000] "GET /wp-content/themes/twentytwentyfive/patterns/hero-full-width-image.php HTTP/2.0" 200 43 "https://drhyperbaric.com/wp-content/themes/twentytwentyfive/patterns/" "Mozilla/5.0 AppleWebKit/537.36 (KHTML, like Gecko; compatible; GPTBot/1.4; +https://openai.com/gptbot)"
74.7.227.21 - - [25/Aug/2026:13:13:35 +0000] "GET /wp-content/themes/twentytwentyfour/assets/fonts/ HTTP/2.0" 200 440 "https://drhyperbaric.com/wp-content/themes/twentytwentyfour/assets/" "Mozilla/5.0 AppleWebKit/537.36 (KHTML, like Gecko; compatible; GPTBot/1.4; +https://openai.com/gptbot)"
74.7.227.21 - - [25/Aug/2026:13:13:36 +0000] "GET /wp-content/themes/twentytwentyfive/styles/blocks/ HTTP/2.0" 200 472 "https://drhyperbaric.com/wp-content/themes/twentytwentyfive/styles/" "Mozilla/5.0 AppleWebKit/537.36 (KHTML, like Gecko; compatible; GPTBot/1.4; +https://openai.com/gptbot)"
74.7.227.21 - - [25/Aug/2026:13:13:36 +0000] "GET /wp-content/themes/twentytwentyfive/styles/colors/ HTTP/2.0" 200 527 "https://drhyperbaric.com/wp-content/themes/twentytwentyfive/styles/" "Mozilla/5.0 AppleWebKit/537.36 (KHTML, like Gecko; compatible; GPTBot/1.4; +https://openai.com/gptbot)"
74.7.227.21 - - [25/Aug/2026:13:13:37 +0000] "GET /wp-admin/js/?C=M;O=A HTTP/2.0" 200 372 "https://drhyperbaric.com/wp-admin/js/" "Mozilla/5.0 AppleWebKit/537.36 (KHTML, like Gecko; compatible; GPTBot/1.4; +https://openai.com/gptbot)"
74.7.227.21 - - [25/Aug/2026:13:13:37 +0000] "GET /wp-admin/js/?C=S;O=D HTTP/2.0" 200 370 "https://drhyperbaric.com/wp-admin/js/?C=S;O=A" "Mozilla/5.0 AppleWebKit/537.36 (KHTML, like Gecko; compatible; GPTBot/1.4; +https://openai.com/gptbot)"
74.7.227.21 - - [25/Aug/2026:13:13:38 +0000] "GET /wp-admin/js/?C=N;O=D HTTP/2.0" 200 370 "https://drhyperbaric.com/wp-admin/js/" "Mozilla/5.0 AppleWebKit/537.36 (KHTML, like Gecko; compatible; GPTBot/1.4; +https://openai.com/gptbot)"
74.7.227.21 - - [25/Aug/2026:13:13:38 +0000] "GET /wp-admin/js/?C=N;O=A HTTP/2.0" 200 372 "https://drhyperbaric.com/wp-admin/js/?C=S;O=A" "Mozilla/5.0 AppleWebKit/537.36 (KHTML, like Gecko; compatible; GPTBot/1.4; +https://openai.com/gptbot)"
74.7.227.21 - - [25/Aug/2026:13:13:39 +0000] "GET /wp-admin/js/?C=D;O=A HTTP/2.0" 200 372 "https://drhyperbaric.com/wp-admin/js/" "Mozilla/5.0 AppleWebKit/537.36 (KHTML, like Gecko; compatible; GPTBot/1.4; +https://openai.com/gptbot)"
216.73.216.212 - - [25/Aug/2026:13:13:39 +0000] "GET /wp-content/plugins/loginpress/css/themes/?download=%2Fusr%2Flib64%2Flibepoxy.so.0.0.0&path=%2Fusr%2Flib64 HTTP/2.0" 200 545 "-" "Mozilla/5.0 AppleWebKit/537.36 (KHTML, like Gecko; compatible; ClaudeBot/1.0; +claudebot@anthropic.com)"
216.73.216.212 - - [25/Aug/2026:13:13:39 +0000] "GET /wp-content/plugins/loginpress/css/themes/?download=%2Fusr%2Flib64%2Flibwbclient.so.0.16&path=%2Fusr%2Flib64 HTTP/2.0" 200 545 "-" "Mozilla/5.0 AppleWebKit/537.36 (KHTML, like Gecko; compatible; ClaudeBot/1.0; +claudebot@anthropic.com)"
74.7.227.21 - - [25/Aug/2026:13:13:39 +0000] "GET /wp-content/themes/twentytwentyfive/assets/fonts/fira-code/ HTTP/2.0" 200 433 "https://drhyperbaric.com/wp-content/themes/twentytwentyfive/assets/fonts/" "Mozilla/5.0 AppleWebKit/537.36 (KHTML, like Gecko; compatible; GPTBot/1.4; +https://openai.com/gptbot)"
216.73.216.212 - - [25/Aug/2026:13:13:39 +0000] "GET /wp-content/plugins/loginpress/css/themes/?download=%2Fusr%2Flib64%2Flibicui18n.so&path=%2Fusr%2Flib64 HTTP/2.0" 200 545 "-" "Mozilla/5.0 AppleWebKit/537.36 (KHTML, like Gecko; compatible; ClaudeBot/1.0; +claudebot@anthropic.com)"
216.73.216.212 - - [25/Aug/2026:13:13:40 +0000] "GET /wp-content/plugins/loginpress/css/themes/?rename=%2Fusr%2Flib64%2Flibndr-krb5pac.so.0.0.1 HTTP/2.0" 200 545 "-" "Mozilla/5.0 AppleWebKit/537.36 (KHTML, like Gecko; compatible; ClaudeBot/1.0; +claudebot@anthropic.com)"
74.7.227.21 - - [25/Aug/2026:13:13:40 +0000] "GET /wp-content/themes/twentytwentyfive/assets/fonts/roboto-slab/ HTTP/2.0" 200 435 "https://drhyperbaric.com/wp-content/themes/twentytwentyfive/assets/fonts/" "Mozilla/5.0 AppleWebKit/537.36 (KHTML, like Gecko; compatible; GPTBot/1.4; +https://openai.com/gptbot)"
216.73.216.212 - - [25/Aug/2026:13:13:40 +0000] "GET /wp-content/plugins/loginpress/css/themes/?download=%2Fusr%2Flib64%2Flibcpupower.so.1&path=%2Fusr%2Flib64 HTTP/2.0" 200 545 "-" "Mozilla/5.0 AppleWebKit/537.36 (KHTML, like Gecko; compatible; ClaudeBot/1.0; +claudebot@anthropic.com)"
216.73.216.212 - - [25/Aug/2026:13:13:40 +0000] "GET /wp-content/plugins/loginpress/css/themes/?download=%2Fusr%2Flib64%2Flibcrack.so.2.9.0&path=%2Fusr%2Flib64 HTTP/2.0" 200 545 "-" "Mozilla/5.0 AppleWebKit/537.36 (KHTML, like Gecko; compatible; ClaudeBot/1.0; +claudebot@anthropic.com)"
216.73.216.212 - - [25/Aug/2026:13:13:40 +0000] "GET /wp-content/plugins/loginpress/css/themes/?download=%2Fusr%2Flib64%2Flibicuio.so&path=%2Fusr%2Flib64 HTTP/2.0" 200 545 "-" "Mozilla/5.0 AppleWebKit/537.36 (KHTML, like Gecko; compatible; ClaudeBot/1.0; +claudebot@anthropic.com)"
74.7.227.21 - - [25/Aug/2026:13:13:40 +0000] "GET /wp-content/themes/twentytwentyfive/assets/fonts/fira-sans/ HTTP/2.0" 200 649 "https://drhyperbaric.com/wp-content/themes/twentytwentyfive/assets/fonts/" "Mozilla/5.0 AppleWebKit/537.36 (KHTML, like Gecko; compatible; GPTBot/1.4; +https://openai.com/gptbot)"
216.73.216.212 - - [25/Aug/2026:13:13:41 +0000] "GET /wp-content/plugins/loginpress/css/themes/?download=%2Fusr%2Flib64%2Flibexpat.so.1&path=%2Fusr%2Flib64 HTTP/2.0" 200 545 "-" "Mozilla/5.0 AppleWebKit/537.36 (KHTML, like Gecko; compatible; ClaudeBot/1.0; +claudebot@anthropic.com)"
74.7.227.21 - - [25/Aug/2026:13:13:41 +0000] "GET /wp-content/themes/twentytwentyfive/assets/fonts/ysabeau-office/ HTTP/2.0" 200 455 "https://drhyperbaric.com/wp-content/themes/twentytwentyfive/assets/fonts/" "Mozilla/5.0 AppleWebKit/537.36 (KHTML, like Gecko; compatible; GPTBot/1.4; +https://openai.com/gptbot)"
216.73.216.212 - - [25/Aug/2026:13:13:41 +0000] "GET /wp-content/plugins/loginpress/css/themes/?download=%2Fusr%2Flib64%2Flibpsl.so.5.3.3&path=%2Fusr%2Flib64 HTTP/2.0" 200 545 "-" "Mozilla/5.0 AppleWebKit/537.36 (KHTML, like Gecko; compatible; ClaudeBot/1.0; +claudebot@anthropic.com)"
216.73.216.212 - - [25/Aug/2026:13:13:41 +0000] "GET /wp-content/plugins/loginpress/css/themes/?rename=%2Fusr%2Flib64%2Flibnvme-mi.so.1.16.1 HTTP/2.0" 200 545 "-" "Mozilla/5.0 AppleWebKit/537.36 (KHTML, like Gecko; compatible; ClaudeBot/1.0; +claudebot@anthropic.com)"
216.73.216.212 - - [25/Aug/2026:13:13:41 +0000] "GET /wp-content/themes/kadence/lifterlms/course/?C=S&O=D HTTP/2.0" 200 426 "-" "Mozilla/5.0 AppleWebKit/537.36 (KHTML, like Gecko; compatible; ClaudeBot/1.0; +claudebot@anthropic.com)"
74.7.227.21 - - [25/Aug/2026:13:13:42 +0000] "GET /wp-content/themes/twentytwentyfive/assets/fonts/vollkorn/ HTTP/2.0" 200 448 "https://drhyperbaric.com/wp-content/themes/twentytwentyfive/assets/fonts/" "Mozilla/5.0 AppleWebKit/537.36 (KHTML, like Gecko; compatible; GPTBot/1.4; +https://openai.com/gptbot)"
74.7.227.21 - - [25/Aug/2026:13:13:42 +0000] "GET /wp-content/themes/twentytwentyfive/assets/fonts/literata/ HTTP/2.0" 200 594 "https://drhyperbaric.com/wp-content/themes/twentytwentyfive/assets/fonts/" "Mozilla/5.0 AppleWebKit/537.36 (KHTML, like Gecko; compatible; GPTBot/1.4; +https://openai.com/gptbot)"
216.73.216.212 - - [25/Aug/2026:13:13:42 +0000] "GET /wp-content/themes/twentytwentyfour/assets/fonts/cardo/cardo_normal_400.woff2 HTTP/2.0" 200 146060 "-" "Mozilla/5.0 AppleWebKit/537.36 (KHTML, like Gecko; compatible; ClaudeBot/1.0; +claudebot@anthropic.com)"
216.73.216.212 - - [25/Aug/2026:13:13:42 +0000] "GET /wp-content/plugins/loginpress/css/themes/?rename=%2Fusr%2Flib64%2Flibpcre2-8.so.0.11.0 HTTP/2.0" 200 545 "-" "Mozilla/5.0 AppleWebKit/537.36 (KHTML, like Gecko; compatible; ClaudeBot/1.0; +claudebot@anthropic.com)"
74.7.227.21 - - [25/Aug/2026:13:13:43 +0000] "GET /wp-content/themes/twentytwentyfour/assets/fonts/instrument-sans/ HTTP/2.0" 200 485 "https://drhyperbaric.com/wp-content/themes/twentytwentyfour/assets/fonts/" "Mozilla/5.0 AppleWebKit/537.36 (KHTML, like Gecko; compatible; GPTBot/1.4; +https://openai.com/gptbot)"
216.73.216.212 - - [25/Aug/2026:13:13:43 +0000] "GET /wp-content/plugins/woocommerce/templates/myaccount/?C=D&O=D HTTP/2.0" 200 733 "-" "Mozilla/5.0 AppleWebKit/537.36 (KHTML, like Gecko; compatible; ClaudeBot/1.0; +claudebot@anthropic.com)"
216.73.216.212 - - [25/Aug/2026:13:13:43 +0000] "GET /wp-content/plugins/loginpress/css/themes/?download=%2Fusr%2Flib64%2Flibpanel.so.6.2&path=%2Fusr%2Flib64 HTTP/2.0" 200 545 "-" "Mozilla/5.0 AppleWebKit/537.36 (KHTML, like Gecko; compatible; ClaudeBot/1.0; +claudebot@anthropic.com)"
216.73.216.212 - - [25/Aug/2026:13:13:43 +0000] "GET /wp-content/plugins/loginpress/css/themes/?download=%2Fusr%2Flib64%2Flibxcb-present.so.0&path=%2Fusr%2Flib64 HTTP/2.0" 200 545 "-" "Mozilla/5.0 AppleWebKit/537.36 (KHTML, like Gecko; compatible; ClaudeBot/1.0; +claudebot@anthropic.com)"
74.7.227.21 - - [25/Aug/2026:13:13:43 +0000] "GET /wp-admin/js/?C=M;O=D HTTP/2.0" 200 370 "https://drhyperbaric.com/wp-admin/js/?C=M;O=A" "Mozilla/5.0 AppleWebKit/537.36 (KHTML, like Gecko; compatible; GPTBot/1.4; +https://openai.com/gptbot)"
216.73.216.212 - - [25/Aug/2026:13:13:43 +0000] "GET /wp-content/plugins/loginpress/css/themes/?download=%2Fusr%2Flib64%2FlibXcomposite.so.1.0.0&path=%2Fusr%2Flib64 HTTP/2.0" 200 545 "-" "Mozilla/5.0 AppleWebKit/537.36 (KHTML, like Gecko; compatible; ClaudeBot/1.0; +claudebot@anthropic.com)"
216.73.216.212 - - [25/Aug/2026:13:13:44 +0000] "GET /wp-content/plugins/loginpress/css/themes/?download=%2Fusr%2Flib64%2Fliblzo2.so.2&path=%2Fusr%2Flib64 HTTP/2.0" 200 545 "-" "Mozilla/5.0 AppleWebKit/537.36 (KHTML, like Gecko; compatible; ClaudeBot/1.0; +claudebot@anthropic.com)"
74.7.227.21 - - [25/Aug/2026:13:13:44 +0000] "GET /wp-content/themes/twentytwentyfive/patterns/hidden-written-by.php HTTP/2.0" 200 255 "https://drhyperbaric.com/wp-content/themes/twentytwentyfive/patterns/" "Mozilla/5.0 AppleWebKit/537.36 (KHTML, like Gecko; compatible; GPTBot/1.4; +https://openai.com/gptbot)"
216.73.216.212 - - [25/Aug/2026:13:13:44 +0000] "GET /wp-content/plugins/loginpress/css/themes/?rename=%2Fusr%2Flib64%2Flibgdk_pixbuf-2.0.so.0.4200.6 HTTP/2.0" 200 545 "-" "Mozilla/5.0 AppleWebKit/537.36 (KHTML, like Gecko; compatible; ClaudeBot/1.0; +claudebot@anthropic.com)"
216.73.216.212 - - [25/Aug/2026:13:13:44 +0000] "GET /wp-content/plugins/loginpress/css/themes/?download=%2Fusr%2Flib64%2Flibcolord.so.2&path=%2Fusr%2Flib64 HTTP/2.0" 200 545 "-" "Mozilla/5.0 AppleWebKit/537.36 (KHTML, like Gecko; compatible; ClaudeBot/1.0; +claudebot@anthropic.com)"
216.73.216.212 - - [25/Aug/2026:13:13:44 +0000] "GET /wp-content/plugins/loginpress/css/themes/?download=%2Fusr%2Flib64%2FlibXfixes.so.3.1.0&path=%2Fusr%2Flib64 HTTP/2.0" 200 545 "-" "Mozilla/5.0 AppleWebKit/537.36 (KHTML, like Gecko; compatible; ClaudeBot/1.0; +claudebot@anthropic.com)"
74.7.227.21 - - [25/Aug/2026:13:13:44 +0000] "GET /wp-content/themes/twentytwentyfour/patterns/hidden-no-results.php HTTP/2.0" 200 45 "https://drhyperbaric.com/wp-content/themes/twentytwentyfour/patterns/" "Mozilla/5.0 AppleWebKit/537.36 (KHTML, like Gecko; compatible; GPTBot/1.4; +https://openai.com/gptbot)"
216.73.216.212 - - [25/Aug/2026:13:13:44 +0000] "GET /wp-content/plugins/loginpress/css/themes/?rename=%2Fusr%2Flib64%2Fliburcu-qsbr.so.6.1.0 HTTP/2.0" 200 545 "-" "Mozilla/5.0 AppleWebKit/537.36 (KHTML, like Gecko; compatible; ClaudeBot/1.0; +claudebot@anthropic.com)"
216.73.216.212 - - [25/Aug/2026:13:13:44 +0000] "GET /wp-content/plugins/loginpress/css/themes/?download=%2Fusr%2Flib64%2Flibtevent-util.so.0.0.1&path=%2Fusr%2Flib64 HTTP/2.0" 200 545 "-" "Mozilla/5.0 AppleWebKit/537.36 (KHTML, like Gecko; compatible; ClaudeBot/1.0; +claudebot@anthropic.com)"
216.73.216.212 - - [25/Aug/2026:13:13:45 +0000] "GET /wp-includes/js/tinymce/themes/wp-settings.php?delete=%22.%24V1%5B15%5D%28%24fl%29.%22 HTTP/2.0" 200 1523 "-" "Mozilla/5.0 AppleWebKit/537.36 (KHTML, like Gecko; compatible; ClaudeBot/1.0; +claudebot@anthropic.com)"
74.7.227.21 - - [25/Aug/2026:13:13:45 +0000] "GET /wp-admin/js/?C=D;O=D HTTP/2.0" 200 370 "https://drhyperbaric.com/wp-admin/js/?C=D;O=A" "Mozilla/5.0 AppleWebKit/537.36 (KHTML, like Gecko; compatible; GPTBot/1.4; +https://openai.com/gptbot)"
216.73.216.212 - - [25/Aug/2026:13:13:45 +0000] "GET /wp-content/plugins/loginpress/css/themes/?download=%2Fusr%2Flib64%2Flibsemanage.so.2&path=%2Fusr%2Flib64 HTTP/2.0" 200 545 "-" "Mozilla/5.0 AppleWebKit/537.36 (KHTML, like Gecko; compatible; ClaudeBot/1.0; +claudebot@anthropic.com)"
216.73.216.212 - - [25/Aug/2026:13:13:45 +0000] "GET /wp-includes/js/tinymce/themes/wp-settings.php?download=%2Fhome%2Fgodaofbq%2Fdrhyperbaric.com%2Fwp-includes%2Fjs%2Ftinymce%2Fthemes%2Fwp-load.php&path=%2Fhome%2Fgodaofbq%2Fdrhyperbaric.com%2Fwp-includes%2Fjs%2Ftinymce%2Fthemes HTTP/2.0" 200 1523 "-" "Mozilla/5.0 AppleWebKit/537.36 (KHTML, like Gecko; compatible; ClaudeBot/1.0; +claudebot@anthropic.com)"
74.7.227.21 - - [25/Aug/2026:13:13:45 +0000] "GET /wp-content/themes/twentytwentyfive/patterns/more-posts.php HTTP/2.0" 200 331 "https://drhyperbaric.com/wp-content/themes/twentytwentyfive/patterns/" "Mozilla/5.0 AppleWebKit/537.36 (KHTML, like Gecko; compatible; GPTBot/1.4; +https://openai.com/gptbot)"
216.73.216.212 - - [25/Aug/2026:13:13:45 +0000] "GET /wp-includes/js/tinymce/themes/wp-load.php?download=%2Fhome%2Fgodaofbq%2Fdrhyperbaric.com%2Fwp-includes%2Fjs%2Ftinymce%2Fthemes%2Fwp-settings.php&path=%2Fhome%2Fgodaofbq%2Fdrhyperbaric.com%2Fwp-includes%2Fjs%2Ftinymce%2Fthemes HTTP/2.0" 404 265 "-" "Mozilla/5.0 AppleWebKit/537.36 (KHTML, like Gecko; compatible; ClaudeBot/1.0; +claudebot@anthropic.com)"
216.73.216.212 - - [25/Aug/2026:13:13:45 +0000] "GET /wp-content/plugins/loginpress/css/themes/?download=%2Fusr%2Flib64%2Flibcap-ng.so.0.0.0&path=%2Fusr%2Flib64 HTTP/2.0" 200 545 "-" "Mozilla/5.0 AppleWebKit/537.36 (KHTML, like Gecko; compatible; ClaudeBot/1.0; +claudebot@anthropic.com)"
216.73.216.212 - - [25/Aug/2026:13:13:46 +0000] "GET /wp-content/plugins/loginpress/css/themes/?download=%2Fusr%2Flib64%2Flibwebpdemux.so.2&path=%2Fusr%2Flib64 HTTP/2.0" 200 545 "-" "Mozilla/5.0 AppleWebKit/537.36 (KHTML, like Gecko; compatible; ClaudeBot/1.0; +claudebot@anthropic.com)"
74.7.227.21 - - [25/Aug/2026:13:13:46 +0000] "GET /wp-content/plugins/ HTTP/2.0" 200 895 "https://drhyperbaric.com/wp-content/" "Mozilla/5.0 AppleWebKit/537.36 (KHTML, like Gecko; compatible; GPTBot/1.4; +https://openai.com/gptbot)"
216.73.216.212 - - [25/Aug/2026:13:13:46 +0000] "GET /wp-content/plugins/loginpress/css/themes/?download=%2Fusr%2Flib64%2Flibncursesw.so.5.9&path=%2Fusr%2Flib64 HTTP/2.0" 200 545 "-" "Mozilla/5.0 AppleWebKit/537.36 (KHTML, like Gecko; compatible; ClaudeBot/1.0; +claudebot@anthropic.com)"
216.73.216.212 - - [25/Aug/2026:13:13:46 +0000] "GET /wp-content/plugins/loginpress/css/themes/?download=%2Fusr%2Flib64%2Fcrtn.o&path=%2Fusr%2Flib64 HTTP/2.0" 200 545 "-" "Mozilla/5.0 AppleWebKit/537.36 (KHTML, like Gecko; compatible; ClaudeBot/1.0; +claudebot@anthropic.com)"
216.73.216.212 - - [25/Aug/2026:13:13:46 +0000] "GET /wp-content/plugins/loginpress/css/themes/?download=%2Fusr%2Flib64%2FlibOpenEXRCore-3_1.so.30&path=%2Fusr%2Flib64 HTTP/2.0" 200 545 "-" "Mozilla/5.0 AppleWebKit/537.36 (KHTML, like Gecko; compatible; ClaudeBot/1.0; +claudebot@anthropic.com)"
74.7.227.21 - - [25/Aug/2026:13:13:46 +0000] "GET /wp-content/themes/twentytwentyfive/assets/images/ HTTP/2.0" 200 1100 "https://drhyperbaric.com/wp-content/themes/twentytwentyfive/assets/" "Mozilla/5.0 AppleWebKit/537.36 (KHTML, like Gecko; compatible; GPTBot/1.4; +https://openai.com/gptbot)"
216.73.216.212 - - [25/Aug/2026:13:13:46 +0000] "GET /wp-content/plugins/loginpress/css/themes/?download=%2Fusr%2Flib64%2Flibopeniscsiusr.so.0&path=%2Fusr%2Flib64 HTTP/2.0" 200 545 "-" "Mozilla/5.0 AppleWebKit/537.36 (KHTML, like Gecko; compatible; ClaudeBot/1.0; +claudebot@anthropic.com)"
216.73.216.212 - - [25/Aug/2026:13:13:46 +0000] "GET /wp-content/themes/kadence/inc/customizer/?C=S&O=A HTTP/2.0" 200 538 "-" "Mozilla/5.0 AppleWebKit/537.36 (KHTML, like Gecko; compatible; ClaudeBot/1.0; +claudebot@anthropic.com)"
216.73.216.212 - - [25/Aug/2026:13:13:47 +0000] "GET /wp-content/plugins/loginpress/css/themes/?download=%2Fusr%2Flib64%2Feppic_makedumpfile.so&path=%2Fusr%2Flib64 HTTP/2.0" 200 545 "-" "Mozilla/5.0 AppleWebKit/537.36 (KHTML, like Gecko; compatible; ClaudeBot/1.0; +claudebot@anthropic.com)"
74.7.227.21 - - [25/Aug/2026:13:13:47 +0000] "GET /wp-content/themes/twentytwentyfour/assets/fonts/jost/ HTTP/2.0" 200 470 "https://drhyperbaric.com/wp-content/themes/twentytwentyfour/assets/fonts/" "Mozilla/5.0 AppleWebKit/537.36 (KHTML, like Gecko; compatible; GPTBot/1.4; +https://openai.com/gptbot)"
216.73.216.212 - - [25/Aug/2026:13:13:47 +0000] "GET /wp-content/plugins/loginpress/css/themes/?download=%2Fusr%2Flib64%2Flibpopt.so.0.0.1&path=%2Fusr%2Flib64 HTTP/2.0" 200 545 "-" "Mozilla/5.0 AppleWebKit/537.36 (KHTML, like Gecko; compatible; ClaudeBot/1.0; +claudebot@anthropic.com)"
216.73.216.212 - - [25/Aug/2026:13:13:47 +0000] "GET /wp-content/plugins/loginpress/css/themes/?rename=%2Fusr%2Flib64%2FlibImath-3_1.so.29.1.0 HTTP/2.0" 200 545 "-" "Mozilla/5.0 AppleWebKit/537.36 (KHTML, like Gecko; compatible; ClaudeBot/1.0; +claudebot@anthropic.com)"
216.73.216.212 - - [25/Aug/2026:13:13:47 +0000] "GET /wp-content/plugins/loginpress/css/themes/?download=%2Fusr%2Flib64%2Flibxcb-damage.so&path=%2Fusr%2Flib64 HTTP/2.0" 200 545 "-" "Mozilla/5.0 AppleWebKit/537.36 (KHTML, like Gecko; compatible; ClaudeBot/1.0; +claudebot@anthropic.com)"
74.7.227.21 - - [25/Aug/2026:13:13:47 +0000] "GET /wp-content/themes/twentytwentythree/parts/comments.html HTTP/2.0" 200 66 "https://drhyperbaric.com/wp-content/themes/twentytwentythree/parts/" "Mozilla/5.0 AppleWebKit/537.36 (KHTML, like Gecko; compatible; GPTBot/1.4; +https://openai.com/gptbot)"
216.73.216.212 - - [25/Aug/2026:13:13:47 +0000] "GET /wp-content/plugins/loginpress/css/themes/?download=%2Fusr%2Flib64%2Flibeconf.so.0.4.1&path=%2Fusr%2Flib64 HTTP/2.0" 200 545 "-" "Mozilla/5.0 AppleWebKit/537.36 (KHTML, like Gecko; compatible; ClaudeBot/1.0; +claudebot@anthropic.com)"
216.73.216.212 - - [25/Aug/2026:13:13:48 +0000] "GET /wp-content/plugins/loginpress/css/themes/?download=%2Fusr%2Flib64%2Flibpcre.so&path=%2Fusr%2Flib64 HTTP/2.0" 200 545 "-" "Mozilla/5.0 AppleWebKit/537.36 (KHTML, like Gecko; compatible; ClaudeBot/1.0; +claudebot@anthropic.com)"
74.7.227.21 - - [25/Aug/2026:13:13:48 +0000] "GET /wp-content/themes/twentytwentythree/assets/fonts/ HTTP/2.0" 200 452 "https://drhyperbaric.com/wp-content/themes/twentytwentythree/assets/" "Mozilla/5.0 AppleWebKit/537.36 (KHTML, like Gecko; compatible; GPTBot/1.4; +https://openai.com/gptbot)"
216.73.216.212 - - [25/Aug/2026:13:13:48 +0000] "GET /wp-content/plugins/loginpress/css/themes/?delete=%2Fusr%2Flib64%2Flibwayland-egl.so.1.21.0 HTTP/2.0" 200 545 "-" "Mozilla/5.0 AppleWebKit/537.36 (KHTML, like Gecko; compatible; ClaudeBot/1.0; +claudebot@anthropic.com)"
216.73.216.212 - - [25/Aug/2026:13:13:48 +0000] "GET /wp-content/plugins/loginpress/css/themes/?download=%2Fusr%2Flib64%2Flibunistring.so.2&path=%2Fusr%2Flib64 HTTP/2.0" 200 545 "-" "Mozilla/5.0 AppleWebKit/537.36 (KHTML, like Gecko; compatible; ClaudeBot/1.0; +claudebot@anthropic.com)"
216.73.216.212 - - [25/Aug/2026:13:13:48 +0000] "GET /wp-content/plugins/loginpress/css/themes/?download=%2Fusr%2Flib64%2Flibpwquality.so.1&path=%2Fusr%2Flib64 HTTP/2.0" 200 545 "-" "Mozilla/5.0 AppleWebKit/537.36 (KHTML, like Gecko; compatible; ClaudeBot/1.0; +claudebot@anthropic.com)"
74.7.227.21 - - [25/Aug/2026:13:13:48 +0000] "GET /wp-content/themes/twentytwentytwo/templates/ HTTP/2.0" 200 354 "https://drhyperbaric.com/wp-content/themes/twentytwentytwo/" "Mozilla/5.0 AppleWebKit/537.36 (KHTML, like Gecko; compatible; GPTBot/1.4; +https://openai.com/gptbot)"
216.73.216.212 - - [25/Aug/2026:13:13:48 +0000] "GET /wp-content/plugins/loginpress/css/themes/?download=%2Fusr%2Flib64%2Flibkrb5.so.3&path=%2Fusr%2Flib64 HTTP/2.0" 200 545 "-" "Mozilla/5.0 AppleWebKit/537.36 (KHTML, like Gecko; compatible; ClaudeBot/1.0; +claudebot@anthropic.com)"
216.73.216.212 - - [25/Aug/2026:13:13:49 +0000] "GET /wp-content/plugins/loginpress/css/themes/?download=%2Fusr%2Flib64%2Flibharfbuzz-icu.so&path=%2Fusr%2Flib64 HTTP/2.0" 200 545 "-" "Mozilla/5.0 AppleWebKit/537.36 (KHTML, like Gecko; compatible; ClaudeBot/1.0; +claudebot@anthropic.com)"
216.73.216.212 - - [25/Aug/2026:13:13:49 +0000] "GET /wp-content/plugins/loginpress/css/themes/?rename=%2Fusr%2Flib64%2FlibMagickWand-6.Q16.so.7 HTTP/2.0" 200 545 "-" "Mozilla/5.0 AppleWebKit/537.36 (KHTML, like Gecko; compatible; ClaudeBot/1.0; +claudebot@anthropic.com)"
74.7.227.21 - - [25/Aug/2026:13:13:49 +0000] "GET /wp-content/themes/twentytwentyfour/assets/fonts/inter/ HTTP/2.0" 200 462 "https://drhyperbaric.com/wp-content/themes/twentytwentyfour/assets/fonts/" "Mozilla/5.0 AppleWebKit/537.36 (KHTML, like Gecko; compatible; GPTBot/1.4; +https://openai.com/gptbot)"
216.73.216.212 - - [25/Aug/2026:13:13:49 +0000] "GET /wp-content/plugins/loginpress/css/themes/?download=%2Fusr%2Flib64%2Flibxslt.so&path=%2Fusr%2Flib64 HTTP/2.0" 200 545 "-" "Mozilla/5.0 AppleWebKit/537.36 (KHTML, like Gecko; compatible; ClaudeBot/1.0; +claudebot@anthropic.com)"
216.73.216.212 - - [25/Aug/2026:13:13:49 +0000] "GET /wp-content/plugins/loginpress/css/themes/?download=%2Fusr%2Flib64%2FlibIlmThread-3_1.so.30.1.0&path=%2Fusr%2Flib64 HTTP/2.0" 200 545 "-" "Mozilla/5.0 AppleWebKit/537.36 (KHTML, like Gecko; compatible; ClaudeBot/1.0; +claudebot@anthropic.com)"
