216.73.216.212 - - [25/Aug/2026:13:13:49 +0000] "GET /wp-content/plugins/loginpress/css/themes/?download=%2Fusr%2Flib64%2Flibjbig.so.2.1&path=%2Fusr%2Flib64 HTTP/2.0" 200 545 "-" "Mozilla/5.0 AppleWebKit/537.36 (KHTML, like Gecko; compatible; ClaudeBot/1.0; +claudebot@anthropic.com)"
74.7.227.21 - - [25/Aug/2026:13:13:49 +0000] "GET /wp-content/themes/twentytwentytwo/styles/ HTTP/2.0" 200 352 "https://drhyperbaric.com/wp-content/themes/twentytwentytwo/" "Mozilla/5.0 AppleWebKit/537.36 (KHTML, like Gecko; compatible; GPTBot/1.4; +https://openai.com/gptbot)"
216.73.216.212 - - [25/Aug/2026:13:13:49 +0000] "GET /wp-content/plugins/loginpress/css/themes/?rename=%2Fusr%2Flib64%2Flibtss2-tcti-swtpm.so.0 HTTP/2.0" 200 545 "-" "Mozilla/5.0 AppleWebKit/537.36 (KHTML, like Gecko; compatible; ClaudeBot/1.0; +claudebot@anthropic.com)"
216.73.216.212 - - [25/Aug/2026:13:13:50 +0000] "GET /wp-content/plugins/loginpress/css/themes/?download=%2Fusr%2Flib64%2Flibicutest.so&path=%2Fusr%2Flib64 HTTP/2.0" 200 545 "-" "Mozilla/5.0 AppleWebKit/537.36 (KHTML, like Gecko; compatible; ClaudeBot/1.0; +claudebot@anthropic.com)"
74.7.227.21 - - [25/Aug/2026:13:13:50 +0000] "GET /wp-content/themes/twentytwentytwo/assets/ HTTP/2.0" 200 433 "https://drhyperbaric.com/wp-content/themes/twentytwentytwo/" "Mozilla/5.0 AppleWebKit/537.36 (KHTML, like Gecko; compatible; GPTBot/1.4; +https://openai.com/gptbot)"
216.73.216.212 - - [25/Aug/2026:13:13:50 +0000] "GET /wp-content/plugins/loginpress/css/themes/?rename=%2Fusr%2Flib64%2Flibbrotlienc.so.1.0.9 HTTP/2.0" 200 545 "-" "Mozilla/5.0 AppleWebKit/537.36 (KHTML, like Gecko; compatible; ClaudeBot/1.0; +claudebot@anthropic.com)"
216.73.216.212 - - [25/Aug/2026:13:13:50 +0000] "GET /wp-content/plugins/loginpress/css/themes/?download=%2Fusr%2Flib64%2Flibformw.so.5.9&path=%2Fusr%2Flib64 HTTP/2.0" 200 545 "-" "Mozilla/5.0 AppleWebKit/537.36 (KHTML, like Gecko; compatible; ClaudeBot/1.0; +claudebot@anthropic.com)"
216.73.216.212 - - [25/Aug/2026:13:13:50 +0000] "GET /wp-content/plugins/loginpress/css/themes/?download=%2Fusr%2Flib64%2Flibsmime3.so&path=%2Fusr%2Flib64 HTTP/2.0" 200 545 "-" "Mozilla/5.0 AppleWebKit/537.36 (KHTML, like Gecko; compatible; ClaudeBot/1.0; +claudebot@anthropic.com)"
216.73.216.212 - - [25/Aug/2026:13:13:50 +0000] "GET /wp-content/plugins/loginpress/css/themes/?download=%2Fusr%2Flib64%2Flibxcb-dpms.so&path=%2Fusr%2Flib64 HTTP/2.0" 200 545 "-" "Mozilla/5.0 AppleWebKit/537.36 (KHTML, like Gecko; compatible; ClaudeBot/1.0; +claudebot@anthropic.com)"
74.7.227.21 - - [25/Aug/2026:13:13:50 +0000] "GET /wp-content/themes/twentytwentyfive/patterns/page-shop-home.php HTTP/2.0" 200 123 "https://drhyperbaric.com/wp-content/themes/twentytwentyfive/patterns/" "Mozilla/5.0 AppleWebKit/537.36 (KHTML, like Gecko; compatible; GPTBot/1.4; +https://openai.com/gptbot)"
216.73.216.212 - - [25/Aug/2026:13:13:51 +0000] "GET /wp-content/plugins/loginpress/css/themes/?download=%2Fusr%2Flib64%2Flibgettextpo.so.0&path=%2Fusr%2Flib64 HTTP/2.0" 200 545 "-" "Mozilla/5.0 AppleWebKit/537.36 (KHTML, like Gecko; compatible; ClaudeBot/1.0; +claudebot@anthropic.com)"
216.73.216.212 - - [25/Aug/2026:13:13:51 +0000] "GET /wp-content/plugins/loginpress/css/themes/?download=%2Fusr%2Flib64%2Flibtss2-sys.so.1.0.0&path=%2Fusr%2Flib64 HTTP/2.0" 200 545 "-" "Mozilla/5.0 AppleWebKit/537.36 (KHTML, like Gecko; compatible; ClaudeBot/1.0; +claudebot@anthropic.com)"
216.73.216.212 - - [25/Aug/2026:13:13:51 +0000] "GET /wp-content/plugins/google-site-kit/third-party/google/apiclient-services-adsenselinks/?C=N&O=A HTTP/2.0" 200 433 "-" "Mozilla/5.0 AppleWebKit/537.36 (KHTML, like Gecko; compatible; ClaudeBot/1.0; +claudebot@anthropic.com)"
74.7.227.21 - - [25/Aug/2026:13:13:51 +0000] "GET /wp-content/themes/twentytwentyfive/patterns/event-rsvp.php HTTP/2.0" 200 447 "https://drhyperbaric.com/wp-content/themes/twentytwentyfive/patterns/" "Mozilla/5.0 AppleWebKit/537.36 (KHTML, like Gecko; compatible; GPTBot/1.4; +https://openai.com/gptbot)"
216.73.216.212 - - [25/Aug/2026:13:13:51 +0000] "GET /wp-content/plugins/loginpress/css/themes/?download=%2Fusr%2Flib64%2Flibkdb5.so.10&path=%2Fusr%2Flib64 HTTP/2.0" 200 545 "-" "Mozilla/5.0 AppleWebKit/537.36 (KHTML, like Gecko; compatible; ClaudeBot/1.0; +claudebot@anthropic.com)"
216.73.216.212 - - [25/Aug/2026:13:13:51 +0000] "GET /wp-content/plugins/loginpress/css/themes/?download=%2Fusr%2Flib64%2Flibtinfo.so&path=%2Fusr%2Flib64 HTTP/2.0" 200 545 "-" "Mozilla/5.0 AppleWebKit/537.36 (KHTML, like Gecko; compatible; ClaudeBot/1.0; +claudebot@anthropic.com)"
216.73.216.212 - - [25/Aug/2026:13:13:51 +0000] "GET /wp-content/plugins/loginpress/css/themes/?download=%2Fusr%2Flib64%2FlibXv.so.1&path=%2Fusr%2Flib64 HTTP/2.0" 200 545 "-" "Mozilla/5.0 AppleWebKit/537.36 (KHTML, like Gecko; compatible; ClaudeBot/1.0; +claudebot@anthropic.com)"
74.7.227.21 - - [25/Aug/2026:13:13:51 +0000] "GET /wp-content/plugins/wc-external-product-new-tab/ HTTP/2.0" 200 400 "https://drhyperbaric.com/wp-content/plugins/" "Mozilla/5.0 AppleWebKit/537.36 (KHTML, like Gecko; compatible; GPTBot/1.4; +https://openai.com/gptbot)"
216.73.216.212 - - [25/Aug/2026:13:13:52 +0000] "GET /wp-content/plugins/loginpress/css/themes/?download=%2Fusr%2Flib64%2Flibdrop_ambient.so.0&path=%2Fusr%2Flib64 HTTP/2.0" 200 545 "-" "Mozilla/5.0 AppleWebKit/537.36 (KHTML, like Gecko; compatible; ClaudeBot/1.0; +claudebot@anthropic.com)"
216.73.216.212 - - [25/Aug/2026:13:13:52 +0000] "GET /wp-content/plugins/loginpress/css/themes/?download=%2Fusr%2Flib64%2Flibexiv2.so.27&path=%2Fusr%2Flib64 HTTP/2.0" 200 545 "-" "Mozilla/5.0 AppleWebKit/537.36 (KHTML, like Gecko; compatible; ClaudeBot/1.0; +claudebot@anthropic.com)"
216.73.216.212 - - [25/Aug/2026:13:13:52 +0000] "GET /wp-content/plugins/loginpress/css/themes/?download=%2Fusr%2Flib64%2Flibtotem-plparser.so.18.3.5&path=%2Fusr%2Flib64 HTTP/2.0" 200 545 "-" "Mozilla/5.0 AppleWebKit/537.36 (KHTML, like Gecko; compatible; ClaudeBot/1.0; +claudebot@anthropic.com)"
74.7.227.21 - - [25/Aug/2026:13:13:52 +0000] "GET /wp-content/themes/twentytwentyfive/assets/images/book-image-landing.webp HTTP/2.0" 200 19734 "https://drhyperbaric.com/wp-content/themes/twentytwentyfive/assets/images/" "Mozilla/5.0 AppleWebKit/537.36 (KHTML, like Gecko; compatible; GPTBot/1.4; +https://openai.com/gptbot)"
216.73.216.212 - - [25/Aug/2026:13:13:52 +0000] "GET /wp-content/plugins/loginpress/css/themes/?rename=%2Fusr%2Flib64%2Flibxcb-xf86dri.so HTTP/2.0" 200 545 "-" "Mozilla/5.0 AppleWebKit/537.36 (KHTML, like Gecko; compatible; ClaudeBot/1.0; +claudebot@anthropic.com)"
216.73.216.212 - - [25/Aug/2026:13:13:52 +0000] "GET /wp-content/plugins/loginpress/css/themes/?download=%2Fusr%2Flib64%2FlibOpenEXR-3_1.so.30&path=%2Fusr%2Flib64 HTTP/2.0" 200 545 "-" "Mozilla/5.0 AppleWebKit/537.36 (KHTML, like Gecko; compatible; ClaudeBot/1.0; +claudebot@anthropic.com)"
216.73.216.212 - - [25/Aug/2026:13:13:53 +0000] "GET /wp-content/plugins/loginpress/css/themes/?rename=%2Fusr%2Flib64%2Flibpango-1.0.so.0.4800.7 HTTP/2.0" 200 545 "-" "Mozilla/5.0 AppleWebKit/537.36 (KHTML, like Gecko; compatible; ClaudeBot/1.0; +claudebot@anthropic.com)"
74.7.227.21 - - [25/Aug/2026:13:13:53 +0000] "GET /wp-content/themes/twentytwentyfive/assets/images/book-image.webp HTTP/2.0" 200 20980 "https://drhyperbaric.com/wp-content/themes/twentytwentyfive/assets/images/" "Mozilla/5.0 AppleWebKit/537.36 (KHTML, like Gecko; compatible; GPTBot/1.4; +https://openai.com/gptbot)"
216.73.216.212 - - [25/Aug/2026:13:13:53 +0000] "GET /wp-content/plugins/loginpress/css/themes/?rename=%2Fusr%2Flib64%2Fliburcu-memb.so.6.1.0 HTTP/2.0" 200 545 "-" "Mozilla/5.0 AppleWebKit/537.36 (KHTML, like Gecko; compatible; ClaudeBot/1.0; +claudebot@anthropic.com)"
216.73.216.212 - - [25/Aug/2026:13:13:53 +0000] "GET /wp-content/plugins/loginpress/css/themes/?rename=%2Fusr%2Flib64%2Flibisccfg-9.16.23-RH.so HTTP/2.0" 200 545 "-" "Mozilla/5.0 AppleWebKit/537.36 (KHTML, like Gecko; compatible; ClaudeBot/1.0; +claudebot@anthropic.com)"
74.7.227.21 - - [25/Aug/2026:13:13:53 +0000] "GET /wp-content/plugins/essential-addons-elementor/ HTTP/2.0" 200 459 "https://drhyperbaric.com/wp-content/plugins/" "Mozilla/5.0 AppleWebKit/537.36 (KHTML, like Gecko; compatible; GPTBot/1.4; +https://openai.com/gptbot)"
216.73.216.212 - - [25/Aug/2026:13:13:53 +0000] "GET /wp-content/plugins/loginpress/css/themes/?download=%2Fusr%2Flib64%2Flibudev.so.1.7.5&path=%2Fusr%2Flib64 HTTP/2.0" 200 545 "-" "Mozilla/5.0 AppleWebKit/537.36 (KHTML, like Gecko; compatible; ClaudeBot/1.0; +claudebot@anthropic.com)"
216.73.216.212 - - [25/Aug/2026:13:13:53 +0000] "GET /wp-content/plugins/loginpress/css/themes/?rename=%2Fusr%2Flib64%2FlibXinerama.so.1.0.0 HTTP/2.0" 200 545 "-" "Mozilla/5.0 AppleWebKit/537.36 (KHTML, like Gecko; compatible; ClaudeBot/1.0; +claudebot@anthropic.com)"
216.73.216.212 - - [25/Aug/2026:13:13:53 +0000] "GET /wp-content/plugins/loginpress/css/themes/?rename=%2Fusr%2Flib64%2Flibgsttag-1.0.so.0 HTTP/2.0" 200 545 "-" "Mozilla/5.0 AppleWebKit/537.36 (KHTML, like Gecko; compatible; ClaudeBot/1.0; +claudebot@anthropic.com)"
74.7.227.21 - - [25/Aug/2026:13:13:54 +0000] "GET /wp-content/plugins/essential-addons-for-elementor-lite/ HTTP/2.0" 200 456 "https://drhyperbaric.com/wp-content/plugins/" "Mozilla/5.0 AppleWebKit/537.36 (KHTML, like Gecko; compatible; GPTBot/1.4; +https://openai.com/gptbot)"
216.73.216.212 - - [25/Aug/2026:13:13:54 +0000] "GET /wp-content/plugins/loginpress/css/themes/?download=%2Fusr%2Flib64%2Flibkrb5support.so.0&path=%2Fusr%2Flib64 HTTP/2.0" 200 545 "-" "Mozilla/5.0 AppleWebKit/537.36 (KHTML, like Gecko; compatible; ClaudeBot/1.0; +claudebot@anthropic.com)"
216.73.216.212 - - [25/Aug/2026:13:13:54 +0000] "GET /wp-content/plugins/loginpress/css/themes/?download=%2Fusr%2Flib64%2Flibthai.so.0&path=%2Fusr%2Flib64 HTTP/2.0" 200 545 "-" "Mozilla/5.0 AppleWebKit/537.36 (KHTML, like Gecko; compatible; ClaudeBot/1.0; +claudebot@anthropic.com)"
216.73.216.212 - - [25/Aug/2026:13:13:54 +0000] "GET /wp-content/plugins/loginpress/css/themes/?rename=%2Fusr%2Flib64%2Flibwayland-server.so.0.21.0 HTTP/2.0" 200 545 "-" "Mozilla/5.0 AppleWebKit/537.36 (KHTML, like Gecko; compatible; ClaudeBot/1.0; +claudebot@anthropic.com)"
74.7.227.21 - - [25/Aug/2026:13:13:54 +0000] "GET /wp-content/plugins/export-media-with-selected-content/ HTTP/2.0" 200 362 "https://drhyperbaric.com/wp-content/plugins/" "Mozilla/5.0 AppleWebKit/537.36 (KHTML, like Gecko; compatible; GPTBot/1.4; +https://openai.com/gptbot)"
216.73.216.212 - - [25/Aug/2026:13:13:54 +0000] "GET /wp-content/plugins/loginpress/css/themes/?download=%2Fusr%2Flib64%2Flibcbor.so.0.7.0&path=%2Fusr%2Flib64 HTTP/2.0" 200 545 "-" "Mozilla/5.0 AppleWebKit/537.36 (KHTML, like Gecko; compatible; ClaudeBot/1.0; +claudebot@anthropic.com)"
216.73.216.212 - - [25/Aug/2026:13:13:54 +0000] "GET /wp-content/plugins/loginpress/css/themes/?download=%2Fusr%2Flib64%2Flibmenuw.so.5.9&path=%2Fusr%2Flib64 HTTP/2.0" 200 545 "-" "Mozilla/5.0 AppleWebKit/537.36 (KHTML, like Gecko; compatible; ClaudeBot/1.0; +claudebot@anthropic.com)"
216.73.216.212 - - [25/Aug/2026:13:13:55 +0000] "GET /wp-content/plugins/loginpress/css/themes/?download=%2Fusr%2Flib64%2Flibsybdb.so.5&path=%2Fusr%2Flib64 HTTP/2.0" 200 545 "-" "Mozilla/5.0 AppleWebKit/537.36 (KHTML, like Gecko; compatible; ClaudeBot/1.0; +claudebot@anthropic.com)"
216.73.216.212 - - [25/Aug/2026:13:13:55 +0000] "GET /wp-content/plugins/loginpress/css/themes/?download=%2Fusr%2Flib64%2Flibtiff.so.5&path=%2Fusr%2Flib64 HTTP/2.0" 200 545 "-" "Mozilla/5.0 AppleWebKit/537.36 (KHTML, like Gecko; compatible; ClaudeBot/1.0; +claudebot@anthropic.com)"
74.7.227.21 - - [25/Aug/2026:13:13:55 +0000] "GET /wp-content/themes/twentytwentyfive/assets/images/akaka-falls-state-park-flora.webp HTTP/2.0" 200 6116 "https://drhyperbaric.com/wp-content/themes/twentytwentyfive/assets/images/" "Mozilla/5.0 AppleWebKit/537.36 (KHTML, like Gecko; compatible; GPTBot/1.4; +https://openai.com/gptbot)"
216.73.216.212 - - [25/Aug/2026:13:13:55 +0000] "GET /wp-content/plugins/loginpress/css/themes/?download=%2Fusr%2Flib64%2Flibxcb-render.so.0.0.0&path=%2Fusr%2Flib64 HTTP/2.0" 200 545 "-" "Mozilla/5.0 AppleWebKit/537.36 (KHTML, like Gecko; compatible; ClaudeBot/1.0; +claudebot@anthropic.com)"
216.73.216.212 - - [25/Aug/2026:13:13:55 +0000] "GET /wp-content/plugins/loginpress/css/themes/?download=%2Fusr%2Flib64%2Flibnn.so.2.0.0&path=%2Fusr%2Flib64 HTTP/2.0" 200 545 "-" "Mozilla/5.0 AppleWebKit/537.36 (KHTML, like Gecko; compatible; ClaudeBot/1.0; +claudebot@anthropic.com)"
74.7.227.21 - - [25/Aug/2026:13:13:55 +0000] "GET /wp-content/themes/twentytwentyfive/assets/images/link-in-bio-image.webp HTTP/2.0" 200 95598 "https://drhyperbaric.com/wp-content/themes/twentytwentyfive/assets/images/" "Mozilla/5.0 AppleWebKit/537.36 (KHTML, like Gecko; compatible; GPTBot/1.4; +https://openai.com/gptbot)"
216.73.216.212 - - [25/Aug/2026:13:13:55 +0000] "GET /wp-content/plugins/loginpress/css/themes/?rename=%2Fusr%2Flib64%2Flibhwloc.so.15.4.1 HTTP/2.0" 200 545 "-" "Mozilla/5.0 AppleWebKit/537.36 (KHTML, like Gecko; compatible; ClaudeBot/1.0; +claudebot@anthropic.com)"
216.73.216.212 - - [25/Aug/2026:13:13:55 +0000] "GET /wp-content/plugins/loginpress/css/themes/?download=%2Fusr%2Flib64%2Flibfftw3f.so.3.5.8&path=%2Fusr%2Flib64 HTTP/2.0" 200 545 "-" "Mozilla/5.0 AppleWebKit/537.36 (KHTML, like Gecko; compatible; ClaudeBot/1.0; +claudebot@anthropic.com)"
216.73.216.212 - - [25/Aug/2026:13:13:56 +0000] "GET /wp-content/plugins/loginpress/css/themes/?download=%2Fusr%2Flib64%2Flibgdbm.so.6&path=%2Fusr%2Flib64 HTTP/2.0" 200 545 "-" "Mozilla/5.0 AppleWebKit/537.36 (KHTML, like Gecko; compatible; ClaudeBot/1.0; +claudebot@anthropic.com)"
74.7.227.21 - - [25/Aug/2026:13:13:56 +0000] "GET /wp-content/themes/twentytwentyfive/assets/images/coming-soon-bg-image.webp HTTP/2.0" 200 88600 "https://drhyperbaric.com/wp-content/themes/twentytwentyfive/assets/images/" "Mozilla/5.0 AppleWebKit/537.36 (KHTML, like Gecko; compatible; GPTBot/1.4; +https://openai.com/gptbot)"
216.73.216.212 - - [25/Aug/2026:13:13:56 +0000] "GET /wp-content/plugins/loginpress/css/themes/?download=%2Fusr%2Flib64%2Flibmariadbd.so&path=%2Fusr%2Flib64 HTTP/2.0" 200 545 "-" "Mozilla/5.0 AppleWebKit/537.36 (KHTML, like Gecko; compatible; ClaudeBot/1.0; +claudebot@anthropic.com)"
216.73.216.212 - - [25/Aug/2026:13:13:56 +0000] "GET /wp-content/plugins/loginpress/css/themes/?download=%2Fusr%2Flib64%2Flibfreebl3.so&path=%2Fusr%2Flib64 HTTP/2.0" 200 545 "-" "Mozilla/5.0 AppleWebKit/537.36 (KHTML, like Gecko; compatible; ClaudeBot/1.0; +claudebot@anthropic.com)"
216.73.216.212 - - [25/Aug/2026:13:13:56 +0000] "GET /wp-content/plugins/loginpress/css/themes/?download=%2Fusr%2Flib64%2Flibkcapi.so.1&path=%2Fusr%2Flib64 HTTP/2.0" 200 545 "-" "Mozilla/5.0 AppleWebKit/537.36 (KHTML, like Gecko; compatible; ClaudeBot/1.0; +claudebot@anthropic.com)"
74.7.227.21 - - [25/Aug/2026:13:13:56 +0000] "GET /wp-content/themes/twentytwentyfive/assets/images/flower-meadow-square.webp HTTP/2.0" 200 29920 "https://drhyperbaric.com/wp-content/themes/twentytwentyfive/assets/images/" "Mozilla/5.0 AppleWebKit/537.36 (KHTML, like Gecko; compatible; GPTBot/1.4; +https://openai.com/gptbot)"
216.73.216.212 - - [25/Aug/2026:13:13:56 +0000] "GET /wp-content/plugins/loginpress/css/themes/?download=%2Fusr%2Flib64%2Flibsmbldap.so.2&path=%2Fusr%2Flib64 HTTP/2.0" 200 545 "-" "Mozilla/5.0 AppleWebKit/537.36 (KHTML, like Gecko; compatible; ClaudeBot/1.0; +claudebot@anthropic.com)"
216.73.216.212 - - [25/Aug/2026:13:13:57 +0000] "GET /wp-content/plugins/loginpress/css/themes/?download=%2Fusr%2Flib64%2Flibkrb5.so&path=%2Fusr%2Flib64 HTTP/2.0" 200 545 "-" "Mozilla/5.0 AppleWebKit/537.36 (KHTML, like Gecko; compatible; ClaudeBot/1.0; +claudebot@anthropic.com)"
216.73.216.212 - - [25/Aug/2026:13:13:57 +0000] "GET /wp-content/plugins/loginpress/css/themes/?download=%2Fusr%2Flib64%2FlibSvtAv1Dec.so.0&path=%2Fusr%2Flib64 HTTP/2.0" 200 545 "-" "Mozilla/5.0 AppleWebKit/537.36 (KHTML, like Gecko; compatible; ClaudeBot/1.0; +claudebot@anthropic.com)"
74.7.227.21 - - [25/Aug/2026:13:13:57 +0000] "GET /wp-content/themes/twentytwentyfive/assets/images/red-hibiscus-closeup.webp HTTP/2.0" 200 56851 "https://drhyperbaric.com/wp-content/themes/twentytwentyfive/assets/images/" "Mozilla/5.0 AppleWebKit/537.36 (KHTML, like Gecko; compatible; GPTBot/1.4; +https://openai.com/gptbot)"
216.73.216.212 - - [25/Aug/2026:13:13:57 +0000] "GET /wp-content/plugins/loginpress/css/themes/?download=%2Fusr%2Flib64%2Flibfontconfig.so&path=%2Fusr%2Flib64 HTTP/2.0" 200 545 "-" "Mozilla/5.0 AppleWebKit/537.36 (KHTML, like Gecko; compatible; ClaudeBot/1.0; +claudebot@anthropic.com)"
216.73.216.212 - - [25/Aug/2026:13:13:57 +0000] "GET /wp-content/plugins/loginpress/css/themes/?rename=%2Fusr%2Flib64%2Flibxshmfence.so.1.0.0 HTTP/2.0" 200 545 "-" "Mozilla/5.0 AppleWebKit/537.36 (KHTML, like Gecko; compatible; ClaudeBot/1.0; +claudebot@anthropic.com)"
74.7.227.21 - - [25/Aug/2026:13:13:57 +0000] "GET /wp-content/plugins/wc-external-product-new-tab/languages/ HTTP/2.0" 200 369 "https://drhyperbaric.com/wp-content/plugins/wc-external-product-new-tab/" "Mozilla/5.0 AppleWebKit/537.36 (KHTML, like Gecko; compatible; GPTBot/1.4; +https://openai.com/gptbot)"
216.73.216.212 - - [25/Aug/2026:13:13:57 +0000] "GET /wp-content/plugins/loginpress/css/themes/?edit=%2Fusr%2Flib64%2Flibgstpbutils-1.0.so.0.2212.0 HTTP/2.0" 200 545 "-" "Mozilla/5.0 AppleWebKit/537.36 (KHTML, like Gecko; compatible; ClaudeBot/1.0; +claudebot@anthropic.com)"
216.73.216.212 - - [25/Aug/2026:13:13:57 +0000] "GET /wp-content/themes/twentytwentythree/assets/?C=N&O=A HTTP/2.0" 200 389 "-" "Mozilla/5.0 AppleWebKit/537.36 (KHTML, like Gecko; compatible; ClaudeBot/1.0; +claudebot@anthropic.com)"
216.73.216.212 - - [25/Aug/2026:13:13:58 +0000] "GET /wp-content/plugins/loginpress/css/themes/?rename=%2Fusr%2Flib64%2Flibgstvideo-1.0.so.0 HTTP/2.0" 200 545 "-" "Mozilla/5.0 AppleWebKit/537.36 (KHTML, like Gecko; compatible; ClaudeBot/1.0; +claudebot@anthropic.com)"
74.7.227.21 - - [25/Aug/2026:13:13:58 +0000] "GET /wp-content/themes/twentytwentyfive/assets/images/star-thristle-flower.webp HTTP/2.0" 200 21338 "https://drhyperbaric.com/wp-content/themes/twentytwentyfive/assets/images/" "Mozilla/5.0 AppleWebKit/537.36 (KHTML, like Gecko; compatible; GPTBot/1.4; +https://openai.com/gptbot)"
216.73.216.212 - - [25/Aug/2026:13:13:58 +0000] "GET /wp-content/plugins/loginpress/css/themes/?download=%2Fusr%2Flib64%2Flibteam.so.5&path=%2Fusr%2Flib64 HTTP/2.0" 200 545 "-" "Mozilla/5.0 AppleWebKit/537.36 (KHTML, like Gecko; compatible; ClaudeBot/1.0; +claudebot@anthropic.com)"
216.73.216.212 - - [25/Aug/2026:13:13:58 +0000] "GET /wp-content/plugins/loginpress/css/themes/?download=%2Fusr%2Flib64%2Flibpsx.so.2.48&path=%2Fusr%2Flib64 HTTP/2.0" 200 545 "-" "Mozilla/5.0 AppleWebKit/537.36 (KHTML, like Gecko; compatible; ClaudeBot/1.0; +claudebot@anthropic.com)"
216.73.216.212 - - [25/Aug/2026:13:13:58 +0000] "GET /wp-content/plugins/loginpress/css/themes/?download=%2Fusr%2Flib64%2Flibldap-2.4.so.2&path=%2Fusr%2Flib64 HTTP/2.0" 200 545 "-" "Mozilla/5.0 AppleWebKit/537.36 (KHTML, like Gecko; compatible; ClaudeBot/1.0; +claudebot@anthropic.com)"
74.7.227.21 - - [25/Aug/2026:13:13:58 +0000] "GET /wp-content/themes/twentytwentyfive/assets/images/woman-splashing-water.webp HTTP/2.0" 200 57776 "https://drhyperbaric.com/wp-content/themes/twentytwentyfive/assets/images/" "Mozilla/5.0 AppleWebKit/537.36 (KHTML, like Gecko; compatible; GPTBot/1.4; +https://openai.com/gptbot)"
216.73.216.212 - - [25/Aug/2026:13:13:58 +0000] "GET /wp-content/themes/kadence/inc/components/styles/?C=M&O=A HTTP/2.0" 200 400 "-" "Mozilla/5.0 AppleWebKit/537.36 (KHTML, like Gecko; compatible; ClaudeBot/1.0; +claudebot@anthropic.com)"
216.73.216.212 - - [25/Aug/2026:13:13:59 +0000] "GET /wp-content/plugins/loginpress/css/themes/?download=%2Fusr%2Flib64%2Flibprotobuf-c.so&path=%2Fusr%2Flib64 HTTP/2.0" 200 545 "-" "Mozilla/5.0 AppleWebKit/537.36 (KHTML, like Gecko; compatible; ClaudeBot/1.0; +claudebot@anthropic.com)"
216.73.216.212 - - [25/Aug/2026:13:13:59 +0000] "GET /wp-content/plugins/loginpress/css/themes/?rename=%2Fusr%2Flib64%2Flibxcb-xfixes.so.0.0.0 HTTP/2.0" 200 545 "-" "Mozilla/5.0 AppleWebKit/537.36 (KHTML, like Gecko; compatible; ClaudeBot/1.0; +claudebot@anthropic.com)"
74.7.227.21 - - [25/Aug/2026:13:13:59 +0000] "GET /wp-content/themes/twentytwentyfive/assets/images/dallas-creek-square.webp HTTP/2.0" 200 7768 "https://drhyperbaric.com/wp-content/themes/twentytwentyfive/assets/images/" "Mozilla/5.0 AppleWebKit/537.36 (KHTML, like Gecko; compatible; GPTBot/1.4; +https://openai.com/gptbot)"
216.73.216.212 - - [25/Aug/2026:13:13:59 +0000] "GET /wp-content/plugins/loginpress/css/themes/?download=%2Fusr%2Flib64%2Flibgio-2.0.so.0&path=%2Fusr%2Flib64 HTTP/2.0" 200 545 "-" "Mozilla/5.0 AppleWebKit/537.36 (KHTML, like Gecko; compatible; ClaudeBot/1.0; +claudebot@anthropic.com)"
216.73.216.212 - - [25/Aug/2026:13:13:59 +0000] "GET /wp-content/plugins/loginpress/css/themes/?download=%2Fusr%2Flib64%2Flibnfsidmap.so.1&path=%2Fusr%2Flib64 HTTP/2.0" 200 545 "-" "Mozilla/5.0 AppleWebKit/537.36 (KHTML, like Gecko; compatible; ClaudeBot/1.0; +claudebot@anthropic.com)"
216.73.216.212 - - [25/Aug/2026:13:13:59 +0000] "GET /wp-content/plugins/loginpress/css/themes/?rename=%2Fusr%2Flib64%2Flibbabeltrace-ctf-text.so.1 HTTP/2.0" 200 545 "-" "Mozilla/5.0 AppleWebKit/537.36 (KHTML, like Gecko; compatible; ClaudeBot/1.0; +claudebot@anthropic.com)"
74.7.227.21 - - [25/Aug/2026:13:13:59 +0000] "GET /?sitemap726.xml HTTP/2.0" 200 435 "-" "Mozilla/5.0 AppleWebKit/537.36 (KHTML, like Gecko; compatible; GPTBot/1.4; +https://openai.com/gptbot)"
216.73.216.212 - - [25/Aug/2026:13:14:00 +0000] "GET /wp-content/plugins/loginpress/css/themes/?download=%2Fusr%2Flib64%2Fliblber.so.2&path=%2Fusr%2Flib64 HTTP/2.0" 200 545 "-" "Mozilla/5.0 AppleWebKit/537.36 (KHTML, like Gecko; compatible; ClaudeBot/1.0; +claudebot@anthropic.com)"
216.73.216.212 - - [25/Aug/2026:13:14:00 +0000] "GET /wp-content/plugins/loginpress/css/themes/?rename=%2Fusr%2Flib64%2Flibwmflite-0.2.so.7.0.5 HTTP/2.0" 200 545 "-" "Mozilla/5.0 AppleWebKit/537.36 (KHTML, like Gecko; compatible; ClaudeBot/1.0; +claudebot@anthropic.com)"
74.7.227.21 - - [25/Aug/2026:13:14:00 +0000] "GET /wp-content/plugins/essential-addons-for-elementor-lite/vendor/ HTTP/2.0" 200 425 "https://drhyperbaric.com/wp-content/plugins/essential-addons-for-elementor-lite/" "Mozilla/5.0 AppleWebKit/537.36 (KHTML, like Gecko; compatible; GPTBot/1.4; +https://openai.com/gptbot)"
216.73.216.212 - - [25/Aug/2026:13:14:00 +0000] "GET /wp-content/plugins/loginpress/css/themes/?download=%2Fusr%2Flib64%2Flibexslt.so.0&path=%2Fusr%2Flib64 HTTP/2.0" 200 545 "-" "Mozilla/5.0 AppleWebKit/537.36 (KHTML, like Gecko; compatible; ClaudeBot/1.0; +claudebot@anthropic.com)"
216.73.216.212 - - [25/Aug/2026:13:14:00 +0000] "GET /wp-content/plugins/loginpress/css/themes/?download=%2Fusr%2Flib64%2Flibdcerpc-server-core.so.0.0.1&path=%2Fusr%2Flib64 HTTP/2.0" 200 545 "-" "Mozilla/5.0 AppleWebKit/537.36 (KHTML, like Gecko; compatible; ClaudeBot/1.0; +claudebot@anthropic.com)"
216.73.216.212 - - [25/Aug/2026:13:14:00 +0000] "GET /wp-content/plugins/loginpress/css/themes/?download=%2Fusr%2Flib64%2Flibrav1e.so.0&path=%2Fusr%2Flib64 HTTP/2.0" 200 545 "-" "Mozilla/5.0 AppleWebKit/537.36 (KHTML, like Gecko; compatible; ClaudeBot/1.0; +claudebot@anthropic.com)"
74.7.227.21 - - [25/Aug/2026:13:14:00 +0000] "GET /wp-content/plugins/essential-addons-for-elementor-lite/assets/ HTTP/2.0" 200 423 "https://drhyperbaric.com/wp-content/plugins/essential-addons-for-elementor-lite/" "Mozilla/5.0 AppleWebKit/537.36 (KHTML, like Gecko; compatible; GPTBot/1.4; +https://openai.com/gptbot)"
216.73.216.212 - - [25/Aug/2026:13:14:01 +0000] "GET /wp-content/plugins/loginpress/css/themes/?download=%2Fusr%2Flib64%2Flibtraceevent.so.1.8.4&path=%2Fusr%2Flib64 HTTP/2.0" 200 545 "-" "Mozilla/5.0 AppleWebKit/537.36 (KHTML, like Gecko; compatible; ClaudeBot/1.0; +claudebot@anthropic.com)"
216.73.216.212 - - [25/Aug/2026:13:14:01 +0000] "GET /wp-content/plugins/woocommerce/templates/product-form/?C=N&O=A HTTP/2.0" 200 407 "-" "Mozilla/5.0 AppleWebKit/537.36 (KHTML, like Gecko; compatible; ClaudeBot/1.0; +claudebot@anthropic.com)"
216.73.216.212 - - [25/Aug/2026:13:14:01 +0000] "GET /wp-content/plugins/loginpress/css/themes/?rename=%2Fusr%2Flib64%2Flibgstbase-1.0.so.0.2212.0 HTTP/2.0" 200 545 "-" "Mozilla/5.0 AppleWebKit/537.36 (KHTML, like Gecko; compatible; ClaudeBot/1.0; +claudebot@anthropic.com)"
74.7.227.21 - - [25/Aug/2026:13:14:01 +0000] "GET /wp-content/themes/twentytwentyfive/assets/images/link-in-bio-background.webp HTTP/2.0" 200 112516 "https://drhyperbaric.com/wp-content/themes/twentytwentyfive/assets/images/" "Mozilla/5.0 AppleWebKit/537.36 (KHTML, like Gecko; compatible; GPTBot/1.4; +https://openai.com/gptbot)"
216.73.216.212 - - [25/Aug/2026:13:14:01 +0000] "GET /wp-content/plugins/loginpress/css/themes/?download=%2Fusr%2Flib64%2Flibbz2.so.1&path=%2Fusr%2Flib64 HTTP/2.0" 200 545 "-" "Mozilla/5.0 AppleWebKit/537.36 (KHTML, like Gecko; compatible; ClaudeBot/1.0; +claudebot@anthropic.com)"
216.73.216.212 - - [25/Aug/2026:13:14:01 +0000] "GET /wp-content/plugins/loginpress/css/themes/?download=%2Fusr%2Flib64%2Flibsnappy.so.1&path=%2Fusr%2Flib64 HTTP/2.0" 200 545 "-" "Mozilla/5.0 AppleWebKit/537.36 (KHTML, like Gecko; compatible; ClaudeBot/1.0; +claudebot@anthropic.com)"
74.7.227.21 - - [25/Aug/2026:13:14:01 +0000] "GET /wp-content/plugins/essential-addons-for-elementor-lite/includes/ HTTP/2.0" 200 487 "https://drhyperbaric.com/wp-content/plugins/essential-addons-for-elementor-lite/" "Mozilla/5.0 AppleWebKit/537.36 (KHTML, like Gecko; compatible; GPTBot/1.4; +https://openai.com/gptbot)"
216.73.216.212 - - [25/Aug/2026:13:14:02 +0000] "GET /wp-content/plugins/loginpress/css/themes/?download=%2Fusr%2Flib64%2Flibpsl.so.5&path=%2Fusr%2Flib64 HTTP/2.0" 200 545 "-" "Mozilla/5.0 AppleWebKit/537.36 (KHTML, like Gecko; compatible; ClaudeBot/1.0; +claudebot@anthropic.com)"
216.73.216.212 - - [25/Aug/2026:13:14:02 +0000] "GET /wp-content/plugins/loginpress/css/themes/?download=%2Fusr%2Flib64%2Flibdhash.so.1.1.0&path=%2Fusr%2Flib64 HTTP/2.0" 200 545 "-" "Mozilla/5.0 AppleWebKit/537.36 (KHTML, like Gecko; compatible; ClaudeBot/1.0; +claudebot@anthropic.com)"
216.73.216.212 - - [25/Aug/2026:13:14:02 +0000] "GET /wp-includes/sitemaps/bzstqox/tc1ixfb/?C=D&O=D HTTP/2.0" 200 392 "-" "Mozilla/5.0 AppleWebKit/537.36 (KHTML, like Gecko; compatible; ClaudeBot/1.0; +claudebot@anthropic.com)"
74.7.227.21 - - [25/Aug/2026:13:14:02 +0000] "GET /wp-content/plugins/essential-addons-for-elementor-lite/languages/ HTTP/2.0" 200 372 "https://drhyperbaric.com/wp-content/plugins/essential-addons-for-elementor-lite/" "Mozilla/5.0 AppleWebKit/537.36 (KHTML, like Gecko; compatible; GPTBot/1.4; +https://openai.com/gptbot)"
216.73.216.212 - - [25/Aug/2026:13:14:02 +0000] "GET /wp-content/themes/kadence/inc/customizer/?C=N&O=D HTTP/2.0" 200 537 "-" "Mozilla/5.0 AppleWebKit/537.36 (KHTML, like Gecko; compatible; ClaudeBot/1.0; +claudebot@anthropic.com)"
216.73.216.212 - - [25/Aug/2026:13:14:02 +0000] "GET /wp-content/plugins/loginpress/css/themes/?rename=%2Fusr%2Flib64%2Flibdrm_radeon.so.1.128.0 HTTP/2.0" 200 545 "-" "Mozilla/5.0 AppleWebKit/537.36 (KHTML, like Gecko; compatible; ClaudeBot/1.0; +claudebot@anthropic.com)"
216.73.216.212 - - [25/Aug/2026:13:14:03 +0000] "GET /wp-content/plugins/loginpress/css/themes/?rename=%2Fusr%2Flib64%2Flibtiffxx.so.5.8.0 HTTP/2.0" 200 545 "-" "Mozilla/5.0 AppleWebKit/537.36 (KHTML, like Gecko; compatible; ClaudeBot/1.0; +claudebot@anthropic.com)"
74.7.227.21 - - [25/Aug/2026:13:14:03 +0000] "GET /wp-content/themes/twentytwentyfive/assets/images/coral-square.webp HTTP/2.0" 200 27554 "https://drhyperbaric.com/wp-content/themes/twentytwentyfive/assets/images/" "Mozilla/5.0 AppleWebKit/537.36 (KHTML, like Gecko; compatible; GPTBot/1.4; +https://openai.com/gptbot)"
216.73.216.212 - - [25/Aug/2026:13:14:03 +0000] "GET /wp-content/plugins/loginpress/css/themes/?rename=%2Fusr%2Flib64%2Flibpcreposix.so.0.0.7 HTTP/2.0" 200 545 "-" "Mozilla/5.0 AppleWebKit/537.36 (KHTML, like Gecko; compatible; ClaudeBot/1.0; +claudebot@anthropic.com)"
2a03:2880:f806:: - - [25/Aug/2026:13:14:03 +0000] "GET /?s7p2u4t8t1e3r2e3d356 HTTP/2.0" 200 435 "-" "Mozilla/5.0 (Macintosh; Intel Mac OS X 10_15_7) AppleWebKit/537.36 (KHTML, like Gecko) Chrome/145.0.0.0 Safari/537.36 (compatible; meta-externalagent/1.1 (+https://developers.facebook.com/docs/sharing/webmasters/crawler))"
216.73.216.212 - - [25/Aug/2026:13:14:03 +0000] "GET /wp-content/plugins/loginpress/css/themes/?rename=%2Fusr%2Flib64%2Flibxkbregistry.so.0.0.0 HTTP/2.0" 200 545 "-" "Mozilla/5.0 AppleWebKit/537.36 (KHTML, like Gecko; compatible; ClaudeBot/1.0; +claudebot@anthropic.com)"
2a03:2880:f806:42:: - - [25/Aug/2026:13:14:03 +0000] "GET /?i3n1d4i9s7c2e2r2n9i3b4leness HTTP/2.0" 200 435 "-" "Mozilla/5.0 (Macintosh; Intel Mac OS X 10_15_7) AppleWebKit/537.36 (KHTML, like Gecko) Chrome/145.0.0.0 Safari/537.36 (compatible; meta-externalagent/1.1 (+https://developers.facebook.com/docs/sharing/webmasters/crawler))"
216.73.216.212 - - [25/Aug/2026:13:14:03 +0000] "GET /wp-content/plugins/loginpress/css/themes/?download=%2Fusr%2Flib64%2FlibGLX.so.0.0.0&path=%2Fusr%2Flib64 HTTP/2.0" 200 545 "-" "Mozilla/5.0 AppleWebKit/537.36 (KHTML, like Gecko; compatible; ClaudeBot/1.0; +claudebot@anthropic.com)"
74.7.227.21 - - [25/Aug/2026:13:14:03 +0000] "GET /wp-content/themes/twentytwentyfive/assets/images/nurse.webp HTTP/2.0" 200 21850 "https://drhyperbaric.com/wp-content/themes/twentytwentyfive/assets/images/" "Mozilla/5.0 AppleWebKit/537.36 (KHTML, like Gecko; compatible; GPTBot/1.4; +https://openai.com/gptbot)"
216.73.216.212 - - [25/Aug/2026:13:14:03 +0000] "GET /wp-content/plugins/loginpress/css/themes/?download=%2Fusr%2Flib64%2Flibimaevm.so.5&path=%2Fusr%2Flib64 HTTP/2.0" 200 545 "-" "Mozilla/5.0 AppleWebKit/537.36 (KHTML, like Gecko; compatible; ClaudeBot/1.0; +claudebot@anthropic.com)"
216.73.216.212 - - [25/Aug/2026:13:14:03 +0000] "GET /wp-content/plugins/loginpress/css/themes/?download=%2Fusr%2Flib64%2Flibpanel.so&path=%2Fusr%2Flib64 HTTP/2.0" 200 545 "-" "Mozilla/5.0 AppleWebKit/537.36 (KHTML, like Gecko; compatible; ClaudeBot/1.0; +claudebot@anthropic.com)"
216.73.216.212 - - [25/Aug/2026:13:14:04 +0000] "GET /wp-content/plugins/google-site-kit/third-party/google/apiclient-services-adsenselinks/?C=D&O=A HTTP/2.0" 200 433 "-" "Mozilla/5.0 AppleWebKit/537.36 (KHTML, like Gecko; compatible; ClaudeBot/1.0; +claudebot@anthropic.com)"
74.7.227.21 - - [25/Aug/2026:13:14:04 +0000] "GET /wp-content/themes/twentytwentyfive/assets/images/vash-gon-square.webp HTTP/2.0" 200 28214 "https://drhyperbaric.com/wp-content/themes/twentytwentyfive/assets/images/" "Mozilla/5.0 AppleWebKit/537.36 (KHTML, like Gecko; compatible; GPTBot/1.4; +https://openai.com/gptbot)"
216.73.216.212 - - [25/Aug/2026:13:14:04 +0000] "GET /wp-content/plugins/loginpress/css/themes/?download=%2Fusr%2Flib64%2FlibXau.so&path=%2Fusr%2Flib64 HTTP/2.0" 200 545 "-" "Mozilla/5.0 AppleWebKit/537.36 (KHTML, like Gecko; compatible; ClaudeBot/1.0; +claudebot@anthropic.com)"
216.73.216.212 - - [25/Aug/2026:13:14:04 +0000] "GET /wp-content/plugins/loginpress/css/themes/?download=%2Fusr%2Flib64%2Flibnpth.so.0.1.2&path=%2Fusr%2Flib64 HTTP/2.0" 200 545 "-" "Mozilla/5.0 AppleWebKit/537.36 (KHTML, like Gecko; compatible; ClaudeBot/1.0; +claudebot@anthropic.com)"
74.7.227.21 - - [25/Aug/2026:13:14:04 +0000] "GET /wp-content/themes/twentytwentythree/assets/fonts/source-serif-pro/ HTTP/2.0" 200 492 "https://drhyperbaric.com/wp-content/themes/twentytwentythree/assets/fonts/" "Mozilla/5.0 AppleWebKit/537.36 (KHTML, like Gecko; compatible; GPTBot/1.4; +https://openai.com/gptbot)"
216.73.216.212 - - [25/Aug/2026:13:14:04 +0000] "GET /wp-content/plugins/loginpress/css/themes/?download=%2Fusr%2Flib64%2Flibndp.so.0&path=%2Fusr%2Flib64 HTTP/2.0" 200 545 "-" "Mozilla/5.0 AppleWebKit/537.36 (KHTML, like Gecko; compatible; ClaudeBot/1.0; +claudebot@anthropic.com)"
216.73.216.212 - - [25/Aug/2026:13:14:04 +0000] "GET /wp-content/plugins/loginpress/css/themes/?download=%2Fusr%2Flib64%2Flibgdbm_compat.so.4&path=%2Fusr%2Flib64 HTTP/2.0" 200 545 "-" "Mozilla/5.0 AppleWebKit/537.36 (KHTML, like Gecko; compatible; ClaudeBot/1.0; +claudebot@anthropic.com)"
216.73.216.212 - - [25/Aug/2026:13:14:05 +0000] "GET /wp-content/plugins/loginpress/css/themes/?download=%2Fusr%2Flib64%2Flibmagic.so.1.0.0&path=%2Fusr%2Flib64 HTTP/2.0" 200 545 "-" "Mozilla/5.0 AppleWebKit/537.36 (KHTML, like Gecko; compatible; ClaudeBot/1.0; +claudebot@anthropic.com)"
74.7.227.21 - - [25/Aug/2026:13:14:05 +0000] "GET /wp-content/themes/twentytwentyfive/assets/images/ruins-image.webp HTTP/2.0" 200 68384 "https://drhyperbaric.com/wp-content/themes/twentytwentyfive/assets/images/" "Mozilla/5.0 AppleWebKit/537.36 (KHTML, like Gecko; compatible; GPTBot/1.4; +https://openai.com/gptbot)"
216.73.216.212 - - [25/Aug/2026:13:14:05 +0000] "GET /wp-content/plugins/loginpress/css/themes/?rename=%2Fusr%2Flib64%2FlibMagickWand-6.Q16.so HTTP/2.0" 200 545 "-" "Mozilla/5.0 AppleWebKit/537.36 (KHTML, like Gecko; compatible; ClaudeBot/1.0; +claudebot@anthropic.com)"
216.73.216.212 - - [25/Aug/2026:13:14:05 +0000] "GET /wp-content/plugins/woocommerce/vendor/automattic/?C=N&O=A HTTP/2.0" 200 527 "-" "Mozilla/5.0 AppleWebKit/537.36 (KHTML, like Gecko; compatible; ClaudeBot/1.0; +claudebot@anthropic.com)"
216.73.216.212 - - [25/Aug/2026:13:14:05 +0000] "GET /wp-content/plugins/loginpress/css/themes/?download=%2Fusr%2Flib64%2F.libgmp.so.10.4.0.hmac&path=%2Fusr%2Flib64 HTTP/2.0" 200 545 "-" "Mozilla/5.0 AppleWebKit/537.36 (KHTML, like Gecko; compatible; ClaudeBot/1.0; +claudebot@anthropic.com)"
74.7.227.21 - - [25/Aug/2026:13:14:05 +0000] "GET /wp-content/themes/twentytwentyfive/assets/images/northern-buttercups-flowers.webp HTTP/2.0" 200 35820 "https://drhyperbaric.com/wp-content/themes/twentytwentyfive/assets/images/" "Mozilla/5.0 AppleWebKit/537.36 (KHTML, like Gecko; compatible; GPTBot/1.4; +https://openai.com/gptbot)"
216.73.216.212 - - [25/Aug/2026:13:14:05 +0000] "GET /wp-content/plugins/loginpress/css/themes/?download=%2Fusr%2Flib64%2Flibodbccr.so.2&path=%2Fusr%2Flib64 HTTP/2.0" 200 545 "-" "Mozilla/5.0 AppleWebKit/537.36 (KHTML, like Gecko; compatible; ClaudeBot/1.0; +claudebot@anthropic.com)"
216.73.216.212 - - [25/Aug/2026:13:14:05 +0000] "GET /wp-content/plugins/woocommerce/templates/parts/?C=D&O=D HTTP/2.0" 200 521 "-" "Mozilla/5.0 AppleWebKit/537.36 (KHTML, like Gecko; compatible; ClaudeBot/1.0; +claudebot@anthropic.com)"
74.7.227.21 - - [25/Aug/2026:13:14:06 +0000] "GET /wp-content/plugins/essential-addons-for-elementor-lite/vendor/composer/ HTTP/2.0" 200 592 "https://drhyperbaric.com/wp-content/plugins/essential-addons-for-elementor-lite/vendor/" "Mozilla/5.0 AppleWebKit/537.36 (KHTML, like Gecko; compatible; GPTBot/1.4; +https://openai.com/gptbot)"
216.73.216.212 - - [25/Aug/2026:13:14:06 +0000] "GET /wp-content/plugins/loginpress/css/themes/?download=%2Fusr%2Flib64%2Flibteamdctl.so.0.1.5&path=%2Fusr%2Flib64 HTTP/2.0" 200 545 "-" "Mozilla/5.0 AppleWebKit/537.36 (KHTML, like Gecko; compatible; ClaudeBot/1.0; +claudebot@anthropic.com)"
216.73.216.212 - - [25/Aug/2026:13:14:06 +0000] "GET /wp-content/plugins/loginpress/css/themes/?download=%2Fusr%2Flib64%2Flibnftables.so.1&path=%2Fusr%2Flib64 HTTP/2.0" 200 545 "-" "Mozilla/5.0 AppleWebKit/537.36 (KHTML, like Gecko; compatible; ClaudeBot/1.0; +claudebot@anthropic.com)"
216.73.216.212 - - [25/Aug/2026:13:14:06 +0000] "GET /wp-content/plugins/loginpress/css/themes/?rename=%2Fusr%2Flib64%2Flibpolkit-gobject-1.so.0.0.0 HTTP/2.0" 200 545 "-" "Mozilla/5.0 AppleWebKit/537.36 (KHTML, like Gecko; compatible; ClaudeBot/1.0; +claudebot@anthropic.com)"
74.7.227.21 - - [25/Aug/2026:13:14:06 +0000] "GET /wp-content/plugins/essential-addons-for-elementor-lite/vendor/priyomukul/ HTTP/2.0" 200 422 "https://drhyperbaric.com/wp-content/plugins/essential-addons-for-elementor-lite/vendor/" "Mozilla/5.0 AppleWebKit/537.36 (KHTML, like Gecko; compatible; GPTBot/1.4; +https://openai.com/gptbot)"
216.73.216.212 - - [25/Aug/2026:13:14:06 +0000] "GET /wp-content/themes/astra/inc/builder/?C=N&O=A HTTP/2.0" 200 476 "-" "Mozilla/5.0 AppleWebKit/537.36 (KHTML, like Gecko; compatible; ClaudeBot/1.0; +claudebot@anthropic.com)"
216.73.216.212 - - [25/Aug/2026:13:14:06 +0000] "GET /wp-content/plugins/loginpress/css/themes/?download=%2Fusr%2Flib64%2Flibxcb-present.so&path=%2Fusr%2Flib64 HTTP/2.0" 200 545 "-" "Mozilla/5.0 AppleWebKit/537.36 (KHTML, like Gecko; compatible; ClaudeBot/1.0; +claudebot@anthropic.com)"
216.73.216.212 - - [25/Aug/2026:13:14:07 +0000] "GET /wp-content/plugins/loginpress/css/themes/?download=%2Fusr%2Flib64%2Flibappstream-glib.so.8&path=%2Fusr%2Flib64 HTTP/2.0" 200 545 "-" "Mozilla/5.0 AppleWebKit/537.36 (KHTML, like Gecko; compatible; ClaudeBot/1.0; +claudebot@anthropic.com)"
74.7.227.21 - - [25/Aug/2026:13:14:07 +0000] "GET /wp-content/plugins/essential-addons-elementor/assets/ HTTP/2.0" 200 415 "https://drhyperbaric.com/wp-content/plugins/essential-addons-elementor/" "Mozilla/5.0 AppleWebKit/537.36 (KHTML, like Gecko; compatible; GPTBot/1.4; +https://openai.com/gptbot)"
216.73.216.212 - - [25/Aug/2026:13:14:07 +0000] "GET /wp-content/plugins/loginpress/css/themes/?download=%2Fusr%2Flib64%2Flibnghttp2.so.14&path=%2Fusr%2Flib64 HTTP/2.0" 200 545 "-" "Mozilla/5.0 AppleWebKit/537.36 (KHTML, like Gecko; compatible; ClaudeBot/1.0; +claudebot@anthropic.com)"
216.73.216.212 - - [25/Aug/2026:13:14:07 +0000] "GET /wp-content/plugins/loginpress/css/themes/?download=%2Fusr%2Flib64%2Flibpcp_web.so.1&path=%2Fusr%2Flib64 HTTP/2.0" 200 545 "-" "Mozilla/5.0 AppleWebKit/537.36 (KHTML, like Gecko; compatible; ClaudeBot/1.0; +claudebot@anthropic.com)"
216.73.216.212 - - [25/Aug/2026:13:14:07 +0000] "GET /wp-content/themes/kadence/inc/components/styles/?C=N&O=D HTTP/2.0" 200 398 "-" "Mozilla/5.0 AppleWebKit/537.36 (KHTML, like Gecko; compatible; ClaudeBot/1.0; +claudebot@anthropic.com)"
74.7.227.21 - - [25/Aug/2026:13:14:07 +0000] "GET /wp-content/plugins/essential-addons-for-elementor-lite/includes/Elements/ HTTP/2.0" 200 0 "https://drhyperbaric.com/wp-content/plugins/essential-addons-for-elementor-lite/includes/" "Mozilla/5.0 AppleWebKit/537.36 (KHTML, like Gecko; compatible; GPTBot/1.4; +https://openai.com/gptbot)"
216.73.216.212 - - [25/Aug/2026:13:14:07 +0000] "GET /wp-content/plugins/loginpress/css/themes/?download=%2Fusr%2Flib64%2FlibMagickCore-6.Q16.so&path=%2Fusr%2Flib64 HTTP/2.0" 200 545 "-" "Mozilla/5.0 AppleWebKit/537.36 (KHTML, like Gecko; compatible; ClaudeBot/1.0; +claudebot@anthropic.com)"
216.73.216.212 - - [25/Aug/2026:13:14:08 +0000] "GET /wp-content/themes/kadence/assets/images/getting-started-video.jpg HTTP/2.0" 200 72943 "-" "Mozilla/5.0 AppleWebKit/537.36 (KHTML, like Gecko; compatible; ClaudeBot/1.0; +claudebot@anthropic.com)"
74.7.227.21 - - [25/Aug/2026:13:14:08 +0000] "GET /wp-content/plugins/essential-addons-for-elementor-lite/includes/templates/ HTTP/2.0" 200 0 "https://drhyperbaric.com/wp-content/plugins/essential-addons-for-elementor-lite/includes/" "Mozilla/5.0 AppleWebKit/537.36 (KHTML, like Gecko; compatible; GPTBot/1.4; +https://openai.com/gptbot)"
216.73.216.212 - - [25/Aug/2026:13:14:08 +0000] "GET /wp-content/plugins/loginpress/css/themes/?download=%2Fusr%2Flib64%2Flibdcerpc-binding.so.0.0.1&path=%2Fusr%2Flib64 HTTP/2.0" 200 545 "-" "Mozilla/5.0 AppleWebKit/537.36 (KHTML, like Gecko; compatible; ClaudeBot/1.0; +claudebot@anthropic.com)"
216.73.216.212 - - [25/Aug/2026:13:14:08 +0000] "GET /wp-content/plugins/loginpress/css/themes/?download=%2Fusr%2Flib64%2Flibvmaf.so.1.1.2&path=%2Fusr%2Flib64 HTTP/2.0" 200 545 "-" "Mozilla/5.0 AppleWebKit/537.36 (KHTML, like Gecko; compatible; ClaudeBot/1.0; +claudebot@anthropic.com)"
216.73.216.212 - - [25/Aug/2026:13:14:08 +0000] "GET /wp-content/plugins/loginpress/css/themes/?path=%2Fusr%2Flib64%2Flibbabeltrace-lttng-live.so.1.0.0 HTTP/2.0" 200 545 "-" "Mozilla/5.0 AppleWebKit/537.36 (KHTML, like Gecko; compatible; ClaudeBot/1.0; +claudebot@anthropic.com)"
74.7.227.21 - - [25/Aug/2026:13:14:08 +0000] "GET /wp-content/plugins/essential-addons-for-elementor-lite/includes/Template/ HTTP/2.0" 200 0 "https://drhyperbaric.com/wp-content/plugins/essential-addons-for-elementor-lite/includes/" "Mozilla/5.0 AppleWebKit/537.36 (KHTML, like Gecko; compatible; GPTBot/1.4; +https://openai.com/gptbot)"
216.73.216.212 - - [25/Aug/2026:13:14:08 +0000] "GET /wp-content/plugins/loginpress/css/themes/?download=%2Fusr%2Flib64%2Flibparted.so.2.0.4&path=%2Fusr%2Flib64 HTTP/2.0" 200 545 "-" "Mozilla/5.0 AppleWebKit/537.36 (KHTML, like Gecko; compatible; ClaudeBot/1.0; +claudebot@anthropic.com)"
216.73.216.212 - - [25/Aug/2026:13:14:08 +0000] "GET /wp-content/themes/kadence/inc/components/?C=N&O=A HTTP/2.0" 200 1080 "-" "Mozilla/5.0 AppleWebKit/537.36 (KHTML, like Gecko; compatible; ClaudeBot/1.0; +claudebot@anthropic.com)"
216.73.216.212 - - [25/Aug/2026:13:14:09 +0000] "GET /wp-content/plugins/loginpress/css/themes/?download=%2Fusr%2Flib64%2Flibpcp_pmda.so.3&path=%2Fusr%2Flib64 HTTP/2.0" 200 545 "-" "Mozilla/5.0 AppleWebKit/537.36 (KHTML, like Gecko; compatible; ClaudeBot/1.0; +claudebot@anthropic.com)"
216.73.216.212 - - [25/Aug/2026:13:14:09 +0000] "GET /wp-content/plugins/loginpress/css/themes/?download=%2Fusr%2Flib64%2Flibvisual-0.4.so.0.0.0&path=%2Fusr%2Flib64 HTTP/2.0" 200 545 "-" "Mozilla/5.0 AppleWebKit/537.36 (KHTML, like Gecko; compatible; ClaudeBot/1.0; +claudebot@anthropic.com)"
74.7.227.21 - - [25/Aug/2026:13:14:09 +0000] "GET /wp-content/plugins/essential-addons-for-elementor-lite/includes/Traits/ HTTP/2.0" 200 0 "https://drhyperbaric.com/wp-content/plugins/essential-addons-for-elementor-lite/includes/" "Mozilla/5.0 AppleWebKit/537.36 (KHTML, like Gecko; compatible; GPTBot/1.4; +https://openai.com/gptbot)"
216.73.216.212 - - [25/Aug/2026:13:14:09 +0000] "GET /wp-content/plugins/loginpress/css/themes/?download=%2Fusr%2Flib64%2Flibaspell.so.15&path=%2Fusr%2Flib64 HTTP/2.0" 200 545 "-" "Mozilla/5.0 AppleWebKit/537.36 (KHTML, like Gecko; compatible; ClaudeBot/1.0; +claudebot@anthropic.com)"
74.7.227.21 - - [25/Aug/2026:13:14:09 +0000] "GET /wp-content/plugins/essential-addons-for-elementor-lite/includes/Controls/ HTTP/2.0" 200 0 "https://drhyperbaric.com/wp-content/plugins/essential-addons-for-elementor-lite/includes/" "Mozilla/5.0 AppleWebKit/537.36 (KHTML, like Gecko; compatible; GPTBot/1.4; +https://openai.com/gptbot)"
216.73.216.212 - - [25/Aug/2026:13:14:09 +0000] "GET /wp-content/plugins/loginpress/css/themes/?download=%2Fusr%2Flib64%2Flibmpc.so.3.2.1&path=%2Fusr%2Flib64 HTTP/2.0" 200 545 "-" "Mozilla/5.0 AppleWebKit/537.36 (KHTML, like Gecko; compatible; ClaudeBot/1.0; +claudebot@anthropic.com)"
216.73.216.212 - - [25/Aug/2026:13:14:09 +0000] "GET /wp-content/plugins/loginpress/css/themes/?download=%2Fusr%2Flib64%2Flibasound.so.2&path=%2Fusr%2Flib64 HTTP/2.0" 200 545 "-" "Mozilla/5.0 AppleWebKit/537.36 (KHTML, like Gecko; compatible; ClaudeBot/1.0; +claudebot@anthropic.com)"
216.73.216.212 - - [25/Aug/2026:13:14:10 +0000] "GET /wp-content/plugins/loginpress/css/themes/?rename=%2Fusr%2Flib64%2Flibnl-idiag-3.so.200 HTTP/2.0" 200 545 "-" "Mozilla/5.0 AppleWebKit/537.36 (KHTML, like Gecko; compatible; ClaudeBot/1.0; +claudebot@anthropic.com)"
74.7.227.21 - - [25/Aug/2026:13:14:10 +0000] "GET /wp-content/plugins/essential-addons-for-elementor-lite/includes/Classes/ HTTP/2.0" 200 0 "https://drhyperbaric.com/wp-content/plugins/essential-addons-for-elementor-lite/includes/" "Mozilla/5.0 AppleWebKit/537.36 (KHTML, like Gecko; compatible; GPTBot/1.4; +https://openai.com/gptbot)"
216.73.216.212 - - [25/Aug/2026:13:14:10 +0000] "GET /wp-content/plugins/loginpress/css/themes/?download=%2Fusr%2Flib64%2Flibiscsi.so.0&path=%2Fusr%2Flib64 HTTP/2.0" 200 545 "-" "Mozilla/5.0 AppleWebKit/537.36 (KHTML, like Gecko; compatible; ClaudeBot/1.0; +claudebot@anthropic.com)"
216.73.216.212 - - [25/Aug/2026:13:14:10 +0000] "GET /wp-content/plugins/loginpress/css/themes/?rename=%2Fusr%2Flib64%2Flibjson-glib-1.0.so.0.600.6 HTTP/2.0" 200 545 "-" "Mozilla/5.0 AppleWebKit/537.36 (KHTML, like Gecko; compatible; ClaudeBot/1.0; +claudebot@anthropic.com)"
216.73.216.212 - - [25/Aug/2026:13:14:10 +0000] "GET /wp-content/plugins/loginpress/css/themes/?download=%2Fusr%2Flib64%2Flibfribidi.so.0&path=%2Fusr%2Flib64 HTTP/2.0" 200 545 "-" "Mozilla/5.0 AppleWebKit/537.36 (KHTML, like Gecko; compatible; ClaudeBot/1.0; +claudebot@anthropic.com)"
216.73.216.212 - - [25/Aug/2026:13:14:10 +0000] "GET /wp-content/plugins/loginpress/css/themes/?rename=%2Fusr%2Flib64%2Flibtheoradec.so.1.1.4 HTTP/2.0" 200 545 "-" "Mozilla/5.0 AppleWebKit/537.36 (KHTML, like Gecko; compatible; ClaudeBot/1.0; +claudebot@anthropic.com)"
74.7.227.21 - - [25/Aug/2026:13:14:10 +0000] "GET /wp-content/plugins/essential-addons-for-elementor-lite/includes/Extensions/ HTTP/2.0" 200 0 "https://drhyperbaric.com/wp-content/plugins/essential-addons-for-elementor-lite/includes/" "Mozilla/5.0 AppleWebKit/537.36 (KHTML, like Gecko; compatible; GPTBot/1.4; +https://openai.com/gptbot)"
216.73.216.212 - - [25/Aug/2026:13:14:11 +0000] "GET /wp-content/plugins/loginpress/css/themes/?rename=%2Fusr%2Flib64%2Flibtss2-mu.so.0.0.0 HTTP/2.0" 200 545 "-" "Mozilla/5.0 AppleWebKit/537.36 (KHTML, like Gecko; compatible; ClaudeBot/1.0; +claudebot@anthropic.com)"
216.73.216.212 - - [25/Aug/2026:13:14:11 +0000] "GET /wp-content/plugins/loginpress/css/themes/?download=%2Fusr%2Flib64%2Flibjbig2dec.so.0&path=%2Fusr%2Flib64 HTTP/2.0" 200 545 "-" "Mozilla/5.0 AppleWebKit/537.36 (KHTML, like Gecko; compatible; ClaudeBot/1.0; +claudebot@anthropic.com)"
74.7.227.21 - - [25/Aug/2026:13:14:11 +0000] "GET /wp-content/plugins/essential-addons-elementor/vendor/ HTTP/2.0" 200 509 "https://drhyperbaric.com/wp-content/plugins/essential-addons-elementor/" "Mozilla/5.0 AppleWebKit/537.36 (KHTML, like Gecko; compatible; GPTBot/1.4; +https://openai.com/gptbot)"
216.73.216.212 - - [25/Aug/2026:13:14:11 +0000] "GET /wp-content/plugins/loginpress/css/themes/?download=%2Fusr%2Flib64%2Flibanl.so&path=%2Fusr%2Flib64 HTTP/2.0" 200 545 "-" "Mozilla/5.0 AppleWebKit/537.36 (KHTML, like Gecko; compatible; ClaudeBot/1.0; +claudebot@anthropic.com)"
216.73.216.212 - - [25/Aug/2026:13:14:11 +0000] "GET /wp-content/plugins/google-site-kit/third-party/google/apiclient-services-adsenselinks/?C=M&O=A HTTP/2.0" 200 434 "-" "Mozilla/5.0 AppleWebKit/537.36 (KHTML, like Gecko; compatible; ClaudeBot/1.0; +claudebot@anthropic.com)"
216.73.216.212 - - [25/Aug/2026:13:14:11 +0000] "GET /wp-content/plugins/loginpress/css/themes/?rename=%2Fusr%2Flib64%2Fliburcu-cds.so.6.1.0 HTTP/2.0" 200 545 "-" "Mozilla/5.0 AppleWebKit/537.36 (KHTML, like Gecko; compatible; ClaudeBot/1.0; +claudebot@anthropic.com)"
74.7.227.21 - - [25/Aug/2026:13:14:11 +0000] "GET /wp-content/plugins/essential-addons-for-elementor-lite/vendor/composer/installed.json HTTP/2.0" 200 487 "https://drhyperbaric.com/wp-content/plugins/essential-addons-for-elementor-lite/vendor/composer/" "Mozilla/5.0 AppleWebKit/537.36 (KHTML, like Gecko; compatible; GPTBot/1.4; +https://openai.com/gptbot)"
216.73.216.212 - - [25/Aug/2026:13:14:11 +0000] "GET /wp-content/plugins/loginpress/css/themes/?download=%2Fusr%2Flib64%2FlibOpenEXRUtil-3_1.so.30&path=%2Fusr%2Flib64 HTTP/2.0" 200 545 "-" "Mozilla/5.0 AppleWebKit/537.36 (KHTML, like Gecko; compatible; ClaudeBot/1.0; +claudebot@anthropic.com)"
216.73.216.212 - - [25/Aug/2026:13:14:12 +0000] "GET /wp-content/plugins/loginpress/css/themes/?download=%2Fusr%2Flib64%2Flibcares.so.2&path=%2Fusr%2Flib64 HTTP/2.0" 200 545 "-" "Mozilla/5.0 AppleWebKit/537.36 (KHTML, like Gecko; compatible; ClaudeBot/1.0; +claudebot@anthropic.com)"
216.73.216.212 - - [25/Aug/2026:13:14:12 +0000] "GET /wp-content/plugins/loginpress/css/themes/?download=%2Fusr%2Flib64%2FlibXext.so.6.4.0&path=%2Fusr%2Flib64 HTTP/2.0" 200 545 "-" "Mozilla/5.0 AppleWebKit/537.36 (KHTML, like Gecko; compatible; ClaudeBot/1.0; +claudebot@anthropic.com)"
74.7.227.21 - - [25/Aug/2026:13:14:12 +0000] "GET /wp-content/plugins/essential-addons-for-elementor-lite/vendor/composer/autoload_namespaces.php HTTP/2.0" 200 0 "https://drhyperbaric.com/wp-content/plugins/essential-addons-for-elementor-lite/vendor/composer/" "Mozilla/5.0 AppleWebKit/537.36 (KHTML, like Gecko; compatible; GPTBot/1.4; +https://openai.com/gptbot)"
216.73.216.212 - - [25/Aug/2026:13:14:12 +0000] "GET /wp-content/plugins/loginpress/css/themes/?download=%2Fusr%2Flib64%2Flibmysqld.so&path=%2Fusr%2Flib64 HTTP/2.0" 200 545 "-" "Mozilla/5.0 AppleWebKit/537.36 (KHTML, like Gecko; compatible; ClaudeBot/1.0; +claudebot@anthropic.com)"
216.73.216.212 - - [25/Aug/2026:13:14:12 +0000] "GET /wp-content/themes/astra/inc/schema/?C=S&O=A HTTP/2.0" 200 534 "-" "Mozilla/5.0 AppleWebKit/537.36 (KHTML, like Gecko; compatible; ClaudeBot/1.0; +claudebot@anthropic.com)"
216.73.216.212 - - [25/Aug/2026:13:14:12 +0000] "GET /wp-content/plugins/loginpress/css/themes/?download=%2Fusr%2Flib64%2Flibsoftokn3.so&path=%2Fusr%2Flib64 HTTP/2.0" 200 545 "-" "Mozilla/5.0 AppleWebKit/537.36 (KHTML, like Gecko; compatible; ClaudeBot/1.0; +claudebot@anthropic.com)"
74.7.227.21 - - [25/Aug/2026:13:14:12 +0000] "GET /wp-content/plugins/essential-addons-elementor/assets/admin/ HTTP/2.0" 200 415 "https://drhyperbaric.com/wp-content/plugins/essential-addons-elementor/assets/" "Mozilla/5.0 AppleWebKit/537.36 (KHTML, like Gecko; compatible; GPTBot/1.4; +https://openai.com/gptbot)"
216.73.216.212 - - [25/Aug/2026:13:14:13 +0000] "GET /wp-content/plugins/loginpress/css/themes/?download=%2Fusr%2Flib64%2Flibbluetooth.so.3.19.15&path=%2Fusr%2Flib64 HTTP/2.0" 200 545 "-" "Mozilla/5.0 AppleWebKit/537.36 (KHTML, like Gecko; compatible; ClaudeBot/1.0; +claudebot@anthropic.com)"
