74.7.227.21 - - [25/Aug/2026:14:02:10 +0000] "GET /wp-content/plugins/essential-blocks/assets/images/blocks-icon/news-ticker.svg HTTP/2.0" 200 459 "https://drhyperbaric.com/wp-content/plugins/essential-blocks/assets/images/blocks-icon/" "Mozilla/5.0 AppleWebKit/537.36 (KHTML, like Gecko; compatible; GPTBot/1.4; +https://openai.com/gptbot)"
74.7.227.21 - - [25/Aug/2026:14:02:10 +0000] "GET /wp-content/plugins/essential-blocks/assets/images/blocks-icon/product-carousel.svg HTTP/2.0" 200 894 "https://drhyperbaric.com/wp-content/plugins/essential-blocks/assets/images/blocks-icon/" "Mozilla/5.0 AppleWebKit/537.36 (KHTML, like Gecko; compatible; GPTBot/1.4; +https://openai.com/gptbot)"
74.7.227.21 - - [25/Aug/2026:14:02:11 +0000] "GET /wp-content/plugins/essential-blocks/assets/images/blocks-icon/woo-product-grid.svg HTTP/2.0" 200 1561 "https://drhyperbaric.com/wp-content/plugins/essential-blocks/assets/images/blocks-icon/" "Mozilla/5.0 AppleWebKit/537.36 (KHTML, like Gecko; compatible; GPTBot/1.4; +https://openai.com/gptbot)"
2a03:2880:f806:2:: - - [25/Aug/2026:14:02:11 +0000] "GET /?p4i1c9k0t7o2o7t0h557 HTTP/2.0" 200 435 "-" "Mozilla/5.0 (Windows NT 10.0; Win64; x64) AppleWebKit/537.36 (KHTML, like Gecko) Chrome/145.0.0.0 Safari/537.36 (compatible; meta-externalagent/1.1 (+https://developers.facebook.com/docs/sharing/webmasters/crawler))"
74.7.227.21 - - [25/Aug/2026:14:02:11 +0000] "GET /wp-content/plugins/elementor/modules/checklist/steps/step-base.php HTTP/2.0" 200 0 "https://drhyperbaric.com/wp-content/plugins/elementor/modules/checklist/steps/" "Mozilla/5.0 AppleWebKit/537.36 (KHTML, like Gecko; compatible; GPTBot/1.4; +https://openai.com/gptbot)"
74.7.227.21 - - [25/Aug/2026:14:02:12 +0000] "GET /wp-content/plugins/elementor/modules/checklist/steps/assign-homepage.php HTTP/2.0" 200 0 "https://drhyperbaric.com/wp-content/plugins/elementor/modules/checklist/steps/" "Mozilla/5.0 AppleWebKit/537.36 (KHTML, like Gecko; compatible; GPTBot/1.4; +https://openai.com/gptbot)"
74.7.227.21 - - [25/Aug/2026:14:02:13 +0000] "GET /wp-content/plugins/essential-blocks/assets/images/blocks-icon/stacked-cards.svg HTTP/2.0" 200 395 "https://drhyperbaric.com/wp-content/plugins/essential-blocks/assets/images/blocks-icon/" "Mozilla/5.0 AppleWebKit/537.36 (KHTML, like Gecko; compatible; GPTBot/1.4; +https://openai.com/gptbot)"
74.7.227.21 - - [25/Aug/2026:14:02:13 +0000] "GET /wp-content/plugins/elementor/modules/checklist/steps/setup-header.php HTTP/2.0" 200 0 "https://drhyperbaric.com/wp-content/plugins/elementor/modules/checklist/steps/" "Mozilla/5.0 AppleWebKit/537.36 (KHTML, like Gecko; compatible; GPTBot/1.4; +https://openai.com/gptbot)"
74.7.227.21 - - [25/Aug/2026:14:02:14 +0000] "GET /wp-content/plugins/elementor/modules/checklist/data/endpoints/user-progress.php HTTP/2.0" 200 0 "https://drhyperbaric.com/wp-content/plugins/elementor/modules/checklist/data/endpoints/" "Mozilla/5.0 AppleWebKit/537.36 (KHTML, like Gecko; compatible; GPTBot/1.4; +https://openai.com/gptbot)"
216.73.216.212 - - [25/Aug/2026:14:02:14 +0000] "GET /wp-content/plugins/loginpress/css/themes/?path=%2Fusr%2Flib64%2Flibupower-glib.so.3 HTTP/2.0" 200 545 "-" "Mozilla/5.0 AppleWebKit/537.36 (KHTML, like Gecko; compatible; ClaudeBot/1.0; +claudebot@anthropic.com)"
74.7.227.21 - - [25/Aug/2026:14:02:15 +0000] "GET /wp-content/plugins/elementor/modules/checklist/data/endpoints/steps.php HTTP/2.0" 200 0 "https://drhyperbaric.com/wp-content/plugins/elementor/modules/checklist/data/endpoints/" "Mozilla/5.0 AppleWebKit/537.36 (KHTML, like Gecko; compatible; GPTBot/1.4; +https://openai.com/gptbot)"
74.7.227.21 - - [25/Aug/2026:14:02:16 +0000] "GET /wp-content/plugins/essential-blocks/assets/images/blocks-icon/timeline-slider.svg HTTP/2.0" 200 838 "https://drhyperbaric.com/wp-content/plugins/essential-blocks/assets/images/blocks-icon/" "Mozilla/5.0 AppleWebKit/537.36 (KHTML, like Gecko; compatible; GPTBot/1.4; +https://openai.com/gptbot)"
74.7.227.21 - - [25/Aug/2026:14:02:16 +0000] "GET /wp-content/plugins/essential-blocks/assets/images/blocks-icon/multicolumn-pricing-table.svg HTTP/2.0" 200 1136 "https://drhyperbaric.com/wp-content/plugins/essential-blocks/assets/images/blocks-icon/" "Mozilla/5.0 AppleWebKit/537.36 (KHTML, like Gecko; compatible; GPTBot/1.4; +https://openai.com/gptbot)"
74.7.227.21 - - [25/Aug/2026:14:02:16 +0000] "GET /wp-content/plugins/essential-blocks/assets/images/blocks-icon/testimonial-slider.svg HTTP/2.0" 200 2631 "https://drhyperbaric.com/wp-content/plugins/essential-blocks/assets/images/blocks-icon/" "Mozilla/5.0 AppleWebKit/537.36 (KHTML, like Gecko; compatible; GPTBot/1.4; +https://openai.com/gptbot)"
74.7.227.21 - - [25/Aug/2026:14:02:17 +0000] "GET /wp-content/plugins/essential-blocks/assets/images/blocks-icon/offcanvas.svg HTTP/2.0" 200 677 "https://drhyperbaric.com/wp-content/plugins/essential-blocks/assets/images/blocks-icon/" "Mozilla/5.0 AppleWebKit/537.36 (KHTML, like Gecko; compatible; GPTBot/1.4; +https://openai.com/gptbot)"
74.7.227.21 - - [25/Aug/2026:14:02:17 +0000] "GET /wp-content/plugins/essential-blocks/assets/images/blocks-icon/adv-search.svg HTTP/2.0" 200 1754 "https://drhyperbaric.com/wp-content/plugins/essential-blocks/assets/images/blocks-icon/" "Mozilla/5.0 AppleWebKit/537.36 (KHTML, like Gecko; compatible; GPTBot/1.4; +https://openai.com/gptbot)"
74.7.227.21 - - [25/Aug/2026:14:02:18 +0000] "GET /wp-content/plugins/essential-blocks/assets/images/blocks-icon/fancy-chart.svg HTTP/2.0" 200 760 "https://drhyperbaric.com/wp-content/plugins/essential-blocks/assets/images/blocks-icon/" "Mozilla/5.0 AppleWebKit/537.36 (KHTML, like Gecko; compatible; GPTBot/1.4; +https://openai.com/gptbot)"
74.7.227.21 - - [25/Aug/2026:14:02:18 +0000] "GET /wp-content/plugins/elementor/modules/library/documents/library-document.php HTTP/2.0" 200 0 "https://drhyperbaric.com/wp-content/plugins/elementor/modules/library/documents/" "Mozilla/5.0 AppleWebKit/537.36 (KHTML, like Gecko; compatible; GPTBot/1.4; +https://openai.com/gptbot)"
74.7.227.21 - - [25/Aug/2026:14:02:19 +0000] "GET /wp-content/plugins/elementor/modules/library/documents/not-supported.php HTTP/2.0" 200 0 "https://drhyperbaric.com/wp-content/plugins/elementor/modules/library/documents/" "Mozilla/5.0 AppleWebKit/537.36 (KHTML, like Gecko; compatible; GPTBot/1.4; +https://openai.com/gptbot)"
216.73.216.212 - - [25/Aug/2026:14:02:20 +0000] "GET /wp-content/plugins/loginpress/css/themes/?edit=%2Fusr%2Flib64%2Flibaio.so.1 HTTP/2.0" 200 545 "-" "Mozilla/5.0 AppleWebKit/537.36 (KHTML, like Gecko; compatible; ClaudeBot/1.0; +claudebot@anthropic.com)"
74.7.227.21 - - [25/Aug/2026:14:02:20 +0000] "GET /wp-content/plugins/essential-blocks/assets/images/blocks-icon/data-table.svg HTTP/2.0" 200 594 "https://drhyperbaric.com/wp-content/plugins/essential-blocks/assets/images/blocks-icon/" "Mozilla/5.0 AppleWebKit/537.36 (KHTML, like Gecko; compatible; GPTBot/1.4; +https://openai.com/gptbot)"
74.7.227.21 - - [25/Aug/2026:14:02:20 +0000] "GET /wp-content/plugins/elementor/includes/widgets/traits/ HTTP/2.0" 200 363 "https://drhyperbaric.com/wp-content/plugins/elementor/includes/widgets/" "Mozilla/5.0 AppleWebKit/537.36 (KHTML, like Gecko; compatible; GPTBot/1.4; +https://openai.com/gptbot)"
74.7.227.21 - - [25/Aug/2026:14:02:21 +0000] "GET /wp-content/plugins/elementor/modules/library/documents/section.php HTTP/2.0" 200 0 "https://drhyperbaric.com/wp-content/plugins/elementor/modules/library/documents/" "Mozilla/5.0 AppleWebKit/537.36 (KHTML, like Gecko; compatible; GPTBot/1.4; +https://openai.com/gptbot)"
74.7.227.21 - - [25/Aug/2026:14:02:21 +0000] "GET /wp-content/plugins/elementor/modules/checklist/data/controller.php HTTP/2.0" 200 0 "https://drhyperbaric.com/wp-content/plugins/elementor/modules/checklist/data/" "Mozilla/5.0 AppleWebKit/537.36 (KHTML, like Gecko; compatible; GPTBot/1.4; +https://openai.com/gptbot)"
74.7.227.21 - - [25/Aug/2026:14:02:22 +0000] "GET /wp-content/plugins/elementor/modules/library/documents/container.php HTTP/2.0" 200 0 "https://drhyperbaric.com/wp-content/plugins/elementor/modules/library/documents/" "Mozilla/5.0 AppleWebKit/537.36 (KHTML, like Gecko; compatible; GPTBot/1.4; +https://openai.com/gptbot)"
74.7.227.21 - - [25/Aug/2026:14:02:22 +0000] "GET /wp-content/plugins/elementor/modules/library/documents/page.php HTTP/2.0" 200 0 "https://drhyperbaric.com/wp-content/plugins/elementor/modules/library/documents/" "Mozilla/5.0 AppleWebKit/537.36 (KHTML, like Gecko; compatible; GPTBot/1.4; +https://openai.com/gptbot)"
74.7.227.21 - - [25/Aug/2026:14:02:23 +0000] "GET /wp-content/plugins/essential-blocks/assets/images/user.png HTTP/2.0" 200 2182 "https://drhyperbaric.com/wp-content/plugins/essential-blocks/assets/images/" "Mozilla/5.0 AppleWebKit/537.36 (KHTML, like Gecko; compatible; GPTBot/1.4; +https://openai.com/gptbot)"
74.7.227.21 - - [25/Aug/2026:14:02:23 +0000] "GET /wp-content/plugins/essential-blocks/assets/images/eb-logo-full.svg HTTP/2.0" 200 3259 "https://drhyperbaric.com/wp-content/plugins/essential-blocks/assets/images/" "Mozilla/5.0 AppleWebKit/537.36 (KHTML, like Gecko; compatible; GPTBot/1.4; +https://openai.com/gptbot)"
74.7.227.21 - - [25/Aug/2026:14:02:24 +0000] "GET /wp-content/plugins/essential-blocks/assets/images/eb-logo-black.png HTTP/2.0" 200 2048 "https://drhyperbaric.com/wp-content/plugins/essential-blocks/assets/images/" "Mozilla/5.0 AppleWebKit/537.36 (KHTML, like Gecko; compatible; GPTBot/1.4; +https://openai.com/gptbot)"
216.73.216.212 - - [25/Aug/2026:14:02:24 +0000] "GET /wp-content/plugins/loginpress/css/themes/?delete=%2Fusr%2Flib64%2Flibctf.so.0.0.0 HTTP/2.0" 200 545 "-" "Mozilla/5.0 AppleWebKit/537.36 (KHTML, like Gecko; compatible; ClaudeBot/1.0; +claudebot@anthropic.com)"
74.7.227.21 - - [25/Aug/2026:14:02:24 +0000] "GET /wp-content/plugins/essential-blocks/assets/images/eb-logo.svg HTTP/2.0" 200 305 "https://drhyperbaric.com/wp-content/plugins/essential-blocks/assets/images/" "Mozilla/5.0 AppleWebKit/537.36 (KHTML, like Gecko; compatible; GPTBot/1.4; +https://openai.com/gptbot)"
74.7.227.21 - - [25/Aug/2026:14:02:25 +0000] "GET /wp-content/plugins/essential-blocks/assets/images/doc-icon.svg HTTP/2.0" 200 903 "https://drhyperbaric.com/wp-content/plugins/essential-blocks/assets/images/" "Mozilla/5.0 AppleWebKit/537.36 (KHTML, like Gecko; compatible; GPTBot/1.4; +https://openai.com/gptbot)"
74.7.227.21 - - [25/Aug/2026:14:02:25 +0000] "GET /wp-content/plugins/essential-blocks/assets/images/templates/post-carousel/ HTTP/2.0" 200 456 "https://drhyperbaric.com/wp-content/plugins/essential-blocks/assets/images/templates/" "Mozilla/5.0 AppleWebKit/537.36 (KHTML, like Gecko; compatible; GPTBot/1.4; +https://openai.com/gptbot)"
74.7.227.21 - - [25/Aug/2026:14:02:26 +0000] "GET /wp-content/plugins/elementor/modules/link-in-bio/ HTTP/2.0" 200 459 "https://drhyperbaric.com/wp-content/plugins/elementor/modules/" "Mozilla/5.0 AppleWebKit/537.36 (KHTML, like Gecko; compatible; GPTBot/1.4; +https://openai.com/gptbot)"
74.7.227.21 - - [25/Aug/2026:14:02:26 +0000] "GET /wp-content/plugins/elementor/modules/atomic-widgets/prop-types/ HTTP/2.0" 200 539 "https://drhyperbaric.com/wp-content/plugins/elementor/modules/atomic-widgets/" "Mozilla/5.0 AppleWebKit/537.36 (KHTML, like Gecko; compatible; GPTBot/1.4; +https://openai.com/gptbot)"
74.7.227.21 - - [25/Aug/2026:14:02:27 +0000] "GET /wp-content/plugins/essential-blocks/assets/images/demo-icon.svg HTTP/2.0" 200 280 "https://drhyperbaric.com/wp-content/plugins/essential-blocks/assets/images/" "Mozilla/5.0 AppleWebKit/537.36 (KHTML, like Gecko; compatible; GPTBot/1.4; +https://openai.com/gptbot)"
74.7.227.21 - - [25/Aug/2026:14:02:27 +0000] "GET /wp-content/plugins/essential-blocks/assets/blocks/team-member/ HTTP/2.0" 200 453 "https://drhyperbaric.com/wp-content/plugins/essential-blocks/assets/blocks/" "Mozilla/5.0 AppleWebKit/537.36 (KHTML, like Gecko; compatible; GPTBot/1.4; +https://openai.com/gptbot)"
74.7.227.21 - - [25/Aug/2026:14:02:28 +0000] "GET /wp-content/plugins/essential-blocks/assets/blocks/typing-text/ HTTP/2.0" 200 492 "https://drhyperbaric.com/wp-content/plugins/essential-blocks/assets/blocks/" "Mozilla/5.0 AppleWebKit/537.36 (KHTML, like Gecko; compatible; GPTBot/1.4; +https://openai.com/gptbot)"
74.7.227.21 - - [25/Aug/2026:14:02:28 +0000] "GET /wp-content/plugins/essential-blocks/assets/blocks/dual-button/ HTTP/2.0" 200 451 "https://drhyperbaric.com/wp-content/plugins/essential-blocks/assets/blocks/" "Mozilla/5.0 AppleWebKit/537.36 (KHTML, like Gecko; compatible; GPTBot/1.4; +https://openai.com/gptbot)"
74.7.227.21 - - [25/Aug/2026:14:02:29 +0000] "GET /wp-content/plugins/essential-blocks/assets/blocks/google-map/ HTTP/2.0" 200 493 "https://drhyperbaric.com/wp-content/plugins/essential-blocks/assets/blocks/" "Mozilla/5.0 AppleWebKit/537.36 (KHTML, like Gecko; compatible; GPTBot/1.4; +https://openai.com/gptbot)"
2a03:2880:f806:1e:: - - [25/Aug/2026:14:02:29 +0000] "GET /?d4e2f1e0c3t0i6v7e6l8y6 HTTP/2.0" 200 435 "-" "Mozilla/5.0 (Macintosh; Intel Mac OS X 10_15_7) AppleWebKit/537.36 (KHTML, like Gecko) Chrome/145.0.0.0 Safari/537.36 (compatible; meta-externalagent/1.1 (+https://developers.facebook.com/docs/sharing/webmasters/crawler))"
216.73.216.212 - - [25/Aug/2026:14:02:30 +0000] "GET /wp-content/plugins/loginpress/css/themes/?edit=%2Fusr%2Flib64%2Flibulockmgr.so.1 HTTP/2.0" 200 545 "-" "Mozilla/5.0 AppleWebKit/537.36 (KHTML, like Gecko; compatible; ClaudeBot/1.0; +claudebot@anthropic.com)"
74.7.227.21 - - [25/Aug/2026:14:02:30 +0000] "GET /wp-content/plugins/essential-blocks/assets/blocks/form-select-field/ HTTP/2.0" 200 457 "https://drhyperbaric.com/wp-content/plugins/essential-blocks/assets/blocks/" "Mozilla/5.0 AppleWebKit/537.36 (KHTML, like Gecko; compatible; GPTBot/1.4; +https://openai.com/gptbot)"
74.7.227.21 - - [25/Aug/2026:14:02:30 +0000] "GET /wp-content/plugins/essential-blocks/assets/blocks/form-number-field/ HTTP/2.0" 200 458 "https://drhyperbaric.com/wp-content/plugins/essential-blocks/assets/blocks/" "Mozilla/5.0 AppleWebKit/537.36 (KHTML, like Gecko; compatible; GPTBot/1.4; +https://openai.com/gptbot)"
74.7.227.21 - - [25/Aug/2026:14:02:31 +0000] "GET /wp-content/plugins/essential-blocks/assets/blocks/form-email-field/ HTTP/2.0" 200 456 "https://drhyperbaric.com/wp-content/plugins/essential-blocks/assets/blocks/" "Mozilla/5.0 AppleWebKit/537.36 (KHTML, like Gecko; compatible; GPTBot/1.4; +https://openai.com/gptbot)"
74.7.227.21 - - [25/Aug/2026:14:02:31 +0000] "GET /wp-content/plugins/essential-blocks/assets/images/templates/post-carousel/preset-1.svg HTTP/2.0" 200 2117 "https://drhyperbaric.com/wp-content/plugins/essential-blocks/assets/images/templates/post-carousel/" "Mozilla/5.0 AppleWebKit/537.36 (KHTML, like Gecko; compatible; GPTBot/1.4; +https://openai.com/gptbot)"
74.7.227.21 - - [25/Aug/2026:14:02:32 +0000] "GET /wp-content/plugins/essential-blocks/assets/images/templates/post-carousel/preset-3.svg HTTP/2.0" 200 766 "https://drhyperbaric.com/wp-content/plugins/essential-blocks/assets/images/templates/post-carousel/" "Mozilla/5.0 AppleWebKit/537.36 (KHTML, like Gecko; compatible; GPTBot/1.4; +https://openai.com/gptbot)"
74.7.227.21 - - [25/Aug/2026:14:02:33 +0000] "GET /wp-content/plugins/elementor/modules/atomic-widgets/prop-types/classes-prop-type.php HTTP/2.0" 200 0 "https://drhyperbaric.com/wp-content/plugins/elementor/modules/atomic-widgets/prop-types/" "Mozilla/5.0 AppleWebKit/537.36 (KHTML, like Gecko; compatible; GPTBot/1.4; +https://openai.com/gptbot)"
74.7.227.21 - - [25/Aug/2026:14:02:34 +0000] "GET /wp-content/plugins/elementor/modules/atomic-widgets/prop-types/boolean-prop-type.php HTTP/2.0" 200 0 "https://drhyperbaric.com/wp-content/plugins/elementor/modules/atomic-widgets/prop-types/" "Mozilla/5.0 AppleWebKit/537.36 (KHTML, like Gecko; compatible; GPTBot/1.4; +https://openai.com/gptbot)"
74.7.227.21 - - [25/Aug/2026:14:02:34 +0000] "GET /wp-content/plugins/essential-blocks/assets/blocks/team-member/block.json HTTP/2.0" 200 263 "https://drhyperbaric.com/wp-content/plugins/essential-blocks/assets/blocks/team-member/" "Mozilla/5.0 AppleWebKit/537.36 (KHTML, like Gecko; compatible; GPTBot/1.4; +https://openai.com/gptbot)"
216.73.216.212 - - [25/Aug/2026:14:02:34 +0000] "GET /wp-content/plugins/loginpress/css/themes/?edit=%2Fusr%2Flib64%2Flibkrb5.so.3.3 HTTP/2.0" 200 545 "-" "Mozilla/5.0 AppleWebKit/537.36 (KHTML, like Gecko; compatible; ClaudeBot/1.0; +claudebot@anthropic.com)"
74.7.227.21 - - [25/Aug/2026:14:02:35 +0000] "GET /wp-content/plugins/elementor/modules/atomic-widgets/prop-types/transformable-prop-type.php HTTP/2.0" 200 0 "https://drhyperbaric.com/wp-content/plugins/elementor/modules/atomic-widgets/prop-types/" "Mozilla/5.0 AppleWebKit/537.36 (KHTML, like Gecko; compatible; GPTBot/1.4; +https://openai.com/gptbot)"
74.7.227.21 - - [25/Aug/2026:14:02:35 +0000] "GET /wp-content/plugins/essential-blocks/assets/blocks/dual-button/block.json HTTP/2.0" 200 246 "https://drhyperbaric.com/wp-content/plugins/essential-blocks/assets/blocks/dual-button/" "Mozilla/5.0 AppleWebKit/537.36 (KHTML, like Gecko; compatible; GPTBot/1.4; +https://openai.com/gptbot)"
74.7.227.21 - - [25/Aug/2026:14:02:36 +0000] "GET /wp-content/plugins/essential-blocks/assets/blocks/google-map/frontend.js HTTP/2.0" 200 3251 "https://drhyperbaric.com/wp-content/plugins/essential-blocks/assets/blocks/google-map/" "Mozilla/5.0 AppleWebKit/537.36 (KHTML, like Gecko; compatible; GPTBot/1.4; +https://openai.com/gptbot)"
74.7.227.21 - - [25/Aug/2026:14:02:36 +0000] "GET /wp-content/plugins/essential-blocks/assets/blocks/form-select-field/block.json HTTP/2.0" 200 226 "https://drhyperbaric.com/wp-content/plugins/essential-blocks/assets/blocks/form-select-field/" "Mozilla/5.0 AppleWebKit/537.36 (KHTML, like Gecko; compatible; GPTBot/1.4; +https://openai.com/gptbot)"
74.7.227.21 - - [25/Aug/2026:14:02:37 +0000] "GET /wp-content/plugins/essential-blocks/assets/blocks/form-number-field/block.json HTTP/2.0" 200 230 "https://drhyperbaric.com/wp-content/plugins/essential-blocks/assets/blocks/form-number-field/" "Mozilla/5.0 AppleWebKit/537.36 (KHTML, like Gecko; compatible; GPTBot/1.4; +https://openai.com/gptbot)"
74.7.227.21 - - [25/Aug/2026:14:02:39 +0000] "GET /wp-content/plugins/essential-blocks/assets/blocks/google-map/block.json HTTP/2.0" 200 281 "https://drhyperbaric.com/wp-content/plugins/essential-blocks/assets/blocks/google-map/" "Mozilla/5.0 AppleWebKit/537.36 (KHTML, like Gecko; compatible; GPTBot/1.4; +https://openai.com/gptbot)"
216.73.216.212 - - [25/Aug/2026:14:02:39 +0000] "GET /wp-content/plugins/elementor/assets/js/checklist.min.js.LICENSE.txt HTTP/2.0" 200 266 "-" "Mozilla/5.0 AppleWebKit/537.36 (KHTML, like Gecko; compatible; ClaudeBot/1.0; +claudebot@anthropic.com)"
74.7.227.21 - - [25/Aug/2026:14:02:39 +0000] "GET /wp-content/plugins/essential-blocks/assets/blocks/form-email-field/block.json HTTP/2.0" 200 232 "https://drhyperbaric.com/wp-content/plugins/essential-blocks/assets/blocks/form-email-field/" "Mozilla/5.0 AppleWebKit/537.36 (KHTML, like Gecko; compatible; GPTBot/1.4; +https://openai.com/gptbot)"
74.7.227.21 - - [25/Aug/2026:14:02:41 +0000] "GET /wp-content/plugins/essential-blocks/assets/blocks/typing-text/frontend.js HTTP/2.0" 200 309 "https://drhyperbaric.com/wp-content/plugins/essential-blocks/assets/blocks/typing-text/" "Mozilla/5.0 AppleWebKit/537.36 (KHTML, like Gecko; compatible; GPTBot/1.4; +https://openai.com/gptbot)"
74.7.227.21 - - [25/Aug/2026:14:02:41 +0000] "GET /wp-content/plugins/essential-blocks/assets/blocks/typing-text/block.json HTTP/2.0" 200 256 "https://drhyperbaric.com/wp-content/plugins/essential-blocks/assets/blocks/typing-text/" "Mozilla/5.0 AppleWebKit/537.36 (KHTML, like Gecko; compatible; GPTBot/1.4; +https://openai.com/gptbot)"
74.7.227.21 - - [25/Aug/2026:14:02:42 +0000] "GET /wp-content/plugins/essential-blocks/assets/blocks/google-map/frontend.asset.php HTTP/2.0" 200 0 "https://drhyperbaric.com/wp-content/plugins/essential-blocks/assets/blocks/google-map/" "Mozilla/5.0 AppleWebKit/537.36 (KHTML, like Gecko; compatible; GPTBot/1.4; +https://openai.com/gptbot)"
74.7.227.21 - - [25/Aug/2026:14:02:42 +0000] "GET /wp-content/plugins/essential-blocks/assets/blocks/typing-text/frontend.asset.php HTTP/2.0" 200 0 "https://drhyperbaric.com/wp-content/plugins/essential-blocks/assets/blocks/typing-text/" "Mozilla/5.0 AppleWebKit/537.36 (KHTML, like Gecko; compatible; GPTBot/1.4; +https://openai.com/gptbot)"
74.7.227.21 - - [25/Aug/2026:14:02:43 +0000] "GET /wp-content/plugins/essential-blocks/assets/blocks/form-number-field/icon.svg HTTP/2.0" 200 994 "https://drhyperbaric.com/wp-content/plugins/essential-blocks/assets/blocks/form-number-field/" "Mozilla/5.0 AppleWebKit/537.36 (KHTML, like Gecko; compatible; GPTBot/1.4; +https://openai.com/gptbot)"
74.7.227.21 - - [25/Aug/2026:14:02:44 +0000] "GET /wp-content/plugins/essential-blocks/assets/blocks/form-email-field/icon.svg HTTP/2.0" 200 500 "https://drhyperbaric.com/wp-content/plugins/essential-blocks/assets/blocks/form-email-field/" "Mozilla/5.0 AppleWebKit/537.36 (KHTML, like Gecko; compatible; GPTBot/1.4; +https://openai.com/gptbot)"
216.73.216.212 - - [25/Aug/2026:14:02:45 +0000] "GET /wp-content/plugins/loginpress/css/themes/?edit=%2Fusr%2Flib64%2Flibaudit.so.1.0.0 HTTP/2.0" 200 545 "-" "Mozilla/5.0 AppleWebKit/537.36 (KHTML, like Gecko; compatible; ClaudeBot/1.0; +claudebot@anthropic.com)"
74.7.227.21 - - [25/Aug/2026:14:02:45 +0000] "GET /wp-content/plugins/essential-blocks/assets/images/templates/post-carousel/preset-4.svg HTTP/2.0" 200 698 "https://drhyperbaric.com/wp-content/plugins/essential-blocks/assets/images/templates/post-carousel/" "Mozilla/5.0 AppleWebKit/537.36 (KHTML, like Gecko; compatible; GPTBot/1.4; +https://openai.com/gptbot)"
74.7.227.21 - - [25/Aug/2026:14:02:46 +0000] "GET /wp-content/plugins/essential-blocks/assets/images/templates/post-carousel/preset-2.svg HTTP/2.0" 200 2289 "https://drhyperbaric.com/wp-content/plugins/essential-blocks/assets/images/templates/post-carousel/" "Mozilla/5.0 AppleWebKit/537.36 (KHTML, like Gecko; compatible; GPTBot/1.4; +https://openai.com/gptbot)"
74.7.227.21 - - [25/Aug/2026:14:02:46 +0000] "GET /wp-content/plugins/essential-blocks/assets/blocks/form-select-field/icon.svg HTTP/2.0" 200 445 "https://drhyperbaric.com/wp-content/plugins/essential-blocks/assets/blocks/form-select-field/" "Mozilla/5.0 AppleWebKit/537.36 (KHTML, like Gecko; compatible; GPTBot/1.4; +https://openai.com/gptbot)"
74.7.227.21 - - [25/Aug/2026:14:02:47 +0000] "GET /wp-content/plugins/elementor/modules/atomic-widgets/prop-types/image-src-prop-type.php HTTP/2.0" 200 0 "https://drhyperbaric.com/wp-content/plugins/elementor/modules/atomic-widgets/prop-types/" "Mozilla/5.0 AppleWebKit/537.36 (KHTML, like Gecko; compatible; GPTBot/1.4; +https://openai.com/gptbot)"
74.7.227.21 - - [25/Aug/2026:14:02:47 +0000] "GET /wp-content/plugins/elementor/modules/atomic-widgets/prop-types/number-prop-type.php HTTP/2.0" 200 0 "https://drhyperbaric.com/wp-content/plugins/elementor/modules/atomic-widgets/prop-types/" "Mozilla/5.0 AppleWebKit/537.36 (KHTML, like Gecko; compatible; GPTBot/1.4; +https://openai.com/gptbot)"
74.7.227.21 - - [25/Aug/2026:14:02:47 +0000] "GET /wp-content/plugins/elementor/modules/atomic-widgets/prop-types/string-prop-type.php HTTP/2.0" 200 0 "https://drhyperbaric.com/wp-content/plugins/elementor/modules/atomic-widgets/prop-types/" "Mozilla/5.0 AppleWebKit/537.36 (KHTML, like Gecko; compatible; GPTBot/1.4; +https://openai.com/gptbot)"
74.7.227.21 - - [25/Aug/2026:14:02:48 +0000] "GET /wp-content/plugins/elementor/modules/atomic-widgets/prop-types/image-prop-type.php HTTP/2.0" 200 0 "https://drhyperbaric.com/wp-content/plugins/elementor/modules/atomic-widgets/prop-types/" "Mozilla/5.0 AppleWebKit/537.36 (KHTML, like Gecko; compatible; GPTBot/1.4; +https://openai.com/gptbot)"
74.7.227.21 - - [25/Aug/2026:14:02:49 +0000] "GET /wp-content/plugins/essential-blocks/assets/blocks/google-map/icon.svg HTTP/2.0" 200 666 "https://drhyperbaric.com/wp-content/plugins/essential-blocks/assets/blocks/google-map/" "Mozilla/5.0 AppleWebKit/537.36 (KHTML, like Gecko; compatible; GPTBot/1.4; +https://openai.com/gptbot)"
216.73.216.212 - - [25/Aug/2026:14:02:49 +0000] "GET /wp-content/plugins/loginpress/css/themes/?edit=%2Fusr%2Flib64%2FlibEGL_mesa.so.0 HTTP/2.0" 200 545 "-" "Mozilla/5.0 AppleWebKit/537.36 (KHTML, like Gecko; compatible; ClaudeBot/1.0; +claudebot@anthropic.com)"
74.7.227.21 - - [25/Aug/2026:14:02:49 +0000] "GET /wp-content/plugins/elementor/modules/atomic-widgets/prop-types/prop-type.php HTTP/2.0" 200 0 "https://drhyperbaric.com/wp-content/plugins/elementor/modules/atomic-widgets/prop-types/" "Mozilla/5.0 AppleWebKit/537.36 (KHTML, like Gecko; compatible; GPTBot/1.4; +https://openai.com/gptbot)"
74.7.227.21 - - [25/Aug/2026:14:02:51 +0000] "GET /wp-content/plugins/essential-blocks/assets/blocks/dual-button/icon.svg HTTP/2.0" 200 559 "https://drhyperbaric.com/wp-content/plugins/essential-blocks/assets/blocks/dual-button/" "Mozilla/5.0 AppleWebKit/537.36 (KHTML, like Gecko; compatible; GPTBot/1.4; +https://openai.com/gptbot)"
74.7.227.21 - - [25/Aug/2026:14:02:52 +0000] "GET /wp-content/plugins/essential-blocks/assets/blocks/team-member/icon.svg HTTP/2.0" 200 1149 "https://drhyperbaric.com/wp-content/plugins/essential-blocks/assets/blocks/team-member/" "Mozilla/5.0 AppleWebKit/537.36 (KHTML, like Gecko; compatible; GPTBot/1.4; +https://openai.com/gptbot)"
74.7.227.21 - - [25/Aug/2026:14:02:52 +0000] "GET /wp-content/plugins/essential-blocks/assets/blocks/typing-text/icon.svg HTTP/2.0" 200 588 "https://drhyperbaric.com/wp-content/plugins/essential-blocks/assets/blocks/typing-text/" "Mozilla/5.0 AppleWebKit/537.36 (KHTML, like Gecko; compatible; GPTBot/1.4; +https://openai.com/gptbot)"
74.7.227.21 - - [25/Aug/2026:14:02:53 +0000] "GET /wp-content/plugins/essential-blocks/assets/blocks/form-radio-field/ HTTP/2.0" 200 456 "https://drhyperbaric.com/wp-content/plugins/essential-blocks/assets/blocks/" "Mozilla/5.0 AppleWebKit/537.36 (KHTML, like Gecko; compatible; GPTBot/1.4; +https://openai.com/gptbot)"
74.7.227.21 - - [25/Aug/2026:14:02:54 +0000] "GET /wp-content/plugins/essential-blocks/assets/blocks/progress-bar/ HTTP/2.0" 200 491 "https://drhyperbaric.com/wp-content/plugins/essential-blocks/assets/blocks/" "Mozilla/5.0 AppleWebKit/537.36 (KHTML, like Gecko; compatible; GPTBot/1.4; +https://openai.com/gptbot)"
74.7.227.21 - - [25/Aug/2026:14:02:54 +0000] "GET /wp-content/plugins/essential-blocks/assets/blocks/fluent-forms/ HTTP/2.0" 200 435 "https://drhyperbaric.com/wp-content/plugins/essential-blocks/assets/blocks/" "Mozilla/5.0 AppleWebKit/537.36 (KHTML, like Gecko; compatible; GPTBot/1.4; +https://openai.com/gptbot)"
216.73.216.212 - - [25/Aug/2026:14:02:55 +0000] "GET /wp-content/plugins/loginpress/css/themes/?path=%2Fusr%2Flib64%2Flibbrotlidec.so.1 HTTP/2.0" 200 545 "-" "Mozilla/5.0 AppleWebKit/537.36 (KHTML, like Gecko; compatible; ClaudeBot/1.0; +claudebot@anthropic.com)"
74.7.227.21 - - [25/Aug/2026:14:02:55 +0000] "GET /wp-content/plugins/elementor/modules/history/views/ HTTP/2.0" 200 440 "https://drhyperbaric.com/wp-content/plugins/elementor/modules/history/" "Mozilla/5.0 AppleWebKit/537.36 (KHTML, like Gecko; compatible; GPTBot/1.4; +https://openai.com/gptbot)"
74.7.227.21 - - [25/Aug/2026:14:02:56 +0000] "GET /wp-content/plugins/elementor/modules/floating-buttons/documents/floating-buttons.php HTTP/2.0" 200 0 "https://drhyperbaric.com/wp-content/plugins/elementor/modules/floating-buttons/documents/" "Mozilla/5.0 AppleWebKit/537.36 (KHTML, like Gecko; compatible; GPTBot/1.4; +https://openai.com/gptbot)"
74.7.227.21 - - [25/Aug/2026:14:02:56 +0000] "GET /wp-content/plugins/essential-blocks/assets/blocks/form-checkbox-field/ HTTP/2.0" 200 460 "https://drhyperbaric.com/wp-content/plugins/essential-blocks/assets/blocks/" "Mozilla/5.0 AppleWebKit/537.36 (KHTML, like Gecko; compatible; GPTBot/1.4; +https://openai.com/gptbot)"
74.7.227.21 - - [25/Aug/2026:14:02:57 +0000] "GET /wp-content/plugins/essential-blocks/assets/blocks/form-textarea-field/ HTTP/2.0" 200 460 "https://drhyperbaric.com/wp-content/plugins/essential-blocks/assets/blocks/" "Mozilla/5.0 AppleWebKit/537.36 (KHTML, like Gecko; compatible; GPTBot/1.4; +https://openai.com/gptbot)"
74.7.227.21 - - [25/Aug/2026:14:02:57 +0000] "GET /wp-content/plugins/elementor/modules/lazyload/module.php HTTP/2.0" 200 0 "https://drhyperbaric.com/wp-content/plugins/elementor/modules/lazyload/" "Mozilla/5.0 AppleWebKit/537.36 (KHTML, like Gecko; compatible; GPTBot/1.4; +https://openai.com/gptbot)"
74.7.227.21 - - [25/Aug/2026:14:02:58 +0000] "GET /wp-content/plugins/elementor/modules/library/module.php HTTP/2.0" 200 0 "https://drhyperbaric.com/wp-content/plugins/elementor/modules/library/" "Mozilla/5.0 AppleWebKit/537.36 (KHTML, like Gecko; compatible; GPTBot/1.4; +https://openai.com/gptbot)"
74.7.227.21 - - [25/Aug/2026:14:02:59 +0000] "GET /wp-content/plugins/elementor/modules/history/module.php HTTP/2.0" 200 0 "https://drhyperbaric.com/wp-content/plugins/elementor/modules/history/" "Mozilla/5.0 AppleWebKit/537.36 (KHTML, like Gecko; compatible; GPTBot/1.4; +https://openai.com/gptbot)"
74.7.227.21 - - [25/Aug/2026:14:03:00 +0000] "GET /wp-content/plugins/essential-addons-elementor/src/js/edit/+i.iframeUrl+ HTTP/2.0" 404 265 "https://drhyperbaric.com/wp-content/plugins/essential-addons-elementor/src/js/edit/eael-xd-copy.js" "Mozilla/5.0 AppleWebKit/537.36 (KHTML, like Gecko; compatible; GPTBot/1.4; +https://openai.com/gptbot)"
74.7.227.21 - - [25/Aug/2026:14:03:00 +0000] "GET /wp-content/plugins/essential-blocks/assets/blocks/form-radio-field/block.json HTTP/2.0" 200 229 "https://drhyperbaric.com/wp-content/plugins/essential-blocks/assets/blocks/form-radio-field/" "Mozilla/5.0 AppleWebKit/537.36 (KHTML, like Gecko; compatible; GPTBot/1.4; +https://openai.com/gptbot)"
216.73.216.212 - - [25/Aug/2026:14:03:00 +0000] "GET /wp-content/plugins/about.php?path=%2Fhome%2Fcpmove-qevfgscr.tar.gz HTTP/2.0" 404 265 "-" "Mozilla/5.0 AppleWebKit/537.36 (KHTML, like Gecko; compatible; ClaudeBot/1.0; +claudebot@anthropic.com)"
74.7.227.21 - - [25/Aug/2026:14:03:01 +0000] "GET /wp-content/plugins/essential-blocks/assets/blocks/progress-bar/frontend.js HTTP/2.0" 200 783 "https://drhyperbaric.com/wp-content/plugins/essential-blocks/assets/blocks/progress-bar/" "Mozilla/5.0 AppleWebKit/537.36 (KHTML, like Gecko; compatible; GPTBot/1.4; +https://openai.com/gptbot)"
74.7.227.21 - - [25/Aug/2026:14:03:01 +0000] "GET /wp-content/plugins/essential-blocks/assets/blocks/progress-bar/icon.svg HTTP/2.0" 200 495 "https://drhyperbaric.com/wp-content/plugins/essential-blocks/assets/blocks/progress-bar/" "Mozilla/5.0 AppleWebKit/537.36 (KHTML, like Gecko; compatible; GPTBot/1.4; +https://openai.com/gptbot)"
74.7.227.21 - - [25/Aug/2026:14:03:02 +0000] "GET /wp-content/plugins/essential-blocks/assets/blocks/fluent-forms/icon.svg HTTP/2.0" 200 679 "https://drhyperbaric.com/wp-content/plugins/essential-blocks/assets/blocks/fluent-forms/" "Mozilla/5.0 AppleWebKit/537.36 (KHTML, like Gecko; compatible; GPTBot/1.4; +https://openai.com/gptbot)"
74.7.227.21 - - [25/Aug/2026:14:03:02 +0000] "GET /wp-content/plugins/essential-blocks/assets/blocks/fluent-forms/block.json HTTP/2.0" 200 271 "https://drhyperbaric.com/wp-content/plugins/essential-blocks/assets/blocks/fluent-forms/" "Mozilla/5.0 AppleWebKit/537.36 (KHTML, like Gecko; compatible; GPTBot/1.4; +https://openai.com/gptbot)"
74.7.227.21 - - [25/Aug/2026:14:03:03 +0000] "GET /wp-content/plugins/essential-blocks/assets/blocks/progress-bar/block.json HTTP/2.0" 200 259 "https://drhyperbaric.com/wp-content/plugins/essential-blocks/assets/blocks/progress-bar/" "Mozilla/5.0 AppleWebKit/537.36 (KHTML, like Gecko; compatible; GPTBot/1.4; +https://openai.com/gptbot)"
74.7.227.21 - - [25/Aug/2026:14:03:04 +0000] "GET /wp-content/plugins/essential-blocks/assets/blocks/form-textarea-field/icon.svg HTTP/2.0" 200 515 "https://drhyperbaric.com/wp-content/plugins/essential-blocks/assets/blocks/form-textarea-field/" "Mozilla/5.0 AppleWebKit/537.36 (KHTML, like Gecko; compatible; GPTBot/1.4; +https://openai.com/gptbot)"
74.7.227.21 - - [25/Aug/2026:14:03:04 +0000] "GET /wp-content/plugins/essential-blocks/assets/blocks/form-textarea-field/block.json HTTP/2.0" 200 230 "https://drhyperbaric.com/wp-content/plugins/essential-blocks/assets/blocks/form-textarea-field/" "Mozilla/5.0 AppleWebKit/537.36 (KHTML, like Gecko; compatible; GPTBot/1.4; +https://openai.com/gptbot)"
74.7.227.21 - - [25/Aug/2026:14:03:04 +0000] "GET /wp-content/plugins/elementor/modules/history/views/revisions-panel-template.php HTTP/2.0" 200 0 "https://drhyperbaric.com/wp-content/plugins/elementor/modules/history/views/" "Mozilla/5.0 AppleWebKit/537.36 (KHTML, like Gecko; compatible; GPTBot/1.4; +https://openai.com/gptbot)"
74.7.227.21 - - [25/Aug/2026:14:03:05 +0000] "GET /wp-content/plugins/essential-blocks/assets/blocks/form-checkbox-field/icon.svg HTTP/2.0" 200 486 "https://drhyperbaric.com/wp-content/plugins/essential-blocks/assets/blocks/form-checkbox-field/" "Mozilla/5.0 AppleWebKit/537.36 (KHTML, like Gecko; compatible; GPTBot/1.4; +https://openai.com/gptbot)"
74.7.227.21 - - [25/Aug/2026:14:03:06 +0000] "GET /wp-content/plugins/essential-blocks/assets/blocks/form-checkbox-field/block.json HTTP/2.0" 200 232 "https://drhyperbaric.com/wp-content/plugins/essential-blocks/assets/blocks/form-checkbox-field/" "Mozilla/5.0 AppleWebKit/537.36 (KHTML, like Gecko; compatible; GPTBot/1.4; +https://openai.com/gptbot)"
216.73.216.212 - - [25/Aug/2026:14:03:06 +0000] "GET /wp-content/plugins/loginpress/css/themes/?path=%2F%2Fhome%2Fgodaofbq%2Fdrhyperbaric.com HTTP/2.0" 200 545 "-" "Mozilla/5.0 AppleWebKit/537.36 (KHTML, like Gecko; compatible; ClaudeBot/1.0; +claudebot@anthropic.com)"
74.7.227.21 - - [25/Aug/2026:14:03:06 +0000] "GET /wp-content/plugins/essential-blocks/assets/blocks/progress-bar/frontend.asset.php HTTP/2.0" 200 0 "https://drhyperbaric.com/wp-content/plugins/essential-blocks/assets/blocks/progress-bar/" "Mozilla/5.0 AppleWebKit/537.36 (KHTML, like Gecko; compatible; GPTBot/1.4; +https://openai.com/gptbot)"
74.7.227.21 - - [25/Aug/2026:14:03:07 +0000] "GET /wp-content/plugins/elementor/modules/history/views/history-panel-template.php HTTP/2.0" 200 0 "https://drhyperbaric.com/wp-content/plugins/elementor/modules/history/views/" "Mozilla/5.0 AppleWebKit/537.36 (KHTML, like Gecko; compatible; GPTBot/1.4; +https://openai.com/gptbot)"
74.7.227.21 - - [25/Aug/2026:14:03:08 +0000] "GET /wp-content/plugins/essential-blocks/assets/blocks/form-radio-field/icon.svg HTTP/2.0" 200 435 "https://drhyperbaric.com/wp-content/plugins/essential-blocks/assets/blocks/form-radio-field/" "Mozilla/5.0 AppleWebKit/537.36 (KHTML, like Gecko; compatible; GPTBot/1.4; +https://openai.com/gptbot)"
74.7.227.21 - - [25/Aug/2026:14:03:08 +0000] "GET /wp-content/plugins/elementor/modules/link-in-bio/module.php HTTP/2.0" 200 0 "https://drhyperbaric.com/wp-content/plugins/elementor/modules/link-in-bio/" "Mozilla/5.0 AppleWebKit/537.36 (KHTML, like Gecko; compatible; GPTBot/1.4; +https://openai.com/gptbot)"
74.7.227.21 - - [25/Aug/2026:14:03:08 +0000] "GET /wp-content/plugins/loginpress/lib/wpb-sdk/ HTTP/2.0" 200 422 "https://drhyperbaric.com/wp-content/plugins/loginpress/lib/" "Mozilla/5.0 AppleWebKit/537.36 (KHTML, like Gecko; compatible; GPTBot/1.4; +https://openai.com/gptbot)"
74.7.227.21 - - [25/Aug/2026:14:03:09 +0000] "GET /wp-content/plugins/essential-blocks/assets/blocks/call-to-action/ HTTP/2.0" 200 454 "https://drhyperbaric.com/wp-content/plugins/essential-blocks/assets/blocks/" "Mozilla/5.0 AppleWebKit/537.36 (KHTML, like Gecko; compatible; GPTBot/1.4; +https://openai.com/gptbot)"
74.7.227.21 - - [25/Aug/2026:14:03:09 +0000] "GET /wp-includes/blocks/navigation-link/shared/ HTTP/2.0" 200 408 "https://drhyperbaric.com/wp-includes/blocks/navigation-link/" "Mozilla/5.0 AppleWebKit/537.36 (KHTML, like Gecko; compatible; GPTBot/1.4; +https://openai.com/gptbot)"
74.7.227.21 - - [25/Aug/2026:14:03:10 +0000] "GET /wp-content/plugins/essential-blocks/assets/blocks/form-text-field/ HTTP/2.0" 200 458 "https://drhyperbaric.com/wp-content/plugins/essential-blocks/assets/blocks/" "Mozilla/5.0 AppleWebKit/537.36 (KHTML, like Gecko; compatible; GPTBot/1.4; +https://openai.com/gptbot)"
216.73.216.212 - - [25/Aug/2026:14:03:10 +0000] "GET /wp-content/plugins/loginpress/css/themes/?path=%2Fusr%2Flib64%2Flibxcb-xinput.so.0.1.0 HTTP/2.0" 200 545 "-" "Mozilla/5.0 AppleWebKit/537.36 (KHTML, like Gecko; compatible; ClaudeBot/1.0; +claudebot@anthropic.com)"
74.7.227.21 - - [25/Aug/2026:14:03:11 +0000] "GET /wp-content/plugins/elementor/modules/admin-bar/ HTTP/2.0" 200 400 "https://drhyperbaric.com/wp-content/plugins/elementor/modules/" "Mozilla/5.0 AppleWebKit/537.36 (KHTML, like Gecko; compatible; GPTBot/1.4; +https://openai.com/gptbot)"
74.7.227.21 - - [25/Aug/2026:14:03:11 +0000] "GET /wp-content/plugins/elementor/modules/floating-buttons/widgets/floating-bars-var-1.php HTTP/2.0" 200 0 "https://drhyperbaric.com/wp-content/plugins/elementor/modules/floating-buttons/widgets/" "Mozilla/5.0 AppleWebKit/537.36 (KHTML, like Gecko; compatible; GPTBot/1.4; +https://openai.com/gptbot)"
74.7.227.21 - - [25/Aug/2026:14:03:12 +0000] "GET /wp-content/plugins/essential-blocks/assets/blocks/advanced-video/ HTTP/2.0" 200 493 "https://drhyperbaric.com/wp-content/plugins/essential-blocks/assets/blocks/" "Mozilla/5.0 AppleWebKit/537.36 (KHTML, like Gecko; compatible; GPTBot/1.4; +https://openai.com/gptbot)"
74.7.227.21 - - [25/Aug/2026:14:03:12 +0000] "GET /wp-content/plugins/elementor/modules/link-in-bio/base/ HTTP/2.0" 200 422 "https://drhyperbaric.com/wp-content/plugins/elementor/modules/link-in-bio/" "Mozilla/5.0 AppleWebKit/537.36 (KHTML, like Gecko; compatible; GPTBot/1.4; +https://openai.com/gptbot)"
74.7.227.21 - - [25/Aug/2026:14:03:13 +0000] "GET /wp-content/plugins/elementor/vendor/ HTTP/2.0" 200 425 "https://drhyperbaric.com/wp-content/plugins/elementor/" "Mozilla/5.0 AppleWebKit/537.36 (KHTML, like Gecko; compatible; GPTBot/1.4; +https://openai.com/gptbot)"
74.7.227.21 - - [25/Aug/2026:14:03:13 +0000] "GET /wp-content/plugins/essential-blocks/assets/images/gallery-images/ HTTP/2.0" 200 501 "https://drhyperbaric.com/wp-content/plugins/essential-blocks/assets/images/" "Mozilla/5.0 AppleWebKit/537.36 (KHTML, like Gecko; compatible; GPTBot/1.4; +https://openai.com/gptbot)"
74.7.227.21 - - [25/Aug/2026:14:03:14 +0000] "GET /wp-content/plugins/elementor/modules/announcements/classes/announcement.php HTTP/2.0" 200 0 "https://drhyperbaric.com/wp-content/plugins/elementor/modules/announcements/classes/" "Mozilla/5.0 AppleWebKit/537.36 (KHTML, like Gecko; compatible; GPTBot/1.4; +https://openai.com/gptbot)"
74.7.227.21 - - [25/Aug/2026:14:03:15 +0000] "GET /wp-content/plugins/loginpress/lib/wpb-sdk/assets/ HTTP/2.0" 200 395 "https://drhyperbaric.com/wp-content/plugins/loginpress/lib/wpb-sdk/" "Mozilla/5.0 AppleWebKit/537.36 (KHTML, like Gecko; compatible; GPTBot/1.4; +https://openai.com/gptbot)"
74.7.227.21 - - [25/Aug/2026:14:03:16 +0000] "GET /wp-content/plugins/essential-blocks/assets/blocks/call-to-action/icon.svg HTTP/2.0" 200 488 "https://drhyperbaric.com/wp-content/plugins/essential-blocks/assets/blocks/call-to-action/" "Mozilla/5.0 AppleWebKit/537.36 (KHTML, like Gecko; compatible; GPTBot/1.4; +https://openai.com/gptbot)"
216.73.216.212 - - [25/Aug/2026:14:03:16 +0000] "GET /wp-content/uploads/2024/02/Decoding-Hyperbaric-Costs-Your-Financial-Guide-1-1024x567.jpg HTTP/2.0" 200 88265 "-" "Mozilla/5.0 AppleWebKit/537.36 (KHTML, like Gecko; compatible; ClaudeBot/1.0; +claudebot@anthropic.com)"
74.7.227.21 - - [25/Aug/2026:14:03:17 +0000] "GET /wp-content/plugins/essential-blocks/assets/blocks/call-to-action/block.json HTTP/2.0" 200 286 "https://drhyperbaric.com/wp-content/plugins/essential-blocks/assets/blocks/call-to-action/" "Mozilla/5.0 AppleWebKit/537.36 (KHTML, like Gecko; compatible; GPTBot/1.4; +https://openai.com/gptbot)"
74.7.227.21 - - [25/Aug/2026:14:03:17 +0000] "GET /wp-content/plugins/essential-blocks/assets/blocks/form-text-field/icon.svg HTTP/2.0" 200 795 "https://drhyperbaric.com/wp-content/plugins/essential-blocks/assets/blocks/form-text-field/" "Mozilla/5.0 AppleWebKit/537.36 (KHTML, like Gecko; compatible; GPTBot/1.4; +https://openai.com/gptbot)"
74.7.227.21 - - [25/Aug/2026:14:03:18 +0000] "GET /wp-content/plugins/essential-blocks/assets/blocks/form-text-field/block.json HTTP/2.0" 200 225 "https://drhyperbaric.com/wp-content/plugins/essential-blocks/assets/blocks/form-text-field/" "Mozilla/5.0 AppleWebKit/537.36 (KHTML, like Gecko; compatible; GPTBot/1.4; +https://openai.com/gptbot)"
74.7.227.21 - - [25/Aug/2026:14:03:18 +0000] "GET /wp-content/plugins/loginpress/lib/wpb-sdk/views/ HTTP/2.0" 200 468 "https://drhyperbaric.com/wp-content/plugins/loginpress/lib/wpb-sdk/" "Mozilla/5.0 AppleWebKit/537.36 (KHTML, like Gecko; compatible; GPTBot/1.4; +https://openai.com/gptbot)"
2a03:2880:f806:29:: - - [25/Aug/2026:14:03:19 +0000] "GET /?y=9785917994400 HTTP/2.0" 200 435 "-" "Mozilla/5.0 (Macintosh; Intel Mac OS X 10.15; rv:147.0) Gecko/20100101 Firefox/147.0 (compatible; meta-externalagent/1.1 (+https://developers.facebook.com/docs/sharing/webmasters/crawler))"
74.7.227.21 - - [25/Aug/2026:14:03:20 +0000] "GET /wp-content/plugins/essential-blocks/assets/blocks/advanced-video/frontend.js HTTP/2.0" 200 2640 "https://drhyperbaric.com/wp-content/plugins/essential-blocks/assets/blocks/advanced-video/" "Mozilla/5.0 AppleWebKit/537.36 (KHTML, like Gecko; compatible; GPTBot/1.4; +https://openai.com/gptbot)"
216.73.216.212 - - [25/Aug/2026:14:03:20 +0000] "GET /wp-content/plugins/loginpress/css/themes/?edit=%2Fhome%2Fgodaofbq%2Fdrhyperbaric.com%2Fwp-content%2Fplugins%2Floginpress%2Fcss%2Fthemes%2Fplugin-install.php HTTP/2.0" 200 545 "-" "Mozilla/5.0 AppleWebKit/537.36 (KHTML, like Gecko; compatible; ClaudeBot/1.0; +claudebot@anthropic.com)"
74.7.227.21 - - [25/Aug/2026:14:03:21 +0000] "GET /wp-content/plugins/essential-blocks/assets/blocks/advanced-video/icon.svg HTTP/2.0" 200 670 "https://drhyperbaric.com/wp-content/plugins/essential-blocks/assets/blocks/advanced-video/" "Mozilla/5.0 AppleWebKit/537.36 (KHTML, like Gecko; compatible; GPTBot/1.4; +https://openai.com/gptbot)"
74.7.227.21 - - [25/Aug/2026:14:03:21 +0000] "GET /wp-content/plugins/elementor/vendor/composer/ HTTP/2.0" 200 603 "https://drhyperbaric.com/wp-content/plugins/elementor/vendor/" "Mozilla/5.0 AppleWebKit/537.36 (KHTML, like Gecko; compatible; GPTBot/1.4; +https://openai.com/gptbot)"
74.7.227.21 - - [25/Aug/2026:14:03:22 +0000] "GET /wp-content/plugins/essential-blocks/assets/images/gallery-images/CA.jpg HTTP/2.0" 200 27901 "https://drhyperbaric.com/wp-content/plugins/essential-blocks/assets/images/gallery-images/" "Mozilla/5.0 AppleWebKit/537.36 (KHTML, like Gecko; compatible; GPTBot/1.4; +https://openai.com/gptbot)"
74.7.227.21 - - [25/Aug/2026:14:03:23 +0000] "GET /wp-content/plugins/essential-blocks/assets/images/gallery-images/Australia.jpg HTTP/2.0" 200 32407 "https://drhyperbaric.com/wp-content/plugins/essential-blocks/assets/images/gallery-images/" "Mozilla/5.0 AppleWebKit/537.36 (KHTML, like Gecko; compatible; GPTBot/1.4; +https://openai.com/gptbot)"
74.7.227.21 - - [25/Aug/2026:14:03:24 +0000] "GET /wp-content/plugins/essential-blocks/assets/images/gallery-images/Maldive.jpg HTTP/2.0" 200 28968 "https://drhyperbaric.com/wp-content/plugins/essential-blocks/assets/images/gallery-images/" "Mozilla/5.0 AppleWebKit/537.36 (KHTML, like Gecko; compatible; GPTBot/1.4; +https://openai.com/gptbot)"
74.7.227.21 - - [25/Aug/2026:14:03:24 +0000] "GET /wp-content/plugins/essential-blocks/assets/images/gallery-images/china.jpg HTTP/2.0" 200 37879 "https://drhyperbaric.com/wp-content/plugins/essential-blocks/assets/images/gallery-images/" "Mozilla/5.0 AppleWebKit/537.36 (KHTML, like Gecko; compatible; GPTBot/1.4; +https://openai.com/gptbot)"
74.7.227.21 - - [25/Aug/2026:14:03:25 +0000] "GET /wp-content/plugins/essential-blocks/assets/images/gallery-images/iceland.jpg HTTP/2.0" 200 32582 "https://drhyperbaric.com/wp-content/plugins/essential-blocks/assets/images/gallery-images/" "Mozilla/5.0 AppleWebKit/537.36 (KHTML, like Gecko; compatible; GPTBot/1.4; +https://openai.com/gptbot)"
216.73.216.212 - - [25/Aug/2026:14:03:25 +0000] "GET /wp-content/plugins/loginpress/css/themes/?edit=%2Fusr%2Flib64%2Flibnsl.so.3.0.0 HTTP/2.0" 200 545 "-" "Mozilla/5.0 AppleWebKit/537.36 (KHTML, like Gecko; compatible; ClaudeBot/1.0; +claudebot@anthropic.com)"
74.7.227.21 - - [25/Aug/2026:14:03:25 +0000] "GET /wp-content/plugins/essential-blocks/assets/images/gallery-images/hongkong.jpg HTTP/2.0" 200 52670 "https://drhyperbaric.com/wp-content/plugins/essential-blocks/assets/images/gallery-images/" "Mozilla/5.0 AppleWebKit/537.36 (KHTML, like Gecko; compatible; GPTBot/1.4; +https://openai.com/gptbot)"
74.7.227.21 - - [25/Aug/2026:14:03:26 +0000] "GET /wp-content/plugins/elementor/vendor/autoload.php HTTP/2.0" 200 0 "https://drhyperbaric.com/wp-content/plugins/elementor/vendor/" "Mozilla/5.0 AppleWebKit/537.36 (KHTML, like Gecko; compatible; GPTBot/1.4; +https://openai.com/gptbot)"
74.7.227.21 - - [25/Aug/2026:14:03:26 +0000] "GET /wp-content/plugins/loginpress/lib/wpb-sdk/views/account.php HTTP/2.0" 200 944 "https://drhyperbaric.com/wp-content/plugins/loginpress/lib/wpb-sdk/views/" "Mozilla/5.0 AppleWebKit/537.36 (KHTML, like Gecko; compatible; GPTBot/1.4; +https://openai.com/gptbot)"
74.7.227.21 - - [25/Aug/2026:14:03:27 +0000] "GET /wp-content/plugins/essential-blocks/assets/blocks/advanced-video/block.json HTTP/2.0" 200 238 "https://drhyperbaric.com/wp-content/plugins/essential-blocks/assets/blocks/advanced-video/" "Mozilla/5.0 AppleWebKit/537.36 (KHTML, like Gecko; compatible; GPTBot/1.4; +https://openai.com/gptbot)"
74.7.227.21 - - [25/Aug/2026:14:03:27 +0000] "GET /wp-content/plugins/elementor/modules/link-in-bio/base/widget-link-in-bio-base.php HTTP/2.0" 500 0 "https://drhyperbaric.com/wp-content/plugins/elementor/modules/link-in-bio/base/" "Mozilla/5.0 AppleWebKit/537.36 (KHTML, like Gecko; compatible; GPTBot/1.4; +https://openai.com/gptbot)"
74.7.227.21 - - [25/Aug/2026:14:03:28 +0000] "GET /wp-content/plugins/elementor/vendor/composer/installed.json HTTP/2.0" 200 70 "https://drhyperbaric.com/wp-content/plugins/elementor/vendor/composer/" "Mozilla/5.0 AppleWebKit/537.36 (KHTML, like Gecko; compatible; GPTBot/1.4; +https://openai.com/gptbot)"
74.7.227.21 - - [25/Aug/2026:14:03:29 +0000] "GET /wp-content/plugins/elementor/vendor/composer/platform_check.php HTTP/2.0" 200 0 "https://drhyperbaric.com/wp-content/plugins/elementor/vendor/composer/" "Mozilla/5.0 AppleWebKit/537.36 (KHTML, like Gecko; compatible; GPTBot/1.4; +https://openai.com/gptbot)"
74.7.227.21 - - [25/Aug/2026:14:03:29 +0000] "GET /wp-content/plugins/elementor/vendor/composer/autoload_real.php HTTP/2.0" 200 0 "https://drhyperbaric.com/wp-content/plugins/elementor/vendor/composer/" "Mozilla/5.0 AppleWebKit/537.36 (KHTML, like Gecko; compatible; GPTBot/1.4; +https://openai.com/gptbot)"
74.7.227.21 - - [25/Aug/2026:14:03:30 +0000] "GET /wp-content/plugins/elementor/vendor/composer/autoload_classmap.php HTTP/2.0" 200 0 "https://drhyperbaric.com/wp-content/plugins/elementor/vendor/composer/" "Mozilla/5.0 AppleWebKit/537.36 (KHTML, like Gecko; compatible; GPTBot/1.4; +https://openai.com/gptbot)"
216.73.216.212 - - [25/Aug/2026:14:03:30 +0000] "GET /wp-content/plugins/loginpress/css/themes/?delete=%2Fusr%2Flib64%2Flibz.so.1.2.11 HTTP/2.0" 200 545 "-" "Mozilla/5.0 AppleWebKit/537.36 (KHTML, like Gecko; compatible; ClaudeBot/1.0; +claudebot@anthropic.com)"
74.7.227.21 - - [25/Aug/2026:14:03:31 +0000] "GET /wp-content/plugins/elementor/vendor/composer/autoload_namespaces.php HTTP/2.0" 200 0 "https://drhyperbaric.com/wp-content/plugins/elementor/vendor/composer/" "Mozilla/5.0 AppleWebKit/537.36 (KHTML, like Gecko; compatible; GPTBot/1.4; +https://openai.com/gptbot)"
74.7.227.21 - - [25/Aug/2026:14:03:31 +0000] "GET /wp-content/plugins/elementor/vendor/composer/installed.php HTTP/2.0" 200 0 "https://drhyperbaric.com/wp-content/plugins/elementor/vendor/composer/" "Mozilla/5.0 AppleWebKit/537.36 (KHTML, like Gecko; compatible; GPTBot/1.4; +https://openai.com/gptbot)"
74.7.227.21 - - [25/Aug/2026:14:03:32 +0000] "GET /wp-content/plugins/elementor/vendor/composer/autoload_static.php HTTP/2.0" 200 0 "https://drhyperbaric.com/wp-content/plugins/elementor/vendor/composer/" "Mozilla/5.0 AppleWebKit/537.36 (KHTML, like Gecko; compatible; GPTBot/1.4; +https://openai.com/gptbot)"
74.7.227.21 - - [25/Aug/2026:14:03:33 +0000] "GET /wp-content/plugins/elementor/vendor/composer/InstalledVersions.php HTTP/2.0" 200 0 "https://drhyperbaric.com/wp-content/plugins/elementor/vendor/composer/" "Mozilla/5.0 AppleWebKit/537.36 (KHTML, like Gecko; compatible; GPTBot/1.4; +https://openai.com/gptbot)"
74.7.227.21 - - [25/Aug/2026:14:03:33 +0000] "GET /wp-content/plugins/elementor/vendor/composer/autoload_psr4.php HTTP/2.0" 200 0 "https://drhyperbaric.com/wp-content/plugins/elementor/vendor/composer/" "Mozilla/5.0 AppleWebKit/537.36 (KHTML, like Gecko; compatible; GPTBot/1.4; +https://openai.com/gptbot)"
74.7.227.21 - - [25/Aug/2026:14:03:34 +0000] "GET /wp-content/plugins/elementor/vendor/composer/ClassLoader.php HTTP/2.0" 200 0 "https://drhyperbaric.com/wp-content/plugins/elementor/vendor/composer/" "Mozilla/5.0 AppleWebKit/537.36 (KHTML, like Gecko; compatible; GPTBot/1.4; +https://openai.com/gptbot)"
