📁
SKYSHELL MANAGER
PHP v8.0.30
Create
Create
Path:
root
/
home
/
godaofbq
/
drhyperbaric.com
/
wp-content
/
plugins
/
loginpress
/
css
/
themes
/
Name
Size
Perm
Actions
📄
error_log
189.4 KB
0644
🗑️
🏷️
⬇️
✏️
🔒
📄
load.php
6.83 KB
0444
🗑️
🏷️
⬇️
✏️
🔒
📄
wp-cron.php
6.83 KB
0444
🗑️
🏷️
⬇️
✏️
🔒
Edit: drhyperbaric.godady.com-ssl_log
216.73.216.212 - - [25/Aug/2026:12:06:26 +0000] "GET /wp-content/plugins/woocommerce/src/Internal/Orders/?C=D&O=A HTTP/2.0" 499 0 "-" "Mozilla/5.0 AppleWebKit/537.36 (KHTML, like Gecko; compatible; ClaudeBot/1.0; +claudebot@anthropic.com)"
216.73.216.212 - - [25/Aug/2026:12:06:33 +0000] "GET /wp-content/plugins/loginpress/css/themes/?path=%2Fusr%2Flib64%2Flibdrm_nouveau.so.2 HTTP/2.0" 499 0 "-" "Mozilla/5.0 AppleWebKit/537.36 (KHTML, like Gecko; compatible; ClaudeBot/1.0; +claudebot@anthropic.com)"
216.73.216.212 - - [25/Aug/2026:12:06:36 +0000] "GET /wp-content/plugins/loginpress/css/themes/?delete=%2Fusr%2Flib64%2Flibsqlite3.so.0.8.6 HTTP/2.0" 499 0 "-" "Mozilla/5.0 AppleWebKit/537.36 (KHTML, like Gecko; compatible; ClaudeBot/1.0; +claudebot@anthropic.com)"
2a03:2880:f806:44:: - - [25/Aug/2026:12:06:36 +0000] "GET /?o2r5i3e9n5t4a7l0i8z3ed HTTP/2.0" 499 0 "-" "Mozilla/5.0 (Macintosh; Intel Mac OS X 10_15_7) AppleWebKit/537.36 (KHTML, like Gecko) Chrome/145.0.0.0 Safari/537.36 (compatible; meta-externalagent/1.1 (+https://developers.facebook.com/docs/sharing/webmasters/crawler))"
216.73.216.212 - - [25/Aug/2026:12:06:42 +0000] "GET /wp-content/plugins/loginpress/css/themes/?delete=%2Fusr%2Flib64%2Flibunistring.so.2 HTTP/2.0" 499 0 "-" "Mozilla/5.0 AppleWebKit/537.36 (KHTML, like Gecko; compatible; ClaudeBot/1.0; +claudebot@anthropic.com)"
2a03:2880:f806:1c:: - - [25/Aug/2026:12:06:43 +0000] "GET /?b8o3e8h4m4e1r9i4a259 HTTP/2.0" 499 0 "-" "Mozilla/5.0 (Macintosh; Intel Mac OS X 10_15_7) AppleWebKit/537.36 (KHTML, like Gecko) Chrome/145.0.0.0 Safari/537.36 (compatible; meta-externalagent/1.1 (+https://developers.facebook.com/docs/sharing/webmasters/crawler))"
207.46.13.107 - - [25/Aug/2026:12:06:45 +0000] "GET /categoryshop/office/sitemap/PageManager.jsp?FRM=1&ListRoot=categoryRanking&Condition=003 HTTP/2.0" 499 0 "-" "Mozilla/5.0 AppleWebKit/537.36 (KHTML, like Gecko; compatible; bingbot/2.0; +http://www.bing.com/bingbot.htm) Chrome/116.0.1938.76 Safari/537.36"
216.73.216.212 - - [25/Aug/2026:12:06:50 +0000] "GET /wp-content/plugins/loginpress/css/themes/?rename=%2Fusr%2Flib64%2Flibss.so.2 HTTP/2.0" 499 0 "-" "Mozilla/5.0 AppleWebKit/537.36 (KHTML, like Gecko; compatible; ClaudeBot/1.0; +claudebot@anthropic.com)"
216.73.216.212 - - [25/Aug/2026:12:06:58 +0000] "GET /wp-content/plugins/loginpress/css/themes/?path=%2Fusr%2Flib64%2FlibXxf86vm.so.1.0.0 HTTP/2.0" 499 0 "-" "Mozilla/5.0 AppleWebKit/537.36 (KHTML, like Gecko; compatible; ClaudeBot/1.0; +claudebot@anthropic.com)"
216.73.216.212 - - [25/Aug/2026:12:07:18 +0000] "GET /wp-content/plugins/loginpress/css/themes/?rename=%2Fusr%2Flib64%2Flibwebpmux.so HTTP/2.0" 499 0 "-" "Mozilla/5.0 AppleWebKit/537.36 (KHTML, like Gecko; compatible; ClaudeBot/1.0; +claudebot@anthropic.com)"
2a03:2880:f80c:2e:: - - [25/Aug/2026:12:07:29 +0000] "GET / HTTP/2.0" 200 435 "-" "facebookexternalhit/1.1 (+http://www.facebook.com/externalhit_uatext.php)"
216.73.216.212 - - [25/Aug/2026:12:07:30 +0000] "GET /wp-content/plugins/loginpress/css/themes/?rename=%2Fusr%2Flib64%2Flibslapi.so.2.0.200 HTTP/2.0" 499 0 "-" "Mozilla/5.0 AppleWebKit/537.36 (KHTML, like Gecko; compatible; ClaudeBot/1.0; +claudebot@anthropic.com)"
216.73.216.212 - - [25/Aug/2026:12:07:51 +0000] "GET /wp-content/uploads/2024/12/?C=S&O=A HTTP/2.0" 499 0 "-" "Mozilla/5.0 AppleWebKit/537.36 (KHTML, like Gecko; compatible; ClaudeBot/1.0; +claudebot@anthropic.com)"
216.73.216.212 - - [25/Aug/2026:12:07:59 +0000] "GET /wp-content/plugins/loginpress/css/themes/?edit=%2Fusr%2Flib64%2Flibatk-bridge-2.0.so.0 HTTP/2.0" 499 0 "-" "Mozilla/5.0 AppleWebKit/537.36 (KHTML, like Gecko; compatible; ClaudeBot/1.0; +claudebot@anthropic.com)"
216.73.216.212 - - [25/Aug/2026:12:08:20 +0000] "GET /wp-content/plugins/loginpress/css/themes/?path=%2Fusr%2Flib64%2Flibisccfg-9.16.23-RH.so HTTP/2.0" 499 0 "-" "Mozilla/5.0 AppleWebKit/537.36 (KHTML, like Gecko; compatible; ClaudeBot/1.0; +claudebot@anthropic.com)"
2a03:2880:f802:23:: - - [25/Aug/2026:12:08:28 +0000] "GET / HTTP/2.0" 200 435 "-" "facebookexternalhit/1.1 (+http://www.facebook.com/externalhit_uatext.php)"
216.73.216.212 - - [25/Aug/2026:12:08:36 +0000] "GET /wp-content/plugins/loginpress/css/themes/?rename=%2Fusr%2Flib64%2Flibreadline.so.8 HTTP/2.0" 499 0 "-" "Mozilla/5.0 AppleWebKit/537.36 (KHTML, like Gecko; compatible; ClaudeBot/1.0; +claudebot@anthropic.com)"
216.73.216.212 - - [25/Aug/2026:12:08:44 +0000] "GET /wp-content/plugins/loginpress/css/themes/?rename=%2Fusr%2Flib64%2FlibSM.so.6.0.1 HTTP/2.0" 499 0 "-" "Mozilla/5.0 AppleWebKit/537.36 (KHTML, like Gecko; compatible; ClaudeBot/1.0; +claudebot@anthropic.com)"
216.73.216.212 - - [25/Aug/2026:12:08:52 +0000] "GET /wp-content/plugins/loginpress/css/themes/?rename=%2Fusr%2Flib64%2Flibxcb-composite.so.0 HTTP/2.0" 499 0 "-" "Mozilla/5.0 AppleWebKit/537.36 (KHTML, like Gecko; compatible; ClaudeBot/1.0; +claudebot@anthropic.com)"
216.73.216.212 - - [25/Aug/2026:12:09:01 +0000] "GET /wp-content/plugins/loginpress/css/themes/?rename=%2Fusr%2Flib64%2Flibp11-kit.so.0 HTTP/2.0" 499 0 "-" "Mozilla/5.0 AppleWebKit/537.36 (KHTML, like Gecko; compatible; ClaudeBot/1.0; +claudebot@anthropic.com)"
216.73.216.212 - - [25/Aug/2026:12:09:13 +0000] "GET /wp-content/uploads/2024/05/Hyperbaric-Chambers-New-Hope-for-Depression.jpg HTTP/2.0" 499 0 "-" "Mozilla/5.0 AppleWebKit/537.36 (KHTML, like Gecko; compatible; ClaudeBot/1.0; +claudebot@anthropic.com)"
216.73.216.212 - - [25/Aug/2026:12:09:21 +0000] "GET /wp-content/plugins/loginpress/css/themes/?rename=%2Fusr%2Flib64%2Flibnuma.so.1 HTTP/2.0" 499 0 "-" "Mozilla/5.0 AppleWebKit/537.36 (KHTML, like Gecko; compatible; ClaudeBot/1.0; +claudebot@anthropic.com)"
216.73.216.212 - - [25/Aug/2026:12:09:33 +0000] "GET /wp-content/uploads/2024/11/placeholder-600x400.png HTTP/2.0" 499 0 "-" "Mozilla/5.0 AppleWebKit/537.36 (KHTML, like Gecko; compatible; ClaudeBot/1.0; +claudebot@anthropic.com)"
216.73.216.212 - - [25/Aug/2026:12:11:19 +0000] "GET /wp-content/plugins/loginpress/css/themes/?download=%2Fusr%2Flib64%2Flibuv.so.1&path=%2Fusr%2Flib64 HTTP/2.0" 200 545 "-" "Mozilla/5.0 AppleWebKit/537.36 (KHTML, like Gecko; compatible; ClaudeBot/1.0; +claudebot@anthropic.com)"
2a03:2880:f806:d:: - - [25/Aug/2026:12:11:20 +0000] "GET /?p5a3l5a5t1a1l0i8z0e75 HTTP/2.0" 200 0 "-" "Mozilla/5.0 (Macintosh; Intel Mac OS X 10_15_7) AppleWebKit/537.36 (KHTML, like Gecko) Chrome/145.0.0.0 Safari/537.36 (compatible; meta-externalagent/1.1 (+https://developers.facebook.com/docs/sharing/webmasters/crawler))"
216.73.216.212 - - [25/Aug/2026:12:11:21 +0000] "GET /wp-content/plugins/loginpress/css/themes/?rename=%2Fusr%2Flib64%2Fliblzma.so.5.2.5 HTTP/2.0" 200 545 "-" "Mozilla/5.0 AppleWebKit/537.36 (KHTML, like Gecko; compatible; ClaudeBot/1.0; +claudebot@anthropic.com)"
216.73.216.212 - - [25/Aug/2026:12:11:21 +0000] "GET /wp-content/plugins/loginpress/css/themes/?download=%2Fusr%2Flib64%2F.libgnutls.so.30.40.4.hmac&path=%2Fusr%2Flib64 HTTP/2.0" 200 0 "-" "Mozilla/5.0 AppleWebKit/537.36 (KHTML, like Gecko; compatible; ClaudeBot/1.0; +claudebot@anthropic.com)"
216.73.216.212 - - [25/Aug/2026:12:11:22 +0000] "GET /wp-content/plugins/loginpress/css/themes/?download=%2Fusr%2Flib64%2Flibz.so&path=%2Fusr%2Flib64 HTTP/2.0" 200 545 "-" "Mozilla/5.0 AppleWebKit/537.36 (KHTML, like Gecko; compatible; ClaudeBot/1.0; +claudebot@anthropic.com)"
216.73.216.212 - - [25/Aug/2026:12:11:24 +0000] "GET /wp-content/plugins/loginpress/css/themes/?rename=%2Fusr%2Flib64%2Flibxcb-dri2.so.0.0.0 HTTP/2.0" 200 0 "-" "Mozilla/5.0 AppleWebKit/537.36 (KHTML, like Gecko; compatible; ClaudeBot/1.0; +claudebot@anthropic.com)"
216.73.216.212 - - [25/Aug/2026:12:11:26 +0000] "GET /wp-content/plugins/loginpress/css/themes/?download=%2Fusr%2Flib64%2Flibnettle.so.8&path=%2Fusr%2Flib64 HTTP/2.0" 200 545 "-" "Mozilla/5.0 AppleWebKit/537.36 (KHTML, like Gecko; compatible; ClaudeBot/1.0; +claudebot@anthropic.com)"
2a03:2880:f806:2b:: - - [25/Aug/2026:12:11:27 +0000] "GET /?o1u2t6s7c1o2r8n9226 HTTP/2.0" 200 0 "-" "Mozilla/5.0 (Windows NT 10.0; Win64; x64) AppleWebKit/537.36 (KHTML, like Gecko) Chrome/145.0.0.0 Safari/537.36 (compatible; meta-externalagent/1.1 (+https://developers.facebook.com/docs/sharing/webmasters/crawler))"
216.73.216.212 - - [25/Aug/2026:12:11:31 +0000] "GET /wp-content/plugins/loginpress/css/themes/?download=%2Fusr%2Flib64%2Flibexpat.so&path=%2Fusr%2Flib64 HTTP/2.0" 200 545 "-" "Mozilla/5.0 AppleWebKit/537.36 (KHTML, like Gecko; compatible; ClaudeBot/1.0; +claudebot@anthropic.com)"
216.73.216.212 - - [25/Aug/2026:12:11:32 +0000] "GET /wp-content/plugins/loginpress/css/themes/?download=%2Fusr%2Flib64%2Flibblkid.so&path=%2Fusr%2Flib64 HTTP/2.0" 200 0 "-" "Mozilla/5.0 AppleWebKit/537.36 (KHTML, like Gecko; compatible; ClaudeBot/1.0; +claudebot@anthropic.com)"
216.73.216.212 - - [25/Aug/2026:12:11:36 +0000] "GET /wp-content/plugins/loginpress/css/themes/?download=%2Fusr%2Flib64%2Flibnfnetlink.so.0&path=%2Fusr%2Flib64 HTTP/2.0" 200 545 "-" "Mozilla/5.0 AppleWebKit/537.36 (KHTML, like Gecko; compatible; ClaudeBot/1.0; +claudebot@anthropic.com)"
216.73.216.212 - - [25/Aug/2026:12:11:39 +0000] "GET /wp-content/plugins/loginpress/css/themes/?edit=%2Fusr%2Flib64%2Flibxcb-xselinux.so.0.0.0 HTTP/2.0" 200 0 "-" "Mozilla/5.0 AppleWebKit/537.36 (KHTML, like Gecko; compatible; ClaudeBot/1.0; +claudebot@anthropic.com)"
216.73.216.212 - - [25/Aug/2026:12:11:41 +0000] "GET /wp-content/plugins/loginpress/css/themes/?download=%2Fusr%2Flib64%2Flibtirpc.so.3.0.0&path=%2Fusr%2Flib64 HTTP/2.0" 200 545 "-" "Mozilla/5.0 AppleWebKit/537.36 (KHTML, like Gecko; compatible; ClaudeBot/1.0; +claudebot@anthropic.com)"
216.73.216.212 - - [25/Aug/2026:12:11:46 +0000] "GET /wp-content/plugins/loginpress/css/themes/?rename=%2Fusr%2Flib64%2Flibgstrtp-1.0.so.0.2212.0 HTTP/2.0" 200 545 "-" "Mozilla/5.0 AppleWebKit/537.36 (KHTML, like Gecko; compatible; ClaudeBot/1.0; +claudebot@anthropic.com)"
216.73.216.212 - - [25/Aug/2026:12:11:51 +0000] "GET /wp-content/plugins/loginpress/css/themes/?download=%2Fusr%2Flib64%2FlibICE.so.6&path=%2Fusr%2Flib64 HTTP/2.0" 200 545 "-" "Mozilla/5.0 AppleWebKit/537.36 (KHTML, like Gecko; compatible; ClaudeBot/1.0; +claudebot@anthropic.com)"
216.73.216.212 - - [25/Aug/2026:12:11:56 +0000] "GET /wp-content/plugins/loginpress/css/themes/?download=%2Fusr%2Flib64%2Flibpcp.so.3&path=%2Fusr%2Flib64 HTTP/2.0" 200 545 "-" "Mozilla/5.0 AppleWebKit/537.36 (KHTML, like Gecko; compatible; ClaudeBot/1.0; +claudebot@anthropic.com)"
216.73.216.212 - - [25/Aug/2026:12:12:01 +0000] "GET /wp-content/plugins/loginpress/css/themes/?download=%2Fusr%2Flib64%2Flibltdl.so.7&path=%2Fusr%2Flib64 HTTP/2.0" 200 545 "-" "Mozilla/5.0 AppleWebKit/537.36 (KHTML, like Gecko; compatible; ClaudeBot/1.0; +claudebot@anthropic.com)"
216.73.216.212 - - [25/Aug/2026:12:12:06 +0000] "GET /wp-content/plugins/loginpress/css/themes/?rename=%2Fusr%2Flib64%2Flibpng16.so.16 HTTP/2.0" 200 545 "-" "Mozilla/5.0 AppleWebKit/537.36 (KHTML, like Gecko; compatible; ClaudeBot/1.0; +claudebot@anthropic.com)"
216.73.216.212 - - [25/Aug/2026:12:12:11 +0000] "GET /wp-content/plugins/loginpress/css/themes/?download=%2Fusr%2Flib64%2Flibmariadbd.a&path=%2Fusr%2Flib64 HTTP/2.0" 200 545 "-" "Mozilla/5.0 AppleWebKit/537.36 (KHTML, like Gecko; compatible; ClaudeBot/1.0; +claudebot@anthropic.com)"
216.73.216.212 - - [25/Aug/2026:12:12:16 +0000] "GET /wp-content/plugins/loginpress/css/themes/?rename=%2Fusr%2Flib64%2Flibsoup-2.4.so.1.11.0 HTTP/2.0" 200 545 "-" "Mozilla/5.0 AppleWebKit/537.36 (KHTML, like Gecko; compatible; ClaudeBot/1.0; +claudebot@anthropic.com)"
216.73.216.212 - - [25/Aug/2026:12:12:21 +0000] "GET /wp-content/plugins/loginpress/css/themes/?download=%2Fusr%2Flib64%2Flibctf.la&path=%2Fusr%2Flib64 HTTP/2.0" 499 0 "-" "Mozilla/5.0 AppleWebKit/537.36 (KHTML, like Gecko; compatible; ClaudeBot/1.0; +claudebot@anthropic.com)"
216.73.216.212 - - [25/Aug/2026:12:12:22 +0000] "GET /wp-content/plugins/loginpress/css/themes/?rename=%2Fusr%2Flib64%2Flibply-splash-core.so.4.0.0 HTTP/2.0" 200 545 "-" "Mozilla/5.0 AppleWebKit/537.36 (KHTML, like Gecko; compatible; ClaudeBot/1.0; +claudebot@anthropic.com)"
216.73.216.212 - - [25/Aug/2026:12:12:27 +0000] "GET /wp-content/plugins/google-site-kit/third-party/google/apiclient-services-adsenselinks/?C=S&O=A HTTP/2.0" 200 434 "-" "Mozilla/5.0 AppleWebKit/537.36 (KHTML, like Gecko; compatible; ClaudeBot/1.0; +claudebot@anthropic.com)"
216.73.216.212 - - [25/Aug/2026:12:12:33 +0000] "GET /wp-content/uploads/2024/02/Pressure-Freedom-Portable-Hyperbaric-Marvels.jpg HTTP/2.0" 200 557468 "-" "Mozilla/5.0 AppleWebKit/537.36 (KHTML, like Gecko; compatible; ClaudeBot/1.0; +claudebot@anthropic.com)"
216.73.216.212 - - [25/Aug/2026:12:12:38 +0000] "GET /wp-content/plugins/loginpress/img/promo/hint_promo.png HTTP/2.0" 200 10611 "-" "Mozilla/5.0 AppleWebKit/537.36 (KHTML, like Gecko; compatible; ClaudeBot/1.0; +claudebot@anthropic.com)"
216.73.216.212 - - [25/Aug/2026:12:12:43 +0000] "GET /wp-content/uploads/2024/01/Compact-Healing-Portable-Hyperbaric-Solutions-600x332.jpg HTTP/2.0" 200 40216 "-" "Mozilla/5.0 AppleWebKit/537.36 (KHTML, like Gecko; compatible; ClaudeBot/1.0; +claudebot@anthropic.com)"
216.73.216.212 - - [25/Aug/2026:12:12:48 +0000] "GET /wp-content/plugins/loginpress/css/themes/?download=%2Fusr%2Flib64%2Flibbpf.so.1&path=%2Fusr%2Flib64 HTTP/2.0" 200 545 "-" "Mozilla/5.0 AppleWebKit/537.36 (KHTML, like Gecko; compatible; ClaudeBot/1.0; +claudebot@anthropic.com)"
216.73.216.212 - - [25/Aug/2026:12:13:02 +0000] "GET /wp-content/plugins/loginpress/css/themes/?download=%2Fusr%2Flib64%2Flibxcb-record.so.0&path=%2Fusr%2Flib64 HTTP/2.0" 200 545 "-" "Mozilla/5.0 AppleWebKit/537.36 (KHTML, like Gecko; compatible; ClaudeBot/1.0; +claudebot@anthropic.com)"
216.73.216.212 - - [25/Aug/2026:12:13:06 +0000] "GET /wp-content/plugins/loginpress/css/themes/?rename=%2Fusr%2Flib64%2Flibnl-idiag-3.so.200.26.0 HTTP/2.0" 200 545 "-" "Mozilla/5.0 AppleWebKit/537.36 (KHTML, like Gecko; compatible; ClaudeBot/1.0; +claudebot@anthropic.com)"
216.73.216.212 - - [25/Aug/2026:12:13:12 +0000] "GET /wp-content/plugins/loginpress/css/themes/?download=%2Fusr%2Flib64%2Flibjbig85.so.2.1&path=%2Fusr%2Flib64 HTTP/2.0" 200 545 "-" "Mozilla/5.0 AppleWebKit/537.36 (KHTML, like Gecko; compatible; ClaudeBot/1.0; +claudebot@anthropic.com)"
2804:724c:936:4800:f5af:2120:f993:64c2 - - [25/Aug/2026:12:13:16 +0000] "GET /a=182125581 HTTP/2.0" 404 265 "-" "Mozilla/5.0 (Macintosh; U; PPC Mac OS X; sv-se) AppleWebKit/312.8 (KHTML, like Gecko) Safari/312.5"
216.73.216.212 - - [25/Aug/2026:12:13:16 +0000] "GET /wp-content/plugins/loginpress/css/themes/?download=%2Fusr%2Flib64%2FlibXmuu.so.1&path=%2Fusr%2Flib64 HTTP/2.0" 200 545 "-" "Mozilla/5.0 AppleWebKit/537.36 (KHTML, like Gecko; compatible; ClaudeBot/1.0; +claudebot@anthropic.com)"
216.73.216.212 - - [25/Aug/2026:12:13:21 +0000] "GET /wp-content/plugins/loginpress/css/themes/?download=%2Fusr%2Flib64%2Flibfontconfig.so.1&path=%2Fusr%2Flib64 HTTP/2.0" 200 545 "-" "Mozilla/5.0 AppleWebKit/537.36 (KHTML, like Gecko; compatible; ClaudeBot/1.0; +claudebot@anthropic.com)"
216.73.216.212 - - [25/Aug/2026:12:13:26 +0000] "GET /wp-content/plugins/loginpress/css/themes/?download=%2Fusr%2Flib64%2Flibxcb-xtest.so.0&path=%2Fusr%2Flib64 HTTP/2.0" 200 545 "-" "Mozilla/5.0 AppleWebKit/537.36 (KHTML, like Gecko; compatible; ClaudeBot/1.0; +claudebot@anthropic.com)"
44.218.170.184 - - [25/Aug/2026:12:13:29 +0000] "GET /wp-content/plugins/essential-blocks/assets/admin/global-styles/?C=M;O%3DD HTTP/2.0" 200 452 "-" "Mozilla/5.0 AppleWebKit/537.36 (KHTML, like Gecko; compatible; Amazonbot/0.1; +https://developer.amazon.com/support/amazonbot) Chrome/119.0.6045.214 Safari/537.36"
216.73.216.212 - - [25/Aug/2026:12:13:31 +0000] "GET /wp-content/plugins/loginpress/css/themes/?download=%2Fusr%2Flib64%2Flibaspell.so.15.3.1&path=%2Fusr%2Flib64 HTTP/2.0" 200 545 "-" "Mozilla/5.0 AppleWebKit/537.36 (KHTML, like Gecko; compatible; ClaudeBot/1.0; +claudebot@anthropic.com)"
2a03:2880:2ff:8:: - - [25/Aug/2026:12:13:32 +0000] "GET /robots.txt HTTP/2.0" 404 265 "-" "facebookexternalhit/1.1 (+http://www.facebook.com/externalhit_uatext.php)"
216.73.216.212 - - [25/Aug/2026:12:13:36 +0000] "GET /wp-content/plugins/loginpress/css/themes/?download=%2Fusr%2Flib64%2Flibsubid_sss.so&path=%2Fusr%2Flib64 HTTP/2.0" 200 545 "-" "Mozilla/5.0 AppleWebKit/537.36 (KHTML, like Gecko; compatible; ClaudeBot/1.0; +claudebot@anthropic.com)"
216.73.216.212 - - [25/Aug/2026:12:13:41 +0000] "GET /wp-content/plugins/templately/vendor/priyomukul/wp-notice/?C=S&O=D HTTP/2.0" 200 401 "-" "Mozilla/5.0 AppleWebKit/537.36 (KHTML, like Gecko; compatible; ClaudeBot/1.0; +claudebot@anthropic.com)"
216.73.216.212 - - [25/Aug/2026:12:13:46 +0000] "GET /wp-content/plugins/loginpress/css/themes/?download=%2Fusr%2Flib64%2Flibdconf.so.1.0.0&path=%2Fusr%2Flib64 HTTP/2.0" 200 545 "-" "Mozilla/5.0 AppleWebKit/537.36 (KHTML, like Gecko; compatible; ClaudeBot/1.0; +claudebot@anthropic.com)"
216.73.216.212 - - [25/Aug/2026:12:13:51 +0000] "GET /wp-content/plugins/loginpress/css/themes/?download=%2Fusr%2Flib64%2Flibuv.so.1.0.0&path=%2Fusr%2Flib64 HTTP/2.0" 200 545 "-" "Mozilla/5.0 AppleWebKit/537.36 (KHTML, like Gecko; compatible; ClaudeBot/1.0; +claudebot@anthropic.com)"
216.73.216.212 - - [25/Aug/2026:12:13:56 +0000] "GET /wp-content/plugins/loginpress/css/themes/?download=%2Fusr%2Flib64%2Flibjxl_threads.so.0.7&path=%2Fusr%2Flib64 HTTP/2.0" 200 545 "-" "Mozilla/5.0 AppleWebKit/537.36 (KHTML, like Gecko; compatible; ClaudeBot/1.0; +claudebot@anthropic.com)"
216.73.216.212 - - [25/Aug/2026:12:14:01 +0000] "GET /wp-content/plugins/loginpress/css/themes/?download=%2Fusr%2Flib64%2Flibsss_idmap.so.0.5.1&path=%2Fusr%2Flib64 HTTP/2.0" 200 545 "-" "Mozilla/5.0 AppleWebKit/537.36 (KHTML, like Gecko; compatible; ClaudeBot/1.0; +claudebot@anthropic.com)"
216.73.216.212 - - [25/Aug/2026:12:14:06 +0000] "GET /wp-content/plugins/loginpress/css/themes/?download=%2Fusr%2Flib64%2Flibefa.so.1.4.61.0&path=%2Fusr%2Flib64 HTTP/2.0" 200 545 "-" "Mozilla/5.0 AppleWebKit/537.36 (KHTML, like Gecko; compatible; ClaudeBot/1.0; +claudebot@anthropic.com)"
104.245.103.29 - - [25/Aug/2026:12:14:09 +0000] "GET //index.php?params HTTP/2.0" 404 265 "-" "Mozilla/5.0 (compatible; Googlebot/2.1; +http://www.google.com/bot.html; (greenwich&lewisham))"
104.245.103.29 - - [25/Aug/2026:12:14:09 +0000] "GET /47f45159/about.php?ac=p&api=&path=&t=53428953932bafe487554373230b113a HTTP/2.0" 404 265 "-" "Mozilla/5.0 (Windows NT 10.0; Win64; x64) AppleWebKit/537.36 (KHTML, like Gecko) Chrome/136.0.0.0 Safari/537.36 Edg/136.0.0.0"
216.73.216.212 - - [25/Aug/2026:12:14:11 +0000] "GET /wp-content/plugins/loginpress/css/themes/?download=%2Fusr%2Flib64%2Flibgpm.so.2.1.0&path=%2Fusr%2Flib64 HTTP/2.0" 200 545 "-" "Mozilla/5.0 AppleWebKit/537.36 (KHTML, like Gecko; compatible; ClaudeBot/1.0; +claudebot@anthropic.com)"
104.245.103.29 - - [25/Aug/2026:12:14:12 +0000] "GET /wp-admin/css/colors/colors/radio.php?520 HTTP/2.0" 200 101 "-" "Mozilla/5.0 (Windows NT 10.0; Win64; x64) AppleWebKit/537.36 (KHTML, like Gecko) Chrome/136.0.0.0 Safari/537.36 Edg/136.0.0.0"
104.245.103.29 - - [25/Aug/2026:12:14:13 +0000] "POST /wp-admin/css/colors/colors/radio.php?520 HTTP/2.0" 200 1035 "-" "Mozilla/5.0 (Windows NT 10.0; Win64; x64) AppleWebKit/537.36 (KHTML, like Gecko) Chrome/136.0.0.0 Safari/537.36 Edg/136.0.0.0"
104.245.103.29 - - [25/Aug/2026:12:14:14 +0000] "GET /wp-admin/css/colors/colors/radio.php?520 HTTP/2.0" 200 101 "-" "Mozilla/5.0 (Windows NT 10.0; Win64; x64) AppleWebKit/537.36 (KHTML, like Gecko) Chrome/136.0.0.0 Safari/537.36 Edg/136.0.0.0"
104.245.103.29 - - [25/Aug/2026:12:14:14 +0000] "POST /wp-admin/css/colors/colors/radio.php HTTP/2.0" 200 1087 "-" "Mozilla/5.0 (Windows NT 10.0; Win64; x64) AppleWebKit/537.36 (KHTML, like Gecko) Chrome/136.0.0.0 Safari/537.36 Edg/136.0.0.0"
104.245.103.29 - - [25/Aug/2026:12:14:15 +0000] "GET /wp-admin/css/colors/colors/lock360.php?ac=p&api=&path=&t=53428953932bafe487554373230b113a HTTP/2.0" 200 30 "-" "Mozilla/5.0 (Windows NT 10.0; Win64; x64) AppleWebKit/537.36 (KHTML, like Gecko) Chrome/136.0.0.0 Safari/537.36 Edg/136.0.0.0"
104.245.103.29 - - [25/Aug/2026:12:14:16 +0000] "GET /wp-admin/css/colors/colors/radio.php?ac=p&api=&path=&t=53428953932bafe487554373230b113a HTTP/2.0" 200 30 "-" "Mozilla/5.0 (Windows NT 10.0; Win64; x64) AppleWebKit/537.36 (KHTML, like Gecko) Chrome/136.0.0.0 Safari/537.36 Edg/136.0.0.0"
216.73.216.212 - - [25/Aug/2026:12:14:16 +0000] "GET /wp-content/plugins/loginpress/css/themes/?download=%2Fusr%2Flib64%2Flibnsl.so.1&path=%2Fusr%2Flib64 HTTP/2.0" 200 545 "-" "Mozilla/5.0 AppleWebKit/537.36 (KHTML, like Gecko; compatible; ClaudeBot/1.0; +claudebot@anthropic.com)"
104.245.103.29 - - [25/Aug/2026:12:14:18 +0000] "GET /wp-includes/Requests/src/Response/2index.php?520 HTTP/2.0" 404 265 "-" "Mozilla/5.0 (Windows NT 10.0; Win64; x64) AppleWebKit/537.36 (KHTML, like Gecko) Chrome/136.0.0.0 Safari/537.36 Edg/136.0.0.0"
104.245.103.29 - - [25/Aug/2026:12:14:19 +0000] "POST /wp-includes/Requests/src/Response/2index.php?520 HTTP/2.0" 404 265 "-" "Mozilla/5.0 (Windows NT 10.0; Win64; x64) AppleWebKit/537.36 (KHTML, like Gecko) Chrome/136.0.0.0 Safari/537.36 Edg/136.0.0.0"
104.245.103.29 - - [25/Aug/2026:12:14:20 +0000] "POST /wp-includes/Requests/src/Response/2index.php?520 HTTP/2.0" 404 265 "-" "Mozilla/5.0 (Windows NT 10.0; Win64; x64) AppleWebKit/537.36 (KHTML, like Gecko) Chrome/136.0.0.0 Safari/537.36 Edg/136.0.0.0"
104.245.103.29 - - [25/Aug/2026:12:14:21 +0000] "GET /wp-includes/Requests/src/Response/2index.php?520 HTTP/2.0" 404 265 "-" "Mozilla/5.0 (Windows NT 10.0; Win64; x64) AppleWebKit/537.36 (KHTML, like Gecko) Chrome/136.0.0.0 Safari/537.36 Edg/136.0.0.0"
104.245.103.29 - - [25/Aug/2026:12:14:21 +0000] "POST /wp-includes/Requests/src/Response/2index.php HTTP/2.0" 404 265 "-" "Mozilla/5.0 (Windows NT 10.0; Win64; x64) AppleWebKit/537.36 (KHTML, like Gecko) Chrome/136.0.0.0 Safari/537.36 Edg/136.0.0.0"
216.73.216.212 - - [25/Aug/2026:12:14:21 +0000] "GET /wp-content/plugins/loginpress/css/themes/?download=%2Fusr%2Flib64%2Flibtinfo.so.5&path=%2Fusr%2Flib64 HTTP/2.0" 200 545 "-" "Mozilla/5.0 AppleWebKit/537.36 (KHTML, like Gecko; compatible; ClaudeBot/1.0; +claudebot@anthropic.com)"
104.245.103.29 - - [25/Aug/2026:12:14:22 +0000] "GET /wp-includes/Requests/src/Response/2index.php?ac=p&api=&path=&t=53428953932bafe487554373230b113a HTTP/2.0" 404 265 "-" "Mozilla/5.0 (Windows NT 10.0; Win64; x64) AppleWebKit/537.36 (KHTML, like Gecko) Chrome/136.0.0.0 Safari/537.36 Edg/136.0.0.0"
104.245.103.29 - - [25/Aug/2026:12:14:24 +0000] "GET /wp-content/plugins/essential-addons-for-elementor-lite/vendor/content.php?520 HTTP/2.0" 404 265 "-" "Mozilla/5.0 (Windows NT 10.0; Win64; x64) AppleWebKit/537.36 (KHTML, like Gecko) Chrome/136.0.0.0 Safari/537.36 Edg/136.0.0.0"
104.245.103.29 - - [25/Aug/2026:12:14:25 +0000] "POST /wp-content/plugins/essential-addons-for-elementor-lite/vendor/content.php?520 HTTP/2.0" 404 265 "-" "Mozilla/5.0 (Windows NT 10.0; Win64; x64) AppleWebKit/537.36 (KHTML, like Gecko) Chrome/136.0.0.0 Safari/537.36 Edg/136.0.0.0"
104.245.103.29 - - [25/Aug/2026:12:14:26 +0000] "POST /wp-content/plugins/essential-addons-for-elementor-lite/vendor/content.php?520 HTTP/2.0" 404 265 "-" "Mozilla/5.0 (Windows NT 10.0; Win64; x64) AppleWebKit/537.36 (KHTML, like Gecko) Chrome/136.0.0.0 Safari/537.36 Edg/136.0.0.0"
104.245.103.29 - - [25/Aug/2026:12:14:26 +0000] "GET /wp-content/plugins/essential-addons-for-elementor-lite/vendor/content.php?520 HTTP/2.0" 404 265 "-" "Mozilla/5.0 (Windows NT 10.0; Win64; x64) AppleWebKit/537.36 (KHTML, like Gecko) Chrome/136.0.0.0 Safari/537.36 Edg/136.0.0.0"
216.73.216.212 - - [25/Aug/2026:12:14:26 +0000] "GET /wp-content/plugins/loginpress/css/themes/?rename=%2Fusr%2Flib64%2Flibbabeltrace-ctf.so.1.0.0 HTTP/2.0" 200 545 "-" "Mozilla/5.0 AppleWebKit/537.36 (KHTML, like Gecko; compatible; ClaudeBot/1.0; +claudebot@anthropic.com)"
104.245.103.29 - - [25/Aug/2026:12:14:27 +0000] "POST /wp-content/plugins/essential-addons-for-elementor-lite/vendor/content.php HTTP/2.0" 404 265 "-" "Mozilla/5.0 (Windows NT 10.0; Win64; x64) AppleWebKit/537.36 (KHTML, like Gecko) Chrome/136.0.0.0 Safari/537.36 Edg/136.0.0.0"
104.245.103.29 - - [25/Aug/2026:12:14:27 +0000] "GET /wp-content/plugins/essential-addons-for-elementor-lite/vendor/content.php?ac=p&api=&path=&t=53428953932bafe487554373230b113a HTTP/2.0" 404 265 "-" "Mozilla/5.0 (Windows NT 10.0; Win64; x64) AppleWebKit/537.36 (KHTML, like Gecko) Chrome/136.0.0.0 Safari/537.36 Edg/136.0.0.0"
104.245.103.29 - - [25/Aug/2026:12:14:29 +0000] "GET /wp-includes/css/wp-login.php?520 HTTP/2.0" 404 265 "-" "Mozilla/5.0 (Windows NT 10.0; Win64; x64) AppleWebKit/537.36 (KHTML, like Gecko) Chrome/136.0.0.0 Safari/537.36 Edg/136.0.0.0"
104.245.103.29 - - [25/Aug/2026:12:14:30 +0000] "POST /wp-includes/css/wp-login.php?520 HTTP/2.0" 404 265 "-" "Mozilla/5.0 (Windows NT 10.0; Win64; x64) AppleWebKit/537.36 (KHTML, like Gecko) Chrome/136.0.0.0 Safari/537.36 Edg/136.0.0.0"
104.245.103.29 - - [25/Aug/2026:12:14:30 +0000] "POST /wp-includes/css/wp-login.php?520 HTTP/2.0" 404 265 "-" "Mozilla/5.0 (Windows NT 10.0; Win64; x64) AppleWebKit/537.36 (KHTML, like Gecko) Chrome/136.0.0.0 Safari/537.36 Edg/136.0.0.0"
216.73.216.212 - - [25/Aug/2026:12:14:31 +0000] "GET /wp-content/plugins/loginpress/css/themes/?download=%2Fusr%2Flib64%2Flibpanelw.so.5&path=%2Fusr%2Flib64 HTTP/2.0" 200 545 "-" "Mozilla/5.0 AppleWebKit/537.36 (KHTML, like Gecko; compatible; ClaudeBot/1.0; +claudebot@anthropic.com)"
104.245.103.29 - - [25/Aug/2026:12:14:33 +0000] "GET /wp-includes/css/wp-login.php?520 HTTP/2.0" 404 265 "-" "Mozilla/5.0 (Windows NT 10.0; Win64; x64) AppleWebKit/537.36 (KHTML, like Gecko) Chrome/136.0.0.0 Safari/537.36 Edg/136.0.0.0"
104.245.103.29 - - [25/Aug/2026:12:14:34 +0000] "POST /wp-includes/css/wp-login.php HTTP/2.0" 404 265 "-" "Mozilla/5.0 (Windows NT 10.0; Win64; x64) AppleWebKit/537.36 (KHTML, like Gecko) Chrome/136.0.0.0 Safari/537.36 Edg/136.0.0.0"
104.245.103.29 - - [25/Aug/2026:12:14:35 +0000] "GET /wp-includes/css/wp-login.php?ac=p&api=&path=&t=53428953932bafe487554373230b113a HTTP/2.0" 404 265 "-" "Mozilla/5.0 (Windows NT 10.0; Win64; x64) AppleWebKit/537.36 (KHTML, like Gecko) Chrome/136.0.0.0 Safari/537.36 Edg/136.0.0.0"
216.73.216.212 - - [25/Aug/2026:12:14:36 +0000] "GET /wp-content/plugins/loginpress/css/themes/?download=%2Fusr%2Flib64%2Flibgvpr.so.2.0.0&path=%2Fusr%2Flib64 HTTP/2.0" 200 545 "-" "Mozilla/5.0 AppleWebKit/537.36 (KHTML, like Gecko; compatible; ClaudeBot/1.0; +claudebot@anthropic.com)"
104.245.103.29 - - [25/Aug/2026:12:14:36 +0000] "GET /458dwp/10685/index.php?520 HTTP/2.0" 404 265 "-" "Mozilla/5.0 (Windows NT 10.0; Win64; x64) AppleWebKit/537.36 (KHTML, like Gecko) Chrome/136.0.0.0 Safari/537.36 Edg/136.0.0.0"
104.245.103.29 - - [25/Aug/2026:12:14:37 +0000] "POST /458dwp/10685/index.php?520 HTTP/2.0" 404 265 "-" "Mozilla/5.0 (Windows NT 10.0; Win64; x64) AppleWebKit/537.36 (KHTML, like Gecko) Chrome/136.0.0.0 Safari/537.36 Edg/136.0.0.0"
104.245.103.29 - - [25/Aug/2026:12:14:38 +0000] "POST /458dwp/10685/index.php?520 HTTP/2.0" 404 265 "-" "Mozilla/5.0 (Windows NT 10.0; Win64; x64) AppleWebKit/537.36 (KHTML, like Gecko) Chrome/136.0.0.0 Safari/537.36 Edg/136.0.0.0"
104.245.103.29 - - [25/Aug/2026:12:14:39 +0000] "GET /458dwp/10685/index.php?520 HTTP/2.0" 404 265 "-" "Mozilla/5.0 (Windows NT 10.0; Win64; x64) AppleWebKit/537.36 (KHTML, like Gecko) Chrome/136.0.0.0 Safari/537.36 Edg/136.0.0.0"
104.245.103.29 - - [25/Aug/2026:12:14:39 +0000] "POST /458dwp/10685/index.php HTTP/2.0" 404 265 "-" "Mozilla/5.0 (Windows NT 10.0; Win64; x64) AppleWebKit/537.36 (KHTML, like Gecko) Chrome/136.0.0.0 Safari/537.36 Edg/136.0.0.0"
104.245.103.29 - - [25/Aug/2026:12:14:40 +0000] "GET /458dwp/10685/index.php?ac=p&api=&path=&t=53428953932bafe487554373230b113a HTTP/2.0" 404 265 "-" "Mozilla/5.0 (Windows NT 10.0; Win64; x64) AppleWebKit/537.36 (KHTML, like Gecko) Chrome/136.0.0.0 Safari/537.36 Edg/136.0.0.0"
216.73.216.212 - - [25/Aug/2026:12:14:41 +0000] "GET /wp-content/plugins/loginpress/css/themes/?download=%2Fusr%2Flib64%2Flibidn2.so.0.3.7&path=%2Fusr%2Flib64 HTTP/2.0" 200 545 "-" "Mozilla/5.0 AppleWebKit/537.36 (KHTML, like Gecko; compatible; ClaudeBot/1.0; +claudebot@anthropic.com)"
216.73.216.212 - - [25/Aug/2026:12:14:46 +0000] "GET /wp-content/plugins/loginpress/css/themes/?download=%2Fusr%2Flib64%2Flibpcap.so.1.10.0&path=%2Fusr%2Flib64 HTTP/2.0" 200 545 "-" "Mozilla/5.0 AppleWebKit/537.36 (KHTML, like Gecko; compatible; ClaudeBot/1.0; +claudebot@anthropic.com)"
216.73.216.212 - - [25/Aug/2026:12:14:51 +0000] "GET /wp-content/plugins/loginpress/css/themes/?download=%2Fusr%2Flib64%2FlibXt.so.6&path=%2Fusr%2Flib64 HTTP/2.0" 200 545 "-" "Mozilla/5.0 AppleWebKit/537.36 (KHTML, like Gecko; compatible; ClaudeBot/1.0; +claudebot@anthropic.com)"
216.73.216.212 - - [25/Aug/2026:12:14:57 +0000] "GET /wp-content/plugins/loginpress/css/themes/?download=%2Fusr%2Flib64%2Flibtiff.so.5.8.0&path=%2Fusr%2Flib64 HTTP/2.0" 200 545 "-" "Mozilla/5.0 AppleWebKit/537.36 (KHTML, like Gecko; compatible; ClaudeBot/1.0; +claudebot@anthropic.com)"
216.73.216.212 - - [25/Aug/2026:12:14:58 +0000] "GET /wp-content/plugins/loginpress/css/themes/?download=%2Fusr%2Flib64%2Flibicuuc.so.67&path=%2Fusr%2Flib64 HTTP/2.0" 200 545 "-" "Mozilla/5.0 AppleWebKit/537.36 (KHTML, like Gecko; compatible; ClaudeBot/1.0; +claudebot@anthropic.com)"
216.73.216.212 - - [25/Aug/2026:12:14:58 +0000] "GET /wp-content/plugins/loginpress/css/themes/?download=%2Fusr%2Flib64%2Flibsmbldap.so.2.1.0&path=%2Fusr%2Flib64 HTTP/2.0" 200 545 "-" "Mozilla/5.0 AppleWebKit/537.36 (KHTML, like Gecko; compatible; ClaudeBot/1.0; +claudebot@anthropic.com)"
216.73.216.212 - - [25/Aug/2026:12:14:59 +0000] "GET /wp-content/plugins/loginpress/css/themes/?download=%2Fusr%2Flib64%2FlibldacBT_enc.so.2&path=%2Fusr%2Flib64 HTTP/2.0" 200 545 "-" "Mozilla/5.0 AppleWebKit/537.36 (KHTML, like Gecko; compatible; ClaudeBot/1.0; +claudebot@anthropic.com)"
216.73.216.212 - - [25/Aug/2026:12:14:59 +0000] "GET /wp-content/plugins/loginpress/css/themes/?download=%2Fusr%2Flib64%2Flibsigsegv.so.2&path=%2Fusr%2Flib64 HTTP/2.0" 200 545 "-" "Mozilla/5.0 AppleWebKit/537.36 (KHTML, like Gecko; compatible; ClaudeBot/1.0; +claudebot@anthropic.com)"
216.73.216.212 - - [25/Aug/2026:12:15:00 +0000] "GET /wp-content/plugins/loginpress/css/themes/?download=%2Fusr%2Flib64%2FlibOpenEXR-3_1.so.30.1.0&path=%2Fusr%2Flib64 HTTP/2.0" 200 545 "-" "Mozilla/5.0 AppleWebKit/537.36 (KHTML, like Gecko; compatible; ClaudeBot/1.0; +claudebot@anthropic.com)"
216.73.216.212 - - [25/Aug/2026:12:15:00 +0000] "GET /wp-content/plugins/loginpress/css/themes/?download=%2Fusr%2Flib64%2Flibupower-glib.so.3&path=%2Fusr%2Flib64 HTTP/2.0" 200 545 "-" "Mozilla/5.0 AppleWebKit/537.36 (KHTML, like Gecko; compatible; ClaudeBot/1.0; +claudebot@anthropic.com)"
216.73.216.212 - - [25/Aug/2026:12:15:01 +0000] "GET /wp-content/plugins/all-in-one-wp-migration/lib/vendor/bandar/?C=D&O=A HTTP/2.0" 200 405 "-" "Mozilla/5.0 AppleWebKit/537.36 (KHTML, like Gecko; compatible; ClaudeBot/1.0; +claudebot@anthropic.com)"
216.73.216.212 - - [25/Aug/2026:12:15:01 +0000] "GET /wp-content/plugins/loginpress/css/themes/?download=%2Fusr%2Flib64%2Flibnsl.so.3.0.0&path=%2Fusr%2Flib64 HTTP/2.0" 200 545 "-" "Mozilla/5.0 AppleWebKit/537.36 (KHTML, like Gecko; compatible; ClaudeBot/1.0; +claudebot@anthropic.com)"
216.73.216.212 - - [25/Aug/2026:12:15:01 +0000] "GET /wp-content/themes/kadence/lifterlms/?C=N&O=A HTTP/2.0" 200 388 "-" "Mozilla/5.0 AppleWebKit/537.36 (KHTML, like Gecko; compatible; ClaudeBot/1.0; +claudebot@anthropic.com)"
216.73.216.212 - - [25/Aug/2026:12:15:02 +0000] "GET /wp-content/plugins/loginpress/css/themes/?download=%2Fusr%2Flib64%2Flibicui18n.so.67&path=%2Fusr%2Flib64 HTTP/2.0" 200 545 "-" "Mozilla/5.0 AppleWebKit/537.36 (KHTML, like Gecko; compatible; ClaudeBot/1.0; +claudebot@anthropic.com)"
216.73.216.212 - - [25/Aug/2026:12:15:02 +0000] "GET /wp-content/plugins/loginpress/css/themes/?download=%2Fusr%2Flib64%2Flibctf-nobfd.la&path=%2Fusr%2Flib64 HTTP/2.0" 200 545 "-" "Mozilla/5.0 AppleWebKit/537.36 (KHTML, like Gecko; compatible; ClaudeBot/1.0; +claudebot@anthropic.com)"
216.73.216.212 - - [25/Aug/2026:12:15:02 +0000] "GET /wp-content/uploads/2024/03/Slumber-Support-Hyperbaric-Chamber-Sleep-Solutions-1-150x150.jpg HTTP/2.0" 200 7234 "-" "Mozilla/5.0 AppleWebKit/537.36 (KHTML, like Gecko; compatible; ClaudeBot/1.0; +claudebot@anthropic.com)"
216.73.216.212 - - [25/Aug/2026:12:15:02 +0000] "GET /wp-content/plugins/loginpress/css/themes/?rename=%2Fusr%2Flib64%2Flibgstfft-1.0.so.0.2212.0 HTTP/2.0" 200 545 "-" "Mozilla/5.0 AppleWebKit/537.36 (KHTML, like Gecko; compatible; ClaudeBot/1.0; +claudebot@anthropic.com)"
216.73.216.212 - - [25/Aug/2026:12:15:03 +0000] "GET /wp-content/uploads/2024/03/Sports-Recovery-Exploring-Hyperbaric-Chamber-Benefits-600x332.jpg HTTP/2.0" 200 36310 "-" "Mozilla/5.0 AppleWebKit/537.36 (KHTML, like Gecko; compatible; ClaudeBot/1.0; +claudebot@anthropic.com)"
216.73.216.212 - - [25/Aug/2026:12:15:03 +0000] "GET /wp-content/uploads/2023/12/Pressurized-Rejuvenation-Hyperbaric-Health-1024x567.jpg HTTP/2.0" 200 81021 "-" "Mozilla/5.0 AppleWebKit/537.36 (KHTML, like Gecko; compatible; ClaudeBot/1.0; +claudebot@anthropic.com)"
216.73.216.212 - - [25/Aug/2026:12:15:03 +0000] "GET /wp-content/plugins/loginpress/css/themes/?rename=%2Fusr%2Flib64%2Flibwayland-client.so.0.21.0 HTTP/2.0" 200 545 "-" "Mozilla/5.0 AppleWebKit/537.36 (KHTML, like Gecko; compatible; ClaudeBot/1.0; +claudebot@anthropic.com)"
216.73.216.212 - - [25/Aug/2026:12:15:03 +0000] "GET /wp-content/plugins/loginpress/css/themes/?download=%2Fusr%2Flib64%2Flibfdk-aac.so.2.0.0&path=%2Fusr%2Flib64 HTTP/2.0" 200 545 "-" "Mozilla/5.0 AppleWebKit/537.36 (KHTML, like Gecko; compatible; ClaudeBot/1.0; +claudebot@anthropic.com)"
216.73.216.212 - - [25/Aug/2026:12:15:04 +0000] "GET /wp-content/plugins/loginpress/css/themes/?rename=%2Fusr%2Flib64%2Flibpoppler-glib.so.8.19.0 HTTP/2.0" 200 545 "-" "Mozilla/5.0 AppleWebKit/537.36 (KHTML, like Gecko; compatible; ClaudeBot/1.0; +claudebot@anthropic.com)"
216.73.216.212 - - [25/Aug/2026:12:15:04 +0000] "GET /wp-content/plugins/loginpress/css/themes/?rename=%2Fusr%2Flib64%2Flibbabeltrace-dummy.so.1.0.0 HTTP/2.0" 200 545 "-" "Mozilla/5.0 AppleWebKit/537.36 (KHTML, like Gecko; compatible; ClaudeBot/1.0; +claudebot@anthropic.com)"
216.73.216.212 - - [25/Aug/2026:12:15:04 +0000] "GET /wp-content/plugins/loginpress/css/themes/?download=%2Fusr%2Flib64%2Flibgs.so.9.54&path=%2Fusr%2Flib64 HTTP/2.0" 200 545 "-" "Mozilla/5.0 AppleWebKit/537.36 (KHTML, like Gecko; compatible; ClaudeBot/1.0; +claudebot@anthropic.com)"
216.73.216.212 - - [25/Aug/2026:12:15:04 +0000] "GET /wp-content/plugins/loginpress/css/themes/?download=%2Fusr%2Flib64%2Flibexiv2.so.0.27.5&path=%2Fusr%2Flib64 HTTP/2.0" 200 545 "-" "Mozilla/5.0 AppleWebKit/537.36 (KHTML, like Gecko; compatible; ClaudeBot/1.0; +claudebot@anthropic.com)"
216.73.216.212 - - [25/Aug/2026:12:15:04 +0000] "GET /wp-content/uploads/2024/03/Sleep-Solutions-Hyperbaric-Chambers-Restorative-Effects-1-300x166.jpg HTTP/2.0" 200 12646 "-" "Mozilla/5.0 AppleWebKit/537.36 (KHTML, like Gecko; compatible; ClaudeBot/1.0; +claudebot@anthropic.com)"
216.73.216.212 - - [25/Aug/2026:12:15:04 +0000] "GET /wp-content/plugins/loginpress/css/themes/?download=%2Fusr%2Flib64%2Flibpanel.so.5.9&path=%2Fusr%2Flib64 HTTP/2.0" 200 545 "-" "Mozilla/5.0 AppleWebKit/537.36 (KHTML, like Gecko; compatible; ClaudeBot/1.0; +claudebot@anthropic.com)"
216.73.216.212 - - [25/Aug/2026:12:15:05 +0000] "GET /wp-content/uploads/2024/02/Stroke-Rehab-Unlocking-Hyperbaric-Solutions-150x150.jpg HTTP/2.0" 200 7439 "-" "Mozilla/5.0 AppleWebKit/537.36 (KHTML, like Gecko; compatible; ClaudeBot/1.0; +claudebot@anthropic.com)"
216.73.216.212 - - [25/Aug/2026:12:15:05 +0000] "GET /wp-content/plugins/loginpress/css/themes/?download=%2Fusr%2Flib64%2Flibicuio.so.67&path=%2Fusr%2Flib64 HTTP/2.0" 200 545 "-" "Mozilla/5.0 AppleWebKit/537.36 (KHTML, like Gecko; compatible; ClaudeBot/1.0; +claudebot@anthropic.com)"
216.73.216.212 - - [25/Aug/2026:12:15:05 +0000] "GET /wp-content/plugins/loginpress/css/themes/?download=%2Fusr%2Flib64%2Flibdav1d.so.7.0.0&path=%2Fusr%2Flib64 HTTP/2.0" 200 545 "-" "Mozilla/5.0 AppleWebKit/537.36 (KHTML, like Gecko; compatible; ClaudeBot/1.0; +claudebot@anthropic.com)"
216.73.216.212 - - [25/Aug/2026:12:15:05 +0000] "GET /wp-content/plugins/loginpress/css/themes/?rename=%2Fhome%2F0_README_BEFORE_DELETING_VIRTFS HTTP/2.0" 200 545 "-" "Mozilla/5.0 AppleWebKit/537.36 (KHTML, like Gecko; compatible; ClaudeBot/1.0; +claudebot@anthropic.com)"
216.73.216.212 - - [25/Aug/2026:12:15:05 +0000] "GET /wp-content/plugins/loginpress/css/themes/?download=%2Fusr%2Flib64%2Flibsamba-util.so.0.0.1&path=%2Fusr%2Flib64 HTTP/2.0" 200 545 "-" "Mozilla/5.0 AppleWebKit/537.36 (KHTML, like Gecko; compatible; ClaudeBot/1.0; +claudebot@anthropic.com)"
216.73.216.212 - - [25/Aug/2026:12:15:06 +0000] "GET /wp-content/uploads/2024/11/f03c7ae0-image-3-150x150.jpg HTTP/2.0" 200 2583 "-" "Mozilla/5.0 AppleWebKit/537.36 (KHTML, like Gecko; compatible; ClaudeBot/1.0; +claudebot@anthropic.com)"
216.73.216.212 - - [25/Aug/2026:12:15:06 +0000] "GET /wp-content/uploads/2024/01/Healing-Anywhere-Portable-Hyperbaric-Chambers-768x425.jpg HTTP/2.0" 200 57711 "-" "Mozilla/5.0 AppleWebKit/537.36 (KHTML, like Gecko; compatible; ClaudeBot/1.0; +claudebot@anthropic.com)"
216.73.216.212 - - [25/Aug/2026:12:15:06 +0000] "GET /wp-content/uploads/2023/09/How-Does-the-Oxyflow-Hyperbaric-Therapy-Work-150x150.jpg HTTP/2.0" 200 8488 "-" "Mozilla/5.0 AppleWebKit/537.36 (KHTML, like Gecko; compatible; ClaudeBot/1.0; +claudebot@anthropic.com)"
216.73.216.212 - - [25/Aug/2026:12:15:06 +0000] "GET /wp-content/plugins/loginpress/css/themes/?download=%2Fusr%2Flib64%2Flibacl.so.1.2.2400&path=%2Fusr%2Flib64 HTTP/2.0" 200 545 "-" "Mozilla/5.0 AppleWebKit/537.36 (KHTML, like Gecko; compatible; ClaudeBot/1.0; +claudebot@anthropic.com)"
216.73.216.212 - - [25/Aug/2026:12:15:08 +0000] "GET /wp-content/plugins/loginpress/css/themes/?rename=%2Fusr%2Flib64%2Flibgstrtsp-1.0.so.0.2212.0 HTTP/2.0" 200 545 "-" "Mozilla/5.0 AppleWebKit/537.36 (KHTML, like Gecko; compatible; ClaudeBot/1.0; +claudebot@anthropic.com)"
216.73.216.212 - - [25/Aug/2026:12:15:08 +0000] "GET /wp-content/uploads/2024/03/Recovery-Boost-Hyperbaric-Chambers-Athletic-Edge-1-300x300.jpg HTTP/2.0" 200 21026 "-" "Mozilla/5.0 AppleWebKit/537.36 (KHTML, like Gecko; compatible; ClaudeBot/1.0; +claudebot@anthropic.com)"
216.73.216.212 - - [25/Aug/2026:12:15:08 +0000] "GET /wp-content/plugins/loginpress/css/themes/?download=%2Fusr%2Flib64%2Fliblmdb.so.0.0.0&path=%2Fusr%2Flib64 HTTP/2.0" 200 545 "-" "Mozilla/5.0 AppleWebKit/537.36 (KHTML, like Gecko; compatible; ClaudeBot/1.0; +claudebot@anthropic.com)"
216.73.216.212 - - [25/Aug/2026:12:15:09 +0000] "GET /wp-content/uploads/2024/11/placeholder-1-300x300.png HTTP/2.0" 200 4775 "-" "Mozilla/5.0 AppleWebKit/537.36 (KHTML, like Gecko; compatible; ClaudeBot/1.0; +claudebot@anthropic.com)"
216.73.216.212 - - [25/Aug/2026:12:15:09 +0000] "GET /wp-content/uploads/2024/01/Pressure-on-the-Move-Hyperbaric-Freedom-600x332.jpg HTTP/2.0" 200 39848 "-" "Mozilla/5.0 AppleWebKit/537.36 (KHTML, like Gecko; compatible; ClaudeBot/1.0; +claudebot@anthropic.com)"
216.73.216.212 - - [25/Aug/2026:12:15:09 +0000] "GET /wp-content/plugins/loginpress/css/themes/?download=%2Fusr%2Flib64%2Flibusb-1.0.so.0&path=%2Fusr%2Flib64 HTTP/2.0" 200 545 "-" "Mozilla/5.0 AppleWebKit/537.36 (KHTML, like Gecko; compatible; ClaudeBot/1.0; +claudebot@anthropic.com)"
216.73.216.212 - - [25/Aug/2026:12:15:09 +0000] "GET /wp-content/plugins/loginpress/css/themes/?download=%2Fusr%2Flib64%2FlibXxf86vm.so.1&path=%2Fusr%2Flib64 HTTP/2.0" 200 545 "-" "Mozilla/5.0 AppleWebKit/537.36 (KHTML, like Gecko; compatible; ClaudeBot/1.0; +claudebot@anthropic.com)"
216.73.216.212 - - [25/Aug/2026:12:15:09 +0000] "GET /wp-content/plugins/loginpress/css/themes/?download=%2Fusr%2Flib64%2Flibwebpdemux.so.2.0.7&path=%2Fusr%2Flib64 HTTP/2.0" 200 545 "-" "Mozilla/5.0 AppleWebKit/537.36 (KHTML, like Gecko; compatible; ClaudeBot/1.0; +claudebot@anthropic.com)"
216.73.216.212 - - [25/Aug/2026:12:15:09 +0000] "GET /wp-content/plugins/loginpress/css/themes/?download=%2Fusr%2Flib64%2Flibldap_r-2.4.so.2&path=%2Fusr%2Flib64 HTTP/2.0" 200 545 "-" "Mozilla/5.0 AppleWebKit/537.36 (KHTML, like Gecko; compatible; ClaudeBot/1.0; +claudebot@anthropic.com)"
216.73.216.212 - - [25/Aug/2026:12:15:10 +0000] "GET /wp-content/plugins/google-site-kit/third-party/symfony/polyfill-intl-idn/?C=N&O=A HTTP/2.0" 200 533 "-" "Mozilla/5.0 AppleWebKit/537.36 (KHTML, like Gecko; compatible; ClaudeBot/1.0; +claudebot@anthropic.com)"
216.73.216.212 - - [25/Aug/2026:12:15:10 +0000] "GET /wp-content/plugins/loginpress/css/themes/?download=%2Fusr%2Flib64%2Flibtss2-fapi.so.1&path=%2Fusr%2Flib64 HTTP/2.0" 200 545 "-" "Mozilla/5.0 AppleWebKit/537.36 (KHTML, like Gecko; compatible; ClaudeBot/1.0; +claudebot@anthropic.com)"
216.73.216.212 - - [25/Aug/2026:12:15:10 +0000] "GET /wp-content/plugins/loginpress/css/themes/?download=%2Fusr%2Flib64%2Flibuuid.so.1.3.0&path=%2Fusr%2Flib64 HTTP/2.0" 200 545 "-" "Mozilla/5.0 AppleWebKit/537.36 (KHTML, like Gecko; compatible; ClaudeBot/1.0; +claudebot@anthropic.com)"
216.73.216.212 - - [25/Aug/2026:12:15:10 +0000] "GET /wp-includes/js/tinymce/themes/wp-settings.php?download=%2Fhome%2Fgodaofbq%2Fdrhyperbaric.com%2Fwp-includes%2Fjs%2Ftinymce%2Fthemes%2Ferror_log&path=%2Fhome%2Fgodaofbq%2Fdrhyperbaric.com%2Fwp-includes%2Fjs%2Ftinymce%2Fthemes HTTP/2.0" 200 559 "-" "Mozilla/5.0 AppleWebKit/537.36 (KHTML, like Gecko; compatible; ClaudeBot/1.0; +claudebot@anthropic.com)"
216.73.216.212 - - [25/Aug/2026:12:15:10 +0000] "GET /wp-content/plugins/loginpress/css/themes/?download=%2Fusr%2Flib64%2Flibxcb-dri3.so&path=%2Fusr%2Flib64 HTTP/2.0" 200 545 "-" "Mozilla/5.0 AppleWebKit/537.36 (KHTML, like Gecko; compatible; ClaudeBot/1.0; +claudebot@anthropic.com)"
216.73.216.212 - - [25/Aug/2026:12:15:11 +0000] "GET /wp-content/plugins/loginpress/css/themes/?rename=%2Fusr%2Flib64%2Flibtss2-tcti-mssim.so.0 HTTP/2.0" 200 545 "-" "Mozilla/5.0 AppleWebKit/537.36 (KHTML, like Gecko; compatible; ClaudeBot/1.0; +claudebot@anthropic.com)"
216.73.216.212 - - [25/Aug/2026:12:15:11 +0000] "GET /wp-content/plugins/loginpress/css/themes/?rename=%2Fusr%2Flib64%2Flibgstcheck-1.0.so.0.2212.0 HTTP/2.0" 200 545 "-" "Mozilla/5.0 AppleWebKit/537.36 (KHTML, like Gecko; compatible; ClaudeBot/1.0; +claudebot@anthropic.com)"
216.73.216.212 - - [25/Aug/2026:12:15:11 +0000] "GET /wp-content/plugins/loginpress/css/themes/?download=%2Fusr%2Flib64%2Flibvorbis.so.0.4.9&path=%2Fusr%2Flib64 HTTP/2.0" 200 545 "-" "Mozilla/5.0 AppleWebKit/537.36 (KHTML, like Gecko; compatible; ClaudeBot/1.0; +claudebot@anthropic.com)"
216.73.216.212 - - [25/Aug/2026:12:15:11 +0000] "GET /wp-content/plugins/loginpress/css/themes/?download=%2Fusr%2Flib64%2Flibsybdb.so.5.1.0&path=%2Fusr%2Flib64 HTTP/2.0" 200 545 "-" "Mozilla/5.0 AppleWebKit/537.36 (KHTML, like Gecko; compatible; ClaudeBot/1.0; +claudebot@anthropic.com)"
216.73.216.212 - - [25/Aug/2026:12:15:11 +0000] "GET /wp-content/themes/astra/inc/assets/?C=M&O=D HTTP/2.0" 200 428 "-" "Mozilla/5.0 AppleWebKit/537.36 (KHTML, like Gecko; compatible; ClaudeBot/1.0; +claudebot@anthropic.com)"
216.73.216.212 - - [25/Aug/2026:12:15:11 +0000] "GET /wp-content/plugins/loginpress/css/themes/?download=%2Fusr%2Flib64%2Flibxkbcommon.so.0.0.0&path=%2Fusr%2Flib64 HTTP/2.0" 200 545 "-" "Mozilla/5.0 AppleWebKit/537.36 (KHTML, like Gecko; compatible; ClaudeBot/1.0; +claudebot@anthropic.com)"
216.73.216.212 - - [25/Aug/2026:12:15:12 +0000] "GET /wp-content/plugins/loginpress/css/themes/?download=%2Fusr%2Flib64%2Flibrav1e.so.0.8.1&path=%2Fusr%2Flib64 HTTP/2.0" 200 545 "-" "Mozilla/5.0 AppleWebKit/537.36 (KHTML, like Gecko; compatible; ClaudeBot/1.0; +claudebot@anthropic.com)"
216.73.216.212 - - [25/Aug/2026:12:15:12 +0000] "GET /wp-content/plugins/loginpress/css/themes/?download=%2Fusr%2Flib64%2Flibprotobuf.so.25.0.0&path=%2Fusr%2Flib64 HTTP/2.0" 200 545 "-" "Mozilla/5.0 AppleWebKit/537.36 (KHTML, like Gecko; compatible; ClaudeBot/1.0; +claudebot@anthropic.com)"
216.73.216.212 - - [25/Aug/2026:12:15:12 +0000] "GET /wp-content/uploads/2023/12/Template101OxyFlow-600x332.jpg HTTP/2.0" 200 36298 "-" "Mozilla/5.0 AppleWebKit/537.36 (KHTML, like Gecko; compatible; ClaudeBot/1.0; +claudebot@anthropic.com)"
216.73.216.212 - - [25/Aug/2026:12:15:12 +0000] "GET /wp-content/uploads/2024/02/Wellness-Unleashed-Portable-Hyperbaric-Revolution-1-2-1024x567.jpg HTTP/2.0" 200 88184 "-" "Mozilla/5.0 AppleWebKit/537.36 (KHTML, like Gecko; compatible; ClaudeBot/1.0; +claudebot@anthropic.com)"
216.73.216.212 - - [25/Aug/2026:12:15:12 +0000] "GET /wp-content/plugins/loginpress/css/themes/?download=%2Fusr%2Flib64%2Flibpci.so.3.7.0&path=%2Fusr%2Flib64 HTTP/2.0" 200 545 "-" "Mozilla/5.0 AppleWebKit/537.36 (KHTML, like Gecko; compatible; ClaudeBot/1.0; +claudebot@anthropic.com)"
216.73.216.212 - - [25/Aug/2026:12:15:13 +0000] "GET /wp-content/uploads/2024/01/Cognitive-Function-and-Hyperbaric-Therapy-Insights-600x332.jpg HTTP/2.0" 200 40222 "-" "Mozilla/5.0 AppleWebKit/537.36 (KHTML, like Gecko; compatible; ClaudeBot/1.0; +claudebot@anthropic.com)"
216.73.216.212 - - [25/Aug/2026:12:15:13 +0000] "GET /wp-content/uploads/2023/09/How-Does-the-Oxyflow-Hyperbaric-Therapy-Work-600x332.jpg HTTP/2.0" 200 37105 "-" "Mozilla/5.0 AppleWebKit/537.36 (KHTML, like Gecko; compatible; ClaudeBot/1.0; +claudebot@anthropic.com)"
216.73.216.212 - - [25/Aug/2026:12:15:13 +0000] "GET /wp-content/plugins/loginpress/css/themes/?download=%2Fusr%2Flib64%2Flibipa_hbac.so.0&path=%2Fusr%2Flib64 HTTP/2.0" 200 545 "-" "Mozilla/5.0 AppleWebKit/537.36 (KHTML, like Gecko; compatible; ClaudeBot/1.0; +claudebot@anthropic.com)"
216.73.216.212 - - [25/Aug/2026:12:15:13 +0000] "GET /wp-content/plugins/loginpress/css/themes/?download=%2Fusr%2Flib64%2Flibini_config.so.5.2.1&path=%2Fusr%2Flib64 HTTP/2.0" 200 545 "-" "Mozilla/5.0 AppleWebKit/537.36 (KHTML, like Gecko; compatible; ClaudeBot/1.0; +claudebot@anthropic.com)"
216.73.216.212 - - [25/Aug/2026:12:15:13 +0000] "GET /wp-content/plugins/loginpress/css/themes/?download=%2Fusr%2Flib64%2Flibtss2-rc.so.0&path=%2Fusr%2Flib64 HTTP/2.0" 200 545 "-" "Mozilla/5.0 AppleWebKit/537.36 (KHTML, like Gecko; compatible; ClaudeBot/1.0; +claudebot@anthropic.com)"
216.73.216.212 - - [25/Aug/2026:12:15:13 +0000] "GET /wp-content/plugins/loginpress/css/themes/?download=%2Fusr%2Flib64%2Flibgailutil.so.18.0.1&path=%2Fusr%2Flib64 HTTP/2.0" 200 545 "-" "Mozilla/5.0 AppleWebKit/537.36 (KHTML, like Gecko; compatible; ClaudeBot/1.0; +claudebot@anthropic.com)"
216.73.216.212 - - [25/Aug/2026:12:15:14 +0000] "GET /wp-content/uploads/2024/01/The-Hyperbaric-Chamber-for-Inflammation-1024x567.jpg HTTP/2.0" 200 81524 "-" "Mozilla/5.0 AppleWebKit/537.36 (KHTML, like Gecko; compatible; ClaudeBot/1.0; +claudebot@anthropic.com)"
216.73.216.212 - - [25/Aug/2026:12:15:14 +0000] "GET /wp-content/plugins/loginpress/css/themes/?download=%2Fusr%2Flib64%2Flibxcb-present.so.0.0.0&path=%2Fusr%2Flib64 HTTP/2.0" 200 545 "-" "Mozilla/5.0 AppleWebKit/537.36 (KHTML, like Gecko; compatible; ClaudeBot/1.0; +claudebot@anthropic.com)"
216.73.216.212 - - [25/Aug/2026:12:15:14 +0000] "GET /wp-content/uploads/2024/02/Supporting-Treatment-Hyperbaric-Chambers-for-Cancer-1-1024x567.jpg HTTP/2.0" 200 80221 "-" "Mozilla/5.0 AppleWebKit/537.36 (KHTML, like Gecko; compatible; ClaudeBot/1.0; +claudebot@anthropic.com)"
216.73.216.212 - - [25/Aug/2026:12:15:14 +0000] "GET /wp-content/plugins/woocommerce/templates/myaccount/?C=D&O=A HTTP/2.0" 200 730 "-" "Mozilla/5.0 AppleWebKit/537.36 (KHTML, like Gecko; compatible; ClaudeBot/1.0; +claudebot@anthropic.com)"
216.73.216.212 - - [25/Aug/2026:12:15:15 +0000] "GET /wp-content/plugins/loginpress/css/themes/?download=%2Fusr%2Flib64%2Flibgnutls.so.30.40.4&path=%2Fusr%2Flib64 HTTP/2.0" 200 545 "-" "Mozilla/5.0 AppleWebKit/537.36 (KHTML, like Gecko; compatible; ClaudeBot/1.0; +claudebot@anthropic.com)"
216.73.216.212 - - [25/Aug/2026:12:15:15 +0000] "GET /wp-content/themes/twentytwentyfive/styles/colors/?C=N&O=D HTTP/2.0" 200 523 "-" "Mozilla/5.0 AppleWebKit/537.36 (KHTML, like Gecko; compatible; ClaudeBot/1.0; +claudebot@anthropic.com)"
216.73.216.212 - - [25/Aug/2026:12:15:15 +0000] "GET /wp-content/themes/hello-elementor/template-parts/?C=D&O=D HTTP/2.0" 200 502 "-" "Mozilla/5.0 AppleWebKit/537.36 (KHTML, like Gecko; compatible; ClaudeBot/1.0; +claudebot@anthropic.com)"
216.73.216.212 - - [25/Aug/2026:12:15:15 +0000] "GET /wp-content/uploads/2024/11/072aae93-about-two-300x300.jpg HTTP/2.0" 200 19073 "-" "Mozilla/5.0 AppleWebKit/537.36 (KHTML, like Gecko; compatible; ClaudeBot/1.0; +claudebot@anthropic.com)"
216.73.216.212 - - [25/Aug/2026:12:15:15 +0000] "GET /wp-content/uploads/2023/09/Oxyflow-Hyperbaric-Chamber-Improve-Athletic-Performance-150x150.jpg HTTP/2.0" 200 8346 "-" "Mozilla/5.0 AppleWebKit/537.36 (KHTML, like Gecko; compatible; ClaudeBot/1.0; +claudebot@anthropic.com)"
216.73.216.212 - - [25/Aug/2026:12:15:16 +0000] "GET /wp-content/plugins/loginpress/css/themes/?download=%2Fusr%2Flib64%2Flibbrotlidec.so.1&path=%2Fusr%2Flib64 HTTP/2.0" 200 545 "-" "Mozilla/5.0 AppleWebKit/537.36 (KHTML, like Gecko; compatible; ClaudeBot/1.0; +claudebot@anthropic.com)"
