74.7.227.21 - - [25/Aug/2026:13:36:39 +0000] "GET /wp-includes/images/icon-library/arrow-down-left.svg HTTP/2.0" 200 129 "https://drhyperbaric.com/wp-includes/images/icon-library/" "Mozilla/5.0 AppleWebKit/537.36 (KHTML, like Gecko; compatible; GPTBot/1.4; +https://openai.com/gptbot)"
216.73.216.212 - - [25/Aug/2026:13:36:39 +0000] "GET /wp-content/plugins/woocommerce/src/Checkout/Helpers/ReserveStock.php HTTP/2.0" 200 0 "-" "Mozilla/5.0 AppleWebKit/537.36 (KHTML, like Gecko; compatible; ClaudeBot/1.0; +claudebot@anthropic.com)"
74.7.227.21 - - [25/Aug/2026:13:36:39 +0000] "GET /wp-includes/images/icon-library/corner-top-left.svg HTTP/2.0" 200 290 "https://drhyperbaric.com/wp-includes/images/icon-library/" "Mozilla/5.0 AppleWebKit/537.36 (KHTML, like Gecko; compatible; GPTBot/1.4; +https://openai.com/gptbot)"
74.7.227.21 - - [25/Aug/2026:13:36:40 +0000] "GET /wp-includes/images/icon-library/next.svg HTTP/2.0" 200 168 "https://drhyperbaric.com/wp-includes/images/icon-library/" "Mozilla/5.0 AppleWebKit/537.36 (KHTML, like Gecko; compatible; GPTBot/1.4; +https://openai.com/gptbot)"
74.7.227.21 - - [25/Aug/2026:13:36:40 +0000] "GET /wp-content/plugins/essential-blocks/includes/Dependencies/Notice/ HTTP/2.0" 200 477 "https://drhyperbaric.com/wp-content/plugins/essential-blocks/includes/Dependencies/" "Mozilla/5.0 AppleWebKit/537.36 (KHTML, like Gecko; compatible; GPTBot/1.4; +https://openai.com/gptbot)"
74.7.227.21 - - [25/Aug/2026:13:36:41 +0000] "GET /wp-includes/images/icon-library/list-item.svg HTTP/2.0" 200 151 "https://drhyperbaric.com/wp-includes/images/icon-library/" "Mozilla/5.0 AppleWebKit/537.36 (KHTML, like Gecko; compatible; GPTBot/1.4; +https://openai.com/gptbot)"
74.7.227.21 - - [25/Aug/2026:13:36:41 +0000] "GET /wp-includes/php-ai-client/src/ HTTP/2.0" 200 493 "https://drhyperbaric.com/wp-includes/php-ai-client/" "Mozilla/5.0 AppleWebKit/537.36 (KHTML, like Gecko; compatible; GPTBot/1.4; +https://openai.com/gptbot)"
74.7.227.21 - - [25/Aug/2026:13:36:42 +0000] "GET /wp-includes/images/icon-library/navigation-overlay.svg HTTP/2.0" 200 195 "https://drhyperbaric.com/wp-includes/images/icon-library/" "Mozilla/5.0 AppleWebKit/537.36 (KHTML, like Gecko; compatible; GPTBot/1.4; +https://openai.com/gptbot)"
74.7.227.21 - - [25/Aug/2026:13:36:42 +0000] "GET /wp-includes/images/icon-library/justify-stretch.svg HTTP/2.0" 200 141 "https://drhyperbaric.com/wp-includes/images/icon-library/" "Mozilla/5.0 AppleWebKit/537.36 (KHTML, like Gecko; compatible; GPTBot/1.4; +https://openai.com/gptbot)"
74.7.227.21 - - [25/Aug/2026:13:36:43 +0000] "GET /wp-includes/images/icon-library/text-horizontal.svg HTTP/2.0" 200 201 "https://drhyperbaric.com/wp-includes/images/icon-library/" "Mozilla/5.0 AppleWebKit/537.36 (KHTML, like Gecko; compatible; GPTBot/1.4; +https://openai.com/gptbot)"
74.7.227.21 - - [25/Aug/2026:13:36:43 +0000] "GET /wp-content/plugins/essential-blocks/includes/blocks.php HTTP/2.0" 500 0 "https://drhyperbaric.com/wp-content/plugins/essential-blocks/includes/" "Mozilla/5.0 AppleWebKit/537.36 (KHTML, like Gecko; compatible; GPTBot/1.4; +https://openai.com/gptbot)"
74.7.227.21 - - [25/Aug/2026:13:36:44 +0000] "GET /wp-includes/images/icon-library/position-center.svg HTTP/2.0" 200 136 "https://drhyperbaric.com/wp-includes/images/icon-library/" "Mozilla/5.0 AppleWebKit/537.36 (KHTML, like Gecko; compatible; GPTBot/1.4; +https://openai.com/gptbot)"
216.73.216.212 - - [25/Aug/2026:13:36:44 +0000] "GET /wp-content/plugins/woocommerce/assets/css/privacy.css HTTP/2.0" 200 271 "-" "Mozilla/5.0 AppleWebKit/537.36 (KHTML, like Gecko; compatible; ClaudeBot/1.0; +claudebot@anthropic.com)"
74.7.227.21 - - [25/Aug/2026:13:36:45 +0000] "GET /wp-includes/images/icon-library/arrow-up-right.svg HTTP/2.0" 200 128 "https://drhyperbaric.com/wp-includes/images/icon-library/" "Mozilla/5.0 AppleWebKit/537.36 (KHTML, like Gecko; compatible; GPTBot/1.4; +https://openai.com/gptbot)"
74.7.227.21 - - [25/Aug/2026:13:36:45 +0000] "GET /wp-includes/images/icon-library/term-description.svg HTTP/2.0" 200 215 "https://drhyperbaric.com/wp-includes/images/icon-library/" "Mozilla/5.0 AppleWebKit/537.36 (KHTML, like Gecko; compatible; GPTBot/1.4; +https://openai.com/gptbot)"
74.7.227.21 - - [25/Aug/2026:13:36:46 +0000] "GET /wp-includes/images/icon-library/sides-horizontal.svg HTTP/2.0" 200 246 "https://drhyperbaric.com/wp-includes/images/icon-library/" "Mozilla/5.0 AppleWebKit/537.36 (KHTML, like Gecko; compatible; GPTBot/1.4; +https://openai.com/gptbot)"
74.7.227.21 - - [25/Aug/2026:13:36:46 +0000] "GET /wp-content/plugins/essential-blocks/includes/Dependencies/Notice/Utils/ HTTP/2.0" 200 504 "https://drhyperbaric.com/wp-content/plugins/essential-blocks/includes/Dependencies/Notice/" "Mozilla/5.0 AppleWebKit/537.36 (KHTML, like Gecko; compatible; GPTBot/1.4; +https://openai.com/gptbot)"
74.7.227.21 - - [25/Aug/2026:13:36:47 +0000] "GET /wp-content/plugins/essential-blocks/includes/Dependencies/Notice/Dismiss.php HTTP/2.0" 500 0 "https://drhyperbaric.com/wp-content/plugins/essential-blocks/includes/Dependencies/Notice/" "Mozilla/5.0 AppleWebKit/537.36 (KHTML, like Gecko; compatible; GPTBot/1.4; +https://openai.com/gptbot)"
74.7.227.21 - - [25/Aug/2026:13:36:47 +0000] "GET /wp-includes/images/icon-library/query-pagination.svg HTTP/2.0" 200 130 "https://drhyperbaric.com/wp-includes/images/icon-library/" "Mozilla/5.0 AppleWebKit/537.36 (KHTML, like Gecko; compatible; GPTBot/1.4; +https://openai.com/gptbot)"
74.7.227.21 - - [25/Aug/2026:13:36:48 +0000] "GET /wp-content/plugins/essential-blocks/views/welcome.php HTTP/2.0" 200 0 "https://drhyperbaric.com/wp-content/plugins/essential-blocks/views/" "Mozilla/5.0 AppleWebKit/537.36 (KHTML, like Gecko; compatible; GPTBot/1.4; +https://openai.com/gptbot)"
216.73.216.212 - - [25/Aug/2026:13:36:49 +0000] "GET /wp-content/plugins/elementor-pro/modules/notes/data/endpoints/read-status-endpoint.php HTTP/2.0" 200 0 "-" "Mozilla/5.0 AppleWebKit/537.36 (KHTML, like Gecko; compatible; ClaudeBot/1.0; +claudebot@anthropic.com)"
74.7.227.21 - - [25/Aug/2026:13:36:49 +0000] "GET /wp-content/plugins/essential-addons-elementor/assets/front-end/js/view/instagram-gallery.js HTTP/2.0" 200 2172 "https://drhyperbaric.com/wp-content/plugins/essential-addons-elementor/assets/front-end/js/view/" "Mozilla/5.0 AppleWebKit/537.36 (KHTML, like Gecko; compatible; GPTBot/1.4; +https://openai.com/gptbot)"
74.7.227.21 - - [25/Aug/2026:13:36:49 +0000] "GET /wp-includes/images/icon-library/arrow-up-left.svg HTTP/2.0" 200 124 "https://drhyperbaric.com/wp-includes/images/icon-library/" "Mozilla/5.0 AppleWebKit/537.36 (KHTML, like Gecko; compatible; GPTBot/1.4; +https://openai.com/gptbot)"
74.7.227.21 - - [25/Aug/2026:13:36:50 +0000] "GET /wp-includes/images/icon-library/justify-space-between-vertical.svg HTTP/2.0" 200 149 "https://drhyperbaric.com/wp-includes/images/icon-library/" "Mozilla/5.0 AppleWebKit/537.36 (KHTML, like Gecko; compatible; GPTBot/1.4; +https://openai.com/gptbot)"
74.7.227.21 - - [25/Aug/2026:13:36:50 +0000] "GET /wp-content/plugins/essential-blocks/includes/Integrations/Pagination.php HTTP/2.0" 500 0 "https://drhyperbaric.com/wp-content/plugins/essential-blocks/includes/Integrations/" "Mozilla/5.0 AppleWebKit/537.36 (KHTML, like Gecko; compatible; GPTBot/1.4; +https://openai.com/gptbot)"
74.7.227.21 - - [25/Aug/2026:13:36:51 +0000] "GET /wp-content/plugins/essential-blocks/assets/vendors/ HTTP/2.0" 200 396 "https://drhyperbaric.com/wp-content/plugins/essential-blocks/assets/" "Mozilla/5.0 AppleWebKit/537.36 (KHTML, like Gecko; compatible; GPTBot/1.4; +https://openai.com/gptbot)"
74.7.227.21 - - [25/Aug/2026:13:36:52 +0000] "GET /wp-includes/images/icon-library/keyboard-return.svg HTTP/2.0" 200 331 "https://drhyperbaric.com/wp-includes/images/icon-library/" "Mozilla/5.0 AppleWebKit/537.36 (KHTML, like Gecko; compatible; GPTBot/1.4; +https://openai.com/gptbot)"
74.7.227.21 - - [25/Aug/2026:13:36:52 +0000] "GET /wp-includes/images/icon-library/more-horizontal.svg HTTP/2.0" 200 131 "https://drhyperbaric.com/wp-includes/images/icon-library/" "Mozilla/5.0 AppleWebKit/537.36 (KHTML, like Gecko; compatible; GPTBot/1.4; +https://openai.com/gptbot)"
74.7.227.21 - - [25/Aug/2026:13:36:53 +0000] "GET /wp-content/plugins/essential-blocks/includes/Dependencies/Notice/Utils/NoticeRemover.php HTTP/2.0" 200 0 "https://drhyperbaric.com/wp-content/plugins/essential-blocks/includes/Dependencies/Notice/Utils/" "Mozilla/5.0 AppleWebKit/537.36 (KHTML, like Gecko; compatible; GPTBot/1.4; +https://openai.com/gptbot)"
74.7.227.21 - - [25/Aug/2026:13:36:53 +0000] "GET /wp-content/plugins/essential-blocks/includes/Dependencies/Notice/Utils/Storage.php HTTP/2.0" 500 0 "https://drhyperbaric.com/wp-content/plugins/essential-blocks/includes/Dependencies/Notice/Utils/" "Mozilla/5.0 AppleWebKit/537.36 (KHTML, like Gecko; compatible; GPTBot/1.4; +https://openai.com/gptbot)"
216.73.216.212 - - [25/Aug/2026:13:36:54 +0000] "GET /wp-content/plugins/woocommerce/templates/loop/price.php HTTP/2.0" 200 0 "-" "Mozilla/5.0 AppleWebKit/537.36 (KHTML, like Gecko; compatible; ClaudeBot/1.0; +claudebot@anthropic.com)"
74.7.227.21 - - [25/Aug/2026:13:36:54 +0000] "GET /wp-content/plugins/essential-blocks/includes/Dependencies/Notice/Utils/Base.php HTTP/2.0" 200 0 "https://drhyperbaric.com/wp-content/plugins/essential-blocks/includes/Dependencies/Notice/Utils/" "Mozilla/5.0 AppleWebKit/537.36 (KHTML, like Gecko; compatible; GPTBot/1.4; +https://openai.com/gptbot)"
74.7.227.21 - - [25/Aug/2026:13:36:55 +0000] "GET /wp-content/plugins/essential-blocks/includes/Dependencies/Notice/Utils/Helper.php HTTP/2.0" 200 0 "https://drhyperbaric.com/wp-content/plugins/essential-blocks/includes/Dependencies/Notice/Utils/" "Mozilla/5.0 AppleWebKit/537.36 (KHTML, like Gecko; compatible; GPTBot/1.4; +https://openai.com/gptbot)"
74.7.227.21 - - [25/Aug/2026:13:36:55 +0000] "GET /wp-content/plugins/essential-blocks/includes/Dependencies/Notice/Utils/CacheBank.php HTTP/2.0" 200 0 "https://drhyperbaric.com/wp-content/plugins/essential-blocks/includes/Dependencies/Notice/Utils/" "Mozilla/5.0 AppleWebKit/537.36 (KHTML, like Gecko; compatible; GPTBot/1.4; +https://openai.com/gptbot)"
74.7.227.21 - - [25/Aug/2026:13:36:56 +0000] "GET /wp-includes/images/icon-library/flip-horizontal.svg HTTP/2.0" 200 255 "https://drhyperbaric.com/wp-includes/images/icon-library/" "Mozilla/5.0 AppleWebKit/537.36 (KHTML, like Gecko; compatible; GPTBot/1.4; +https://openai.com/gptbot)"
74.7.227.21 - - [25/Aug/2026:13:36:56 +0000] "GET /wp-content/plugins/essential-addons-elementor/assets/front-end/js/lib-view/ HTTP/2.0" 200 698 "https://drhyperbaric.com/wp-content/plugins/essential-addons-elementor/assets/front-end/js/" "Mozilla/5.0 AppleWebKit/537.36 (KHTML, like Gecko; compatible; GPTBot/1.4; +https://openai.com/gptbot)"
74.7.227.21 - - [25/Aug/2026:13:36:57 +0000] "GET /wp-content/plugins/essential-blocks/assets/fontawesome/webfonts/fa-v4compatibility.woff2 HTTP/2.0" 200 4792 "https://drhyperbaric.com/wp-content/plugins/essential-blocks/assets/fontawesome/webfonts/" "Mozilla/5.0 AppleWebKit/537.36 (KHTML, like Gecko; compatible; GPTBot/1.4; +https://openai.com/gptbot)"
2a03:2880:f812:79:: - - [25/Aug/2026:13:36:57 +0000] "GET / HTTP/2.0" 200 435 "-" "facebookexternalhit/1.1 (+http://www.facebook.com/externalhit_uatext.php)"
74.7.227.21 - - [25/Aug/2026:13:36:58 +0000] "GET /wp-includes/images/icon-library/overlay-text.svg HTTP/2.0" 200 225 "https://drhyperbaric.com/wp-includes/images/icon-library/" "Mozilla/5.0 AppleWebKit/537.36 (KHTML, like Gecko; compatible; GPTBot/1.4; +https://openai.com/gptbot)"
74.7.227.21 - - [25/Aug/2026:13:36:58 +0000] "GET /wp-includes/images/icon-library/chevron-left.svg HTTP/2.0" 200 121 "https://drhyperbaric.com/wp-includes/images/icon-library/" "Mozilla/5.0 AppleWebKit/537.36 (KHTML, like Gecko; compatible; GPTBot/1.4; +https://openai.com/gptbot)"
74.7.227.21 - - [25/Aug/2026:13:36:59 +0000] "GET /wp-includes/images/icon-library/justify-left.svg HTTP/2.0" 200 114 "https://drhyperbaric.com/wp-includes/images/icon-library/" "Mozilla/5.0 AppleWebKit/537.36 (KHTML, like Gecko; compatible; GPTBot/1.4; +https://openai.com/gptbot)"
216.73.216.212 - - [25/Aug/2026:13:36:59 +0000] "GET /wp-content/plugins/elementor/core/schemes/ HTTP/2.0" 200 436 "-" "Mozilla/5.0 AppleWebKit/537.36 (KHTML, like Gecko; compatible; ClaudeBot/1.0; +claudebot@anthropic.com)"
74.7.227.21 - - [25/Aug/2026:13:36:59 +0000] "GET /wp-includes/images/icon-library/justify-right.svg HTTP/2.0" 200 119 "https://drhyperbaric.com/wp-includes/images/icon-library/" "Mozilla/5.0 AppleWebKit/537.36 (KHTML, like Gecko; compatible; GPTBot/1.4; +https://openai.com/gptbot)"
74.7.227.21 - - [25/Aug/2026:13:37:00 +0000] "GET /wp-includes/images/icon-library/stretch-wide.svg HTTP/2.0" 200 134 "https://drhyperbaric.com/wp-includes/images/icon-library/" "Mozilla/5.0 AppleWebKit/537.36 (KHTML, like Gecko; compatible; GPTBot/1.4; +https://openai.com/gptbot)"
74.7.227.21 - - [25/Aug/2026:13:37:00 +0000] "GET /wp-includes/images/icon-library/chevron-down.svg HTTP/2.0" 200 135 "https://drhyperbaric.com/wp-includes/images/icon-library/" "Mozilla/5.0 AppleWebKit/537.36 (KHTML, like Gecko; compatible; GPTBot/1.4; +https://openai.com/gptbot)"
74.7.227.21 - - [25/Aug/2026:13:37:01 +0000] "GET /wp-includes/images/icon-library/sides-bottom.svg HTTP/2.0" 200 217 "https://drhyperbaric.com/wp-includes/images/icon-library/" "Mozilla/5.0 AppleWebKit/537.36 (KHTML, like Gecko; compatible; GPTBot/1.4; +https://openai.com/gptbot)"
74.7.227.21 - - [25/Aug/2026:13:37:01 +0000] "GET /wp-includes/images/icon-library/rotate-right.svg HTTP/2.0" 200 302 "https://drhyperbaric.com/wp-includes/images/icon-library/" "Mozilla/5.0 AppleWebKit/537.36 (KHTML, like Gecko; compatible; GPTBot/1.4; +https://openai.com/gptbot)"
74.7.227.21 - - [25/Aug/2026:13:37:02 +0000] "GET /wp-includes/images/icon-library/lock-outline.svg HTTP/2.0" 200 214 "https://drhyperbaric.com/wp-includes/images/icon-library/" "Mozilla/5.0 AppleWebKit/537.36 (KHTML, like Gecko; compatible; GPTBot/1.4; +https://openai.com/gptbot)"
74.7.227.21 - - [25/Aug/2026:13:37:02 +0000] "GET /wp-content/plugins/essential-addons-elementor/assets/front-end/js/lib-view/vertical-timeline/ HTTP/2.0" 200 454 "https://drhyperbaric.com/wp-content/plugins/essential-addons-elementor/assets/front-end/js/lib-view/" "Mozilla/5.0 AppleWebKit/537.36 (KHTML, like Gecko; compatible; GPTBot/1.4; +https://openai.com/gptbot)"
74.7.227.21 - - [25/Aug/2026:13:37:03 +0000] "GET /wp-content/plugins/essential-addons-elementor/assets/front-end/js/lib-view/interactive-cards/ HTTP/2.0" 200 455 "https://drhyperbaric.com/wp-content/plugins/essential-addons-elementor/assets/front-end/js/lib-view/" "Mozilla/5.0 AppleWebKit/537.36 (KHTML, like Gecko; compatible; GPTBot/1.4; +https://openai.com/gptbot)"
74.7.227.21 - - [25/Aug/2026:13:37:03 +0000] "GET /wp-content/plugins/essential-addons-elementor/assets/front-end/js/lib-view/jquery.event.move/ HTTP/2.0" 200 456 "https://drhyperbaric.com/wp-content/plugins/essential-addons-elementor/assets/front-end/js/lib-view/" "Mozilla/5.0 AppleWebKit/537.36 (KHTML, like Gecko; compatible; GPTBot/1.4; +https://openai.com/gptbot)"
74.7.227.21 - - [25/Aug/2026:13:37:04 +0000] "GET /wp-content/plugins/essential-addons-elementor/assets/front-end/js/lib-view/progress-bar/ HTTP/2.0" 200 449 "https://drhyperbaric.com/wp-content/plugins/essential-addons-elementor/assets/front-end/js/lib-view/" "Mozilla/5.0 AppleWebKit/537.36 (KHTML, like Gecko; compatible; GPTBot/1.4; +https://openai.com/gptbot)"
74.7.227.21 - - [25/Aug/2026:13:37:04 +0000] "GET /wp-content/plugins/essential-addons-elementor/assets/front-end/js/lib-view/waypoint/ HTTP/2.0" 200 447 "https://drhyperbaric.com/wp-content/plugins/essential-addons-elementor/assets/front-end/js/lib-view/" "Mozilla/5.0 AppleWebKit/537.36 (KHTML, like Gecko; compatible; GPTBot/1.4; +https://openai.com/gptbot)"
216.73.216.212 - - [25/Aug/2026:13:37:05 +0000] "GET /wp-content/plugins/code-snippets/js/utils/?C=S&O=A HTTP/2.0" 200 392 "-" "Mozilla/5.0 AppleWebKit/537.36 (KHTML, like Gecko; compatible; ClaudeBot/1.0; +claudebot@anthropic.com)"
74.7.227.21 - - [25/Aug/2026:13:37:05 +0000] "GET /wp-content/plugins/essential-addons-elementor/assets/front-end/js/lib-view/jarallax/ HTTP/2.0" 200 439 "https://drhyperbaric.com/wp-content/plugins/essential-addons-elementor/assets/front-end/js/lib-view/" "Mozilla/5.0 AppleWebKit/537.36 (KHTML, like Gecko; compatible; GPTBot/1.4; +https://openai.com/gptbot)"
74.7.227.21 - - [25/Aug/2026:13:37:05 +0000] "GET /wp-content/plugins/essential-addons-elementor/assets/front-end/js/lib-view/flipster/ HTTP/2.0" 200 449 "https://drhyperbaric.com/wp-content/plugins/essential-addons-elementor/assets/front-end/js/lib-view/" "Mozilla/5.0 AppleWebKit/537.36 (KHTML, like Gecko; compatible; GPTBot/1.4; +https://openai.com/gptbot)"
74.7.227.21 - - [25/Aug/2026:13:37:06 +0000] "GET /wp-content/plugins/essential-addons-elementor/assets/front-end/js/lib-view/twentytwenty/ HTTP/2.0" 200 455 "https://drhyperbaric.com/wp-content/plugins/essential-addons-elementor/assets/front-end/js/lib-view/" "Mozilla/5.0 AppleWebKit/537.36 (KHTML, like Gecko; compatible; GPTBot/1.4; +https://openai.com/gptbot)"
74.7.227.21 - - [25/Aug/2026:13:37:06 +0000] "GET /wp-content/plugins/essential-addons-elementor/assets/front-end/js/lib-view/offcanvas/ HTTP/2.0" 200 448 "https://drhyperbaric.com/wp-content/plugins/essential-addons-elementor/assets/front-end/js/lib-view/" "Mozilla/5.0 AppleWebKit/537.36 (KHTML, like Gecko; compatible; GPTBot/1.4; +https://openai.com/gptbot)"
74.7.227.21 - - [25/Aug/2026:13:37:07 +0000] "GET /wp-content/plugins/essential-addons-elementor/assets/front-end/js/lib-view/particles/ HTTP/2.0" 200 444 "https://drhyperbaric.com/wp-content/plugins/essential-addons-elementor/assets/front-end/js/lib-view/" "Mozilla/5.0 AppleWebKit/537.36 (KHTML, like Gecko; compatible; GPTBot/1.4; +https://openai.com/gptbot)"
74.7.227.21 - - [25/Aug/2026:13:37:07 +0000] "GET /wp-content/plugins/essential-addons-elementor/assets/front-end/js/lib-view/table-sorter/ HTTP/2.0" 200 459 "https://drhyperbaric.com/wp-content/plugins/essential-addons-elementor/assets/front-end/js/lib-view/" "Mozilla/5.0 AppleWebKit/537.36 (KHTML, like Gecko; compatible; GPTBot/1.4; +https://openai.com/gptbot)"
74.7.227.21 - - [25/Aug/2026:13:37:08 +0000] "GET /wp-content/plugins/essential-addons-elementor/assets/front-end/js/lib-view/odometer/ HTTP/2.0" 200 443 "https://drhyperbaric.com/wp-content/plugins/essential-addons-elementor/assets/front-end/js/lib-view/" "Mozilla/5.0 AppleWebKit/537.36 (KHTML, like Gecko; compatible; GPTBot/1.4; +https://openai.com/gptbot)"
74.7.227.21 - - [25/Aug/2026:13:37:08 +0000] "GET /wp-content/plugins/essential-addons-elementor/assets/front-end/js/lib-view/nicescroll/ HTTP/2.0" 200 454 "https://drhyperbaric.com/wp-content/plugins/essential-addons-elementor/assets/front-end/js/lib-view/" "Mozilla/5.0 AppleWebKit/537.36 (KHTML, like Gecko; compatible; GPTBot/1.4; +https://openai.com/gptbot)"
74.7.227.21 - - [25/Aug/2026:13:37:09 +0000] "GET /wp-content/plugins/essential-addons-elementor/assets/front-end/js/lib-view/jquery.resize/ HTTP/2.0" 200 440 "https://drhyperbaric.com/wp-content/plugins/essential-addons-elementor/assets/front-end/js/lib-view/" "Mozilla/5.0 AppleWebKit/537.36 (KHTML, like Gecko; compatible; GPTBot/1.4; +https://openai.com/gptbot)"
216.73.216.212 - - [25/Aug/2026:13:37:09 +0000] "GET /wp-content/plugins/wordpress-seo/src/integrations/front-end/crawl-cleanup-searches.php HTTP/2.0" 500 0 "-" "Mozilla/5.0 AppleWebKit/537.36 (KHTML, like Gecko; compatible; ClaudeBot/1.0; +claudebot@anthropic.com)"
74.7.227.21 - - [25/Aug/2026:13:37:09 +0000] "GET /wp-content/plugins/essential-addons-elementor/assets/front-end/js/lib-view/tippy/ HTTP/2.0" 200 442 "https://drhyperbaric.com/wp-content/plugins/essential-addons-elementor/assets/front-end/js/lib-view/" "Mozilla/5.0 AppleWebKit/537.36 (KHTML, like Gecko; compatible; GPTBot/1.4; +https://openai.com/gptbot)"
74.7.227.21 - - [25/Aug/2026:13:37:10 +0000] "GET /wp-content/plugins/essential-addons-elementor/assets/front-end/js/lib-view/gmap/ HTTP/2.0" 200 441 "https://drhyperbaric.com/wp-content/plugins/essential-addons-elementor/assets/front-end/js/lib-view/" "Mozilla/5.0 AppleWebKit/537.36 (KHTML, like Gecko; compatible; GPTBot/1.4; +https://openai.com/gptbot)"
74.7.227.21 - - [25/Aug/2026:13:37:11 +0000] "GET /wp-content/plugins/essential-addons-elementor/assets/front-end/js/lib-view/gsap/ HTTP/2.0" 200 469 "https://drhyperbaric.com/wp-content/plugins/essential-addons-elementor/assets/front-end/js/lib-view/" "Mozilla/5.0 AppleWebKit/537.36 (KHTML, like Gecko; compatible; GPTBot/1.4; +https://openai.com/gptbot)"
74.7.227.21 - - [25/Aug/2026:13:37:11 +0000] "GET /wp-content/plugins/essential-addons-elementor/assets/front-end/js/lib-view/chart/ HTTP/2.0" 200 427 "https://drhyperbaric.com/wp-content/plugins/essential-addons-elementor/assets/front-end/js/lib-view/" "Mozilla/5.0 AppleWebKit/537.36 (KHTML, like Gecko; compatible; GPTBot/1.4; +https://openai.com/gptbot)"
74.7.227.21 - - [25/Aug/2026:13:37:12 +0000] "GET /wp-content/plugins/essential-addons-elementor/assets/front-end/js/lib-view/popper/ HTTP/2.0" 200 438 "https://drhyperbaric.com/wp-content/plugins/essential-addons-elementor/assets/front-end/js/lib-view/" "Mozilla/5.0 AppleWebKit/537.36 (KHTML, like Gecko; compatible; GPTBot/1.4; +https://openai.com/gptbot)"
74.7.227.21 - - [25/Aug/2026:13:37:12 +0000] "GET /wp-content/plugins/essential-addons-elementor/assets/front-end/js/lib-view/jquery-parallax/ HTTP/2.0" 200 449 "https://drhyperbaric.com/wp-content/plugins/essential-addons-elementor/assets/front-end/js/lib-view/" "Mozilla/5.0 AppleWebKit/537.36 (KHTML, like Gecko; compatible; GPTBot/1.4; +https://openai.com/gptbot)"
74.7.227.21 - - [25/Aug/2026:13:37:13 +0000] "GET /wp-content/plugins/essential-addons-elementor/assets/front-end/js/lib-view/tipso/ HTTP/2.0" 200 443 "https://drhyperbaric.com/wp-content/plugins/essential-addons-elementor/assets/front-end/js/lib-view/" "Mozilla/5.0 AppleWebKit/537.36 (KHTML, like Gecko; compatible; GPTBot/1.4; +https://openai.com/gptbot)"
74.7.227.21 - - [25/Aug/2026:13:37:13 +0000] "GET /wp-content/plugins/essential-addons-elementor/assets/front-end/js/lib-view/jquery.event.move/jquery.event.move.min.js HTTP/2.0" 200 2001 "https://drhyperbaric.com/wp-content/plugins/essential-addons-elementor/assets/front-end/js/lib-view/jquery.event.move/" "Mozilla/5.0 AppleWebKit/537.36 (KHTML, like Gecko; compatible; GPTBot/1.4; +https://openai.com/gptbot)"
74.7.227.21 - - [25/Aug/2026:13:37:14 +0000] "GET /wp-content/plugins/essential-addons-elementor/assets/front-end/js/lib-view/jquery.cookie/ HTTP/2.0" 200 450 "https://drhyperbaric.com/wp-content/plugins/essential-addons-elementor/assets/front-end/js/lib-view/" "Mozilla/5.0 AppleWebKit/537.36 (KHTML, like Gecko; compatible; GPTBot/1.4; +https://openai.com/gptbot)"
2a03:2880:f806:13:: - - [25/Aug/2026:13:37:14 +0000] "GET /?a5s7h5e8n203446 HTTP/2.0" 200 435 "-" "Mozilla/5.0 (Windows NT 10.0; Win64; x64; rv:147.0) Gecko/20100101 Firefox/147.0 (compatible; meta-externalagent/1.1 (+https://developers.facebook.com/docs/sharing/webmasters/crawler))"
74.7.227.21 - - [25/Aug/2026:13:37:14 +0000] "GET /wp-content/plugins/essential-addons-elementor/assets/front-end/js/lib-view/particles/particles.js HTTP/2.0" 200 9240 "https://drhyperbaric.com/wp-content/plugins/essential-addons-elementor/assets/front-end/js/lib-view/particles/" "Mozilla/5.0 AppleWebKit/537.36 (KHTML, like Gecko; compatible; GPTBot/1.4; +https://openai.com/gptbot)"
216.73.216.212 - - [25/Aug/2026:13:37:14 +0000] "GET /wp-content/plugins/woocommerce/includes/gateways/class-wc-payment-gateway-cc.php HTTP/2.0" 200 0 "-" "Mozilla/5.0 AppleWebKit/537.36 (KHTML, like Gecko; compatible; ClaudeBot/1.0; +claudebot@anthropic.com)"
74.7.227.21 - - [25/Aug/2026:13:37:15 +0000] "GET /wp-content/plugins/essential-addons-elementor/assets/front-end/js/lib-view/nicescroll/jquery.nicescroll.js HTTP/2.0" 200 16923 "https://drhyperbaric.com/wp-content/plugins/essential-addons-elementor/assets/front-end/js/lib-view/nicescroll/" "Mozilla/5.0 AppleWebKit/537.36 (KHTML, like Gecko; compatible; GPTBot/1.4; +https://openai.com/gptbot)"
74.7.227.21 - - [25/Aug/2026:13:37:15 +0000] "GET /wp-content/plugins/essential-addons-elementor/assets/front-end/js/lib-view/nicescroll/jquery.nicescroll.min.js HTTP/2.0" 200 16845 "https://drhyperbaric.com/wp-content/plugins/essential-addons-elementor/assets/front-end/js/lib-view/nicescroll/" "Mozilla/5.0 AppleWebKit/537.36 (KHTML, like Gecko; compatible; GPTBot/1.4; +https://openai.com/gptbot)"
74.7.227.21 - - [25/Aug/2026:13:37:16 +0000] "GET /wp-content/plugins/essential-addons-elementor/assets/front-end/js/lib-view/twentytwenty/jquery.twentytwenty.min.js HTTP/2.0" 200 934 "https://drhyperbaric.com/wp-content/plugins/essential-addons-elementor/assets/front-end/js/lib-view/twentytwenty/" "Mozilla/5.0 AppleWebKit/537.36 (KHTML, like Gecko; compatible; GPTBot/1.4; +https://openai.com/gptbot)"
74.7.227.21 - - [25/Aug/2026:13:37:16 +0000] "GET /wp-content/plugins/essential-addons-elementor/assets/front-end/js/lib-view/twentytwenty/jquery.twentytwenty.js HTTP/2.0" 200 1436 "https://drhyperbaric.com/wp-content/plugins/essential-addons-elementor/assets/front-end/js/lib-view/twentytwenty/" "Mozilla/5.0 AppleWebKit/537.36 (KHTML, like Gecko; compatible; GPTBot/1.4; +https://openai.com/gptbot)"
74.7.227.21 - - [25/Aug/2026:13:37:17 +0000] "GET /wp-content/plugins/essential-addons-elementor/assets/front-end/js/lib-view/interactive-cards/interactive-cards.min.js HTTP/2.0" 200 701 "https://drhyperbaric.com/wp-content/plugins/essential-addons-elementor/assets/front-end/js/lib-view/interactive-cards/" "Mozilla/5.0 AppleWebKit/537.36 (KHTML, like Gecko; compatible; GPTBot/1.4; +https://openai.com/gptbot)"
74.7.227.21 - - [25/Aug/2026:13:37:17 +0000] "GET /wp-content/plugins/essential-addons-elementor/assets/front-end/js/lib-view/interactive-cards/interactive-cards.js HTTP/2.0" 200 1041 "https://drhyperbaric.com/wp-content/plugins/essential-addons-elementor/assets/front-end/js/lib-view/interactive-cards/" "Mozilla/5.0 AppleWebKit/537.36 (KHTML, like Gecko; compatible; GPTBot/1.4; +https://openai.com/gptbot)"
74.7.227.21 - - [25/Aug/2026:13:37:18 +0000] "GET /wp-content/plugins/essential-addons-elementor/assets/front-end/js/lib-view/vertical-timeline/vertical-timeline.js HTTP/2.0" 200 865 "https://drhyperbaric.com/wp-content/plugins/essential-addons-elementor/assets/front-end/js/lib-view/vertical-timeline/" "Mozilla/5.0 AppleWebKit/537.36 (KHTML, like Gecko; compatible; GPTBot/1.4; +https://openai.com/gptbot)"
74.7.227.21 - - [25/Aug/2026:13:37:18 +0000] "GET /wp-content/plugins/essential-addons-elementor/assets/front-end/js/lib-view/vertical-timeline/vertical-timeline.min.js HTTP/2.0" 200 543 "https://drhyperbaric.com/wp-content/plugins/essential-addons-elementor/assets/front-end/js/lib-view/vertical-timeline/" "Mozilla/5.0 AppleWebKit/537.36 (KHTML, like Gecko; compatible; GPTBot/1.4; +https://openai.com/gptbot)"
74.7.227.21 - - [25/Aug/2026:13:37:19 +0000] "GET /wp-content/plugins/essential-addons-elementor/assets/front-end/js/lib-view/table-sorter/jquery.tablesorter.min.js HTTP/2.0" 200 14394 "https://drhyperbaric.com/wp-content/plugins/essential-addons-elementor/assets/front-end/js/lib-view/table-sorter/" "Mozilla/5.0 AppleWebKit/537.36 (KHTML, like Gecko; compatible; GPTBot/1.4; +https://openai.com/gptbot)"
216.73.216.212 - - [25/Aug/2026:13:37:19 +0000] "GET /wp-content/plugins/elementor/modules/element-cache/?C=N&O=D HTTP/2.0" 200 396 "-" "Mozilla/5.0 AppleWebKit/537.36 (KHTML, like Gecko; compatible; ClaudeBot/1.0; +claudebot@anthropic.com)"
74.7.227.21 - - [25/Aug/2026:13:37:20 +0000] "GET /wp-content/plugins/essential-addons-elementor/assets/front-end/js/lib-view/jquery.event.move/jquery.event.move.js HTTP/2.0" 200 4376 "https://drhyperbaric.com/wp-content/plugins/essential-addons-elementor/assets/front-end/js/lib-view/jquery.event.move/" "Mozilla/5.0 AppleWebKit/537.36 (KHTML, like Gecko; compatible; GPTBot/1.4; +https://openai.com/gptbot)"
74.7.227.21 - - [25/Aug/2026:13:37:20 +0000] "GET /wp-content/plugins/essential-addons-elementor/assets/front-end/js/lib-view/table-sorter/jquery.tablesorter.js HTTP/2.0" 200 32486 "https://drhyperbaric.com/wp-content/plugins/essential-addons-elementor/assets/front-end/js/lib-view/table-sorter/" "Mozilla/5.0 AppleWebKit/537.36 (KHTML, like Gecko; compatible; GPTBot/1.4; +https://openai.com/gptbot)"
74.7.227.21 - - [25/Aug/2026:13:37:21 +0000] "GET /wp-content/plugins/essential-addons-elementor/assets/front-end/js/lib-view/flipster/jquery.flipster.min.js HTTP/2.0" 200 2960 "https://drhyperbaric.com/wp-content/plugins/essential-addons-elementor/assets/front-end/js/lib-view/flipster/" "Mozilla/5.0 AppleWebKit/537.36 (KHTML, like Gecko; compatible; GPTBot/1.4; +https://openai.com/gptbot)"
74.7.227.21 - - [25/Aug/2026:13:37:21 +0000] "GET /wp-content/plugins/essential-addons-elementor/assets/front-end/js/lib-view/jarallax/jarallax.min.js HTTP/2.0" 200 5233 "https://drhyperbaric.com/wp-content/plugins/essential-addons-elementor/assets/front-end/js/lib-view/jarallax/" "Mozilla/5.0 AppleWebKit/537.36 (KHTML, like Gecko; compatible; GPTBot/1.4; +https://openai.com/gptbot)"
74.7.227.21 - - [25/Aug/2026:13:37:22 +0000] "GET /wp-content/plugins/essential-addons-elementor/assets/front-end/js/lib-view/odometer/odometer.min.js HTTP/2.0" 200 3634 "https://drhyperbaric.com/wp-content/plugins/essential-addons-elementor/assets/front-end/js/lib-view/odometer/" "Mozilla/5.0 AppleWebKit/537.36 (KHTML, like Gecko; compatible; GPTBot/1.4; +https://openai.com/gptbot)"
74.7.227.21 - - [25/Aug/2026:13:37:22 +0000] "GET /wp-content/plugins/essential-addons-elementor/assets/front-end/js/lib-view/waypoint/waypoints.min.js HTTP/2.0" 200 2563 "https://drhyperbaric.com/wp-content/plugins/essential-addons-elementor/assets/front-end/js/lib-view/waypoint/" "Mozilla/5.0 AppleWebKit/537.36 (KHTML, like Gecko; compatible; GPTBot/1.4; +https://openai.com/gptbot)"
74.7.227.21 - - [25/Aug/2026:13:37:23 +0000] "GET /wp-content/plugins/essential-addons-elementor/assets/front-end/js/lib-view/popper/popper.min.js HTTP/2.0" 200 7189 "https://drhyperbaric.com/wp-content/plugins/essential-addons-elementor/assets/front-end/js/lib-view/popper/" "Mozilla/5.0 AppleWebKit/537.36 (KHTML, like Gecko; compatible; GPTBot/1.4; +https://openai.com/gptbot)"
74.7.227.21 - - [25/Aug/2026:13:37:23 +0000] "GET /wp-content/plugins/essential-addons-elementor/assets/front-end/js/lib-view/jarallax/jarallax.js HTTP/2.0" 200 5233 "https://drhyperbaric.com/wp-content/plugins/essential-addons-elementor/assets/front-end/js/lib-view/jarallax/" "Mozilla/5.0 AppleWebKit/537.36 (KHTML, like Gecko; compatible; GPTBot/1.4; +https://openai.com/gptbot)"
74.7.227.21 - - [25/Aug/2026:13:37:24 +0000] "GET /wp-content/plugins/essential-addons-elementor/assets/front-end/js/lib-view/odometer/odometer.js HTTP/2.0" 200 3844 "https://drhyperbaric.com/wp-content/plugins/essential-addons-elementor/assets/front-end/js/lib-view/odometer/" "Mozilla/5.0 AppleWebKit/537.36 (KHTML, like Gecko; compatible; GPTBot/1.4; +https://openai.com/gptbot)"
216.73.216.212 - - [25/Aug/2026:13:37:24 +0000] "GET /wp-content/plugins/code-snippets/js/utils/?C=D&O=A HTTP/2.0" 200 392 "-" "Mozilla/5.0 AppleWebKit/537.36 (KHTML, like Gecko; compatible; ClaudeBot/1.0; +claudebot@anthropic.com)"
74.7.227.21 - - [25/Aug/2026:13:37:24 +0000] "GET /wp-content/plugins/essential-addons-elementor/assets/front-end/js/lib-view/flipster/jquery.flipster.js HTTP/2.0" 200 3001 "https://drhyperbaric.com/wp-content/plugins/essential-addons-elementor/assets/front-end/js/lib-view/flipster/" "Mozilla/5.0 AppleWebKit/537.36 (KHTML, like Gecko; compatible; GPTBot/1.4; +https://openai.com/gptbot)"
74.7.227.21 - - [25/Aug/2026:13:37:25 +0000] "GET /wp-content/plugins/essential-addons-elementor/assets/front-end/js/lib-view/waypoint/waypoints.js HTTP/2.0" 200 2752 "https://drhyperbaric.com/wp-content/plugins/essential-addons-elementor/assets/front-end/js/lib-view/waypoint/" "Mozilla/5.0 AppleWebKit/537.36 (KHTML, like Gecko; compatible; GPTBot/1.4; +https://openai.com/gptbot)"
74.7.227.21 - - [25/Aug/2026:13:37:25 +0000] "GET /wp-content/plugins/essential-addons-elementor/assets/front-end/js/lib-view/offcanvas/eael.offcanvas.min.js HTTP/2.0" 200 887 "https://drhyperbaric.com/wp-content/plugins/essential-addons-elementor/assets/front-end/js/lib-view/offcanvas/" "Mozilla/5.0 AppleWebKit/537.36 (KHTML, like Gecko; compatible; GPTBot/1.4; +https://openai.com/gptbot)"
74.7.227.21 - - [25/Aug/2026:13:37:26 +0000] "GET /wp-content/plugins/essential-addons-elementor/assets/front-end/js/lib-view/tippy/tippy.min.js HTTP/2.0" 200 7909 "https://drhyperbaric.com/wp-content/plugins/essential-addons-elementor/assets/front-end/js/lib-view/tippy/" "Mozilla/5.0 AppleWebKit/537.36 (KHTML, like Gecko; compatible; GPTBot/1.4; +https://openai.com/gptbot)"
74.7.227.21 - - [25/Aug/2026:13:37:26 +0000] "GET /wp-content/plugins/essential-addons-elementor/assets/front-end/js/lib-view/tipso/tipso.min.js HTTP/2.0" 200 3025 "https://drhyperbaric.com/wp-content/plugins/essential-addons-elementor/assets/front-end/js/lib-view/tipso/" "Mozilla/5.0 AppleWebKit/537.36 (KHTML, like Gecko; compatible; GPTBot/1.4; +https://openai.com/gptbot)"
74.7.227.21 - - [25/Aug/2026:13:37:27 +0000] "GET /wp-content/plugins/essential-addons-elementor/assets/front-end/js/lib-view/particles/particles.min.js HTTP/2.0" 200 5812 "https://drhyperbaric.com/wp-content/plugins/essential-addons-elementor/assets/front-end/js/lib-view/particles/" "Mozilla/5.0 AppleWebKit/537.36 (KHTML, like Gecko; compatible; GPTBot/1.4; +https://openai.com/gptbot)"
74.7.227.21 - - [25/Aug/2026:13:37:28 +0000] "GET /wp-content/plugins/essential-addons-elementor/assets/front-end/js/lib-view/offcanvas/eael.offcanvas.js HTTP/2.0" 200 1081 "https://drhyperbaric.com/wp-content/plugins/essential-addons-elementor/assets/front-end/js/lib-view/offcanvas/" "Mozilla/5.0 AppleWebKit/537.36 (KHTML, like Gecko; compatible; GPTBot/1.4; +https://openai.com/gptbot)"
74.7.227.21 - - [25/Aug/2026:13:37:28 +0000] "GET /wp-content/plugins/essential-addons-elementor/assets/front-end/js/lib-view/progress-bar/progress-bar.js HTTP/2.0" 200 528 "https://drhyperbaric.com/wp-content/plugins/essential-addons-elementor/assets/front-end/js/lib-view/progress-bar/" "Mozilla/5.0 AppleWebKit/537.36 (KHTML, like Gecko; compatible; GPTBot/1.4; +https://openai.com/gptbot)"
2a03:2880:f802:28:: - - [25/Aug/2026:13:37:28 +0000] "GET / HTTP/2.0" 200 435 "-" "facebookexternalhit/1.1 (+http://www.facebook.com/externalhit_uatext.php)"
74.7.227.21 - - [25/Aug/2026:13:37:29 +0000] "GET /wp-content/plugins/essential-addons-elementor/assets/front-end/js/lib-view/progress-bar/progress-bar.min.js HTTP/2.0" 200 416 "https://drhyperbaric.com/wp-content/plugins/essential-addons-elementor/assets/front-end/js/lib-view/progress-bar/" "Mozilla/5.0 AppleWebKit/537.36 (KHTML, like Gecko; compatible; GPTBot/1.4; +https://openai.com/gptbot)"
74.7.227.21 - - [25/Aug/2026:13:37:29 +0000] "GET /wp-content/plugins/essential-addons-elementor/assets/front-end/js/lib-view/jquery-parallax/jquery-parallax.min.js HTTP/2.0" 200 161 "https://drhyperbaric.com/wp-content/plugins/essential-addons-elementor/assets/front-end/js/lib-view/jquery-parallax/" "Mozilla/5.0 AppleWebKit/537.36 (KHTML, like Gecko; compatible; GPTBot/1.4; +https://openai.com/gptbot)"
216.73.216.212 - - [25/Aug/2026:13:37:29 +0000] "GET /wp-content/plugins/essential-blocks/includes/API/?C=S&O=A HTTP/2.0" 200 408 "-" "Mozilla/5.0 AppleWebKit/537.36 (KHTML, like Gecko; compatible; ClaudeBot/1.0; +claudebot@anthropic.com)"
74.7.227.21 - - [25/Aug/2026:13:37:30 +0000] "GET /wp-content/plugins/essential-addons-elementor/assets/front-end/js/lib-view/jquery-parallax/jquery-parallax.js HTTP/2.0" 200 213 "https://drhyperbaric.com/wp-content/plugins/essential-addons-elementor/assets/front-end/js/lib-view/jquery-parallax/" "Mozilla/5.0 AppleWebKit/537.36 (KHTML, like Gecko; compatible; GPTBot/1.4; +https://openai.com/gptbot)"
74.7.227.21 - - [25/Aug/2026:13:37:30 +0000] "GET /wp-content/plugins/essential-addons-elementor/assets/front-end/js/lib-view/chart/chart.js HTTP/2.0" 200 134623 "https://drhyperbaric.com/wp-content/plugins/essential-addons-elementor/assets/front-end/js/lib-view/chart/" "Mozilla/5.0 AppleWebKit/537.36 (KHTML, like Gecko; compatible; GPTBot/1.4; +https://openai.com/gptbot)"
74.7.227.21 - - [25/Aug/2026:13:37:31 +0000] "GET /wp-content/plugins/essential-addons-elementor/assets/front-end/js/lib-view/tippy/tippy.js HTTP/2.0" 200 15352 "https://drhyperbaric.com/wp-content/plugins/essential-addons-elementor/assets/front-end/js/lib-view/tippy/" "Mozilla/5.0 AppleWebKit/537.36 (KHTML, like Gecko; compatible; GPTBot/1.4; +https://openai.com/gptbot)"
74.7.227.21 - - [25/Aug/2026:13:37:31 +0000] "GET /wp-content/plugins/essential-addons-elementor/assets/front-end/js/lib-view/tipso/tipso.js HTTP/2.0" 200 5230 "https://drhyperbaric.com/wp-content/plugins/essential-addons-elementor/assets/front-end/js/lib-view/tipso/" "Mozilla/5.0 AppleWebKit/537.36 (KHTML, like Gecko; compatible; GPTBot/1.4; +https://openai.com/gptbot)"
74.7.227.21 - - [25/Aug/2026:13:37:32 +0000] "GET /wp-content/plugins/essential-addons-elementor/assets/front-end/js/lib-view/gsap/gsap.min.js HTTP/2.0" 200 28124 "https://drhyperbaric.com/wp-content/plugins/essential-addons-elementor/assets/front-end/js/lib-view/gsap/" "Mozilla/5.0 AppleWebKit/537.36 (KHTML, like Gecko; compatible; GPTBot/1.4; +https://openai.com/gptbot)"
74.7.227.21 - - [25/Aug/2026:13:37:32 +0000] "GET /wp-content/plugins/essential-addons-elementor/assets/front-end/js/lib-view/gmap/gmap.min.js HTTP/2.0" 200 9376 "https://drhyperbaric.com/wp-content/plugins/essential-addons-elementor/assets/front-end/js/lib-view/gmap/" "Mozilla/5.0 AppleWebKit/537.36 (KHTML, like Gecko; compatible; GPTBot/1.4; +https://openai.com/gptbot)"
74.7.227.21 - - [25/Aug/2026:13:37:33 +0000] "GET /wp-content/plugins/essential-addons-elementor/assets/front-end/js/lib-view/gsap/gsap.js HTTP/2.0" 200 42676 "https://drhyperbaric.com/wp-content/plugins/essential-addons-elementor/assets/front-end/js/lib-view/gsap/" "Mozilla/5.0 AppleWebKit/537.36 (KHTML, like Gecko; compatible; GPTBot/1.4; +https://openai.com/gptbot)"
2a03:2880:f806:39:: - - [25/Aug/2026:13:37:33 +0000] "GET /?m3y2o0i2n9o4s3i6t2o7l9 HTTP/2.0" 200 435 "-" "Mozilla/5.0 (Windows NT 10.0; Win64; x64) AppleWebKit/537.36 (KHTML, like Gecko) Chrome/145.0.0.0 Safari/537.36 (compatible; meta-externalagent/1.1 (+https://developers.facebook.com/docs/sharing/webmasters/crawler))"
74.7.227.21 - - [25/Aug/2026:13:37:33 +0000] "GET /wp-content/plugins/essential-addons-elementor/assets/front-end/js/lib-view/gmap/gmap.js HTTP/2.0" 200 14501 "https://drhyperbaric.com/wp-content/plugins/essential-addons-elementor/assets/front-end/js/lib-view/gmap/" "Mozilla/5.0 AppleWebKit/537.36 (KHTML, like Gecko; compatible; GPTBot/1.4; +https://openai.com/gptbot)"
74.7.227.21 - - [25/Aug/2026:13:37:34 +0000] "GET /wp-includes/images/icon-library/add-template.svg HTTP/2.0" 200 302 "https://drhyperbaric.com/wp-includes/images/icon-library/" "Mozilla/5.0 AppleWebKit/537.36 (KHTML, like Gecko; compatible; GPTBot/1.4; +https://openai.com/gptbot)"
74.7.227.21 - - [25/Aug/2026:13:37:34 +0000] "GET /wp-includes/images/icon-library/drawer-right.svg HTTP/2.0" 200 226 "https://drhyperbaric.com/wp-includes/images/icon-library/" "Mozilla/5.0 AppleWebKit/537.36 (KHTML, like Gecko; compatible; GPTBot/1.4; +https://openai.com/gptbot)"
216.73.216.212 - - [25/Aug/2026:13:37:34 +0000] "GET /wp-content/plugins/elementor-pro/modules/wp-cli/?C=S&O=A HTTP/2.0" 200 469 "-" "Mozilla/5.0 AppleWebKit/537.36 (KHTML, like Gecko; compatible; ClaudeBot/1.0; +claudebot@anthropic.com)"
74.7.227.21 - - [25/Aug/2026:13:37:35 +0000] "GET /wp-includes/images/icon-library/insert-after.svg HTTP/2.0" 200 236 "https://drhyperbaric.com/wp-includes/images/icon-library/" "Mozilla/5.0 AppleWebKit/537.36 (KHTML, like Gecko; compatible; GPTBot/1.4; +https://openai.com/gptbot)"
74.7.227.21 - - [25/Aug/2026:13:37:35 +0000] "GET /wp-includes/images/icon-library/align-center.svg HTTP/2.0" 200 142 "https://drhyperbaric.com/wp-includes/images/icon-library/" "Mozilla/5.0 AppleWebKit/537.36 (KHTML, like Gecko; compatible; GPTBot/1.4; +https://openai.com/gptbot)"
74.7.227.21 - - [25/Aug/2026:13:37:36 +0000] "GET /wp-includes/images/icon-library/aspect-ratio.svg HTTP/2.0" 200 221 "https://drhyperbaric.com/wp-includes/images/icon-library/" "Mozilla/5.0 AppleWebKit/537.36 (KHTML, like Gecko; compatible; GPTBot/1.4; +https://openai.com/gptbot)"
74.7.227.21 - - [25/Aug/2026:13:37:36 +0000] "GET /wp-includes/images/icon-library/download.svg HTTP/2.0" 200 179 "https://drhyperbaric.com/wp-includes/images/icon-library/" "Mozilla/5.0 AppleWebKit/537.36 (KHTML, like Gecko; compatible; GPTBot/1.4; +https://openai.com/gptbot)"
74.7.227.21 - - [25/Aug/2026:13:37:37 +0000] "GET /wp-content/plugins/essential-blocks/includes/Modules/ HTTP/2.0" 200 414 "https://drhyperbaric.com/wp-content/plugins/essential-blocks/includes/" "Mozilla/5.0 AppleWebKit/537.36 (KHTML, like Gecko; compatible; GPTBot/1.4; +https://openai.com/gptbot)"
74.7.227.21 - - [25/Aug/2026:13:37:37 +0000] "GET /wp-content/plugins/essential-blocks/includes/Traits/ HTTP/2.0" 200 413 "https://drhyperbaric.com/wp-content/plugins/essential-blocks/includes/" "Mozilla/5.0 AppleWebKit/537.36 (KHTML, like Gecko; compatible; GPTBot/1.4; +https://openai.com/gptbot)"
74.7.227.21 - - [25/Aug/2026:13:37:38 +0000] "GET /wp-includes/php-ai-client/third-party/ HTTP/2.0" 200 432 "https://drhyperbaric.com/wp-includes/php-ai-client/" "Mozilla/5.0 AppleWebKit/537.36 (KHTML, like Gecko; compatible; GPTBot/1.4; +https://openai.com/gptbot)"
74.7.227.21 - - [25/Aug/2026:13:37:38 +0000] "GET /wp-content/themes/twentytwentyfive/assets/images/category-sunflowers.webp HTTP/2.0" 200 18558 "https://drhyperbaric.com/wp-content/themes/twentytwentyfive/assets/images/" "Mozilla/5.0 AppleWebKit/537.36 (KHTML, like Gecko; compatible; GPTBot/1.4; +https://openai.com/gptbot)"
74.7.227.21 - - [25/Aug/2026:13:37:39 +0000] "GET /wp-content/themes/twentytwentyfive/assets/images/category-anthuriums.webp HTTP/2.0" 200 27472 "https://drhyperbaric.com/wp-content/themes/twentytwentyfive/assets/images/" "Mozilla/5.0 AppleWebKit/537.36 (KHTML, like Gecko; compatible; GPTBot/1.4; +https://openai.com/gptbot)"
216.73.216.212 - - [25/Aug/2026:13:37:39 +0000] "GET /wp-content/plugins/code-snippets/js/utils/?C=M&O=A HTTP/2.0" 200 392 "-" "Mozilla/5.0 AppleWebKit/537.36 (KHTML, like Gecko; compatible; ClaudeBot/1.0; +claudebot@anthropic.com)"
74.7.227.21 - - [25/Aug/2026:13:37:39 +0000] "GET /wp-content/plugins/loginpress/ HTTP/2.0" 200 474 "https://drhyperbaric.com/wp-content/plugins/" "Mozilla/5.0 AppleWebKit/537.36 (KHTML, like Gecko; compatible; GPTBot/1.4; +https://openai.com/gptbot)"
74.7.227.21 - - [25/Aug/2026:13:37:40 +0000] "GET /wp-content/plugins/fluentform/ HTTP/2.0" 200 0 "https://drhyperbaric.com/wp-content/plugins/" "Mozilla/5.0 AppleWebKit/537.36 (KHTML, like Gecko; compatible; GPTBot/1.4; +https://openai.com/gptbot)"
74.7.227.21 - - [25/Aug/2026:13:37:41 +0000] "GET /wp-content/plugins/essential-addons-elementor/assets/front-end/js/lib-view/popper/popper.js HTTP/2.0" 200 7438 "https://drhyperbaric.com/wp-content/plugins/essential-addons-elementor/assets/front-end/js/lib-view/popper/" "Mozilla/5.0 AppleWebKit/537.36 (KHTML, like Gecko; compatible; GPTBot/1.4; +https://openai.com/gptbot)"
74.7.227.21 - - [25/Aug/2026:13:37:41 +0000] "GET /wp-content/themes/twentytwentyfour/assets/fonts/inter/Inter-VariableFont_slnt,wght.woff2 HTTP/2.0" 200 326628 "https://drhyperbaric.com/wp-content/themes/twentytwentyfour/assets/fonts/inter/" "Mozilla/5.0 AppleWebKit/537.36 (KHTML, like Gecko; compatible; GPTBot/1.4; +https://openai.com/gptbot)"
74.7.227.21 - - [25/Aug/2026:13:37:41 +0000] "GET /wp-content/themes/twentytwentyfive/styles/typography/ HTTP/2.0" 200 486 "https://drhyperbaric.com/wp-content/themes/twentytwentyfive/styles/" "Mozilla/5.0 AppleWebKit/537.36 (KHTML, like Gecko; compatible; GPTBot/1.4; +https://openai.com/gptbot)"
74.7.227.21 - - [25/Aug/2026:13:37:42 +0000] "GET /wp-content/plugins/essential-addons-elementor/vendor/google/apiclient/src/Google/AuthHandler/ HTTP/2.0" 200 389 "https://drhyperbaric.com/wp-content/plugins/essential-addons-elementor/vendor/google/apiclient/src/Google/" "Mozilla/5.0 AppleWebKit/537.36 (KHTML, like Gecko; compatible; GPTBot/1.4; +https://openai.com/gptbot)"
74.7.227.21 - - [25/Aug/2026:13:37:43 +0000] "GET /wp-content/themes/twentytwentyfive/styles/blocks/post-terms-1.json HTTP/2.0" 200 348 "https://drhyperbaric.com/wp-content/themes/twentytwentyfive/styles/blocks/" "Mozilla/5.0 AppleWebKit/537.36 (KHTML, like Gecko; compatible; GPTBot/1.4; +https://openai.com/gptbot)"
74.7.227.21 - - [25/Aug/2026:13:37:43 +0000] "GET /wp-content/plugins/essential-addons-elementor/assets/front-end/js/lib-view/jquery.cookie/jquery.cookie.min.js HTTP/2.0" 200 678 "https://drhyperbaric.com/wp-content/plugins/essential-addons-elementor/assets/front-end/js/lib-view/jquery.cookie/" "Mozilla/5.0 AppleWebKit/537.36 (KHTML, like Gecko; compatible; GPTBot/1.4; +https://openai.com/gptbot)"
74.7.227.21 - - [25/Aug/2026:13:37:44 +0000] "GET /wp-content/plugins/essential-addons-elementor/assets/front-end/js/lib-view/jquery.resize/jquery.resize.min.js HTTP/2.0" 200 1243 "https://drhyperbaric.com/wp-content/plugins/essential-addons-elementor/assets/front-end/js/lib-view/jquery.resize/" "Mozilla/5.0 AppleWebKit/537.36 (KHTML, like Gecko; compatible; GPTBot/1.4; +https://openai.com/gptbot)"
74.7.227.21 - - [25/Aug/2026:13:37:44 +0000] "GET /wp-includes/images/icon-library/caution-filled.svg HTTP/2.0" 200 253 "https://drhyperbaric.com/wp-includes/images/icon-library/" "Mozilla/5.0 AppleWebKit/537.36 (KHTML, like Gecko; compatible; GPTBot/1.4; +https://openai.com/gptbot)"
216.73.216.212 - - [25/Aug/2026:13:37:44 +0000] "GET /wp-content/plugins/elementor-pro/modules/wp-cli/?C=D&O=A HTTP/2.0" 200 469 "-" "Mozilla/5.0 AppleWebKit/537.36 (KHTML, like Gecko; compatible; ClaudeBot/1.0; +claudebot@anthropic.com)"
2a03:2880:f806:41:: - - [25/Aug/2026:13:37:45 +0000] "GET /a=269639016 HTTP/2.0" 404 265 "-" "Mozilla/5.0 (Windows NT 10.0; Win64; x64) AppleWebKit/537.36 (KHTML, like Gecko) Chrome/145.0.0.0 Safari/537.36 (compatible; meta-externalagent/1.1 (+https://developers.facebook.com/docs/sharing/webmasters/crawler))"
74.7.227.21 - - [25/Aug/2026:13:37:45 +0000] "GET /wp-includes/images/icon-library/reusable-block.svg HTTP/2.0" 200 257 "https://drhyperbaric.com/wp-includes/images/icon-library/" "Mozilla/5.0 AppleWebKit/537.36 (KHTML, like Gecko; compatible; GPTBot/1.4; +https://openai.com/gptbot)"
74.7.227.21 - - [25/Aug/2026:13:37:45 +0000] "GET /wp-content/plugins/loginpress/loginpressfonts/ HTTP/2.0" 200 353 "https://drhyperbaric.com/wp-content/plugins/loginpress/" "Mozilla/5.0 AppleWebKit/537.36 (KHTML, like Gecko; compatible; GPTBot/1.4; +https://openai.com/gptbot)"
74.7.227.21 - - [25/Aug/2026:13:37:46 +0000] "GET /wp-includes/images/icon-library/position-right.svg HTTP/2.0" 200 136 "https://drhyperbaric.com/wp-includes/images/icon-library/" "Mozilla/5.0 AppleWebKit/537.36 (KHTML, like Gecko; compatible; GPTBot/1.4; +https://openai.com/gptbot)"
74.7.227.21 - - [25/Aug/2026:13:37:46 +0000] "GET /wp-includes/images/icon-library/keyboard-close.svg HTTP/2.0" 200 291 "https://drhyperbaric.com/wp-includes/images/icon-library/" "Mozilla/5.0 AppleWebKit/537.36 (KHTML, like Gecko; compatible; GPTBot/1.4; +https://openai.com/gptbot)"
74.7.227.21 - - [25/Aug/2026:13:37:47 +0000] "GET /wp-includes/images/icon-library/insert-before.svg HTTP/2.0" 200 236 "https://drhyperbaric.com/wp-includes/images/icon-library/" "Mozilla/5.0 AppleWebKit/537.36 (KHTML, like Gecko; compatible; GPTBot/1.4; +https://openai.com/gptbot)"
74.7.227.21 - - [25/Aug/2026:13:37:47 +0000] "GET /wp-includes/images/icon-library/flip-vertical.svg HTTP/2.0" 200 256 "https://drhyperbaric.com/wp-includes/images/icon-library/" "Mozilla/5.0 AppleWebKit/537.36 (KHTML, like Gecko; compatible; GPTBot/1.4; +https://openai.com/gptbot)"
74.7.227.21 - - [25/Aug/2026:13:37:48 +0000] "GET /wp-includes/images/icon-library/symbol-filled.svg HTTP/2.0" 200 208 "https://drhyperbaric.com/wp-includes/images/icon-library/" "Mozilla/5.0 AppleWebKit/537.36 (KHTML, like Gecko; compatible; GPTBot/1.4; +https://openai.com/gptbot)"
74.7.227.21 - - [25/Aug/2026:13:37:48 +0000] "GET /wp-includes/images/icon-library/align-justify.svg HTTP/2.0" 200 146 "https://drhyperbaric.com/wp-includes/images/icon-library/" "Mozilla/5.0 AppleWebKit/537.36 (KHTML, like Gecko; compatible; GPTBot/1.4; +https://openai.com/gptbot)"
74.7.227.21 - - [25/Aug/2026:13:37:49 +0000] "GET /wp-includes/images/icon-library/chevron-right.svg HTTP/2.0" 200 121 "https://drhyperbaric.com/wp-includes/images/icon-library/" "Mozilla/5.0 AppleWebKit/537.36 (KHTML, like Gecko; compatible; GPTBot/1.4; +https://openai.com/gptbot)"
216.73.216.212 - - [25/Aug/2026:13:37:49 +0000] "GET /wp-content/plugins/elementor/modules/usage/?C=S&O=A HTTP/2.0" 200 446 "-" "Mozilla/5.0 AppleWebKit/537.36 (KHTML, like Gecko; compatible; ClaudeBot/1.0; +claudebot@anthropic.com)"
74.7.227.21 - - [25/Aug/2026:13:37:49 +0000] "GET /wp-includes/images/icon-library/text-vertical.svg HTTP/2.0" 200 196 "https://drhyperbaric.com/wp-includes/images/icon-library/" "Mozilla/5.0 AppleWebKit/537.36 (KHTML, like Gecko; compatible; GPTBot/1.4; +https://openai.com/gptbot)"
