74.7.243.222 - - [26/Aug/2026:01:26:41 +0000] "GET /?shop/detail/B25512830242.html HTTP/2.0" 403 307 "https://cellsonic.oxygenhealthsystems.com/?sitemap797.xml" "Mozilla/5.0 AppleWebKit/537.36 (KHTML, like Gecko; compatible; GPTBot/1.4; +https://openai.com/gptbot)"
180.242.129.178 - - [26/Aug/2026:01:26:42 +0000] "GET /wp-includes/class-smtp.php HTTP/1.1" 403 319 "-" "python-httpx/0.28.1"
180.242.129.178 - - [26/Aug/2026:01:26:50 +0000] "GET /plugins/wp_error.php%20 HTTP/1.1" 403 319 "-" "python-httpx/0.28.1"
180.242.129.178 - - [26/Aug/2026:01:26:58 +0000] "GET /admin/wp_project.php HTTP/1.1" 403 319 "-" "python-httpx/0.28.1"
74.7.243.222 - - [26/Aug/2026:01:27:02 +0000] "GET /?shop/detail/A25502430828.html HTTP/2.0" 403 307 "https://cellsonic.oxygenhealthsystems.com/?sitemap234.xml" "Mozilla/5.0 AppleWebKit/537.36 (KHTML, like Gecko; compatible; GPTBot/1.4; +https://openai.com/gptbot)"
180.242.129.178 - - [26/Aug/2026:01:27:05 +0000] "GET /wp-admin/maint/byp.php?p= HTTP/1.1" 403 319 "-" "python-httpx/0.28.1"
180.242.129.178 - - [26/Aug/2026:01:27:12 +0000] "GET /wp-includes/SimplePie/wp-term.php HTTP/1.1" 403 319 "-" "python-httpx/0.28.1"
180.242.129.178 - - [26/Aug/2026:01:27:19 +0000] "GET /wp-includes/js/tinymce/plugins/wptextpattern/about.php HTTP/1.1" 403 319 "-" "python-httpx/0.28.1"
74.7.243.222 - - [26/Aug/2026:01:27:24 +0000] "GET /?shop/detail/B25463384264.html HTTP/2.0" 403 307 "https://cellsonic.oxygenhealthsystems.com/?sitemap425.xml" "Mozilla/5.0 AppleWebKit/537.36 (KHTML, like Gecko; compatible; GPTBot/1.4; +https://openai.com/gptbot)"
180.242.129.178 - - [26/Aug/2026:01:27:26 +0000] "GET /wp-includes/rest-api/endpoints/class-wp-rest-font-collections-controller.php HTTP/1.1" 403 319 "-" "python-httpx/0.28.1"
180.242.129.178 - - [26/Aug/2026:01:27:33 +0000] "GET /alf.php HTTP/1.1" 403 319 "-" "python-httpx/0.28.1"
180.242.129.178 - - [26/Aug/2026:01:27:41 +0000] "GET /wp-content/languages/index.php HTTP/1.1" 403 319 "-" "python-httpx/0.28.1"
66.249.75.3 - - [26/Aug/2026:01:27:43 +0000] "GET /shop/detail/E25481170893.html HTTP/1.1" 403 319 "-" "Mozilla/5.0 (Linux; Android 6.0.1; Nexus 5X Build/MMB29P) AppleWebKit/537.36 (KHTML, like Gecko) Chrome/151.0.7922.173 Mobile Safari/537.36 (compatible; Googlebot/2.1; +http://www.google.com/bot.html)"
74.7.243.222 - - [26/Aug/2026:01:27:46 +0000] "GET /?shop/detail/Z25505247531.html HTTP/2.0" 403 307 "https://cellsonic.oxygenhealthsystems.com/?sitemap907.xml" "Mozilla/5.0 AppleWebKit/537.36 (KHTML, like Gecko; compatible; GPTBot/1.4; +https://openai.com/gptbot)"
180.242.129.178 - - [26/Aug/2026:01:27:48 +0000] "GET /cms.php HTTP/1.1" 403 319 "-" "python-httpx/0.28.1"
66.249.75.4 - - [26/Aug/2026:01:27:48 +0000] "GET /shop/detail/W25481213682.html HTTP/1.1" 403 319 "-" "Mozilla/5.0 (compatible; Googlebot/2.1; +http://www.google.com/bot.html)"
180.242.129.178 - - [26/Aug/2026:01:27:56 +0000] "GET /ioxi002.PhP7 HTTP/1.1" 403 319 "-" "python-httpx/0.28.1"
180.242.129.178 - - [26/Aug/2026:01:28:02 +0000] "GET /user-edit.php HTTP/1.1" 403 319 "-" "python-httpx/0.28.1"
66.249.75.5 - - [26/Aug/2026:01:28:04 +0000] "GET /shop/detail/C25481257326.html HTTP/1.1" 403 319 "-" "Mozilla/5.0 (compatible; Googlebot/2.1; +http://www.google.com/bot.html)"
74.7.243.222 - - [26/Aug/2026:01:28:06 +0000] "GET /?shop/detail/A25487466778.html HTTP/2.0" 403 307 "https://cellsonic.oxygenhealthsystems.com/?sitemap762.xml" "Mozilla/5.0 AppleWebKit/537.36 (KHTML, like Gecko; compatible; GPTBot/1.4; +https://openai.com/gptbot)"
180.242.129.178 - - [26/Aug/2026:01:28:09 +0000] "GET /wp-admin/xleet.php HTTP/1.1" 403 319 "-" "python-httpx/0.28.1"
180.242.129.178 - - [26/Aug/2026:01:28:16 +0000] "GET /images/1.php HTTP/1.1" 403 319 "-" "python-httpx/0.28.1"
180.242.129.178 - - [26/Aug/2026:01:28:24 +0000] "GET /symlink.php HTTP/1.1" 403 319 "-" "python-httpx/0.28.1"
66.249.75.4 - - [26/Aug/2026:01:28:25 +0000] "GET /shop/detail/Y25512781440.html HTTP/1.1" 403 319 "-" "Mozilla/5.0 (Linux; Android 6.0.1; Nexus 5X Build/MMB29P) AppleWebKit/537.36 (KHTML, like Gecko) Chrome/151.0.7922.173 Mobile Safari/537.36 (compatible; Googlebot/2.1; +http://www.google.com/bot.html)"
74.7.243.222 - - [26/Aug/2026:01:28:28 +0000] "GET /?shop/detail/A25463328664.html HTTP/2.0" 403 307 "https://cellsonic.oxygenhealthsystems.com/?sitemap234.xml" "Mozilla/5.0 AppleWebKit/537.36 (KHTML, like Gecko; compatible; GPTBot/1.4; +https://openai.com/gptbot)"
180.242.129.178 - - [26/Aug/2026:01:28:30 +0000] "GET /wp-content/uploads/small.php HTTP/1.1" 403 319 "-" "python-httpx/0.28.1"
66.249.75.3 - - [26/Aug/2026:01:28:33 +0000] "GET /shop/detail/J25481299879.html HTTP/1.1" 403 319 "-" "Mozilla/5.0 (Linux; Android 6.0.1; Nexus 5X Build/MMB29P) AppleWebKit/537.36 (KHTML, like Gecko) Chrome/151.0.7922.173 Mobile Safari/537.36 (compatible; Googlebot/2.1; +http://www.google.com/bot.html)"
66.249.75.3 - - [26/Aug/2026:01:28:35 +0000] "GET /shop/detail/T2546389294.html HTTP/1.1" 403 319 "-" "Mozilla/5.0 (compatible; Googlebot/2.1; +http://www.google.com/bot.html)"
180.242.129.178 - - [26/Aug/2026:01:28:38 +0000] "GET /wp-content/V5.php HTTP/1.1" 403 319 "-" "python-httpx/0.28.1"
180.242.129.178 - - [26/Aug/2026:01:28:44 +0000] "GET /wp-includes/wp-log1n.php HTTP/1.1" 403 319 "-" "python-httpx/0.28.1"
74.7.243.222 - - [26/Aug/2026:01:28:49 +0000] "GET /?shop/detail/B25515850462.html HTTP/2.0" 403 307 "https://cellsonic.oxygenhealthsystems.com/?sitemap425.xml" "Mozilla/5.0 AppleWebKit/537.36 (KHTML, like Gecko; compatible; GPTBot/1.4; +https://openai.com/gptbot)"
180.242.129.178 - - [26/Aug/2026:01:28:51 +0000] "GET /wp-includes/ID3/plugins.php HTTP/1.1" 403 319 "-" "python-httpx/0.28.1"
180.242.129.178 - - [26/Aug/2026:01:28:58 +0000] "GET /cgi-bin/cloud.php HTTP/1.1" 403 319 "-" "python-httpx/0.28.1"
180.242.129.178 - - [26/Aug/2026:01:29:05 +0000] "GET /wp-admin/css/colors/coffee/404.php HTTP/1.1" 403 319 "-" "python-httpx/0.28.1"
74.7.243.222 - - [26/Aug/2026:01:29:11 +0000] "GET /?shop/detail/A25487455799.html HTTP/2.0" 403 307 "https://cellsonic.oxygenhealthsystems.com/?sitemap762.xml" "Mozilla/5.0 AppleWebKit/537.36 (KHTML, like Gecko; compatible; GPTBot/1.4; +https://openai.com/gptbot)"
180.242.129.178 - - [26/Aug/2026:01:29:11 +0000] "GET /tgh.php HTTP/1.1" 403 319 "-" "python-httpx/0.28.1"
180.242.129.178 - - [26/Aug/2026:01:29:18 +0000] "GET /wp-includes/js/dist/script-modules/block-library/image/about.php HTTP/1.1" 403 319 "-" "python-httpx/0.28.1"
66.249.75.3 - - [26/Aug/2026:01:29:18 +0000] "GET /shop/detail/K25512624964.html HTTP/1.1" 403 319 "-" "Mozilla/5.0 (compatible; Googlebot/2.1; +http://www.google.com/bot.html)"
180.242.129.178 - - [26/Aug/2026:01:29:25 +0000] "GET /bitwise.php HTTP/1.1" 403 319 "-" "python-httpx/0.28.1"
74.7.243.222 - - [26/Aug/2026:01:29:31 +0000] "GET /?shop/detail/B25518527919.html HTTP/2.0" 403 307 "https://cellsonic.oxygenhealthsystems.com/?sitemap536.xml" "Mozilla/5.0 AppleWebKit/537.36 (KHTML, like Gecko; compatible; GPTBot/1.4; +https://openai.com/gptbot)"
180.242.129.178 - - [26/Aug/2026:01:29:33 +0000] "GET /wp-admin/css/maro.php HTTP/1.1" 403 319 "-" "python-httpx/0.28.1"
180.242.129.178 - - [26/Aug/2026:01:29:39 +0000] "GET /wp-content/plugins/hellopress/rk2.php HTTP/1.1" 403 319 "-" "python-httpx/0.28.1"
180.242.129.178 - - [26/Aug/2026:01:29:46 +0000] "GET /as/023ws.php HTTP/1.1" 403 319 "-" "python-httpx/0.28.1"
74.7.243.222 - - [26/Aug/2026:01:29:53 +0000] "GET /?shop/detail/Z25502143354.html HTTP/2.0" 403 307 "https://cellsonic.oxygenhealthsystems.com/?sitemap417.xml" "Mozilla/5.0 AppleWebKit/537.36 (KHTML, like Gecko; compatible; GPTBot/1.4; +https://openai.com/gptbot)"
180.242.129.178 - - [26/Aug/2026:01:29:53 +0000] "GET /wp-includes/Requests/themes.php HTTP/1.1" 403 319 "-" "python-httpx/0.28.1"
180.242.129.178 - - [26/Aug/2026:01:30:01 +0000] "GET /wp-includes/css/dist/about.php HTTP/1.1" 403 319 "-" "python-httpx/0.28.1"
180.242.129.178 - - [26/Aug/2026:01:30:06 +0000] "GET /wp-content/themes/wp-logout.php HTTP/1.1" 403 319 "-" "python-httpx/0.28.1"
180.242.129.178 - - [26/Aug/2026:01:30:14 +0000] "GET /wp-admin/css/colors/midnight/vzqpLY.php HTTP/1.1" 403 319 "-" "python-httpx/0.28.1"
74.7.243.222 - - [26/Aug/2026:01:30:15 +0000] "GET /?shop/detail/Z25512630310.html HTTP/2.0" 403 307 "https://cellsonic.oxygenhealthsystems.com/?sitemap417.xml" "Mozilla/5.0 AppleWebKit/537.36 (KHTML, like Gecko; compatible; GPTBot/1.4; +https://openai.com/gptbot)"
180.242.129.178 - - [26/Aug/2026:01:30:21 +0000] "GET /.well-known/acme-challenge/wp_project.php HTTP/1.1" 403 319 "-" "python-httpx/0.28.1"
66.249.75.3 - - [26/Aug/2026:01:30:24 +0000] "GET /shop/detail/M25481276068.html HTTP/1.1" 403 319 "-" "Mozilla/5.0 (compatible; Googlebot/2.1; +http://www.google.com/bot.html)"
180.242.129.178 - - [26/Aug/2026:01:30:28 +0000] "GET /mailer.php HTTP/1.1" 403 319 "-" "python-httpx/0.28.1"
180.242.129.178 - - [26/Aug/2026:01:30:34 +0000] "GET /wp-includes/y.php HTTP/1.1" 403 319 "-" "python-httpx/0.28.1"
74.7.243.222 - - [26/Aug/2026:01:30:35 +0000] "GET /?shop/detail/A25479574971.html HTTP/2.0" 403 307 "https://cellsonic.oxygenhealthsystems.com/?sitemap166.xml" "Mozilla/5.0 AppleWebKit/537.36 (KHTML, like Gecko; compatible; GPTBot/1.4; +https://openai.com/gptbot)"
180.242.129.178 - - [26/Aug/2026:01:30:41 +0000] "GET /wp-content/shell.php HTTP/1.1" 403 319 "-" "python-httpx/0.28.1"
180.242.129.178 - - [26/Aug/2026:01:30:49 +0000] "GET /ninja.php HTTP/1.1" 403 319 "-" "python-httpx/0.28.1"
180.242.129.178 - - [26/Aug/2026:01:30:56 +0000] "GET /1945.php HTTP/1.1" 403 319 "-" "python-httpx/0.28.1"
74.7.243.222 - - [26/Aug/2026:01:30:57 +0000] "GET /?shop/detail/A25512950583.html HTTP/2.0" 403 307 "https://cellsonic.oxygenhealthsystems.com/?sitemap166.xml" "Mozilla/5.0 AppleWebKit/537.36 (KHTML, like Gecko; compatible; GPTBot/1.4; +https://openai.com/gptbot)"
180.242.129.178 - - [26/Aug/2026:01:31:03 +0000] "GET /wp-includes/sodium_compat/src/Core/SecretStream/wp-login.php HTTP/1.1" 403 319 "-" "python-httpx/0.28.1"
180.242.129.178 - - [26/Aug/2026:01:31:09 +0000] "GET /wp-admin/404.php HTTP/1.1" 403 319 "-" "python-httpx/0.28.1"
180.242.129.178 - - [26/Aug/2026:01:31:16 +0000] "GET /wp-content/themes/twentytwentythree/parts/wp-blog.php HTTP/1.1" 403 319 "-" "python-httpx/0.28.1"
74.7.243.222 - - [26/Aug/2026:01:31:18 +0000] "GET /?shop/detail/A25494598141.html HTTP/2.0" 403 307 "https://cellsonic.oxygenhealthsystems.com/?sitemap234.xml" "Mozilla/5.0 AppleWebKit/537.36 (KHTML, like Gecko; compatible; GPTBot/1.4; +https://openai.com/gptbot)"
180.242.129.178 - - [26/Aug/2026:01:31:23 +0000] "GET /wp-includes/IXR/plugins.php HTTP/1.1" 403 319 "-" "python-httpx/0.28.1"
66.249.75.4 - - [26/Aug/2026:01:31:24 +0000] "GET /shop/detail/Q2546238953.html HTTP/1.1" 403 319 "-" "Mozilla/5.0 (Linux; Android 6.0.1; Nexus 5X Build/MMB29P) AppleWebKit/537.36 (KHTML, like Gecko) Chrome/151.0.7922.173 Mobile Safari/537.36 (compatible; Googlebot/2.1; +http://www.google.com/bot.html)"
66.249.75.4 - - [26/Aug/2026:01:31:24 +0000] "GET /shop/detail/H25491837503.html HTTP/1.1" 403 319 "-" "Mozilla/5.0 (Linux; Android 6.0.1; Nexus 5X Build/MMB29P) AppleWebKit/537.36 (KHTML, like Gecko) Chrome/151.0.7922.173 Mobile Safari/537.36 (compatible; Googlebot/2.1; +http://www.google.com/bot.html)"
180.242.129.178 - - [26/Aug/2026:01:31:30 +0000] "GET /wp-admin/js/pomo.php HTTP/1.1" 403 319 "-" "python-httpx/0.28.1"
180.242.129.178 - - [26/Aug/2026:01:31:37 +0000] "GET /images/thumb.php HTTP/1.1" 403 319 "-" "python-httpx/0.28.1"
74.7.243.222 - - [26/Aug/2026:01:31:39 +0000] "GET /?shop/detail/A25512661108.html HTTP/2.0" 403 307 "https://cellsonic.oxygenhealthsystems.com/?sitemap234.xml" "Mozilla/5.0 AppleWebKit/537.36 (KHTML, like Gecko; compatible; GPTBot/1.4; +https://openai.com/gptbot)"
180.242.129.178 - - [26/Aug/2026:01:31:44 +0000] "GET /vendor/doctrine/lexer/src/about.php HTTP/1.1" 403 319 "-" "python-httpx/0.28.1"
180.242.129.178 - - [26/Aug/2026:01:31:51 +0000] "GET /wp-clon.php HTTP/1.1" 403 319 "-" "python-httpx/0.28.1"
180.242.129.178 - - [26/Aug/2026:01:31:58 +0000] "GET /wp-includes/IXR/class-IXR-client.php HTTP/1.1" 403 319 "-" "python-httpx/0.28.1"
74.7.243.222 - - [26/Aug/2026:01:31:59 +0000] "GET /?shop/detail/A25512844829.html HTTP/2.0" 403 307 "https://cellsonic.oxygenhealthsystems.com/?sitemap234.xml" "Mozilla/5.0 AppleWebKit/537.36 (KHTML, like Gecko; compatible; GPTBot/1.4; +https://openai.com/gptbot)"
180.242.129.178 - - [26/Aug/2026:01:32:05 +0000] "GET /index/function.php HTTP/1.1" 403 319 "-" "python-httpx/0.28.1"
180.242.129.178 - - [26/Aug/2026:01:32:12 +0000] "GET /wp-content/repeater.php HTTP/1.1" 403 319 "-" "python-httpx/0.28.1"
180.242.129.178 - - [26/Aug/2026:01:32:19 +0000] "GET /wp-includes/index.php HTTP/1.1" 403 319 "-" "python-httpx/0.28.1"
74.7.243.222 - - [26/Aug/2026:01:32:20 +0000] "GET /?shop/detail/B25512917662.html HTTP/2.0" 403 307 "https://cellsonic.oxygenhealthsystems.com/?sitemap408.xml" "Mozilla/5.0 AppleWebKit/537.36 (KHTML, like Gecko; compatible; GPTBot/1.4; +https://openai.com/gptbot)"
180.242.129.178 - - [26/Aug/2026:01:32:26 +0000] "GET /wp-includes/post.php HTTP/1.1" 403 319 "-" "python-httpx/0.28.1"
57.141.20.41 - - [26/Aug/2026:01:32:26 +0000] "GET / HTTP/2.0" 403 307 "-" "facebookexternalhit/1.1 (+http://www.facebook.com/externalhit_uatext.php)"
180.242.129.178 - - [26/Aug/2026:01:32:33 +0000] "GET /aci.php HTTP/1.1" 403 319 "-" "python-httpx/0.28.1"
180.242.129.178 - - [26/Aug/2026:01:32:40 +0000] "GET /wp-includes/block-patterns/query-small-posts.php HTTP/1.1" 403 319 "-" "python-httpx/0.28.1"
74.7.243.222 - - [26/Aug/2026:01:32:41 +0000] "GET /?shop/detail/B254642150012.html HTTP/2.0" 403 307 "https://cellsonic.oxygenhealthsystems.com/?sitemap293.xml" "Mozilla/5.0 AppleWebKit/537.36 (KHTML, like Gecko; compatible; GPTBot/1.4; +https://openai.com/gptbot)"
180.242.129.178 - - [26/Aug/2026:01:32:47 +0000] "GET /wp-content/wp_error.php%20 HTTP/1.1" 403 319 "-" "python-httpx/0.28.1"
180.242.129.178 - - [26/Aug/2026:01:32:54 +0000] "GET /wp-content/plugins/seoo/alfa-ioxi.php HTTP/1.1" 403 319 "-" "python-httpx/0.28.1"
180.242.129.178 - - [26/Aug/2026:01:33:01 +0000] "GET /wp-content/plugins/disqus-comment-system/tmp/Cgishell.pl HTTP/1.1" 403 319 "-" "python-httpx/0.28.1"
74.7.243.222 - - [26/Aug/2026:01:33:02 +0000] "GET /?shop/detail/A25463328358.html HTTP/2.0" 403 307 "https://cellsonic.oxygenhealthsystems.com/?sitemap166.xml" "Mozilla/5.0 AppleWebKit/537.36 (KHTML, like Gecko; compatible; GPTBot/1.4; +https://openai.com/gptbot)"
66.249.75.5 - - [26/Aug/2026:01:33:08 +0000] "GET /shop/detail/A2546162124.html HTTP/1.1" 403 319 "-" "Mozilla/5.0 (compatible; Googlebot/2.1; +http://www.google.com/bot.html)"
180.242.129.178 - - [26/Aug/2026:01:33:08 +0000] "GET /wp-admin/css/colors/coffee/leaf.php HTTP/1.1" 403 319 "-" "python-httpx/0.28.1"
66.249.75.3 - - [26/Aug/2026:01:33:09 +0000] "GET /shop/detail/V25512657363.html HTTP/1.1" 403 319 "-" "Mozilla/5.0 (compatible; Googlebot/2.1; +http://www.google.com/bot.html)"
180.242.129.178 - - [26/Aug/2026:01:33:16 +0000] "GET /wp-includes/nav-menu.php HTTP/1.1" 403 319 "-" "python-httpx/0.28.1"
74.7.243.222 - - [26/Aug/2026:01:33:23 +0000] "GET /?shop/detail/Z25515761395.html HTTP/2.0" 403 307 "https://cellsonic.oxygenhealthsystems.com/?sitemap792.xml" "Mozilla/5.0 AppleWebKit/537.36 (KHTML, like Gecko; compatible; GPTBot/1.4; +https://openai.com/gptbot)"
180.242.129.178 - - [26/Aug/2026:01:33:23 +0000] "GET /js/tiny_mce/plugins/ajaxfilemanager/ajaxfilemanager.php HTTP/1.1" 403 319 "-" "python-httpx/0.28.1"
180.242.129.178 - - [26/Aug/2026:01:33:30 +0000] "GET /wp-includes/feed-atom.php HTTP/1.1" 403 319 "-" "python-httpx/0.28.1"
180.242.129.178 - - [26/Aug/2026:01:33:36 +0000] "GET /wp-admin/upload.php HTTP/1.1" 403 319 "-" "python-httpx/0.28.1"
180.242.129.178 - - [26/Aug/2026:01:33:43 +0000] "GET /cgi-bin/users.php HTTP/1.1" 403 319 "-" "python-httpx/0.28.1"
74.7.243.222 - - [26/Aug/2026:01:33:44 +0000] "GET /?shop/detail/A25487478432.html HTTP/2.0" 403 307 "https://cellsonic.oxygenhealthsystems.com/?sitemap330.xml" "Mozilla/5.0 AppleWebKit/537.36 (KHTML, like Gecko; compatible; GPTBot/1.4; +https://openai.com/gptbot)"
180.242.129.178 - - [26/Aug/2026:01:33:51 +0000] "GET /wp-content/languages/Chitoge.php HTTP/1.1" 403 319 "-" "python-httpx/0.28.1"
180.242.129.178 - - [26/Aug/2026:01:33:59 +0000] "GET /images/alfa123.php HTTP/1.1" 403 319 "-" "python-httpx/0.28.1"
74.7.243.222 - - [26/Aug/2026:01:34:05 +0000] "GET /?shop/detail/B25508328511.html HTTP/2.0" 403 307 "https://cellsonic.oxygenhealthsystems.com/?sitemap536.xml" "Mozilla/5.0 AppleWebKit/537.36 (KHTML, like Gecko; compatible; GPTBot/1.4; +https://openai.com/gptbot)"
180.242.129.178 - - [26/Aug/2026:01:34:06 +0000] "GET /wp-includes/SimplePie/wp_filemanager.php HTTP/1.1" 403 319 "-" "python-httpx/0.28.1"
180.242.129.178 - - [26/Aug/2026:01:34:13 +0000] "GET /wp-includes/sodium_compat/src/Core32/Curve25519/Ge/oej9.php HTTP/1.1" 403 319 "-" "python-httpx/0.28.1"
57.141.10.54 - - [26/Aug/2026:01:34:15 +0000] "GET / HTTP/2.0" 403 307 "-" "facebookexternalhit/1.1 (+http://www.facebook.com/externalhit_uatext.php)"
180.242.129.178 - - [26/Aug/2026:01:34:20 +0000] "GET /rxr.php?rxr HTTP/1.1" 403 319 "-" "python-httpx/0.28.1"
74.7.243.222 - - [26/Aug/2026:01:34:27 +0000] "GET /?shop/detail/Z25518708015.html HTTP/2.0" 403 307 "https://cellsonic.oxygenhealthsystems.com/?sitemap612.xml" "Mozilla/5.0 AppleWebKit/537.36 (KHTML, like Gecko; compatible; GPTBot/1.4; +https://openai.com/gptbot)"
180.242.129.178 - - [26/Aug/2026:01:34:27 +0000] "GET /vendor/doctrine/inflector/lib/Doctrine/Inflector/Rules/Portuguese/alfa-rex.php HTTP/1.1" 403 319 "-" "python-httpx/0.28.1"
66.249.75.5 - - [26/Aug/2026:01:34:31 +0000] "GET /shop/detail/I2547605760.html HTTP/1.1" 403 319 "-" "Mozilla/5.0 (Linux; Android 6.0.1; Nexus 5X Build/MMB29P) AppleWebKit/537.36 (KHTML, like Gecko) Chrome/151.0.7922.173 Mobile Safari/537.36 (compatible; Googlebot/2.1; +http://www.google.com/bot.html)"
180.242.129.178 - - [26/Aug/2026:01:34:34 +0000] "GET /wp-admin/js/widgets/class_appfun.php HTTP/1.1" 403 319 "-" "python-httpx/0.28.1"
180.242.129.178 - - [26/Aug/2026:01:34:40 +0000] "GET /wp-admin/network/wp-sys.php?p= HTTP/1.1" 403 319 "-" "python-httpx/0.28.1"
66.249.75.3 - - [26/Aug/2026:01:34:42 +0000] "GET /shop/detail/G25481018525.html HTTP/1.1" 403 319 "-" "Mozilla/5.0 (Linux; Android 6.0.1; Nexus 5X Build/MMB29P) AppleWebKit/537.36 (KHTML, like Gecko) Chrome/151.0.7922.173 Mobile Safari/537.36 (compatible; Googlebot/2.1; +http://www.google.com/bot.html)"
74.7.243.222 - - [26/Aug/2026:01:34:48 +0000] "GET /?shop/detail/B254787790272.html HTTP/2.0" 403 307 "https://cellsonic.oxygenhealthsystems.com/?sitemap131.xml" "Mozilla/5.0 AppleWebKit/537.36 (KHTML, like Gecko; compatible; GPTBot/1.4; +https://openai.com/gptbot)"
180.242.129.178 - - [26/Aug/2026:01:34:48 +0000] "GET /.alf.php HTTP/1.1" 403 319 "-" "python-httpx/0.28.1"
180.242.129.178 - - [26/Aug/2026:01:34:54 +0000] "GET /wp-content/plugins/upspy/con.php HTTP/1.1" 403 319 "-" "python-httpx/0.28.1"
180.242.129.178 - - [26/Aug/2026:01:35:02 +0000] "GET /wp-includes/sym.php HTTP/1.1" 403 319 "-" "python-httpx/0.28.1"
180.242.129.178 - - [26/Aug/2026:01:35:09 +0000] "GET /wp-admin/images/function.php HTTP/1.1" 403 319 "-" "python-httpx/0.28.1"
74.7.243.222 - - [26/Aug/2026:01:35:09 +0000] "GET /?shop/detail/B25463352757.html HTTP/2.0" 403 307 "https://cellsonic.oxygenhealthsystems.com/?sitemap797.xml" "Mozilla/5.0 AppleWebKit/537.36 (KHTML, like Gecko; compatible; GPTBot/1.4; +https://openai.com/gptbot)"
180.242.129.178 - - [26/Aug/2026:01:35:16 +0000] "GET /wp-content/plugins/aryabot/byps.php HTTP/1.1" 403 319 "-" "python-httpx/0.28.1"
180.242.129.178 - - [26/Aug/2026:01:35:23 +0000] "GET /filemanager.php HTTP/1.1" 403 319 "-" "python-httpx/0.28.1"
74.7.243.222 - - [26/Aug/2026:01:35:29 +0000] "GET /?shop/detail/Z25466421147.html HTTP/2.0" 403 307 "https://cellsonic.oxygenhealthsystems.com/?sitemap320.xml" "Mozilla/5.0 AppleWebKit/537.36 (KHTML, like Gecko; compatible; GPTBot/1.4; +https://openai.com/gptbot)"
180.242.129.178 - - [26/Aug/2026:01:35:30 +0000] "GET /image/87.php HTTP/1.1" 403 319 "-" "python-httpx/0.28.1"
180.242.129.178 - - [26/Aug/2026:01:35:37 +0000] "GET /wp-content/plugins/wordpress-importer/php-toolkit/DataLiberation/vendor-patched/symfony/polyfill-intl-normalizer/Resources/unidata/llp9.php HTTP/1.1" 403 319 "-" "python-httpx/0.28.1"
180.242.129.178 - - [26/Aug/2026:01:35:44 +0000] "GET /wp-includes/block-template-utils.php HTTP/1.1" 403 319 "-" "python-httpx/0.28.1"
74.7.243.222 - - [26/Aug/2026:01:35:50 +0000] "GET /?shop/detail/B25518871274.html HTTP/2.0" 403 307 "https://cellsonic.oxygenhealthsystems.com/?sitemap582.xml" "Mozilla/5.0 AppleWebKit/537.36 (KHTML, like Gecko; compatible; GPTBot/1.4; +https://openai.com/gptbot)"
180.242.129.178 - - [26/Aug/2026:01:35:51 +0000] "GET /pHpINJ.php HTTP/1.1" 403 319 "-" "python-httpx/0.28.1"
180.242.129.178 - - [26/Aug/2026:01:35:57 +0000] "GET /images/kn.php HTTP/1.1" 403 319 "-" "python-httpx/0.28.1"
180.242.129.178 - - [26/Aug/2026:01:36:05 +0000] "GET /wp-includes/xox.php HTTP/1.1" 403 319 "-" "python-httpx/0.28.1"
74.7.243.222 - - [26/Aug/2026:01:36:11 +0000] "GET /?shop/detail/A25508421144.html HTTP/2.0" 403 307 "https://cellsonic.oxygenhealthsystems.com/?sitemap762.xml" "Mozilla/5.0 AppleWebKit/537.36 (KHTML, like Gecko; compatible; GPTBot/1.4; +https://openai.com/gptbot)"
180.242.129.178 - - [26/Aug/2026:01:36:12 +0000] "GET /wp-includes/class-wp-customize-setting.php HTTP/1.1" 403 319 "-" "python-httpx/0.28.1"
180.242.129.178 - - [26/Aug/2026:01:36:19 +0000] "GET /wp-includes/rest-api/rk2.php HTTP/1.1" 403 319 "-" "python-httpx/0.28.1"
180.242.129.178 - - [26/Aug/2026:01:36:25 +0000] "GET /wp-includes/meta.php HTTP/1.1" 403 319 "-" "python-httpx/0.28.1"
74.7.243.222 - - [26/Aug/2026:01:36:32 +0000] "GET /?shop/detail/Z25505149192.html HTTP/2.0" 403 307 "https://cellsonic.oxygenhealthsystems.com/?sitemap417.xml" "Mozilla/5.0 AppleWebKit/537.36 (KHTML, like Gecko; compatible; GPTBot/1.4; +https://openai.com/gptbot)"
180.242.129.178 - - [26/Aug/2026:01:36:33 +0000] "GET /wp-content/plugins/akismet/tmp/index.php HTTP/1.1" 403 319 "-" "python-httpx/0.28.1"
66.249.75.4 - - [26/Aug/2026:01:36:35 +0000] "GET /shop/detail/H25502022911.html HTTP/1.1" 403 319 "-" "Mozilla/5.0 (compatible; Googlebot/2.1; +http://www.google.com/bot.html)"
180.242.129.178 - - [26/Aug/2026:01:36:40 +0000] "GET /wp-includes/Text/Diff/Engine/xdiff.php HTTP/1.1" 403 319 "-" "python-httpx/0.28.1"
57.141.22.28 - - [26/Aug/2026:01:36:44 +0000] "GET / HTTP/2.0" 403 307 "-" "facebookexternalhit/1.1 (+http://www.facebook.com/externalhit_uatext.php)"
180.242.129.178 - - [26/Aug/2026:01:36:47 +0000] "GET /wp-includes/class-wp-http-ixr-client-url.php HTTP/1.1" 403 319 "-" "python-httpx/0.28.1"
74.7.243.222 - - [26/Aug/2026:01:36:53 +0000] "GET /?shop/detail/B25473884552.html HTTP/2.0" 403 307 "https://cellsonic.oxygenhealthsystems.com/?sitemap408.xml" "Mozilla/5.0 AppleWebKit/537.36 (KHTML, like Gecko; compatible; GPTBot/1.4; +https://openai.com/gptbot)"
180.242.129.178 - - [26/Aug/2026:01:36:53 +0000] "GET /wp-includes/images/wp-login.php HTTP/1.1" 403 319 "-" "python-httpx/0.28.1"
66.249.75.4 - - [26/Aug/2026:01:36:57 +0000] "GET /shop/detail/J2547667734.html HTTP/1.1" 403 319 "-" "Mozilla/5.0 (compatible; Googlebot/2.1; +http://www.google.com/bot.html)"
180.242.129.178 - - [26/Aug/2026:01:37:00 +0000] "GET /wp-admin/images/nice.php?p= HTTP/1.1" 403 319 "-" "python-httpx/0.28.1"
66.249.75.5 - - [26/Aug/2026:01:37:03 +0000] "GET /shop/detail/T2546414129.html HTTP/1.1" 403 319 "-" "Mozilla/5.0 (Linux; Android 6.0.1; Nexus 5X Build/MMB29P) AppleWebKit/537.36 (KHTML, like Gecko) Chrome/151.0.7922.173 Mobile Safari/537.36 (compatible; GoogleOther)"
180.242.129.178 - - [26/Aug/2026:01:37:07 +0000] "GET /wp-includes/ID3/module.audio-video.matroska.php HTTP/1.1" 403 319 "-" "python-httpx/0.28.1"
66.249.75.3 - - [26/Aug/2026:01:37:11 +0000] "GET /shop/detail/S25512622096.html HTTP/1.1" 403 319 "-" "Mozilla/5.0 (compatible; Googlebot/2.1; +http://www.google.com/bot.html)"
66.249.75.4 - - [26/Aug/2026:01:37:12 +0000] "GET /shop/detail/W25512700866.html HTTP/1.1" 403 319 "-" "Mozilla/5.0 (Linux; Android 6.0.1; Nexus 5X Build/MMB29P) AppleWebKit/537.36 (KHTML, like Gecko) Chrome/151.0.7922.173 Mobile Safari/537.36 (compatible; Googlebot/2.1; +http://www.google.com/bot.html)"
66.249.75.3 - - [26/Aug/2026:01:37:13 +0000] "GET /shop/detail/F254630522.html HTTP/1.1" 403 319 "-" "Mozilla/5.0 (Linux; Android 6.0.1; Nexus 5X Build/MMB29P) AppleWebKit/537.36 (KHTML, like Gecko) Chrome/151.0.7922.173 Mobile Safari/537.36 (compatible; Googlebot/2.1; +http://www.google.com/bot.html)"
74.7.243.222 - - [26/Aug/2026:01:37:13 +0000] "GET /?shop/detail/B25497709442.html HTTP/2.0" 403 307 "https://cellsonic.oxygenhealthsystems.com/?sitemap408.xml" "Mozilla/5.0 AppleWebKit/537.36 (KHTML, like Gecko; compatible; GPTBot/1.4; +https://openai.com/gptbot)"
180.242.129.178 - - [26/Aug/2026:01:37:14 +0000] "GET /wp-admin/maint/upl.php HTTP/1.1" 403 319 "-" "python-httpx/0.28.1"
66.249.75.3 - - [26/Aug/2026:01:37:19 +0000] "GET /shop/detail/M25502085904.html HTTP/1.1" 403 319 "-" "Mozilla/5.0 (Linux; Android 6.0.1; Nexus 5X Build/MMB29P) AppleWebKit/537.36 (KHTML, like Gecko) Chrome/151.0.7922.173 Mobile Safari/537.36 (compatible; Googlebot/2.1; +http://www.google.com/bot.html)"
180.242.129.178 - - [26/Aug/2026:01:37:21 +0000] "GET /images/xx.php HTTP/1.1" 403 319 "-" "python-httpx/0.28.1"
66.249.75.3 - - [26/Aug/2026:01:37:23 +0000] "GET /shop/detail/T25491667592.html HTTP/1.1" 403 319 "-" "Mozilla/5.0 (Linux; Android 6.0.1; Nexus 5X Build/MMB29P) AppleWebKit/537.36 (KHTML, like Gecko) Chrome/151.0.7922.173 Mobile Safari/537.36 (compatible; Googlebot/2.1; +http://www.google.com/bot.html)"
180.242.129.178 - - [26/Aug/2026:01:37:29 +0000] "GET /63ck0.php HTTP/1.1" 403 319 "-" "python-httpx/0.28.1"
66.249.75.3 - - [26/Aug/2026:01:37:30 +0000] "GET /shop/detail/X2547582352.html HTTP/1.1" 403 319 "-" "Mozilla/5.0 (Linux; Android 6.0.1; Nexus 5X Build/MMB29P) AppleWebKit/537.36 (KHTML, like Gecko) Chrome/151.0.7922.173 Mobile Safari/537.36 (compatible; Googlebot/2.1; +http://www.google.com/bot.html)"
66.249.75.3 - - [26/Aug/2026:01:37:31 +0000] "GET /shop/detail/C2547528644.html HTTP/1.1" 403 319 "-" "Mozilla/5.0 (Linux; Android 6.0.1; Nexus 5X Build/MMB29P) AppleWebKit/537.36 (KHTML, like Gecko) Chrome/151.0.7922.173 Mobile Safari/537.36 (compatible; Googlebot/2.1; +http://www.google.com/bot.html)"
74.7.243.222 - - [26/Aug/2026:01:37:34 +0000] "GET /?shop/detail/Z25466488502.html HTTP/2.0" 403 307 "https://cellsonic.oxygenhealthsystems.com/?sitemap320.xml" "Mozilla/5.0 AppleWebKit/537.36 (KHTML, like Gecko; compatible; GPTBot/1.4; +https://openai.com/gptbot)"
180.242.129.178 - - [26/Aug/2026:01:37:35 +0000] "GET /wp-admin/images/admin-ajax.php HTTP/1.1" 403 319 "-" "python-httpx/0.28.1"
180.242.129.178 - - [26/Aug/2026:01:37:42 +0000] "GET /wp-content/updates.php HTTP/1.1" 403 319 "-" "python-httpx/0.28.1"
66.249.75.3 - - [26/Aug/2026:01:37:43 +0000] "GET /shop/detail/A25481277876.html HTTP/1.1" 403 319 "-" "Mozilla/5.0 (Linux; Android 6.0.1; Nexus 5X Build/MMB29P) AppleWebKit/537.36 (KHTML, like Gecko) Chrome/151.0.7922.173 Mobile Safari/537.36 (compatible; Googlebot/2.1; +http://www.google.com/bot.html)"
180.242.129.178 - - [26/Aug/2026:01:37:48 +0000] "GET /wp-includes/403.php HTTP/1.1" 403 319 "-" "python-httpx/0.28.1"
66.249.75.3 - - [26/Aug/2026:01:37:51 +0000] "GET /shop/detail/Z2546208712.html HTTP/1.1" 403 319 "-" "Mozilla/5.0 (Linux; Android 6.0.1; Nexus 5X Build/MMB29P) AppleWebKit/537.36 (KHTML, like Gecko) Chrome/151.0.7922.173 Mobile Safari/537.36 (compatible; Googlebot/2.1; +http://www.google.com/bot.html)"
66.249.75.3 - - [26/Aug/2026:01:37:52 +0000] "GET /shop/detail/E25481286565.html HTTP/1.1" 403 319 "-" "Mozilla/5.0 (Linux; Android 6.0.1; Nexus 5X Build/MMB29P) AppleWebKit/537.36 (KHTML, like Gecko) Chrome/151.0.7922.173 Mobile Safari/537.36 (compatible; Googlebot/2.1; +http://www.google.com/bot.html)"
66.249.75.3 - - [26/Aug/2026:01:37:53 +0000] "GET /shop/detail/X25481491035.html HTTP/1.1" 403 319 "-" "Mozilla/5.0 (Linux; Android 6.0.1; Nexus 5X Build/MMB29P) AppleWebKit/537.36 (KHTML, like Gecko) Chrome/151.0.7922.173 Mobile Safari/537.36 (compatible; Googlebot/2.1; +http://www.google.com/bot.html)"
74.7.243.222 - - [26/Aug/2026:01:37:55 +0000] "GET /?shop/detail/B254645231365.html HTTP/2.0" 403 307 "https://cellsonic.oxygenhealthsystems.com/?sitemap293.xml" "Mozilla/5.0 AppleWebKit/537.36 (KHTML, like Gecko; compatible; GPTBot/1.4; +https://openai.com/gptbot)"
180.242.129.178 - - [26/Aug/2026:01:37:56 +0000] "GET /wp-includes/block-supports/colors.php HTTP/1.1" 403 319 "-" "python-httpx/0.28.1"
66.249.75.5 - - [26/Aug/2026:01:38:01 +0000] "GET /shop/detail/M25502130866.html HTTP/1.1" 403 319 "-" "Mozilla/5.0 (Linux; Android 6.0.1; Nexus 5X Build/MMB29P) AppleWebKit/537.36 (KHTML, like Gecko) Chrome/151.0.7922.173 Mobile Safari/537.36 (compatible; Googlebot/2.1; +http://www.google.com/bot.html)"
180.242.129.178 - - [26/Aug/2026:01:38:03 +0000] "GET /wp-includes/Requests/src/Exception/wp-login.php HTTP/1.1" 403 319 "-" "python-httpx/0.28.1"
66.249.75.3 - - [26/Aug/2026:01:38:06 +0000] "GET /shop/detail/B25481455852.html HTTP/1.1" 403 319 "-" "Mozilla/5.0 (Linux; Android 6.0.1; Nexus 5X Build/MMB29P) AppleWebKit/537.36 (KHTML, like Gecko) Chrome/151.0.7922.173 Mobile Safari/537.36 (compatible; Googlebot/2.1; +http://www.google.com/bot.html)"
66.249.75.3 - - [26/Aug/2026:01:38:06 +0000] "GET /shop/detail/A25481183807.html HTTP/1.1" 403 319 "-" "Mozilla/5.0 (Linux; Android 6.0.1; Nexus 5X Build/MMB29P) AppleWebKit/537.36 (KHTML, like Gecko) Chrome/151.0.7922.173 Mobile Safari/537.36 (compatible; Googlebot/2.1; +http://www.google.com/bot.html)"
180.242.129.178 - - [26/Aug/2026:01:38:10 +0000] "GET /wp-admin/includes/noop.php HTTP/1.1" 403 319 "-" "python-httpx/0.28.1"
66.249.75.3 - - [26/Aug/2026:01:38:15 +0000] "GET /shop/detail/G25512678983.html HTTP/1.1" 403 319 "-" "Mozilla/5.0 (Linux; Android 6.0.1; Nexus 5X Build/MMB29P) AppleWebKit/537.36 (KHTML, like Gecko) Chrome/151.0.7922.173 Mobile Safari/537.36 (compatible; Googlebot/2.1; +http://www.google.com/bot.html)"
74.7.243.222 - - [26/Aug/2026:01:38:16 +0000] "GET /?shop/detail/D254864496614.html HTTP/2.0" 403 307 "https://cellsonic.oxygenhealthsystems.com/?sitemap915.xml" "Mozilla/5.0 AppleWebKit/537.36 (KHTML, like Gecko; compatible; GPTBot/1.4; +https://openai.com/gptbot)"
180.242.129.178 - - [26/Aug/2026:01:38:16 +0000] "GET /cjfuns.php HTTP/1.1" 403 319 "-" "python-httpx/0.28.1"
66.249.75.3 - - [26/Aug/2026:01:38:23 +0000] "GET /shop/detail/E25502158900.html HTTP/1.1" 403 319 "-" "Mozilla/5.0 (Linux; Android 6.0.1; Nexus 5X Build/MMB29P) AppleWebKit/537.36 (KHTML, like Gecko) Chrome/151.0.7922.173 Mobile Safari/537.36 (compatible; Googlebot/2.1; +http://www.google.com/bot.html)"
66.249.75.3 - - [26/Aug/2026:01:38:23 +0000] "GET /shop/detail/C2547776507.html HTTP/1.1" 403 319 "-" "Mozilla/5.0 (Linux; Android 6.0.1; Nexus 5X Build/MMB29P) AppleWebKit/537.36 (KHTML, like Gecko) Chrome/151.0.7922.173 Mobile Safari/537.36 (compatible; Googlebot/2.1; +http://www.google.com/bot.html)"
180.242.129.178 - - [26/Aug/2026:01:38:24 +0000] "GET /wp-includes/js/dist/wp-login.php HTTP/1.1" 403 319 "-" "python-httpx/0.28.1"
66.249.75.3 - - [26/Aug/2026:01:38:24 +0000] "GET /shop/detail/I25512917498.html HTTP/1.1" 403 319 "-" "Mozilla/5.0 (Linux; Android 6.0.1; Nexus 5X Build/MMB29P) AppleWebKit/537.36 (KHTML, like Gecko) Chrome/151.0.7922.173 Mobile Safari/537.36 (compatible; Googlebot/2.1; +http://www.google.com/bot.html)"
57.141.4.59 - - [26/Aug/2026:01:38:24 +0000] "GET / HTTP/2.0" 403 307 "-" "facebookexternalhit/1.1 (+http://www.facebook.com/externalhit_uatext.php)"
66.249.75.3 - - [26/Aug/2026:01:38:25 +0000] "GET /shop/detail/K2546108738.html HTTP/1.1" 403 319 "-" "Mozilla/5.0 (Linux; Android 6.0.1; Nexus 5X Build/MMB29P) AppleWebKit/537.36 (KHTML, like Gecko) Chrome/151.0.7922.173 Mobile Safari/537.36 (compatible; Googlebot/2.1; +http://www.google.com/bot.html)"
180.242.129.178 - - [26/Aug/2026:01:38:31 +0000] "GET /wp-includes/certificates/block-css.php?mode=upload HTTP/1.1" 403 319 "-" "python-httpx/0.28.1"
66.249.75.3 - - [26/Aug/2026:01:38:33 +0000] "GET /shop/detail/K25481362981.html HTTP/1.1" 403 319 "-" "Mozilla/5.0 (Linux; Android 6.0.1; Nexus 5X Build/MMB29P) AppleWebKit/537.36 (KHTML, like Gecko) Chrome/151.0.7922.173 Mobile Safari/537.36 (compatible; Googlebot/2.1; +http://www.google.com/bot.html)"
74.7.243.222 - - [26/Aug/2026:01:38:36 +0000] "GET /?shop/detail/A25466292120.html HTTP/2.0" 403 307 "https://cellsonic.oxygenhealthsystems.com/?sitemap330.xml" "Mozilla/5.0 AppleWebKit/537.36 (KHTML, like Gecko; compatible; GPTBot/1.4; +https://openai.com/gptbot)"
66.249.75.3 - - [26/Aug/2026:01:38:37 +0000] "GET /shop/detail/M2547594738.html HTTP/1.1" 403 319 "-" "Mozilla/5.0 (Linux; Android 6.0.1; Nexus 5X Build/MMB29P) AppleWebKit/537.36 (KHTML, like Gecko) Chrome/151.0.7922.173 Mobile Safari/537.36 (compatible; Googlebot/2.1; +http://www.google.com/bot.html)"
180.242.129.178 - - [26/Aug/2026:01:38:39 +0000] "GET /wp-content/themes/digital-download/new.php HTTP/1.1" 403 319 "-" "python-httpx/0.28.1"
66.249.75.3 - - [26/Aug/2026:01:38:41 +0000] "GET /shop/detail/Q25502484946.html HTTP/1.1" 403 319 "-" "Mozilla/5.0 (Linux; Android 6.0.1; Nexus 5X Build/MMB29P) AppleWebKit/537.36 (KHTML, like Gecko) Chrome/151.0.7922.173 Mobile Safari/537.36 (compatible; Googlebot/2.1; +http://www.google.com/bot.html)"
180.242.129.178 - - [26/Aug/2026:01:38:45 +0000] "GET /wp-includes/SimplePie/library/SimplePie/Category.php HTTP/1.1" 403 319 "-" "python-httpx/0.28.1"
66.249.75.3 - - [26/Aug/2026:01:38:47 +0000] "GET /shop/detail/G25512560115.html HTTP/1.1" 403 319 "-" "Mozilla/5.0 (Linux; Android 6.0.1; Nexus 5X Build/MMB29P) AppleWebKit/537.36 (KHTML, like Gecko) Chrome/151.0.7922.173 Mobile Safari/537.36 (compatible; Googlebot/2.1; +http://www.google.com/bot.html)"
66.249.75.3 - - [26/Aug/2026:01:38:49 +0000] "GET /shop/detail/U25491611329.html HTTP/1.1" 403 319 "-" "Mozilla/5.0 (Linux; Android 6.0.1; Nexus 5X Build/MMB29P) AppleWebKit/537.36 (KHTML, like Gecko) Chrome/151.0.7922.173 Mobile Safari/537.36 (compatible; Googlebot/2.1; +http://www.google.com/bot.html)"
66.249.75.3 - - [26/Aug/2026:01:38:50 +0000] "GET /shop/detail/F25502022873.html HTTP/1.1" 403 319 "-" "Mozilla/5.0 (Linux; Android 6.0.1; Nexus 5X Build/MMB29P) AppleWebKit/537.36 (KHTML, like Gecko) Chrome/151.0.7922.173 Mobile Safari/537.36 (compatible; Googlebot/2.1; +http://www.google.com/bot.html)"
180.242.129.178 - - [26/Aug/2026:01:38:53 +0000] "GET /templates/beez3/index.php HTTP/1.1" 403 319 "-" "python-httpx/0.28.1"
74.7.243.222 - - [26/Aug/2026:01:38:58 +0000] "GET /?shop/detail/A254919589842.html HTTP/2.0" 403 307 "https://cellsonic.oxygenhealthsystems.com/?sitemap280.xml" "Mozilla/5.0 AppleWebKit/537.36 (KHTML, like Gecko; compatible; GPTBot/1.4; +https://openai.com/gptbot)"
180.242.129.178 - - [26/Aug/2026:01:38:59 +0000] "GET /vendor/iankumu/mpesa/tests/about.php HTTP/1.1" 403 319 "-" "python-httpx/0.28.1"
66.249.75.4 - - [26/Aug/2026:01:38:59 +0000] "GET /shop/detail/E25502012513.html HTTP/1.1" 403 319 "-" "Mozilla/5.0 (Linux; Android 6.0.1; Nexus 5X Build/MMB29P) AppleWebKit/537.36 (KHTML, like Gecko) Chrome/151.0.7922.173 Mobile Safari/537.36 (compatible; Googlebot/2.1; +http://www.google.com/bot.html)"
180.242.129.178 - - [26/Aug/2026:01:39:06 +0000] "GET /wp-scanner.php HTTP/1.1" 403 319 "-" "python-httpx/0.28.1"
66.249.75.4 - - [26/Aug/2026:01:39:07 +0000] "GET /shop/detail/U25512809864.html HTTP/1.1" 403 319 "-" "Mozilla/5.0 (Linux; Android 6.0.1; Nexus 5X Build/MMB29P) AppleWebKit/537.36 (KHTML, like Gecko) Chrome/151.0.7922.173 Mobile Safari/537.36 (compatible; Googlebot/2.1; +http://www.google.com/bot.html)"
66.249.75.4 - - [26/Aug/2026:01:39:08 +0000] "GET /shop/detail/Q2546443843.html HTTP/1.1" 403 319 "-" "Mozilla/5.0 (Linux; Android 6.0.1; Nexus 5X Build/MMB29P) AppleWebKit/537.36 (KHTML, like Gecko) Chrome/151.0.7922.173 Mobile Safari/537.36 (compatible; Googlebot/2.1; +http://www.google.com/bot.html)"
66.249.75.3 - - [26/Aug/2026:01:39:10 +0000] "GET /shop/detail/F25481169763.html HTTP/1.1" 403 319 "-" "Mozilla/5.0 (Linux; Android 6.0.1; Nexus 5X Build/MMB29P) AppleWebKit/537.36 (KHTML, like Gecko) Chrome/151.0.7922.173 Mobile Safari/537.36 (compatible; Googlebot/2.1; +http://www.google.com/bot.html)"
180.242.129.178 - - [26/Aug/2026:01:39:13 +0000] "GET /file/autoload_classmap.php HTTP/1.1" 403 319 "-" "python-httpx/0.28.1"
66.249.75.3 - - [26/Aug/2026:01:39:18 +0000] "GET /shop/detail/E2547785510.html HTTP/1.1" 403 319 "-" "Mozilla/5.0 (Linux; Android 6.0.1; Nexus 5X Build/MMB29P) AppleWebKit/537.36 (KHTML, like Gecko) Chrome/151.0.7922.173 Mobile Safari/537.36 (compatible; Googlebot/2.1; +http://www.google.com/bot.html)"
66.249.75.3 - - [26/Aug/2026:01:39:19 +0000] "GET /shop/detail/L254625444.html HTTP/1.1" 403 319 "-" "Mozilla/5.0 (Linux; Android 6.0.1; Nexus 5X Build/MMB29P) AppleWebKit/537.36 (KHTML, like Gecko) Chrome/151.0.7922.173 Mobile Safari/537.36 (compatible; Googlebot/2.1; +http://www.google.com/bot.html)"
74.7.243.222 - - [26/Aug/2026:01:39:20 +0000] "GET /?shop/detail/Z25518995010.html HTTP/2.0" 403 307 "https://cellsonic.oxygenhealthsystems.com/?sitemap389.xml" "Mozilla/5.0 AppleWebKit/537.36 (KHTML, like Gecko; compatible; GPTBot/1.4; +https://openai.com/gptbot)"
66.249.75.3 - - [26/Aug/2026:01:39:20 +0000] "GET /shop/detail/X25491531523.html HTTP/1.1" 403 319 "-" "Mozilla/5.0 (Linux; Android 6.0.1; Nexus 5X Build/MMB29P) AppleWebKit/537.36 (KHTML, like Gecko) Chrome/151.0.7922.173 Mobile Safari/537.36 (compatible; Googlebot/2.1; +http://www.google.com/bot.html)"
180.242.129.178 - - [26/Aug/2026:01:39:21 +0000] "GET /install.php HTTP/1.1" 403 319 "-" "python-httpx/0.28.1"
66.249.75.3 - - [26/Aug/2026:01:39:27 +0000] "GET /shop/detail/Z25491642918.html HTTP/1.1" 403 319 "-" "Mozilla/5.0 (Linux; Android 6.0.1; Nexus 5X Build/MMB29P) AppleWebKit/537.36 (KHTML, like Gecko) Chrome/151.0.7922.173 Mobile Safari/537.36 (compatible; Googlebot/2.1; +http://www.google.com/bot.html)"
180.242.129.178 - - [26/Aug/2026:01:39:28 +0000] "GET /wp-init.php HTTP/1.1" 403 319 "-" "python-httpx/0.28.1"
180.242.129.178 - - [26/Aug/2026:01:39:35 +0000] "GET /files/file_uploader.php HTTP/1.1" 403 319 "-" "python-httpx/0.28.1"
66.249.75.3 - - [26/Aug/2026:01:39:35 +0000] "GET /shop/detail/V25491862364.html HTTP/1.1" 403 319 "-" "Mozilla/5.0 (Linux; Android 6.0.1; Nexus 5X Build/MMB29P) AppleWebKit/537.36 (KHTML, like Gecko) Chrome/151.0.7922.173 Mobile Safari/537.36 (compatible; Googlebot/2.1; +http://www.google.com/bot.html)"
66.249.75.3 - - [26/Aug/2026:01:39:36 +0000] "GET /shop/detail/C25512706970.html HTTP/1.1" 403 319 "-" "Mozilla/5.0 (Linux; Android 6.0.1; Nexus 5X Build/MMB29P) AppleWebKit/537.36 (KHTML, like Gecko) Chrome/151.0.7922.173 Mobile Safari/537.36 (compatible; Googlebot/2.1; +http://www.google.com/bot.html)"
66.249.75.3 - - [26/Aug/2026:01:39:38 +0000] "GET /shop/detail/T2546353015.html HTTP/1.1" 403 319 "-" "Mozilla/5.0 (Linux; Android 6.0.1; Nexus 5X Build/MMB29P) AppleWebKit/537.36 (KHTML, like Gecko) Chrome/151.0.7922.173 Mobile Safari/537.36 (compatible; Googlebot/2.1; +http://www.google.com/bot.html)"
74.7.243.222 - - [26/Aug/2026:01:39:41 +0000] "GET /?shop/detail/B254630364020.html HTTP/2.0" 403 307 "https://cellsonic.oxygenhealthsystems.com/?sitemap193.xml" "Mozilla/5.0 AppleWebKit/537.36 (KHTML, like Gecko; compatible; GPTBot/1.4; +https://openai.com/gptbot)"
180.242.129.178 - - [26/Aug/2026:01:39:42 +0000] "GET /wp-content/plugins/aryabot/mari.php HTTP/1.1" 403 319 "-" "python-httpx/0.28.1"
66.249.75.3 - - [26/Aug/2026:01:39:43 +0000] "GET /shop/detail/E25481198863.html HTTP/1.1" 403 319 "-" "Mozilla/5.0 (Linux; Android 6.0.1; Nexus 5X Build/MMB29P) AppleWebKit/537.36 (KHTML, like Gecko) Chrome/151.0.7922.173 Mobile Safari/537.36 (compatible; Googlebot/2.1; +http://www.google.com/bot.html)"
180.242.129.178 - - [26/Aug/2026:01:39:49 +0000] "GET /as/function.php HTTP/1.1" 403 319 "-" "python-httpx/0.28.1"
66.249.75.3 - - [26/Aug/2026:01:39:52 +0000] "GET /shop/detail/L25502074729.html HTTP/1.1" 403 319 "-" "Mozilla/5.0 (Linux; Android 6.0.1; Nexus 5X Build/MMB29P) AppleWebKit/537.36 (KHTML, like Gecko) Chrome/151.0.7922.173 Mobile Safari/537.36 (compatible; Googlebot/2.1; +http://www.google.com/bot.html)"
66.249.75.3 - - [26/Aug/2026:01:39:53 +0000] "GET /shop/detail/C2546400449.html HTTP/1.1" 403 319 "-" "Mozilla/5.0 (Linux; Android 6.0.1; Nexus 5X Build/MMB29P) AppleWebKit/537.36 (KHTML, like Gecko) Chrome/151.0.7922.173 Mobile Safari/537.36 (compatible; Googlebot/2.1; +http://www.google.com/bot.html)"
66.249.75.3 - - [26/Aug/2026:01:39:54 +0000] "GET /product/152464458/ HTTP/1.1" 403 319 "-" "Mozilla/5.0 (Linux; Android 6.0.1; Nexus 5X Build/MMB29P) AppleWebKit/537.36 (KHTML, like Gecko) Chrome/151.0.7922.173 Mobile Safari/537.36 (compatible; Googlebot/2.1; +http://www.google.com/bot.html)"
180.242.129.178 - - [26/Aug/2026:01:39:56 +0000] "GET /olu.php HTTP/1.1" 403 319 "-" "python-httpx/0.28.1"
74.7.243.222 - - [26/Aug/2026:01:40:01 +0000] "GET /?shop/detail/Z25491995646.html HTTP/2.0" 403 307 "https://cellsonic.oxygenhealthsystems.com/?sitemap792.xml" "Mozilla/5.0 AppleWebKit/537.36 (KHTML, like Gecko; compatible; GPTBot/1.4; +https://openai.com/gptbot)"
180.242.129.178 - - [26/Aug/2026:01:40:03 +0000] "GET /images/k.php HTTP/1.1" 403 319 "-" "python-httpx/0.28.1"
66.249.75.5 - - [26/Aug/2026:01:40:06 +0000] "GET /shop/detail/W254694516.html HTTP/1.1" 403 319 "-" "Mozilla/5.0 (Linux; Android 6.0.1; Nexus 5X Build/MMB29P) AppleWebKit/537.36 (KHTML, like Gecko) Chrome/151.0.7922.173 Mobile Safari/537.36 (compatible; Googlebot/2.1; +http://www.google.com/bot.html)"
180.242.129.178 - - [26/Aug/2026:01:40:09 +0000] "GET /image/wp.php HTTP/1.1" 403 319 "-" "python-httpx/0.28.1"
66.249.75.3 - - [26/Aug/2026:01:40:15 +0000] "GET /shop/detail/V2546296436.html HTTP/1.1" 403 319 "-" "Mozilla/5.0 (Linux; Android 6.0.1; Nexus 5X Build/MMB29P) AppleWebKit/537.36 (KHTML, like Gecko) Chrome/151.0.7922.173 Mobile Safari/537.36 (compatible; Googlebot/2.1; +http://www.google.com/bot.html)"
66.249.75.3 - - [26/Aug/2026:01:40:16 +0000] "GET /shop/detail/S25481392466.html HTTP/1.1" 403 319 "-" "Mozilla/5.0 (Linux; Android 6.0.1; Nexus 5X Build/MMB29P) AppleWebKit/537.36 (KHTML, like Gecko) Chrome/151.0.7922.173 Mobile Safari/537.36 (compatible; Googlebot/2.1; +http://www.google.com/bot.html)"
180.242.129.178 - - [26/Aug/2026:01:40:17 +0000] "GET /shx.php HTTP/1.1" 403 319 "-" "python-httpx/0.28.1"
74.7.243.222 - - [26/Aug/2026:01:40:21 +0000] "GET /?shop/detail/Z25518675853.html HTTP/2.0" 403 307 "https://cellsonic.oxygenhealthsystems.com/?sitemap700.xml" "Mozilla/5.0 AppleWebKit/537.36 (KHTML, like Gecko; compatible; GPTBot/1.4; +https://openai.com/gptbot)"
180.242.129.178 - - [26/Aug/2026:01:40:24 +0000] "GET /wp-content/m.php HTTP/1.1" 403 319 "-" "python-httpx/0.28.1"
66.249.75.3 - - [26/Aug/2026:01:40:30 +0000] "GET /shop/detail/F2546386469.html HTTP/1.1" 403 319 "-" "Mozilla/5.0 (Linux; Android 6.0.1; Nexus 5X Build/MMB29P) AppleWebKit/537.36 (KHTML, like Gecko) Chrome/151.0.7922.173 Mobile Safari/537.36 (compatible; Googlebot/2.1; +http://www.google.com/bot.html)"
180.242.129.178 - - [26/Aug/2026:01:40:31 +0000] "GET /wp-admin/asdasd.php HTTP/1.1" 403 319 "-" "python-httpx/0.28.1"
66.249.75.3 - - [26/Aug/2026:01:40:34 +0000] "GET /shop/detail/Q2546329948.html HTTP/1.1" 403 319 "-" "Mozilla/5.0 (Linux; Android 6.0.1; Nexus 5X Build/MMB29P) AppleWebKit/537.36 (KHTML, like Gecko) Chrome/151.0.7922.173 Mobile Safari/537.36 (compatible; Googlebot/2.1; +http://www.google.com/bot.html)"
180.242.129.178 - - [26/Aug/2026:01:40:38 +0000] "GET /images/byps.php HTTP/1.1" 403 319 "-" "python-httpx/0.28.1"
74.7.243.222 - - [26/Aug/2026:01:40:43 +0000] "GET /?shop/detail/Z25502492194.html HTTP/2.0" 403 307 "https://cellsonic.oxygenhealthsystems.com/?sitemap666.xml" "Mozilla/5.0 AppleWebKit/537.36 (KHTML, like Gecko; compatible; GPTBot/1.4; +https://openai.com/gptbot)"
180.242.129.178 - - [26/Aug/2026:01:40:46 +0000] "GET /wp-includes/Requests/alfa-rex.php HTTP/1.1" 403 319 "-" "python-httpx/0.28.1"
180.242.129.178 - - [26/Aug/2026:01:40:52 +0000] "GET /wp-admin/network/xmrlpc.php?p= HTTP/1.1" 403 319 "-" "python-httpx/0.28.1"
66.249.75.3 - - [26/Aug/2026:01:40:54 +0000] "GET /shop/detail/V2547776032.html HTTP/1.1" 403 319 "-" "Mozilla/5.0 (Linux; Android 6.0.1; Nexus 5X Build/MMB29P) AppleWebKit/537.36 (KHTML, like Gecko) Chrome/151.0.7922.173 Mobile Safari/537.36 (compatible; Googlebot/2.1; +http://www.google.com/bot.html)"
180.242.129.178 - - [26/Aug/2026:01:41:00 +0000] "GET /wp-includes/SimplePie/library/SimplePie/Net/click.php HTTP/1.1" 403 319 "-" "python-httpx/0.28.1"
66.249.75.4 - - [26/Aug/2026:01:41:02 +0000] "GET /shop/detail/A25512625826.html HTTP/1.1" 403 319 "-" "Mozilla/5.0 (compatible; Googlebot/2.1; +http://www.google.com/bot.html)"
74.7.243.222 - - [26/Aug/2026:01:41:04 +0000] "GET /?shop/detail/A25463384236.html HTTP/2.0" 403 307 "https://cellsonic.oxygenhealthsystems.com/?sitemap166.xml" "Mozilla/5.0 AppleWebKit/537.36 (KHTML, like Gecko; compatible; GPTBot/1.4; +https://openai.com/gptbot)"
66.249.75.4 - - [26/Aug/2026:01:41:05 +0000] "GET /shop/detail/K25491914701.html HTTP/1.1" 403 319 "-" "Mozilla/5.0 (Linux; Android 6.0.1; Nexus 5X Build/MMB29P) AppleWebKit/537.36 (KHTML, like Gecko) Chrome/151.0.7922.173 Mobile Safari/537.36 (compatible; Googlebot/2.1; +http://www.google.com/bot.html)"
180.242.129.178 - - [26/Aug/2026:01:41:08 +0000] "GET /chosen/classwithtostring.php HTTP/1.1" 403 319 "-" "python-httpx/0.28.1"
66.249.75.4 - - [26/Aug/2026:01:41:10 +0000] "GET /shop/detail/L2547867010.html HTTP/1.1" 403 319 "-" "Mozilla/5.0 (Linux; Android 6.0.1; Nexus 5X Build/MMB29P) AppleWebKit/537.36 (KHTML, like Gecko) Chrome/151.0.7922.173 Mobile Safari/537.36 (compatible; Googlebot/2.1; +http://www.google.com/bot.html)"
180.242.129.178 - - [26/Aug/2026:01:41:15 +0000] "GET /RxR.php HTTP/1.1" 403 319 "-" "python-httpx/0.28.1"
57.141.16.97 - - [26/Aug/2026:01:41:20 +0000] "GET / HTTP/2.0" 403 307 "-" "facebookexternalhit/1.1 (+http://www.facebook.com/externalhit_uatext.php)"
180.242.129.178 - - [26/Aug/2026:01:41:21 +0000] "GET /wp-admin/user/nav.php HTTP/1.1" 403 319 "-" "python-httpx/0.28.1"
74.7.243.222 - - [26/Aug/2026:01:41:25 +0000] "GET /?shop/detail/B25502380359.html HTTP/2.0" 403 307 "https://cellsonic.oxygenhealthsystems.com/?sitemap408.xml" "Mozilla/5.0 AppleWebKit/537.36 (KHTML, like Gecko; compatible; GPTBot/1.4; +https://openai.com/gptbot)"
180.242.129.178 - - [26/Aug/2026:01:41:28 +0000] "GET /wp-admin/css/colors/light/colors.css.php HTTP/1.1" 403 319 "-" "python-httpx/0.28.1"
66.249.75.3 - - [26/Aug/2026:01:41:31 +0000] "GET /shop/detail/C25502001770.html HTTP/1.1" 403 319 "-" "Mozilla/5.0 (Linux; Android 6.0.1; Nexus 5X Build/MMB29P) AppleWebKit/537.36 (KHTML, like Gecko) Chrome/151.0.7922.173 Mobile Safari/537.36 (compatible; Googlebot/2.1; +http://www.google.com/bot.html)"
66.249.75.3 - - [26/Aug/2026:01:41:31 +0000] "GET /shop/detail/H25491665496.html HTTP/1.1" 403 319 "-" "Mozilla/5.0 (Linux; Android 6.0.1; Nexus 5X Build/MMB29P) AppleWebKit/537.36 (KHTML, like Gecko) Chrome/151.0.7922.173 Mobile Safari/537.36 (compatible; Googlebot/2.1; +http://www.google.com/bot.html)"
180.242.129.178 - - [26/Aug/2026:01:41:35 +0000] "GET /clen.php HTTP/1.1" 403 319 "-" "python-httpx/0.28.1"
180.242.129.178 - - [26/Aug/2026:01:41:42 +0000] "GET /wp-admin/includes/bookmark.php HTTP/1.1" 403 319 "-" "python-httpx/0.28.1"
66.249.75.3 - - [26/Aug/2026:01:41:43 +0000] "GET /shop/detail/F2546199640.html HTTP/1.1" 403 319 "-" "Mozilla/5.0 (Linux; Android 6.0.1; Nexus 5X Build/MMB29P) AppleWebKit/537.36 (KHTML, like Gecko) Chrome/151.0.7922.173 Mobile Safari/537.36 (compatible; Googlebot/2.1; +http://www.google.com/bot.html)"
74.7.243.222 - - [26/Aug/2026:01:41:46 +0000] "GET /?shop/detail/B25481055084.html HTTP/2.0" 403 307 "https://cellsonic.oxygenhealthsystems.com/?sitemap797.xml" "Mozilla/5.0 AppleWebKit/537.36 (KHTML, like Gecko; compatible; GPTBot/1.4; +https://openai.com/gptbot)"
66.249.75.3 - - [26/Aug/2026:01:41:46 +0000] "GET /shop/detail/S25491918363.html HTTP/1.1" 403 319 "-" "Mozilla/5.0 (Linux; Android 6.0.1; Nexus 5X Build/MMB29P) AppleWebKit/537.36 (KHTML, like Gecko) Chrome/151.0.7922.173 Mobile Safari/537.36 (compatible; Googlebot/2.1; +http://www.google.com/bot.html)"
66.249.75.3 - - [26/Aug/2026:01:41:47 +0000] "GET /shop/detail/G25502050414.html HTTP/1.1" 403 319 "-" "Mozilla/5.0 (Linux; Android 6.0.1; Nexus 5X Build/MMB29P) AppleWebKit/537.36 (KHTML, like Gecko) Chrome/151.0.7922.173 Mobile Safari/537.36 (compatible; Googlebot/2.1; +http://www.google.com/bot.html)"
180.242.129.178 - - [26/Aug/2026:01:41:48 +0000] "GET /wp-2021.php HTTP/1.1" 403 319 "-" "python-httpx/0.28.1"
180.242.129.178 - - [26/Aug/2026:01:41:57 +0000] "GET /wp-includes/class-wp-post-condition.php HTTP/1.1" 403 319 "-" "python-httpx/0.28.1"
180.242.129.178 - - [26/Aug/2026:01:42:04 +0000] "GET /image/V3.php HTTP/1.1" 403 319 "-" "python-httpx/0.28.1"
74.7.243.222 - - [26/Aug/2026:01:42:07 +0000] "GET /?shop/detail/A25494769629.html HTTP/2.0" 403 307 "https://cellsonic.oxygenhealthsystems.com/?sitemap762.xml" "Mozilla/5.0 AppleWebKit/537.36 (KHTML, like Gecko; compatible; GPTBot/1.4; +https://openai.com/gptbot)"
180.242.129.178 - - [26/Aug/2026:01:42:11 +0000] "GET /wp-admin/css/colors/blue/block-css.php?mode=upload HTTP/1.1" 403 319 "-" "python-httpx/0.28.1"
