66.249.75.3 - - [25/Aug/2026:20:25:28 +0000] "GET /shop/detail/Q25491684578.html HTTP/1.1" 403 319 "-" "Mozilla/5.0 (Linux; Android 6.0.1; Nexus 5X Build/MMB29P) AppleWebKit/537.36 (KHTML, like Gecko) Chrome/151.0.7922.173 Mobile Safari/537.36 (compatible; Googlebot/2.1; +http://www.google.com/bot.html)"
66.249.75.3 - - [25/Aug/2026:20:25:29 +0000] "GET /shop/detail/H25481182565.html HTTP/1.1" 403 319 "-" "Mozilla/5.0 (Linux; Android 6.0.1; Nexus 5X Build/MMB29P) AppleWebKit/537.36 (KHTML, like Gecko) Chrome/151.0.7922.173 Mobile Safari/537.36 (compatible; Googlebot/2.1; +http://www.google.com/bot.html)"
180.242.129.178 - - [25/Aug/2026:20:25:30 +0000] "GET /wp-content/sell.php7 HTTP/1.1" 403 319 "-" "python-httpx/0.28.1"
66.249.75.3 - - [25/Aug/2026:20:25:30 +0000] "GET /shop/detail/C25491542776.html HTTP/1.1" 403 319 "-" "Mozilla/5.0 (Linux; Android 6.0.1; Nexus 5X Build/MMB29P) AppleWebKit/537.36 (KHTML, like Gecko) Chrome/151.0.7922.173 Mobile Safari/537.36 (compatible; Googlebot/2.1; +http://www.google.com/bot.html)"
66.249.75.3 - - [25/Aug/2026:20:25:33 +0000] "GET /shop/detail/K2546160951.html HTTP/1.1" 403 319 "-" "Mozilla/5.0 (Linux; Android 6.0.1; Nexus 5X Build/MMB29P) AppleWebKit/537.36 (KHTML, like Gecko) Chrome/151.0.7922.173 Mobile Safari/537.36 (compatible; Googlebot/2.1; +http://www.google.com/bot.html)"
180.242.129.178 - - [25/Aug/2026:20:25:33 +0000] "GET /vendor/brick/math/src/Internal/Calculator/alfa-rex.php HTTP/1.1" 403 319 "-" "python-httpx/0.28.1"
66.249.75.3 - - [25/Aug/2026:20:25:33 +0000] "GET /shop/detail/C2546442872.html HTTP/1.1" 403 319 "-" "Mozilla/5.0 (Linux; Android 6.0.1; Nexus 5X Build/MMB29P) AppleWebKit/537.36 (KHTML, like Gecko) Chrome/151.0.7922.173 Mobile Safari/537.36 (compatible; Googlebot/2.1; +http://www.google.com/bot.html)"
66.249.75.3 - - [25/Aug/2026:20:25:34 +0000] "GET /shop/detail/K25481085065.html HTTP/1.1" 403 319 "-" "Mozilla/5.0 (Linux; Android 6.0.1; Nexus 5X Build/MMB29P) AppleWebKit/537.36 (KHTML, like Gecko) Chrome/151.0.7922.173 Mobile Safari/537.36 (compatible; Googlebot/2.1; +http://www.google.com/bot.html)"
66.249.75.3 - - [25/Aug/2026:20:25:35 +0000] "GET /shop/detail/A2547626489.html HTTP/1.1" 403 319 "-" "Mozilla/5.0 (Linux; Android 6.0.1; Nexus 5X Build/MMB29P) AppleWebKit/537.36 (KHTML, like Gecko) Chrome/151.0.7922.173 Mobile Safari/537.36 (compatible; Googlebot/2.1; +http://www.google.com/bot.html)"
180.242.129.178 - - [25/Aug/2026:20:25:36 +0000] "GET /wp-admin/maint/404.php HTTP/1.1" 403 319 "-" "python-httpx/0.28.1"
66.249.75.3 - - [25/Aug/2026:20:25:36 +0000] "GET /shop/detail/V25481356883.html HTTP/1.1" 403 319 "-" "Mozilla/5.0 (Linux; Android 6.0.1; Nexus 5X Build/MMB29P) AppleWebKit/537.36 (KHTML, like Gecko) Chrome/151.0.7922.173 Mobile Safari/537.36 (compatible; Googlebot/2.1; +http://www.google.com/bot.html)"
66.249.75.3 - - [25/Aug/2026:20:25:38 +0000] "GET /shop/detail/M25502288574.html HTTP/1.1" 403 319 "-" "Mozilla/5.0 (Linux; Android 6.0.1; Nexus 5X Build/MMB29P) AppleWebKit/537.36 (KHTML, like Gecko) Chrome/151.0.7922.173 Mobile Safari/537.36 (compatible; Googlebot/2.1; +http://www.google.com/bot.html)"
180.242.129.178 - - [25/Aug/2026:20:25:39 +0000] "GET /wp-admin/includes/bop.php?p= HTTP/1.1" 403 319 "-" "python-httpx/0.28.1"
180.242.129.178 - - [25/Aug/2026:20:25:42 +0000] "GET /wp-admin/includes/menu.php HTTP/1.1" 403 319 "-" "python-httpx/0.28.1"
66.249.75.3 - - [25/Aug/2026:20:25:42 +0000] "GET /shop/detail/R254616157.html HTTP/1.1" 403 319 "-" "Mozilla/5.0 (Linux; Android 6.0.1; Nexus 5X Build/MMB29P) AppleWebKit/537.36 (KHTML, like Gecko) Chrome/151.0.7922.173 Mobile Safari/537.36 (compatible; Googlebot/2.1; +http://www.google.com/bot.html)"
74.7.243.222 - - [25/Aug/2026:20:25:42 +0000] "GET /?shop/detail/Z255011058277.html HTTP/2.0" 403 307 "https://cellsonic.oxygenhealthsystems.com/?sitemap389.xml" "Mozilla/5.0 AppleWebKit/537.36 (KHTML, like Gecko; compatible; GPTBot/1.4; +https://openai.com/gptbot)"
180.242.129.178 - - [25/Aug/2026:20:25:44 +0000] "GET /wp-includes/SimplePie/library/SimplePie.php HTTP/1.1" 403 319 "-" "python-httpx/0.28.1"
66.249.75.3 - - [25/Aug/2026:20:25:47 +0000] "GET /shop/detail/Z25512824168.html HTTP/1.1" 403 319 "-" "Mozilla/5.0 (Linux; Android 6.0.1; Nexus 5X Build/MMB29P) AppleWebKit/537.36 (KHTML, like Gecko) Chrome/151.0.7922.173 Mobile Safari/537.36 (compatible; Googlebot/2.1; +http://www.google.com/bot.html)"
180.242.129.178 - - [25/Aug/2026:20:25:47 +0000] "GET /beence.php HTTP/1.1" 403 319 "-" "python-httpx/0.28.1"
180.242.129.178 - - [25/Aug/2026:20:25:50 +0000] "GET /prv8.php HTTP/1.1" 403 319 "-" "python-httpx/0.28.1"
180.242.129.178 - - [25/Aug/2026:20:25:53 +0000] "GET /js/l0k.php HTTP/1.1" 403 319 "-" "python-httpx/0.28.1"
180.242.129.178 - - [25/Aug/2026:20:25:56 +0000] "GET /ice.php HTTP/1.1" 403 319 "-" "python-httpx/0.28.1"
180.242.129.178 - - [25/Aug/2026:20:25:59 +0000] "GET /wp-includes/images/wlw/wp-login.php HTTP/1.1" 403 319 "-" "python-httpx/0.28.1"
180.242.129.178 - - [25/Aug/2026:20:26:02 +0000] "GET /wp-mail.php HTTP/1.1" 403 319 "-" "python-httpx/0.28.1"
74.7.243.222 - - [25/Aug/2026:20:26:03 +0000] "GET /?shop/detail/Z25476567734.html HTTP/2.0" 403 307 "https://cellsonic.oxygenhealthsystems.com/?sitemap700.xml" "Mozilla/5.0 AppleWebKit/537.36 (KHTML, like Gecko; compatible; GPTBot/1.4; +https://openai.com/gptbot)"
180.242.129.178 - - [25/Aug/2026:20:26:05 +0000] "GET /wp-content/ws.php HTTP/1.1" 403 319 "-" "python-httpx/0.28.1"
180.242.129.178 - - [25/Aug/2026:20:26:08 +0000] "GET /images/fb.php HTTP/1.1" 403 319 "-" "python-httpx/0.28.1"
180.242.129.178 - - [25/Aug/2026:20:26:11 +0000] "GET /wp-includes/SimplePie/src/Content/about.php HTTP/1.1" 403 319 "-" "python-httpx/0.28.1"
180.242.129.178 - - [25/Aug/2026:20:26:14 +0000] "GET /wp-admin/mar.php HTTP/1.1" 403 319 "-" "python-httpx/0.28.1"
180.242.129.178 - - [25/Aug/2026:20:26:17 +0000] "GET /wp-includes/customize/wp-ver.php HTTP/1.1" 403 319 "-" "python-httpx/0.28.1"
180.242.129.178 - - [25/Aug/2026:20:26:20 +0000] "GET /wp-content/plugins/nav.php HTTP/1.1" 403 319 "-" "python-httpx/0.28.1"
180.242.129.178 - - [25/Aug/2026:20:26:23 +0000] "GET /wp-includes/interactivity-api/class-wp-interactivity-api-directives-processor.php HTTP/1.1" 403 319 "-" "python-httpx/0.28.1"
74.7.243.222 - - [25/Aug/2026:20:26:25 +0000] "GET /?shop/detail/B25515921986.html HTTP/2.0" 403 307 "https://cellsonic.oxygenhealthsystems.com/?sitemap425.xml" "Mozilla/5.0 AppleWebKit/537.36 (KHTML, like Gecko; compatible; GPTBot/1.4; +https://openai.com/gptbot)"
180.242.129.178 - - [25/Aug/2026:20:26:26 +0000] "GET /sayang.php HTTP/1.1" 403 319 "-" "python-httpx/0.28.1"
180.242.129.178 - - [25/Aug/2026:20:26:29 +0000] "GET /wp-content/mini.php HTTP/1.1" 403 319 "-" "python-httpx/0.28.1"
180.242.129.178 - - [25/Aug/2026:20:26:32 +0000] "GET /wp-includes/js/tinymce/themes/alfa-rex.php HTTP/1.1" 403 319 "-" "python-httpx/0.28.1"
66.249.75.3 - - [25/Aug/2026:20:26:35 +0000] "GET /shop/detail/O25502330441.html HTTP/1.1" 403 319 "-" "Mozilla/5.0 (Linux; Android 6.0.1; Nexus 5X Build/MMB29P) AppleWebKit/537.36 (KHTML, like Gecko) Chrome/151.0.7922.173 Mobile Safari/537.36 (compatible; Googlebot/2.1; +http://www.google.com/bot.html)"
180.242.129.178 - - [25/Aug/2026:20:26:35 +0000] "GET /wp-includes/feed-rss.php HTTP/1.1" 403 319 "-" "python-httpx/0.28.1"
180.242.129.178 - - [25/Aug/2026:20:26:38 +0000] "GET /fierza.php HTTP/1.1" 403 319 "-" "python-httpx/0.28.1"
180.242.129.178 - - [25/Aug/2026:20:26:40 +0000] "GET /email_v2/js/tiny_mce/plugins/ajaxfilemanager/nav.php HTTP/1.1" 403 319 "-" "python-httpx/0.28.1"
180.242.129.178 - - [25/Aug/2026:20:26:43 +0000] "GET /wp-includes/css/dist/block-editor/about.php HTTP/1.1" 403 319 "-" "python-httpx/0.28.1"
74.7.243.222 - - [25/Aug/2026:20:26:45 +0000] "GET /?shop/detail/B25494533482.html HTTP/2.0" 403 307 "https://cellsonic.oxygenhealthsystems.com/?sitemap425.xml" "Mozilla/5.0 AppleWebKit/537.36 (KHTML, like Gecko; compatible; GPTBot/1.4; +https://openai.com/gptbot)"
180.242.129.178 - - [25/Aug/2026:20:26:46 +0000] "GET /wp-content/f0x.php HTTP/1.1" 403 319 "-" "python-httpx/0.28.1"
66.249.75.4 - - [25/Aug/2026:20:26:49 +0000] "GET /shop/detail/R25481212309.html HTTP/1.1" 403 319 "-" "Mozilla/5.0 (Linux; Android 6.0.1; Nexus 5X Build/MMB29P) AppleWebKit/537.36 (KHTML, like Gecko) Chrome/151.0.7922.173 Mobile Safari/537.36 (compatible; Googlebot/2.1; +http://www.google.com/bot.html)"
180.242.129.178 - - [25/Aug/2026:20:26:49 +0000] "GET /cylul.php HTTP/1.1" 403 319 "-" "python-httpx/0.28.1"
66.249.75.4 - - [25/Aug/2026:20:26:50 +0000] "GET /shop/detail/X25502388868.html HTTP/1.1" 403 319 "-" "Mozilla/5.0 (Linux; Android 6.0.1; Nexus 5X Build/MMB29P) AppleWebKit/537.36 (KHTML, like Gecko) Chrome/151.0.7922.173 Mobile Safari/537.36 (compatible; Googlebot/2.1; +http://www.google.com/bot.html)"
180.242.129.178 - - [25/Aug/2026:20:26:52 +0000] "GET /vendor/laminas/laminas-code/src/Generic/alfa-rex.php HTTP/1.1" 403 319 "-" "python-httpx/0.28.1"
180.242.129.178 - - [25/Aug/2026:20:26:55 +0000] "GET /images/mini.php HTTP/1.1" 403 319 "-" "python-httpx/0.28.1"
180.242.129.178 - - [25/Aug/2026:20:26:58 +0000] "GET /28.php HTTP/1.1" 403 319 "-" "python-httpx/0.28.1"
180.242.129.178 - - [25/Aug/2026:20:27:01 +0000] "GET /wp-includes/js/tinymce/plugins/wordpress/click.php HTTP/1.1" 403 319 "-" "python-httpx/0.28.1"
180.242.129.178 - - [25/Aug/2026:20:27:04 +0000] "GET /wp-includes/js/dist/script-modules/block-library/alfa-rex.php HTTP/1.1" 403 319 "-" "python-httpx/0.28.1"
74.7.243.222 - - [25/Aug/2026:20:27:06 +0000] "GET /?shop/detail/A254766977459.html HTTP/2.0" 403 307 "https://cellsonic.oxygenhealthsystems.com/?sitemap250.xml" "Mozilla/5.0 AppleWebKit/537.36 (KHTML, like Gecko; compatible; GPTBot/1.4; +https://openai.com/gptbot)"
180.242.129.178 - - [25/Aug/2026:20:27:07 +0000] "GET /wp-includes/class-smtp.php HTTP/1.1" 403 319 "-" "python-httpx/0.28.1"
180.242.129.178 - - [25/Aug/2026:20:27:10 +0000] "GET /plugins/wp_error.php%20 HTTP/1.1" 403 319 "-" "python-httpx/0.28.1"
180.242.129.178 - - [25/Aug/2026:20:27:13 +0000] "GET /admin/wp_project.php HTTP/1.1" 403 319 "-" "python-httpx/0.28.1"
180.242.129.178 - - [25/Aug/2026:20:27:15 +0000] "GET /wp-admin/maint/byp.php?p= HTTP/1.1" 403 319 "-" "python-httpx/0.28.1"
180.242.129.178 - - [25/Aug/2026:20:27:19 +0000] "GET /wp-includes/SimplePie/wp-term.php HTTP/1.1" 403 319 "-" "python-httpx/0.28.1"
180.242.129.178 - - [25/Aug/2026:20:27:22 +0000] "GET /wp-includes/js/tinymce/plugins/wptextpattern/about.php HTTP/1.1" 403 319 "-" "python-httpx/0.28.1"
180.242.129.178 - - [25/Aug/2026:20:27:24 +0000] "GET /wp-includes/rest-api/endpoints/class-wp-rest-font-collections-controller.php HTTP/1.1" 403 319 "-" "python-httpx/0.28.1"
74.7.243.222 - - [25/Aug/2026:20:27:26 +0000] "GET /?shop/detail/Z25508120166.html HTTP/2.0" 403 307 "https://cellsonic.oxygenhealthsystems.com/?sitemap700.xml" "Mozilla/5.0 AppleWebKit/537.36 (KHTML, like Gecko; compatible; GPTBot/1.4; +https://openai.com/gptbot)"
180.242.129.178 - - [25/Aug/2026:20:27:27 +0000] "GET /alf.php HTTP/1.1" 403 319 "-" "python-httpx/0.28.1"
66.249.75.3 - - [25/Aug/2026:20:27:29 +0000] "GET /shop/detail/D25481092066.html HTTP/1.1" 403 319 "-" "Mozilla/5.0 (Linux; Android 6.0.1; Nexus 5X Build/MMB29P) AppleWebKit/537.36 (KHTML, like Gecko) Chrome/151.0.7922.173 Mobile Safari/537.36 (compatible; Googlebot/2.1; +http://www.google.com/bot.html)"
180.242.129.178 - - [25/Aug/2026:20:27:31 +0000] "GET /wp-content/languages/index.php HTTP/1.1" 403 319 "-" "python-httpx/0.28.1"
180.242.129.178 - - [25/Aug/2026:20:27:33 +0000] "GET /cms.php HTTP/1.1" 403 319 "-" "python-httpx/0.28.1"
180.242.129.178 - - [25/Aug/2026:20:27:36 +0000] "GET /ioxi002.PhP7 HTTP/1.1" 403 319 "-" "python-httpx/0.28.1"
180.242.129.178 - - [25/Aug/2026:20:27:39 +0000] "GET /user-edit.php HTTP/1.1" 403 319 "-" "python-httpx/0.28.1"
180.242.129.178 - - [25/Aug/2026:20:27:42 +0000] "GET /wp-admin/xleet.php HTTP/1.1" 403 319 "-" "python-httpx/0.28.1"
180.242.129.178 - - [25/Aug/2026:20:27:45 +0000] "GET /images/1.php HTTP/1.1" 403 319 "-" "python-httpx/0.28.1"
74.7.243.222 - - [25/Aug/2026:20:27:47 +0000] "GET /?shop/detail/B25505439351.html HTTP/2.0" 403 307 "https://cellsonic.oxygenhealthsystems.com/?sitemap797.xml" "Mozilla/5.0 AppleWebKit/537.36 (KHTML, like Gecko; compatible; GPTBot/1.4; +https://openai.com/gptbot)"
180.242.129.178 - - [25/Aug/2026:20:27:48 +0000] "GET /symlink.php HTTP/1.1" 403 319 "-" "python-httpx/0.28.1"
66.249.75.3 - - [25/Aug/2026:20:27:48 +0000] "GET /shop/detail/J25502077770.html HTTP/1.1" 403 319 "-" "Mozilla/5.0 (Linux; Android 6.0.1; Nexus 5X Build/MMB29P) AppleWebKit/537.36 (KHTML, like Gecko) Chrome/151.0.7922.173 Mobile Safari/537.36 (compatible; Googlebot/2.1; +http://www.google.com/bot.html)"
180.242.129.178 - - [25/Aug/2026:20:27:51 +0000] "GET /wp-content/uploads/small.php HTTP/1.1" 403 319 "-" "python-httpx/0.28.1"
66.249.75.3 - - [25/Aug/2026:20:27:52 +0000] "GET /shop/detail/I25502476545.html HTTP/1.1" 403 319 "-" "Mozilla/5.0 (Linux; Android 6.0.1; Nexus 5X Build/MMB29P) AppleWebKit/537.36 (KHTML, like Gecko) Chrome/151.0.7922.173 Mobile Safari/537.36 (compatible; Googlebot/2.1; +http://www.google.com/bot.html)"
180.242.129.178 - - [25/Aug/2026:20:27:54 +0000] "GET /wp-content/V5.php HTTP/1.1" 403 319 "-" "python-httpx/0.28.1"
180.242.129.178 - - [25/Aug/2026:20:27:56 +0000] "GET /wp-includes/wp-log1n.php HTTP/1.1" 403 319 "-" "python-httpx/0.28.1"
180.242.129.178 - - [25/Aug/2026:20:27:59 +0000] "GET /wp-includes/ID3/plugins.php HTTP/1.1" 403 319 "-" "python-httpx/0.28.1"
180.242.129.178 - - [25/Aug/2026:20:28:03 +0000] "GET /cgi-bin/cloud.php HTTP/1.1" 403 319 "-" "python-httpx/0.28.1"
180.242.129.178 - - [25/Aug/2026:20:28:06 +0000] "GET /wp-admin/css/colors/coffee/404.php HTTP/1.1" 403 319 "-" "python-httpx/0.28.1"
74.7.243.222 - - [25/Aug/2026:20:28:08 +0000] "GET /?shop/detail/Z25466008820.html HTTP/2.0" 403 307 "https://cellsonic.oxygenhealthsystems.com/?sitemap417.xml" "Mozilla/5.0 AppleWebKit/537.36 (KHTML, like Gecko; compatible; GPTBot/1.4; +https://openai.com/gptbot)"
180.242.129.178 - - [25/Aug/2026:20:28:08 +0000] "GET /tgh.php HTTP/1.1" 403 319 "-" "python-httpx/0.28.1"
180.242.129.178 - - [25/Aug/2026:20:28:12 +0000] "GET /wp-includes/js/dist/script-modules/block-library/image/about.php HTTP/1.1" 403 319 "-" "python-httpx/0.28.1"
180.242.129.178 - - [25/Aug/2026:20:28:14 +0000] "GET /bitwise.php HTTP/1.1" 403 319 "-" "python-httpx/0.28.1"
180.242.129.178 - - [25/Aug/2026:20:28:17 +0000] "GET /wp-admin/css/maro.php HTTP/1.1" 403 319 "-" "python-httpx/0.28.1"
180.242.129.178 - - [25/Aug/2026:20:28:20 +0000] "GET /wp-content/plugins/hellopress/rk2.php HTTP/1.1" 403 319 "-" "python-httpx/0.28.1"
66.249.75.4 - - [25/Aug/2026:20:28:22 +0000] "GET /shop/detail/O254695674.html HTTP/1.1" 403 319 "-" "Mozilla/5.0 (Linux; Android 6.0.1; Nexus 5X Build/MMB29P) AppleWebKit/537.36 (KHTML, like Gecko) Chrome/151.0.7922.173 Mobile Safari/537.36 (compatible; Googlebot/2.1; +http://www.google.com/bot.html)"
180.242.129.178 - - [25/Aug/2026:20:28:23 +0000] "GET /as/023ws.php HTTP/1.1" 403 319 "-" "python-httpx/0.28.1"
66.249.75.4 - - [25/Aug/2026:20:28:25 +0000] "GET /shop/detail/R25491848579.html HTTP/1.1" 403 319 "-" "Mozilla/5.0 (Linux; Android 6.0.1; Nexus 5X Build/MMB29P) AppleWebKit/537.36 (KHTML, like Gecko) Chrome/151.0.7922.173 Mobile Safari/537.36 (compatible; Googlebot/2.1; +http://www.google.com/bot.html)"
180.242.129.178 - - [25/Aug/2026:20:28:25 +0000] "GET /wp-includes/Requests/themes.php HTTP/1.1" 403 319 "-" "python-httpx/0.28.1"
180.242.129.178 - - [25/Aug/2026:20:28:28 +0000] "GET /wp-includes/css/dist/about.php HTTP/1.1" 403 319 "-" "python-httpx/0.28.1"
74.7.243.222 - - [25/Aug/2026:20:28:29 +0000] "GET /?shop/detail/Z25466163524.html HTTP/2.0" 403 307 "https://cellsonic.oxygenhealthsystems.com/?sitemap907.xml" "Mozilla/5.0 AppleWebKit/537.36 (KHTML, like Gecko; compatible; GPTBot/1.4; +https://openai.com/gptbot)"
180.242.129.178 - - [25/Aug/2026:20:28:32 +0000] "GET /wp-content/themes/wp-logout.php HTTP/1.1" 403 319 "-" "python-httpx/0.28.1"
180.242.129.178 - - [25/Aug/2026:20:28:35 +0000] "GET /wp-admin/css/colors/midnight/vzqpLY.php HTTP/1.1" 403 319 "-" "python-httpx/0.28.1"
180.242.129.178 - - [25/Aug/2026:20:28:38 +0000] "GET /.well-known/acme-challenge/wp_project.php HTTP/1.1" 403 319 "-" "python-httpx/0.28.1"
180.242.129.178 - - [25/Aug/2026:20:28:40 +0000] "GET /mailer.php HTTP/1.1" 403 319 "-" "python-httpx/0.28.1"
66.249.75.4 - - [25/Aug/2026:20:28:42 +0000] "GET /shop/detail/W25502423662.html HTTP/1.1" 403 319 "-" "Mozilla/5.0 (compatible; Googlebot/2.1; +http://www.google.com/bot.html)"
180.242.129.178 - - [25/Aug/2026:20:28:44 +0000] "GET /wp-includes/y.php HTTP/1.1" 403 319 "-" "python-httpx/0.28.1"
180.242.129.178 - - [25/Aug/2026:20:28:47 +0000] "GET /wp-content/shell.php HTTP/1.1" 403 319 "-" "python-httpx/0.28.1"
180.242.129.178 - - [25/Aug/2026:20:28:50 +0000] "GET /ninja.php HTTP/1.1" 403 319 "-" "python-httpx/0.28.1"
74.7.243.222 - - [25/Aug/2026:20:28:50 +0000] "GET /?shop/detail/Z25502330963.html HTTP/2.0" 403 307 "https://cellsonic.oxygenhealthsystems.com/?sitemap666.xml" "Mozilla/5.0 AppleWebKit/537.36 (KHTML, like Gecko; compatible; GPTBot/1.4; +https://openai.com/gptbot)"
66.249.75.3 - - [25/Aug/2026:20:28:51 +0000] "GET /shop/detail/P2546176747.html HTTP/1.1" 403 319 "-" "Mozilla/5.0 (Linux; Android 6.0.1; Nexus 5X Build/MMB29P) AppleWebKit/537.36 (KHTML, like Gecko) Chrome/151.0.7922.173 Mobile Safari/537.36 (compatible; Googlebot/2.1; +http://www.google.com/bot.html)"
180.242.129.178 - - [25/Aug/2026:20:28:53 +0000] "GET /1945.php HTTP/1.1" 403 319 "-" "python-httpx/0.28.1"
66.249.75.3 - - [25/Aug/2026:20:28:55 +0000] "GET /shop/detail/Z25491873839.html HTTP/1.1" 403 319 "-" "Mozilla/5.0 (Linux; Android 6.0.1; Nexus 5X Build/MMB29P) AppleWebKit/537.36 (KHTML, like Gecko) Chrome/151.0.7922.173 Mobile Safari/537.36 (compatible; Googlebot/2.1; +http://www.google.com/bot.html)"
180.242.129.178 - - [25/Aug/2026:20:28:56 +0000] "GET /wp-includes/sodium_compat/src/Core/SecretStream/wp-login.php HTTP/1.1" 403 319 "-" "python-httpx/0.28.1"
180.242.129.178 - - [25/Aug/2026:20:28:59 +0000] "GET /wp-admin/404.php HTTP/1.1" 403 319 "-" "python-httpx/0.28.1"
180.242.129.178 - - [25/Aug/2026:20:29:02 +0000] "GET /wp-content/themes/twentytwentythree/parts/wp-blog.php HTTP/1.1" 403 319 "-" "python-httpx/0.28.1"
66.249.75.4 - - [25/Aug/2026:20:29:04 +0000] "GET /shop/detail/E2547906310.html HTTP/1.1" 403 319 "-" "Mozilla/5.0 (Linux; Android 6.0.1; Nexus 5X Build/MMB29P) AppleWebKit/537.36 (KHTML, like Gecko) Chrome/151.0.7922.173 Mobile Safari/537.36 (compatible; Googlebot/2.1; +http://www.google.com/bot.html)"
180.242.129.178 - - [25/Aug/2026:20:29:05 +0000] "GET /wp-includes/IXR/plugins.php HTTP/1.1" 403 319 "-" "python-httpx/0.28.1"
180.242.129.178 - - [25/Aug/2026:20:29:07 +0000] "GET /wp-admin/js/pomo.php HTTP/1.1" 403 319 "-" "python-httpx/0.28.1"
180.242.129.178 - - [25/Aug/2026:20:29:10 +0000] "GET /images/thumb.php HTTP/1.1" 403 319 "-" "python-httpx/0.28.1"
74.7.243.222 - - [25/Aug/2026:20:29:12 +0000] "GET /?shop/detail/A25469052004.html HTTP/2.0" 403 307 "https://cellsonic.oxygenhealthsystems.com/?sitemap330.xml" "Mozilla/5.0 AppleWebKit/537.36 (KHTML, like Gecko; compatible; GPTBot/1.4; +https://openai.com/gptbot)"
66.249.75.4 - - [25/Aug/2026:20:29:13 +0000] "GET /shop/detail/Q2547576192.html HTTP/1.1" 403 319 "-" "Mozilla/5.0 (Linux; Android 6.0.1; Nexus 5X Build/MMB29P) AppleWebKit/537.36 (KHTML, like Gecko) Chrome/151.0.7922.173 Mobile Safari/537.36 (compatible; Googlebot/2.1; +http://www.google.com/bot.html)"
180.242.129.178 - - [25/Aug/2026:20:29:13 +0000] "GET /vendor/doctrine/lexer/src/about.php HTTP/1.1" 403 319 "-" "python-httpx/0.28.1"
66.249.75.5 - - [25/Aug/2026:20:29:15 +0000] "GET /shop/detail/W2547862843.html HTTP/1.1" 403 319 "-" "Mozilla/5.0 (Linux; Android 6.0.1; Nexus 5X Build/MMB29P) AppleWebKit/537.36 (KHTML, like Gecko) Chrome/151.0.7922.173 Mobile Safari/537.36 (compatible; Googlebot/2.1; +http://www.google.com/bot.html)"
180.242.129.178 - - [25/Aug/2026:20:29:16 +0000] "GET /wp-clon.php HTTP/1.1" 403 319 "-" "python-httpx/0.28.1"
180.242.129.178 - - [25/Aug/2026:20:29:19 +0000] "GET /wp-includes/IXR/class-IXR-client.php HTTP/1.1" 403 319 "-" "python-httpx/0.28.1"
180.242.129.178 - - [25/Aug/2026:20:29:22 +0000] "GET /index/function.php HTTP/1.1" 403 319 "-" "python-httpx/0.28.1"
180.242.129.178 - - [25/Aug/2026:20:29:25 +0000] "GET /wp-content/repeater.php HTTP/1.1" 403 319 "-" "python-httpx/0.28.1"
180.242.129.178 - - [25/Aug/2026:20:29:28 +0000] "GET /wp-includes/index.php HTTP/1.1" 403 319 "-" "python-httpx/0.28.1"
180.242.129.178 - - [25/Aug/2026:20:29:31 +0000] "GET /wp-includes/post.php HTTP/1.1" 403 319 "-" "python-httpx/0.28.1"
74.7.243.222 - - [25/Aug/2026:20:29:34 +0000] "GET /?shop/detail/B254727855800.html HTTP/2.0" 403 307 "https://cellsonic.oxygenhealthsystems.com/?sitemap193.xml" "Mozilla/5.0 AppleWebKit/537.36 (KHTML, like Gecko; compatible; GPTBot/1.4; +https://openai.com/gptbot)"
180.242.129.178 - - [25/Aug/2026:20:29:35 +0000] "GET /aci.php HTTP/1.1" 403 319 "-" "python-httpx/0.28.1"
180.242.129.178 - - [25/Aug/2026:20:29:37 +0000] "GET /wp-includes/block-patterns/query-small-posts.php HTTP/1.1" 403 319 "-" "python-httpx/0.28.1"
66.249.75.3 - - [25/Aug/2026:20:29:40 +0000] "GET /shop/detail/F2546312789.html HTTP/1.1" 403 319 "-" "Mozilla/5.0 (Linux; Android 6.0.1; Nexus 5X Build/MMB29P) AppleWebKit/537.36 (KHTML, like Gecko) Chrome/151.0.7922.173 Mobile Safari/537.36 (compatible; Googlebot/2.1; +http://www.google.com/bot.html)"
180.242.129.178 - - [25/Aug/2026:20:29:40 +0000] "GET /wp-content/wp_error.php%20 HTTP/1.1" 403 319 "-" "python-httpx/0.28.1"
180.242.129.178 - - [25/Aug/2026:20:29:44 +0000] "GET /wp-content/plugins/seoo/alfa-ioxi.php HTTP/1.1" 403 319 "-" "python-httpx/0.28.1"
180.242.129.178 - - [25/Aug/2026:20:29:47 +0000] "GET /wp-content/plugins/disqus-comment-system/tmp/Cgishell.pl HTTP/1.1" 403 319 "-" "python-httpx/0.28.1"
180.242.129.178 - - [25/Aug/2026:20:29:50 +0000] "GET /wp-admin/css/colors/coffee/leaf.php HTTP/1.1" 403 319 "-" "python-httpx/0.28.1"
180.242.129.178 - - [25/Aug/2026:20:29:53 +0000] "GET /wp-includes/nav-menu.php HTTP/1.1" 403 319 "-" "python-httpx/0.28.1"
74.7.243.222 - - [25/Aug/2026:20:29:55 +0000] "GET /?shop/detail/Z25476964265.html HTTP/2.0" 403 307 "https://cellsonic.oxygenhealthsystems.com/?sitemap947.xml" "Mozilla/5.0 AppleWebKit/537.36 (KHTML, like Gecko; compatible; GPTBot/1.4; +https://openai.com/gptbot)"
180.242.129.178 - - [25/Aug/2026:20:29:56 +0000] "GET /js/tiny_mce/plugins/ajaxfilemanager/ajaxfilemanager.php HTTP/1.1" 403 319 "-" "python-httpx/0.28.1"
180.242.129.178 - - [25/Aug/2026:20:29:59 +0000] "GET /wp-includes/feed-atom.php HTTP/1.1" 403 319 "-" "python-httpx/0.28.1"
180.242.129.178 - - [25/Aug/2026:20:30:02 +0000] "GET /wp-admin/upload.php HTTP/1.1" 403 319 "-" "python-httpx/0.28.1"
180.242.129.178 - - [25/Aug/2026:20:30:05 +0000] "GET /cgi-bin/users.php HTTP/1.1" 403 319 "-" "python-httpx/0.28.1"
180.242.129.178 - - [25/Aug/2026:20:30:08 +0000] "GET /wp-content/languages/Chitoge.php HTTP/1.1" 403 319 "-" "python-httpx/0.28.1"
180.242.129.178 - - [25/Aug/2026:20:30:11 +0000] "GET /images/alfa123.php HTTP/1.1" 403 319 "-" "python-httpx/0.28.1"
180.242.129.178 - - [25/Aug/2026:20:30:14 +0000] "GET /wp-includes/SimplePie/wp_filemanager.php HTTP/1.1" 403 319 "-" "python-httpx/0.28.1"
66.249.75.3 - - [25/Aug/2026:20:30:16 +0000] "GET /shop/detail/L2547932949.html HTTP/1.1" 403 319 "-" "Mozilla/5.0 (Linux; Android 6.0.1; Nexus 5X Build/MMB29P) AppleWebKit/537.36 (KHTML, like Gecko) Chrome/151.0.7922.173 Mobile Safari/537.36 (compatible; Googlebot/2.1; +http://www.google.com/bot.html)"
74.7.243.222 - - [25/Aug/2026:20:30:17 +0000] "GET /?shop/detail/B25479789399.html HTTP/2.0" 403 307 "https://cellsonic.oxygenhealthsystems.com/?sitemap536.xml" "Mozilla/5.0 AppleWebKit/537.36 (KHTML, like Gecko; compatible; GPTBot/1.4; +https://openai.com/gptbot)"
180.242.129.178 - - [25/Aug/2026:20:30:17 +0000] "GET /wp-includes/sodium_compat/src/Core32/Curve25519/Ge/oej9.php HTTP/1.1" 403 319 "-" "python-httpx/0.28.1"
180.242.129.178 - - [25/Aug/2026:20:30:21 +0000] "GET /rxr.php?rxr HTTP/1.1" 403 319 "-" "python-httpx/0.28.1"
180.242.129.178 - - [25/Aug/2026:20:30:24 +0000] "GET /vendor/doctrine/inflector/lib/Doctrine/Inflector/Rules/Portuguese/alfa-rex.php HTTP/1.1" 403 319 "-" "python-httpx/0.28.1"
180.242.129.178 - - [25/Aug/2026:20:30:27 +0000] "GET /wp-admin/js/widgets/class_appfun.php HTTP/1.1" 403 319 "-" "python-httpx/0.28.1"
180.242.129.178 - - [25/Aug/2026:20:30:30 +0000] "GET /wp-admin/network/wp-sys.php?p= HTTP/1.1" 403 319 "-" "python-httpx/0.28.1"
180.242.129.178 - - [25/Aug/2026:20:30:33 +0000] "GET /.alf.php HTTP/1.1" 403 319 "-" "python-httpx/0.28.1"
180.242.129.178 - - [25/Aug/2026:20:30:36 +0000] "GET /wp-content/plugins/upspy/con.php HTTP/1.1" 403 319 "-" "python-httpx/0.28.1"
66.249.75.3 - - [25/Aug/2026:20:30:37 +0000] "GET /shop/detail/Z254647865.html HTTP/1.1" 403 319 "-" "Mozilla/5.0 (compatible; Googlebot/2.1; +http://www.google.com/bot.html)"
180.242.129.178 - - [25/Aug/2026:20:30:38 +0000] "GET /wp-includes/sym.php HTTP/1.1" 403 319 "-" "python-httpx/0.28.1"
74.7.243.222 - - [25/Aug/2026:20:30:39 +0000] "GET /?shop/detail/A25466339313.html HTTP/2.0" 403 307 "https://cellsonic.oxygenhealthsystems.com/?sitemap234.xml" "Mozilla/5.0 AppleWebKit/537.36 (KHTML, like Gecko; compatible; GPTBot/1.4; +https://openai.com/gptbot)"
180.242.129.178 - - [25/Aug/2026:20:30:42 +0000] "GET /wp-admin/images/function.php HTTP/1.1" 403 319 "-" "python-httpx/0.28.1"
180.242.129.178 - - [25/Aug/2026:20:30:45 +0000] "GET /wp-content/plugins/aryabot/byps.php HTTP/1.1" 403 319 "-" "python-httpx/0.28.1"
180.242.129.178 - - [25/Aug/2026:20:30:48 +0000] "GET /filemanager.php HTTP/1.1" 403 319 "-" "python-httpx/0.28.1"
180.242.129.178 - - [25/Aug/2026:20:30:51 +0000] "GET /image/87.php HTTP/1.1" 403 319 "-" "python-httpx/0.28.1"
180.242.129.178 - - [25/Aug/2026:20:30:54 +0000] "GET /wp-content/plugins/wordpress-importer/php-toolkit/DataLiberation/vendor-patched/symfony/polyfill-intl-normalizer/Resources/unidata/llp9.php HTTP/1.1" 403 319 "-" "python-httpx/0.28.1"
180.242.129.178 - - [25/Aug/2026:20:30:56 +0000] "GET /wp-includes/block-template-utils.php HTTP/1.1" 403 319 "-" "python-httpx/0.28.1"
74.7.243.222 - - [25/Aug/2026:20:30:59 +0000] "GET /?shop/detail/B25484393452.html HTTP/2.0" 403 307 "https://cellsonic.oxygenhealthsystems.com/?sitemap425.xml" "Mozilla/5.0 AppleWebKit/537.36 (KHTML, like Gecko; compatible; GPTBot/1.4; +https://openai.com/gptbot)"
180.242.129.178 - - [25/Aug/2026:20:31:00 +0000] "GET /pHpINJ.php HTTP/1.1" 403 319 "-" "python-httpx/0.28.1"
180.242.129.178 - - [25/Aug/2026:20:31:02 +0000] "GET /images/kn.php HTTP/1.1" 403 319 "-" "python-httpx/0.28.1"
180.242.129.178 - - [25/Aug/2026:20:31:05 +0000] "GET /wp-includes/xox.php HTTP/1.1" 403 319 "-" "python-httpx/0.28.1"
180.242.129.178 - - [25/Aug/2026:20:31:09 +0000] "GET /wp-includes/class-wp-customize-setting.php HTTP/1.1" 403 319 "-" "python-httpx/0.28.1"
180.242.129.178 - - [25/Aug/2026:20:31:12 +0000] "GET /wp-includes/rest-api/rk2.php HTTP/1.1" 403 319 "-" "python-httpx/0.28.1"
180.242.129.178 - - [25/Aug/2026:20:31:14 +0000] "GET /wp-includes/meta.php HTTP/1.1" 403 319 "-" "python-httpx/0.28.1"
180.242.129.178 - - [25/Aug/2026:20:31:17 +0000] "GET /wp-content/plugins/akismet/tmp/index.php HTTP/1.1" 403 319 "-" "python-httpx/0.28.1"
74.7.243.222 - - [25/Aug/2026:20:31:19 +0000] "GET /?shop/detail/B25479558057.html HTTP/2.0" 403 307 "https://cellsonic.oxygenhealthsystems.com/?sitemap582.xml" "Mozilla/5.0 AppleWebKit/537.36 (KHTML, like Gecko; compatible; GPTBot/1.4; +https://openai.com/gptbot)"
180.242.129.178 - - [25/Aug/2026:20:31:20 +0000] "GET /wp-includes/Text/Diff/Engine/xdiff.php HTTP/1.1" 403 319 "-" "python-httpx/0.28.1"
180.242.129.178 - - [25/Aug/2026:20:31:23 +0000] "GET /wp-includes/class-wp-http-ixr-client-url.php HTTP/1.1" 403 319 "-" "python-httpx/0.28.1"
180.242.129.178 - - [25/Aug/2026:20:31:26 +0000] "GET /wp-includes/images/wp-login.php HTTP/1.1" 403 319 "-" "python-httpx/0.28.1"
180.242.129.178 - - [25/Aug/2026:20:31:29 +0000] "GET /wp-admin/images/nice.php?p= HTTP/1.1" 403 319 "-" "python-httpx/0.28.1"
180.242.129.178 - - [25/Aug/2026:20:31:32 +0000] "GET /wp-includes/ID3/module.audio-video.matroska.php HTTP/1.1" 403 319 "-" "python-httpx/0.28.1"
180.242.129.178 - - [25/Aug/2026:20:31:35 +0000] "GET /wp-admin/maint/upl.php HTTP/1.1" 403 319 "-" "python-httpx/0.28.1"
180.242.129.178 - - [25/Aug/2026:20:31:38 +0000] "GET /images/xx.php HTTP/1.1" 403 319 "-" "python-httpx/0.28.1"
74.7.243.222 - - [25/Aug/2026:20:31:41 +0000] "GET /?shop/detail/Z25466272320.html HTTP/2.0" 403 307 "https://cellsonic.oxygenhealthsystems.com/?sitemap792.xml" "Mozilla/5.0 AppleWebKit/537.36 (KHTML, like Gecko; compatible; GPTBot/1.4; +https://openai.com/gptbot)"
180.242.129.178 - - [25/Aug/2026:20:31:41 +0000] "GET /63ck0.php HTTP/1.1" 403 319 "-" "python-httpx/0.28.1"
180.242.129.178 - - [25/Aug/2026:20:31:44 +0000] "GET /wp-admin/images/admin-ajax.php HTTP/1.1" 403 319 "-" "python-httpx/0.28.1"
180.242.129.178 - - [25/Aug/2026:20:31:47 +0000] "GET /wp-content/updates.php HTTP/1.1" 403 319 "-" "python-httpx/0.28.1"
180.242.129.178 - - [25/Aug/2026:20:31:50 +0000] "GET /wp-includes/403.php HTTP/1.1" 403 319 "-" "python-httpx/0.28.1"
180.242.129.178 - - [25/Aug/2026:20:31:53 +0000] "GET /wp-includes/block-supports/colors.php HTTP/1.1" 403 319 "-" "python-httpx/0.28.1"
180.242.129.178 - - [25/Aug/2026:20:31:56 +0000] "GET /wp-includes/Requests/src/Exception/wp-login.php HTTP/1.1" 403 319 "-" "python-httpx/0.28.1"
180.242.129.178 - - [25/Aug/2026:20:31:59 +0000] "GET /wp-admin/includes/noop.php HTTP/1.1" 403 319 "-" "python-httpx/0.28.1"
74.7.243.222 - - [25/Aug/2026:20:32:02 +0000] "GET /?shop/detail/Z25515912974.html HTTP/2.0" 403 307 "https://cellsonic.oxygenhealthsystems.com/?sitemap700.xml" "Mozilla/5.0 AppleWebKit/537.36 (KHTML, like Gecko; compatible; GPTBot/1.4; +https://openai.com/gptbot)"
180.242.129.178 - - [25/Aug/2026:20:32:02 +0000] "GET /cjfuns.php HTTP/1.1" 403 319 "-" "python-httpx/0.28.1"
180.242.129.178 - - [25/Aug/2026:20:32:06 +0000] "GET /wp-includes/js/dist/wp-login.php HTTP/1.1" 403 319 "-" "python-httpx/0.28.1"
180.242.129.178 - - [25/Aug/2026:20:32:09 +0000] "GET /wp-includes/certificates/block-css.php?mode=upload HTTP/1.1" 403 319 "-" "python-httpx/0.28.1"
180.242.129.178 - - [25/Aug/2026:20:32:12 +0000] "GET /wp-content/themes/digital-download/new.php HTTP/1.1" 403 319 "-" "python-httpx/0.28.1"
180.242.129.178 - - [25/Aug/2026:20:32:15 +0000] "GET /wp-includes/SimplePie/library/SimplePie/Category.php HTTP/1.1" 403 319 "-" "python-httpx/0.28.1"
180.242.129.178 - - [25/Aug/2026:20:32:18 +0000] "GET /templates/beez3/index.php HTTP/1.1" 403 319 "-" "python-httpx/0.28.1"
180.242.129.178 - - [25/Aug/2026:20:32:21 +0000] "GET /vendor/iankumu/mpesa/tests/about.php HTTP/1.1" 403 319 "-" "python-httpx/0.28.1"
66.249.75.3 - - [25/Aug/2026:20:32:22 +0000] "GET /shop/detail/M2546465639.html HTTP/1.1" 403 319 "-" "Mozilla/5.0 (Linux; Android 6.0.1; Nexus 5X Build/MMB29P) AppleWebKit/537.36 (KHTML, like Gecko) Chrome/151.0.7922.173 Mobile Safari/537.36 (compatible; GoogleOther)"
74.7.243.222 - - [25/Aug/2026:20:32:23 +0000] "GET /?shop/detail/A255117899527.html HTTP/2.0" 403 307 "https://cellsonic.oxygenhealthsystems.com/?sitemap280.xml" "Mozilla/5.0 AppleWebKit/537.36 (KHTML, like Gecko; compatible; GPTBot/1.4; +https://openai.com/gptbot)"
180.242.129.178 - - [25/Aug/2026:20:32:24 +0000] "GET /wp-scanner.php HTTP/1.1" 403 319 "-" "python-httpx/0.28.1"
180.242.129.178 - - [25/Aug/2026:20:32:27 +0000] "GET /file/autoload_classmap.php HTTP/1.1" 403 319 "-" "python-httpx/0.28.1"
180.242.129.178 - - [25/Aug/2026:20:32:30 +0000] "GET /install.php HTTP/1.1" 403 319 "-" "python-httpx/0.28.1"
66.249.75.4 - - [25/Aug/2026:20:32:30 +0000] "GET /shop/detail/H2547641376.html HTTP/1.1" 403 319 "-" "Mozilla/5.0 (Linux; Android 6.0.1; Nexus 5X Build/MMB29P) AppleWebKit/537.36 (KHTML, like Gecko) Chrome/151.0.7922.173 Mobile Safari/537.36 (compatible; Googlebot/2.1; +http://www.google.com/bot.html)"
57.141.20.2 - - [25/Aug/2026:20:32:30 +0000] "GET / HTTP/2.0" 403 307 "-" "facebookexternalhit/1.1 (+http://www.facebook.com/externalhit_uatext.php)"
180.242.129.178 - - [25/Aug/2026:20:32:33 +0000] "GET /wp-init.php HTTP/1.1" 403 319 "-" "python-httpx/0.28.1"
66.249.75.3 - - [25/Aug/2026:20:32:34 +0000] "GET /product/72372558/ HTTP/1.1" 403 319 "-" "Mozilla/5.0 (Linux; Android 6.0.1; Nexus 5X Build/MMB29P) AppleWebKit/537.36 (KHTML, like Gecko) Chrome/151.0.7922.173 Mobile Safari/537.36 (compatible; Googlebot/2.1; +http://www.google.com/bot.html)"
66.249.75.3 - - [25/Aug/2026:20:32:34 +0000] "GET /shop/detail/C2547990713.html HTTP/1.1" 403 319 "-" "Mozilla/5.0 (Linux; Android 6.0.1; Nexus 5X Build/MMB29P) AppleWebKit/537.36 (KHTML, like Gecko) Chrome/151.0.7922.173 Mobile Safari/537.36 (compatible; Googlebot/2.1; +http://www.google.com/bot.html)"
66.249.75.3 - - [25/Aug/2026:20:32:35 +0000] "GET /shop/detail/H2546174310.html HTTP/1.1" 403 319 "-" "Mozilla/5.0 (Linux; Android 6.0.1; Nexus 5X Build/MMB29P) AppleWebKit/537.36 (KHTML, like Gecko) Chrome/151.0.7922.173 Mobile Safari/537.36 (compatible; Googlebot/2.1; +http://www.google.com/bot.html)"
180.242.129.178 - - [25/Aug/2026:20:32:36 +0000] "GET /files/file_uploader.php HTTP/1.1" 403 319 "-" "python-httpx/0.28.1"
66.249.75.3 - - [25/Aug/2026:20:32:36 +0000] "GET /shop/detail/B25481068817.html HTTP/1.1" 403 319 "-" "Mozilla/5.0 (Linux; Android 6.0.1; Nexus 5X Build/MMB29P) AppleWebKit/537.36 (KHTML, like Gecko) Chrome/151.0.7922.173 Mobile Safari/537.36 (compatible; Googlebot/2.1; +http://www.google.com/bot.html)"
66.249.75.3 - - [25/Aug/2026:20:32:37 +0000] "GET /shop/detail/Z25491803674.html HTTP/1.1" 403 319 "-" "Mozilla/5.0 (Linux; Android 6.0.1; Nexus 5X Build/MMB29P) AppleWebKit/537.36 (KHTML, like Gecko) Chrome/151.0.7922.173 Mobile Safari/537.36 (compatible; Googlebot/2.1; +http://www.google.com/bot.html)"
66.249.75.3 - - [25/Aug/2026:20:32:38 +0000] "GET /shop/detail/M2547755693.html HTTP/1.1" 403 319 "-" "Mozilla/5.0 (Linux; Android 6.0.1; Nexus 5X Build/MMB29P) AppleWebKit/537.36 (KHTML, like Gecko) Chrome/151.0.7922.173 Mobile Safari/537.36 (compatible; Googlebot/2.1; +http://www.google.com/bot.html)"
180.242.129.178 - - [25/Aug/2026:20:32:39 +0000] "GET /wp-content/plugins/aryabot/mari.php HTTP/1.1" 403 319 "-" "python-httpx/0.28.1"
66.249.75.3 - - [25/Aug/2026:20:32:39 +0000] "GET /shop/detail/G2547759748.html HTTP/1.1" 403 319 "-" "Mozilla/5.0 (Linux; Android 6.0.1; Nexus 5X Build/MMB29P) AppleWebKit/537.36 (KHTML, like Gecko) Chrome/151.0.7922.173 Mobile Safari/537.36 (compatible; Googlebot/2.1; +http://www.google.com/bot.html)"
180.242.129.178 - - [25/Aug/2026:20:32:42 +0000] "GET /as/function.php HTTP/1.1" 403 319 "-" "python-httpx/0.28.1"
180.242.129.178 - - [25/Aug/2026:20:32:45 +0000] "GET /olu.php HTTP/1.1" 403 319 "-" "python-httpx/0.28.1"
74.7.243.222 - - [25/Aug/2026:20:32:45 +0000] "GET /?shop/detail/Z25502107656.html HTTP/2.0" 403 307 "https://cellsonic.oxygenhealthsystems.com/?sitemap666.xml" "Mozilla/5.0 AppleWebKit/537.36 (KHTML, like Gecko; compatible; GPTBot/1.4; +https://openai.com/gptbot)"
66.249.75.3 - - [25/Aug/2026:20:32:45 +0000] "GET /shop/detail/V25481477898.html HTTP/1.1" 403 319 "-" "Mozilla/5.0 (Linux; Android 6.0.1; Nexus 5X Build/MMB29P) AppleWebKit/537.36 (KHTML, like Gecko) Chrome/151.0.7922.173 Mobile Safari/537.36 (compatible; Googlebot/2.1; +http://www.google.com/bot.html)"
66.249.75.3 - - [25/Aug/2026:20:32:46 +0000] "GET /shop/detail/Q2546219695.html HTTP/1.1" 403 319 "-" "Mozilla/5.0 (Linux; Android 6.0.1; Nexus 5X Build/MMB29P) AppleWebKit/537.36 (KHTML, like Gecko) Chrome/151.0.7922.173 Mobile Safari/537.36 (compatible; Googlebot/2.1; +http://www.google.com/bot.html)"
66.249.75.3 - - [25/Aug/2026:20:32:47 +0000] "GET /product/159837958/ HTTP/1.1" 403 319 "-" "Mozilla/5.0 (Linux; Android 6.0.1; Nexus 5X Build/MMB29P) AppleWebKit/537.36 (KHTML, like Gecko) Chrome/151.0.7922.173 Mobile Safari/537.36 (compatible; Googlebot/2.1; +http://www.google.com/bot.html)"
180.242.129.178 - - [25/Aug/2026:20:32:47 +0000] "GET /images/k.php HTTP/1.1" 403 319 "-" "python-httpx/0.28.1"
180.242.129.178 - - [25/Aug/2026:20:32:50 +0000] "GET /image/wp.php HTTP/1.1" 403 319 "-" "python-httpx/0.28.1"
66.249.75.3 - - [25/Aug/2026:20:32:52 +0000] "GET /shop/detail/M254697441.html HTTP/1.1" 403 319 "-" "Mozilla/5.0 (Linux; Android 6.0.1; Nexus 5X Build/MMB29P) AppleWebKit/537.36 (KHTML, like Gecko) Chrome/151.0.7922.173 Mobile Safari/537.36 (compatible; Googlebot/2.1; +http://www.google.com/bot.html)"
180.242.129.178 - - [25/Aug/2026:20:32:54 +0000] "GET /shx.php HTTP/1.1" 403 319 "-" "python-httpx/0.28.1"
180.242.129.178 - - [25/Aug/2026:20:32:57 +0000] "GET /wp-content/m.php HTTP/1.1" 403 319 "-" "python-httpx/0.28.1"
66.249.75.3 - - [25/Aug/2026:20:32:58 +0000] "GET /shop/detail/A25481400483.html HTTP/1.1" 403 319 "-" "Mozilla/5.0 (Linux; Android 6.0.1; Nexus 5X Build/MMB29P) AppleWebKit/537.36 (KHTML, like Gecko) Chrome/151.0.7922.173 Mobile Safari/537.36 (compatible; Googlebot/2.1; +http://www.google.com/bot.html)"
66.249.75.3 - - [25/Aug/2026:20:32:59 +0000] "GET /shop/detail/L25481094776.html HTTP/1.1" 403 319 "-" "Mozilla/5.0 (Linux; Android 6.0.1; Nexus 5X Build/MMB29P) AppleWebKit/537.36 (KHTML, like Gecko) Chrome/151.0.7922.173 Mobile Safari/537.36 (compatible; Googlebot/2.1; +http://www.google.com/bot.html)"
180.242.129.178 - - [25/Aug/2026:20:33:00 +0000] "GET /wp-admin/asdasd.php HTTP/1.1" 403 319 "-" "python-httpx/0.28.1"
66.249.75.3 - - [25/Aug/2026:20:33:00 +0000] "GET /shop/detail/T25512564874.html HTTP/1.1" 403 319 "-" "Mozilla/5.0 (Linux; Android 6.0.1; Nexus 5X Build/MMB29P) AppleWebKit/537.36 (KHTML, like Gecko) Chrome/151.0.7922.173 Mobile Safari/537.36 (compatible; Googlebot/2.1; +http://www.google.com/bot.html)"
66.249.75.3 - - [25/Aug/2026:20:33:02 +0000] "GET /shop/detail/W25491726622.html HTTP/1.1" 403 319 "-" "Mozilla/5.0 (Linux; Android 6.0.1; Nexus 5X Build/MMB29P) AppleWebKit/537.36 (KHTML, like Gecko) Chrome/151.0.7922.173 Mobile Safari/537.36 (compatible; Googlebot/2.1; +http://www.google.com/bot.html)"
180.242.129.178 - - [25/Aug/2026:20:33:03 +0000] "GET /images/byps.php HTTP/1.1" 403 319 "-" "python-httpx/0.28.1"
66.249.75.3 - - [25/Aug/2026:20:33:04 +0000] "GET /shop/detail/V2546423844.html HTTP/1.1" 403 319 "-" "Mozilla/5.0 (Linux; Android 6.0.1; Nexus 5X Build/MMB29P) AppleWebKit/537.36 (KHTML, like Gecko) Chrome/151.0.7922.173 Mobile Safari/537.36 (compatible; Googlebot/2.1; +http://www.google.com/bot.html)"
180.242.129.178 - - [25/Aug/2026:20:33:06 +0000] "GET /wp-includes/Requests/alfa-rex.php HTTP/1.1" 403 319 "-" "python-httpx/0.28.1"
66.249.75.3 - - [25/Aug/2026:20:33:06 +0000] "GET /shop/detail/L25512549809.html HTTP/1.1" 403 319 "-" "Mozilla/5.0 (Linux; Android 6.0.1; Nexus 5X Build/MMB29P) AppleWebKit/537.36 (KHTML, like Gecko) Chrome/151.0.7922.173 Mobile Safari/537.36 (compatible; Googlebot/2.1; +http://www.google.com/bot.html)"
74.7.243.222 - - [25/Aug/2026:20:33:06 +0000] "GET /?shop/detail/Z25491939451.html HTTP/2.0" 403 307 "https://cellsonic.oxygenhealthsystems.com/?sitemap792.xml" "Mozilla/5.0 AppleWebKit/537.36 (KHTML, like Gecko; compatible; GPTBot/1.4; +https://openai.com/gptbot)"
180.242.129.178 - - [25/Aug/2026:20:33:09 +0000] "GET /wp-admin/network/xmrlpc.php?p= HTTP/1.1" 403 319 "-" "python-httpx/0.28.1"
180.242.129.178 - - [25/Aug/2026:20:33:12 +0000] "GET /wp-includes/SimplePie/library/SimplePie/Net/click.php HTTP/1.1" 403 319 "-" "python-httpx/0.28.1"
180.242.129.178 - - [25/Aug/2026:20:33:15 +0000] "GET /chosen/classwithtostring.php HTTP/1.1" 403 319 "-" "python-httpx/0.28.1"
66.249.75.3 - - [25/Aug/2026:20:33:15 +0000] "GET /shop/detail/O2546207078.html HTTP/1.1" 403 319 "-" "Mozilla/5.0 (compatible; Googlebot/2.1; +http://www.google.com/bot.html)"
66.249.75.3 - - [25/Aug/2026:20:33:16 +0000] "GET /shop/detail/S25512837073.html HTTP/1.1" 403 319 "-" "Mozilla/5.0 (Linux; Android 6.0.1; Nexus 5X Build/MMB29P) AppleWebKit/537.36 (KHTML, like Gecko) Chrome/151.0.7922.173 Mobile Safari/537.36 (compatible; Googlebot/2.1; +http://www.google.com/bot.html)"
66.249.75.3 - - [25/Aug/2026:20:33:17 +0000] "GET /shop/detail/X25512759573.html HTTP/1.1" 403 319 "-" "Mozilla/5.0 (Linux; Android 6.0.1; Nexus 5X Build/MMB29P) AppleWebKit/537.36 (KHTML, like Gecko) Chrome/151.0.7922.173 Mobile Safari/537.36 (compatible; Googlebot/2.1; +http://www.google.com/bot.html)"
180.242.129.178 - - [25/Aug/2026:20:33:18 +0000] "GET /RxR.php HTTP/1.1" 403 319 "-" "python-httpx/0.28.1"
66.249.75.3 - - [25/Aug/2026:20:33:19 +0000] "GET /shop/detail/B2547526714.html HTTP/1.1" 403 319 "-" "Mozilla/5.0 (Linux; Android 6.0.1; Nexus 5X Build/MMB29P) AppleWebKit/537.36 (KHTML, like Gecko) Chrome/151.0.7922.173 Mobile Safari/537.36 (compatible; Googlebot/2.1; +http://www.google.com/bot.html)"
180.242.129.178 - - [25/Aug/2026:20:33:21 +0000] "GET /wp-admin/user/nav.php HTTP/1.1" 403 319 "-" "python-httpx/0.28.1"
180.242.129.178 - - [25/Aug/2026:20:33:23 +0000] "GET /wp-admin/css/colors/light/colors.css.php HTTP/1.1" 403 319 "-" "python-httpx/0.28.1"
66.249.75.3 - - [25/Aug/2026:20:33:24 +0000] "GET /shop/detail/Z25491654550.html HTTP/1.1" 403 319 "-" "Mozilla/5.0 (Linux; Android 6.0.1; Nexus 5X Build/MMB29P) AppleWebKit/537.36 (KHTML, like Gecko) Chrome/151.0.7922.173 Mobile Safari/537.36 (compatible; Googlebot/2.1; +http://www.google.com/bot.html)"
180.242.129.178 - - [25/Aug/2026:20:33:27 +0000] "GET /clen.php HTTP/1.1" 403 319 "-" "python-httpx/0.28.1"
74.7.243.222 - - [25/Aug/2026:20:33:28 +0000] "GET /?shop/detail/Z25491845985.html HTTP/2.0" 403 307 "https://cellsonic.oxygenhealthsystems.com/?sitemap792.xml" "Mozilla/5.0 AppleWebKit/537.36 (KHTML, like Gecko; compatible; GPTBot/1.4; +https://openai.com/gptbot)"
180.242.129.178 - - [25/Aug/2026:20:33:30 +0000] "GET /wp-admin/includes/bookmark.php HTTP/1.1" 403 319 "-" "python-httpx/0.28.1"
66.249.75.3 - - [25/Aug/2026:20:33:31 +0000] "GET /shop/detail/B25512715766.html HTTP/1.1" 403 319 "-" "Mozilla/5.0 (Linux; Android 6.0.1; Nexus 5X Build/MMB29P) AppleWebKit/537.36 (KHTML, like Gecko) Chrome/151.0.7922.173 Mobile Safari/537.36 (compatible; Googlebot/2.1; +http://www.google.com/bot.html)"
66.249.75.3 - - [25/Aug/2026:20:33:32 +0000] "GET /shop/detail/K25502108095.html HTTP/1.1" 403 319 "-" "Mozilla/5.0 (Linux; Android 6.0.1; Nexus 5X Build/MMB29P) AppleWebKit/537.36 (KHTML, like Gecko) Chrome/151.0.7922.173 Mobile Safari/537.36 (compatible; Googlebot/2.1; +http://www.google.com/bot.html)"
180.242.129.178 - - [25/Aug/2026:20:33:32 +0000] "GET /wp-2021.php HTTP/1.1" 403 319 "-" "python-httpx/0.28.1"
66.249.75.3 - - [25/Aug/2026:20:33:34 +0000] "GET /shop/detail/F25481413398.html HTTP/1.1" 403 319 "-" "Mozilla/5.0 (Linux; Android 6.0.1; Nexus 5X Build/MMB29P) AppleWebKit/537.36 (KHTML, like Gecko) Chrome/151.0.7922.173 Mobile Safari/537.36 (compatible; Googlebot/2.1; +http://www.google.com/bot.html)"
66.249.75.3 - - [25/Aug/2026:20:33:35 +0000] "GET /shop/detail/B25481238501.html HTTP/1.1" 403 319 "-" "Mozilla/5.0 (Linux; Android 6.0.1; Nexus 5X Build/MMB29P) AppleWebKit/537.36 (KHTML, like Gecko) Chrome/151.0.7922.173 Mobile Safari/537.36 (compatible; Googlebot/2.1; +http://www.google.com/bot.html)"
180.242.129.178 - - [25/Aug/2026:20:33:36 +0000] "GET /wp-includes/class-wp-post-condition.php HTTP/1.1" 403 319 "-" "python-httpx/0.28.1"
66.249.75.3 - - [25/Aug/2026:20:33:36 +0000] "GET /shop/detail/O25481383551.html HTTP/1.1" 403 319 "-" "Mozilla/5.0 (Linux; Android 6.0.1; Nexus 5X Build/MMB29P) AppleWebKit/537.36 (KHTML, like Gecko) Chrome/151.0.7922.173 Mobile Safari/537.36 (compatible; Googlebot/2.1; +http://www.google.com/bot.html)"
66.249.75.3 - - [25/Aug/2026:20:33:37 +0000] "GET /shop/customer/bookmark.php?goods=1563265&crsirefo_hidden=0219d3605c2e10d51c688f939542ce4335d5a8dcccdeb9746951d1e0aede9bab HTTP/1.1" 403 319 "-" "Mozilla/5.0 (Linux; Android 6.0.1; Nexus 5X Build/MMB29P) AppleWebKit/537.36 (KHTML, like Gecko) Chrome/151.0.7922.173 Mobile Safari/537.36 (compatible; Googlebot/2.1; +http://www.google.com/bot.html)"
180.242.129.178 - - [25/Aug/2026:20:33:38 +0000] "GET /image/V3.php HTTP/1.1" 403 319 "-" "python-httpx/0.28.1"
66.249.75.3 - - [25/Aug/2026:20:33:39 +0000] "GET /shop/detail/N25502150390.html HTTP/1.1" 403 319 "-" "Mozilla/5.0 (Linux; Android 6.0.1; Nexus 5X Build/MMB29P) AppleWebKit/537.36 (KHTML, like Gecko) Chrome/151.0.7922.173 Mobile Safari/537.36 (compatible; Googlebot/2.1; +http://www.google.com/bot.html)"
66.249.75.3 - - [25/Aug/2026:20:33:40 +0000] "GET /shop/detail/I25491641374.html HTTP/1.1" 403 319 "-" "Mozilla/5.0 (Linux; Android 6.0.1; Nexus 5X Build/MMB29P) AppleWebKit/537.36 (KHTML, like Gecko) Chrome/151.0.7922.173 Mobile Safari/537.36 (compatible; Googlebot/2.1; +http://www.google.com/bot.html)"
180.242.129.178 - - [25/Aug/2026:20:33:41 +0000] "GET /wp-admin/css/colors/blue/block-css.php?mode=upload HTTP/1.1" 403 319 "-" "python-httpx/0.28.1"
66.249.75.3 - - [25/Aug/2026:20:33:42 +0000] "GET /shop/detail/P2546428447.html HTTP/1.1" 403 319 "-" "Mozilla/5.0 (Linux; Android 6.0.1; Nexus 5X Build/MMB29P) AppleWebKit/537.36 (KHTML, like Gecko) Chrome/151.0.7922.173 Mobile Safari/537.36 (compatible; Googlebot/2.1; +http://www.google.com/bot.html)"
66.249.75.3 - - [25/Aug/2026:20:33:43 +0000] "GET /product/225066458/ HTTP/1.1" 403 319 "-" "Mozilla/5.0 (Linux; Android 6.0.1; Nexus 5X Build/MMB29P) AppleWebKit/537.36 (KHTML, like Gecko) Chrome/151.0.7922.173 Mobile Safari/537.36 (compatible; Googlebot/2.1; +http://www.google.com/bot.html)"
66.249.75.3 - - [25/Aug/2026:20:33:43 +0000] "GET /shop/detail/U25512768658.html HTTP/1.1" 403 319 "-" "Mozilla/5.0 (Linux; Android 6.0.1; Nexus 5X Build/MMB29P) AppleWebKit/537.36 (KHTML, like Gecko) Chrome/151.0.7922.173 Mobile Safari/537.36 (compatible; Googlebot/2.1; +http://www.google.com/bot.html)"
180.242.129.178 - - [25/Aug/2026:20:33:44 +0000] "GET /wp-admin/leafmailer2.8.php HTTP/1.1" 403 319 "-" "python-httpx/0.28.1"
180.242.129.178 - - [25/Aug/2026:20:33:48 +0000] "GET /admin/function.php HTTP/1.1" 403 319 "-" "python-httpx/0.28.1"
74.7.243.222 - - [25/Aug/2026:20:33:50 +0000] "GET /?shop/detail/B25491944784.html HTTP/2.0" 403 307 "https://cellsonic.oxygenhealthsystems.com/?sitemap408.xml" "Mozilla/5.0 AppleWebKit/537.36 (KHTML, like Gecko; compatible; GPTBot/1.4; +https://openai.com/gptbot)"
66.249.75.3 - - [25/Aug/2026:20:33:50 +0000] "GET /shop/detail/F25491566367.html HTTP/1.1" 403 319 "-" "Mozilla/5.0 (Linux; Android 6.0.1; Nexus 5X Build/MMB29P) AppleWebKit/537.36 (KHTML, like Gecko) Chrome/151.0.7922.173 Mobile Safari/537.36 (compatible; Googlebot/2.1; +http://www.google.com/bot.html)"
180.242.129.178 - - [25/Aug/2026:20:33:50 +0000] "GET /wp-admin/network/admin-ajax.php HTTP/1.1" 403 319 "-" "python-httpx/0.28.1"
180.242.129.178 - - [25/Aug/2026:20:33:53 +0000] "GET /wp-includes/rest-api/endpoints/class-wp-rest-themes-controller.php HTTP/1.1" 403 319 "-" "python-httpx/0.28.1"
180.242.129.178 - - [25/Aug/2026:20:33:56 +0000] "GET /wp-admin/user/chosen.php HTTP/1.1" 403 319 "-" "python-httpx/0.28.1"
180.242.129.178 - - [25/Aug/2026:20:33:59 +0000] "GET /wp-includes/SimplePie/src/Content/alfa-rex.php HTTP/1.1" 403 319 "-" "python-httpx/0.28.1"
66.249.75.3 - - [25/Aug/2026:20:34:10 +0000] "GET /shop/detail/S25481060578.html HTTP/1.1" 403 319 "-" "Mozilla/5.0 (Linux; Android 6.0.1; Nexus 5X Build/MMB29P) AppleWebKit/537.36 (KHTML, like Gecko) Chrome/151.0.7922.173 Mobile Safari/537.36 (compatible; Googlebot/2.1; +http://www.google.com/bot.html)"
74.7.243.222 - - [25/Aug/2026:20:34:10 +0000] "GET /?shop/detail/B25497788459.html HTTP/2.0" 403 307 "https://cellsonic.oxygenhealthsystems.com/?sitemap797.xml" "Mozilla/5.0 AppleWebKit/537.36 (KHTML, like Gecko; compatible; GPTBot/1.4; +https://openai.com/gptbot)"
66.249.75.4 - - [25/Aug/2026:20:34:23 +0000] "GET /shop/detail/Y25502485645.html HTTP/1.1" 403 319 "-" "Mozilla/5.0 (Linux; Android 6.0.1; Nexus 5X Build/MMB29P) AppleWebKit/537.36 (KHTML, like Gecko) Chrome/151.0.7922.173 Mobile Safari/537.36 (compatible; Googlebot/2.1; +http://www.google.com/bot.html)"
66.249.75.3 - - [25/Aug/2026:20:34:25 +0000] "GET /shop/detail/A25481154587.html HTTP/1.1" 403 319 "-" "Mozilla/5.0 (Linux; Android 6.0.1; Nexus 5X Build/MMB29P) AppleWebKit/537.36 (KHTML, like Gecko) Chrome/151.0.7922.173 Mobile Safari/537.36 (compatible; Googlebot/2.1; +http://www.google.com/bot.html)"
57.141.10.40 - - [25/Aug/2026:20:34:28 +0000] "GET / HTTP/2.0" 403 307 "-" "facebookexternalhit/1.1 (+http://www.facebook.com/externalhit_uatext.php)"
74.7.243.222 - - [25/Aug/2026:20:34:31 +0000] "GET /?shop/detail/D254988565962.html HTTP/2.0" 403 307 "https://cellsonic.oxygenhealthsystems.com/?sitemap837.xml" "Mozilla/5.0 AppleWebKit/537.36 (KHTML, like Gecko; compatible; GPTBot/1.4; +https://openai.com/gptbot)"
74.7.243.222 - - [25/Aug/2026:20:34:53 +0000] "GET /?shop/detail/Z25508434238.html HTTP/2.0" 403 307 "https://cellsonic.oxygenhealthsystems.com/?sitemap389.xml" "Mozilla/5.0 AppleWebKit/537.36 (KHTML, like Gecko; compatible; GPTBot/1.4; +https://openai.com/gptbot)"
66.249.75.4 - - [25/Aug/2026:20:35:10 +0000] "GET /product/59314058/ HTTP/1.1" 403 319 "-" "Mozilla/5.0 (Linux; Android 6.0.1; Nexus 5X Build/MMB29P) AppleWebKit/537.36 (KHTML, like Gecko) Chrome/151.0.7922.173 Mobile Safari/537.36 (compatible; Googlebot/2.1; +http://www.google.com/bot.html)"
