74.7.243.222 - - [25/Aug/2026:21:24:38 +0000] "GET /?shop/detail/B25476780727.html HTTP/2.0" 403 307 "https://cellsonic.oxygenhealthsystems.com/?sitemap797.xml" "Mozilla/5.0 AppleWebKit/537.36 (KHTML, like Gecko; compatible; GPTBot/1.4; +https://openai.com/gptbot)"
66.249.75.3 - - [25/Aug/2026:21:24:50 +0000] "GET /shop/detail/F25512799145.html HTTP/1.1" 403 319 "-" "Mozilla/5.0 (Linux; Android 6.0.1; Nexus 5X Build/MMB29P) AppleWebKit/537.36 (KHTML, like Gecko) Chrome/151.0.7922.173 Mobile Safari/537.36 (compatible; Googlebot/2.1; +http://www.google.com/bot.html)"
74.7.243.222 - - [25/Aug/2026:21:24:59 +0000] "GET /?shop/detail/Z25466024567.html HTTP/2.0" 403 307 "https://cellsonic.oxygenhealthsystems.com/?sitemap389.xml" "Mozilla/5.0 AppleWebKit/537.36 (KHTML, like Gecko; compatible; GPTBot/1.4; +https://openai.com/gptbot)"
66.249.75.3 - - [25/Aug/2026:21:25:04 +0000] "GET /shop/detail/P25502243292.html HTTP/1.1" 403 319 "-" "Mozilla/5.0 (compatible; Googlebot/2.1; +http://www.google.com/bot.html)"
74.7.243.222 - - [25/Aug/2026:21:25:21 +0000] "GET /?shop/detail/Z25505298869.html HTTP/2.0" 403 307 "https://cellsonic.oxygenhealthsystems.com/?sitemap907.xml" "Mozilla/5.0 AppleWebKit/537.36 (KHTML, like Gecko; compatible; GPTBot/1.4; +https://openai.com/gptbot)"
74.7.243.222 - - [25/Aug/2026:21:25:42 +0000] "GET /?shop/detail/A254663388564.html HTTP/2.0" 403 307 "https://cellsonic.oxygenhealthsystems.com/?sitemap250.xml" "Mozilla/5.0 AppleWebKit/537.36 (KHTML, like Gecko; compatible; GPTBot/1.4; +https://openai.com/gptbot)"
74.7.243.222 - - [25/Aug/2026:21:26:04 +0000] "GET /?shop/detail/A25466105164.html HTTP/2.0" 403 307 "https://cellsonic.oxygenhealthsystems.com/?sitemap762.xml" "Mozilla/5.0 AppleWebKit/537.36 (KHTML, like Gecko; compatible; GPTBot/1.4; +https://openai.com/gptbot)"
66.249.75.3 - - [25/Aug/2026:21:26:13 +0000] "GET /shop/detail/K25502059579.html HTTP/1.1" 403 319 "-" "Mozilla/5.0 (Linux; Android 6.0.1; Nexus 5X Build/MMB29P) AppleWebKit/537.36 (KHTML, like Gecko) Chrome/151.0.7922.173 Mobile Safari/537.36 (compatible; Googlebot/2.1; +http://www.google.com/bot.html)"
66.249.75.3 - - [25/Aug/2026:21:26:17 +0000] "GET /shop/detail/C25502176383.html HTTP/1.1" 403 319 "-" "Mozilla/5.0 (compatible; Googlebot/2.1; +http://www.google.com/bot.html)"
66.249.75.3 - - [25/Aug/2026:21:26:21 +0000] "GET /shop/detail/Z25481213492.html HTTP/1.1" 403 319 "-" "Mozilla/5.0 (compatible; Googlebot/2.1; +http://www.google.com/bot.html)"
74.7.243.222 - - [25/Aug/2026:21:26:25 +0000] "GET /?shop/detail/A255132950309.html HTTP/2.0" 403 307 "https://cellsonic.oxygenhealthsystems.com/?sitemap967.xml" "Mozilla/5.0 AppleWebKit/537.36 (KHTML, like Gecko; compatible; GPTBot/1.4; +https://openai.com/gptbot)"
66.249.75.3 - - [25/Aug/2026:21:26:44 +0000] "GET /shop/detail/M25512754411.html HTTP/1.1" 403 319 "-" "Mozilla/5.0 (compatible; Googlebot/2.1; +http://www.google.com/bot.html)"
74.7.243.222 - - [25/Aug/2026:21:26:46 +0000] "GET /?shop/detail/A25512887183.html HTTP/2.0" 403 307 "https://cellsonic.oxygenhealthsystems.com/?sitemap234.xml" "Mozilla/5.0 AppleWebKit/537.36 (KHTML, like Gecko; compatible; GPTBot/1.4; +https://openai.com/gptbot)"
74.7.243.222 - - [25/Aug/2026:21:27:08 +0000] "GET /?shop/detail/Z25512659900.html HTTP/2.0" 403 307 "https://cellsonic.oxygenhealthsystems.com/?sitemap792.xml" "Mozilla/5.0 AppleWebKit/537.36 (KHTML, like Gecko; compatible; GPTBot/1.4; +https://openai.com/gptbot)"
66.249.75.3 - - [25/Aug/2026:21:27:19 +0000] "GET /shop/detail/U25491945413.html HTTP/1.1" 403 319 "-" "Mozilla/5.0 (Linux; Android 6.0.1; Nexus 5X Build/MMB29P) AppleWebKit/537.36 (KHTML, like Gecko) Chrome/151.0.7922.173 Mobile Safari/537.36 (compatible; Googlebot/2.1; +http://www.google.com/bot.html)"
66.249.75.5 - - [25/Aug/2026:21:27:19 +0000] "GET /shop/detail/K25512896758.html HTTP/1.1" 403 319 "-" "Mozilla/5.0 (Linux; Android 6.0.1; Nexus 5X Build/MMB29P) AppleWebKit/537.36 (KHTML, like Gecko) Chrome/151.0.7922.173 Mobile Safari/537.36 (compatible; Googlebot/2.1; +http://www.google.com/bot.html)"
66.249.75.3 - - [25/Aug/2026:21:27:29 +0000] "GET /shop/detail/S25464447.html HTTP/1.1" 403 319 "-" "Mozilla/5.0 (Linux; Android 6.0.1; Nexus 5X Build/MMB29P) AppleWebKit/537.36 (KHTML, like Gecko) Chrome/151.0.7922.173 Mobile Safari/537.36 (compatible; Googlebot/2.1; +http://www.google.com/bot.html)"
74.7.243.222 - - [25/Aug/2026:21:27:29 +0000] "GET /?shop/detail/Z25508070041.html HTTP/2.0" 403 307 "https://cellsonic.oxygenhealthsystems.com/?sitemap700.xml" "Mozilla/5.0 AppleWebKit/537.36 (KHTML, like Gecko; compatible; GPTBot/1.4; +https://openai.com/gptbot)"
74.7.243.222 - - [25/Aug/2026:21:27:51 +0000] "GET /?shop/detail/B25491569661.html HTTP/2.0" 403 307 "https://cellsonic.oxygenhealthsystems.com/?sitemap797.xml" "Mozilla/5.0 AppleWebKit/537.36 (KHTML, like Gecko; compatible; GPTBot/1.4; +https://openai.com/gptbot)"
66.249.75.3 - - [25/Aug/2026:21:27:59 +0000] "GET /shop/detail/Y25502216312.html HTTP/1.1" 403 319 "-" "Mozilla/5.0 (compatible; Googlebot/2.1; +http://www.google.com/bot.html)"
74.7.243.222 - - [25/Aug/2026:21:28:12 +0000] "GET /?shop/detail/Z25476643355.html HTTP/2.0" 403 307 "https://cellsonic.oxygenhealthsystems.com/?sitemap792.xml" "Mozilla/5.0 AppleWebKit/537.36 (KHTML, like Gecko; compatible; GPTBot/1.4; +https://openai.com/gptbot)"
66.249.75.5 - - [25/Aug/2026:21:28:23 +0000] "GET /shop/detail/O25491960784.html HTTP/1.1" 403 319 "-" "Mozilla/5.0 (Linux; Android 6.0.1; Nexus 5X Build/MMB29P) AppleWebKit/537.36 (KHTML, like Gecko) Chrome/151.0.7922.173 Mobile Safari/537.36 (compatible; GoogleOther)"
74.7.243.222 - - [25/Aug/2026:21:28:34 +0000] "GET /?shop/detail/A255065377875.html HTTP/2.0" 403 307 "https://cellsonic.oxygenhealthsystems.com/?sitemap250.xml" "Mozilla/5.0 AppleWebKit/537.36 (KHTML, like Gecko; compatible; GPTBot/1.4; +https://openai.com/gptbot)"
66.249.75.4 - - [25/Aug/2026:21:28:56 +0000] "GET /shop/detail/B25512567696.html HTTP/1.1" 403 319 "-" "Mozilla/5.0 (Linux; Android 6.0.1; Nexus 5X Build/MMB29P) AppleWebKit/537.36 (KHTML, like Gecko) Chrome/151.0.7922.173 Mobile Safari/537.36 (compatible; Googlebot/2.1; +http://www.google.com/bot.html)"
74.7.243.222 - - [25/Aug/2026:21:28:56 +0000] "GET /?shop/detail/Z25518834232.html HTTP/2.0" 403 307 "https://cellsonic.oxygenhealthsystems.com/?sitemap612.xml" "Mozilla/5.0 AppleWebKit/537.36 (KHTML, like Gecko; compatible; GPTBot/1.4; +https://openai.com/gptbot)"
66.249.75.5 - - [25/Aug/2026:21:29:07 +0000] "GET /shop/detail/K25491731372.html HTTP/1.1" 403 319 "-" "Mozilla/5.0 (Linux; Android 6.0.1; Nexus 5X Build/MMB29P) AppleWebKit/537.36 (KHTML, like Gecko) Chrome/151.0.7922.173 Mobile Safari/537.36 (compatible; Googlebot/2.1; +http://www.google.com/bot.html)"
66.249.75.5 - - [25/Aug/2026:21:29:14 +0000] "GET /product/149818758/ HTTP/1.1" 403 319 "-" "Mozilla/5.0 (Linux; Android 6.0.1; Nexus 5X Build/MMB29P) AppleWebKit/537.36 (KHTML, like Gecko) Chrome/151.0.7922.173 Mobile Safari/537.36 (compatible; Googlebot/2.1; +http://www.google.com/bot.html)"
74.7.243.222 - - [25/Aug/2026:21:29:16 +0000] "GET /?shop/detail/A25484003644.html HTTP/2.0" 403 307 "https://cellsonic.oxygenhealthsystems.com/?sitemap762.xml" "Mozilla/5.0 AppleWebKit/537.36 (KHTML, like Gecko; compatible; GPTBot/1.4; +https://openai.com/gptbot)"
74.7.243.222 - - [25/Aug/2026:21:29:36 +0000] "GET /?shop/detail/Z25463202429.html HTTP/2.0" 403 307 "https://cellsonic.oxygenhealthsystems.com/?sitemap417.xml" "Mozilla/5.0 AppleWebKit/537.36 (KHTML, like Gecko; compatible; GPTBot/1.4; +https://openai.com/gptbot)"
66.249.75.4 - - [25/Aug/2026:21:29:52 +0000] "GET /shop/detail/V25491630977.html HTTP/1.1" 403 319 "-" "Mozilla/5.0 (Linux; Android 6.0.1; Nexus 5X Build/MMB29P) AppleWebKit/537.36 (KHTML, like Gecko) Chrome/151.0.7922.173 Mobile Safari/537.36 (compatible; Googlebot/2.1; +http://www.google.com/bot.html)"
74.7.243.222 - - [25/Aug/2026:21:29:57 +0000] "GET /?shop/detail/A25515872448.html HTTP/2.0" 403 307 "https://cellsonic.oxygenhealthsystems.com/?sitemap762.xml" "Mozilla/5.0 AppleWebKit/537.36 (KHTML, like Gecko; compatible; GPTBot/1.4; +https://openai.com/gptbot)"
74.7.243.222 - - [25/Aug/2026:21:30:19 +0000] "GET /?shop/detail/Z25466451160.html HTTP/2.0" 403 307 "https://cellsonic.oxygenhealthsystems.com/?sitemap792.xml" "Mozilla/5.0 AppleWebKit/537.36 (KHTML, like Gecko; compatible; GPTBot/1.4; +https://openai.com/gptbot)"
66.249.75.4 - - [25/Aug/2026:21:30:32 +0000] "GET /shop/detail/H25491778201.html HTTP/1.1" 403 319 "-" "Mozilla/5.0 (Linux; Android 6.0.1; Nexus 5X Build/MMB29P) AppleWebKit/537.36 (KHTML, like Gecko) Chrome/151.0.7922.173 Mobile Safari/537.36 (compatible; Googlebot/2.1; +http://www.google.com/bot.html)"
74.7.243.222 - - [25/Aug/2026:21:30:40 +0000] "GET /?shop/detail/A25463456294.html HTTP/2.0" 403 307 "https://cellsonic.oxygenhealthsystems.com/?sitemap762.xml" "Mozilla/5.0 AppleWebKit/537.36 (KHTML, like Gecko; compatible; GPTBot/1.4; +https://openai.com/gptbot)"
66.249.75.4 - - [25/Aug/2026:21:30:50 +0000] "GET /shop/detail/S254619982.html HTTP/1.1" 403 319 "-" "Mozilla/5.0 (Linux; Android 6.0.1; Nexus 5X Build/MMB29P) AppleWebKit/537.36 (KHTML, like Gecko) Chrome/151.0.7922.173 Mobile Safari/537.36 (compatible; Googlebot/2.1; +http://www.google.com/bot.html)"
74.7.243.222 - - [25/Aug/2026:21:31:01 +0000] "GET /?shop/detail/A25502064248.html HTTP/2.0" 403 307 "https://cellsonic.oxygenhealthsystems.com/?sitemap762.xml" "Mozilla/5.0 AppleWebKit/537.36 (KHTML, like Gecko; compatible; GPTBot/1.4; +https://openai.com/gptbot)"
74.7.243.222 - - [25/Aug/2026:21:31:22 +0000] "GET /?shop/detail/Z25518628778.html HTTP/2.0" 403 307 "https://cellsonic.oxygenhealthsystems.com/?sitemap612.xml" "Mozilla/5.0 AppleWebKit/537.36 (KHTML, like Gecko; compatible; GPTBot/1.4; +https://openai.com/gptbot)"
66.249.75.5 - - [25/Aug/2026:21:31:32 +0000] "GET /shop/detail/U2547756402.html HTTP/1.1" 403 319 "-" "Mozilla/5.0 (Linux; Android 6.0.1; Nexus 5X Build/MMB29P) AppleWebKit/537.36 (KHTML, like Gecko) Chrome/151.0.7922.173 Mobile Safari/537.36 (compatible; Googlebot/2.1; +http://www.google.com/bot.html)"
66.249.75.5 - - [25/Aug/2026:21:31:35 +0000] "GET /shop/detail/K25512847587.html HTTP/1.1" 403 319 "-" "Mozilla/5.0 (Linux; Android 6.0.1; Nexus 5X Build/MMB29P) AppleWebKit/537.36 (KHTML, like Gecko) Chrome/151.0.7922.173 Mobile Safari/537.36 (compatible; Googlebot/2.1; +http://www.google.com/bot.html)"
66.249.75.3 - - [25/Aug/2026:21:31:36 +0000] "GET /shop/detail/Z25512645281.html HTTP/1.1" 403 319 "-" "Mozilla/5.0 (Linux; Android 6.0.1; Nexus 5X Build/MMB29P) AppleWebKit/537.36 (KHTML, like Gecko) Chrome/151.0.7922.173 Mobile Safari/537.36 (compatible; Googlebot/2.1; +http://www.google.com/bot.html)"
66.249.75.3 - - [25/Aug/2026:21:31:39 +0000] "GET /shop/detail/U25502286894.html HTTP/1.1" 403 319 "-" "Mozilla/5.0 (Linux; Android 6.0.1; Nexus 5X Build/MMB29P) AppleWebKit/537.36 (KHTML, like Gecko) Chrome/151.0.7922.173 Mobile Safari/537.36 (compatible; Googlebot/2.1; +http://www.google.com/bot.html)"
66.249.75.4 - - [25/Aug/2026:21:31:40 +0000] "GET /shop/detail/E25502099468.html HTTP/1.1" 403 319 "-" "Mozilla/5.0 (Linux; Android 6.0.1; Nexus 5X Build/MMB29P) AppleWebKit/537.36 (KHTML, like Gecko) Chrome/151.0.7922.173 Mobile Safari/537.36 (compatible; Googlebot/2.1; +http://www.google.com/bot.html)"
66.249.75.3 - - [25/Aug/2026:21:31:43 +0000] "GET /shop/detail/Q2546335146.html HTTP/1.1" 403 319 "-" "Mozilla/5.0 (Linux; Android 6.0.1; Nexus 5X Build/MMB29P) AppleWebKit/537.36 (KHTML, like Gecko) Chrome/151.0.7922.173 Mobile Safari/537.36 (compatible; Googlebot/2.1; +http://www.google.com/bot.html)"
74.7.243.222 - - [25/Aug/2026:21:31:43 +0000] "GET /?shop/detail/A25515824618.html HTTP/2.0" 403 307 "https://cellsonic.oxygenhealthsystems.com/?sitemap762.xml" "Mozilla/5.0 AppleWebKit/537.36 (KHTML, like Gecko; compatible; GPTBot/1.4; +https://openai.com/gptbot)"
66.249.75.3 - - [25/Aug/2026:21:31:43 +0000] "GET /shop/detail/F2547965977.html HTTP/1.1" 403 319 "-" "Mozilla/5.0 (Linux; Android 6.0.1; Nexus 5X Build/MMB29P) AppleWebKit/537.36 (KHTML, like Gecko) Chrome/151.0.7922.173 Mobile Safari/537.36 (compatible; Googlebot/2.1; +http://www.google.com/bot.html)"
66.249.75.3 - - [25/Aug/2026:21:31:44 +0000] "GET /shop/detail/I2546336086.html HTTP/1.1" 403 319 "-" "Mozilla/5.0 (Linux; Android 6.0.1; Nexus 5X Build/MMB29P) AppleWebKit/537.36 (KHTML, like Gecko) Chrome/151.0.7922.173 Mobile Safari/537.36 (compatible; Googlebot/2.1; +http://www.google.com/bot.html)"
66.249.75.3 - - [25/Aug/2026:21:31:46 +0000] "GET /shop/detail/W25502268692.html HTTP/1.1" 403 319 "-" "Mozilla/5.0 (Linux; Android 6.0.1; Nexus 5X Build/MMB29P) AppleWebKit/537.36 (KHTML, like Gecko) Chrome/151.0.7922.173 Mobile Safari/537.36 (compatible; Googlebot/2.1; +http://www.google.com/bot.html)"
66.249.75.3 - - [25/Aug/2026:21:31:48 +0000] "GET /shop/detail/L25481173224.html HTTP/1.1" 403 319 "-" "Mozilla/5.0 (Linux; Android 6.0.1; Nexus 5X Build/MMB29P) AppleWebKit/537.36 (KHTML, like Gecko) Chrome/151.0.7922.173 Mobile Safari/537.36 (compatible; Googlebot/2.1; +http://www.google.com/bot.html)"
66.249.75.3 - - [25/Aug/2026:21:31:49 +0000] "GET /shop/detail/H2546254078.html HTTP/1.1" 403 319 "-" "Mozilla/5.0 (Linux; Android 6.0.1; Nexus 5X Build/MMB29P) AppleWebKit/537.36 (KHTML, like Gecko) Chrome/151.0.7922.173 Mobile Safari/537.36 (compatible; Googlebot/2.1; +http://www.google.com/bot.html)"
66.249.75.3 - - [25/Aug/2026:21:31:52 +0000] "GET /product/43313158/ HTTP/1.1" 403 319 "-" "Mozilla/5.0 (Linux; Android 6.0.1; Nexus 5X Build/MMB29P) AppleWebKit/537.36 (KHTML, like Gecko) Chrome/151.0.7922.173 Mobile Safari/537.36 (compatible; Googlebot/2.1; +http://www.google.com/bot.html)"
66.249.75.3 - - [25/Aug/2026:21:31:54 +0000] "GET /shop/detail/M25481461260.html HTTP/1.1" 403 319 "-" "Mozilla/5.0 (Linux; Android 6.0.1; Nexus 5X Build/MMB29P) AppleWebKit/537.36 (KHTML, like Gecko) Chrome/151.0.7922.173 Mobile Safari/537.36 (compatible; Googlebot/2.1; +http://www.google.com/bot.html)"
66.249.75.3 - - [25/Aug/2026:21:31:56 +0000] "GET /shop/detail/K25512842353.html HTTP/1.1" 403 319 "-" "Mozilla/5.0 (Linux; Android 6.0.1; Nexus 5X Build/MMB29P) AppleWebKit/537.36 (KHTML, like Gecko) Chrome/151.0.7922.173 Mobile Safari/537.36 (compatible; Googlebot/2.1; +http://www.google.com/bot.html)"
66.249.75.3 - - [25/Aug/2026:21:31:57 +0000] "GET /shop/detail/C25481046033.html HTTP/1.1" 403 319 "-" "Mozilla/5.0 (Linux; Android 6.0.1; Nexus 5X Build/MMB29P) AppleWebKit/537.36 (KHTML, like Gecko) Chrome/151.0.7922.173 Mobile Safari/537.36 (compatible; Googlebot/2.1; +http://www.google.com/bot.html)"
66.249.75.3 - - [25/Aug/2026:21:32:00 +0000] "GET /shop/detail/G25502108922.html HTTP/1.1" 403 319 "-" "Mozilla/5.0 (Linux; Android 6.0.1; Nexus 5X Build/MMB29P) AppleWebKit/537.36 (KHTML, like Gecko) Chrome/151.0.7922.173 Mobile Safari/537.36 (compatible; Googlebot/2.1; +http://www.google.com/bot.html)"
66.249.75.3 - - [25/Aug/2026:21:32:02 +0000] "GET /shop/detail/O25512709252.html HTTP/1.1" 403 319 "-" "Mozilla/5.0 (Linux; Android 6.0.1; Nexus 5X Build/MMB29P) AppleWebKit/537.36 (KHTML, like Gecko) Chrome/151.0.7922.173 Mobile Safari/537.36 (compatible; Googlebot/2.1; +http://www.google.com/bot.html)"
66.249.75.3 - - [25/Aug/2026:21:32:03 +0000] "GET /shop/detail/A25512942080.html HTTP/1.1" 403 319 "-" "Mozilla/5.0 (Linux; Android 6.0.1; Nexus 5X Build/MMB29P) AppleWebKit/537.36 (KHTML, like Gecko) Chrome/151.0.7922.173 Mobile Safari/537.36 (compatible; Googlebot/2.1; +http://www.google.com/bot.html)"
74.7.243.222 - - [25/Aug/2026:21:32:04 +0000] "GET /?shop/detail/D254882340850.html HTTP/2.0" 403 307 "https://cellsonic.oxygenhealthsystems.com/?sitemap837.xml" "Mozilla/5.0 AppleWebKit/537.36 (KHTML, like Gecko; compatible; GPTBot/1.4; +https://openai.com/gptbot)"
66.249.75.3 - - [25/Aug/2026:21:32:06 +0000] "GET /shop/detail/X25502448227.html HTTP/1.1" 403 319 "-" "Mozilla/5.0 (Linux; Android 6.0.1; Nexus 5X Build/MMB29P) AppleWebKit/537.36 (KHTML, like Gecko) Chrome/151.0.7922.173 Mobile Safari/537.36 (compatible; Googlebot/2.1; +http://www.google.com/bot.html)"
66.249.75.3 - - [25/Aug/2026:21:32:08 +0000] "GET /shop/detail/B25502084764.html HTTP/1.1" 403 319 "-" "Mozilla/5.0 (Linux; Android 6.0.1; Nexus 5X Build/MMB29P) AppleWebKit/537.36 (KHTML, like Gecko) Chrome/151.0.7922.173 Mobile Safari/537.36 (compatible; Googlebot/2.1; +http://www.google.com/bot.html)"
66.249.75.3 - - [25/Aug/2026:21:32:17 +0000] "GET /shop/detail/Z2547554998.html HTTP/1.1" 403 319 "-" "Mozilla/5.0 (Linux; Android 6.0.1; Nexus 5X Build/MMB29P) AppleWebKit/537.36 (KHTML, like Gecko) Chrome/151.0.7922.173 Mobile Safari/537.36 (compatible; Googlebot/2.1; +http://www.google.com/bot.html)"
57.141.20.62 - - [25/Aug/2026:21:32:19 +0000] "GET / HTTP/2.0" 403 307 "-" "facebookexternalhit/1.1 (+http://www.facebook.com/externalhit_uatext.php)"
66.249.75.3 - - [25/Aug/2026:21:32:21 +0000] "GET /shop/detail/S25502034576.html HTTP/1.1" 403 319 "-" "Mozilla/5.0 (Linux; Android 6.0.1; Nexus 5X Build/MMB29P) AppleWebKit/537.36 (KHTML, like Gecko) Chrome/151.0.7922.173 Mobile Safari/537.36 (compatible; Googlebot/2.1; +http://www.google.com/bot.html)"
66.249.75.3 - - [25/Aug/2026:21:32:22 +0000] "GET /shop/detail/V25502151858.html HTTP/1.1" 403 319 "-" "Mozilla/5.0 (Linux; Android 6.0.1; Nexus 5X Build/MMB29P) AppleWebKit/537.36 (KHTML, like Gecko) Chrome/151.0.7922.173 Mobile Safari/537.36 (compatible; Googlebot/2.1; +http://www.google.com/bot.html)"
74.7.243.222 - - [25/Aug/2026:21:32:25 +0000] "GET /?shop/detail/A25497722669.html HTTP/2.0" 403 307 "https://cellsonic.oxygenhealthsystems.com/?sitemap330.xml" "Mozilla/5.0 AppleWebKit/537.36 (KHTML, like Gecko; compatible; GPTBot/1.4; +https://openai.com/gptbot)"
66.249.75.3 - - [25/Aug/2026:21:32:30 +0000] "GET /product/34816558/ HTTP/1.1" 403 319 "-" "Mozilla/5.0 (Linux; Android 6.0.1; Nexus 5X Build/MMB29P) AppleWebKit/537.36 (KHTML, like Gecko) Chrome/151.0.7922.173 Mobile Safari/537.36 (compatible; Googlebot/2.1; +http://www.google.com/bot.html)"
66.249.75.3 - - [25/Aug/2026:21:32:30 +0000] "GET /shop/detail/T25481394809.html HTTP/1.1" 403 319 "-" "Mozilla/5.0 (Linux; Android 6.0.1; Nexus 5X Build/MMB29P) AppleWebKit/537.36 (KHTML, like Gecko) Chrome/151.0.7922.173 Mobile Safari/537.36 (compatible; Googlebot/2.1; +http://www.google.com/bot.html)"
66.249.75.3 - - [25/Aug/2026:21:32:33 +0000] "GET /shop/detail/E2547557027.html HTTP/1.1" 403 319 "-" "Mozilla/5.0 (Linux; Android 6.0.1; Nexus 5X Build/MMB29P) AppleWebKit/537.36 (KHTML, like Gecko) Chrome/151.0.7922.173 Mobile Safari/537.36 (compatible; Googlebot/2.1; +http://www.google.com/bot.html)"
66.249.75.3 - - [25/Aug/2026:21:32:34 +0000] "GET /shop/detail/E25512873053.html HTTP/1.1" 403 319 "-" "Mozilla/5.0 (Linux; Android 6.0.1; Nexus 5X Build/MMB29P) AppleWebKit/537.36 (KHTML, like Gecko) Chrome/151.0.7922.173 Mobile Safari/537.36 (compatible; Googlebot/2.1; +http://www.google.com/bot.html)"
66.249.75.3 - - [25/Aug/2026:21:32:35 +0000] "GET /shop/detail/Q25502430744.html HTTP/1.1" 403 319 "-" "Mozilla/5.0 (Linux; Android 6.0.1; Nexus 5X Build/MMB29P) AppleWebKit/537.36 (KHTML, like Gecko) Chrome/151.0.7922.173 Mobile Safari/537.36 (compatible; Googlebot/2.1; +http://www.google.com/bot.html)"
66.249.75.3 - - [25/Aug/2026:21:32:36 +0000] "GET /shop/detail/U25481281161.html HTTP/1.1" 403 319 "-" "Mozilla/5.0 (Linux; Android 6.0.1; Nexus 5X Build/MMB29P) AppleWebKit/537.36 (KHTML, like Gecko) Chrome/151.0.7922.173 Mobile Safari/537.36 (compatible; Googlebot/2.1; +http://www.google.com/bot.html)"
66.249.75.3 - - [25/Aug/2026:21:32:37 +0000] "GET /shop/detail/H25512908847.html HTTP/1.1" 403 319 "-" "Mozilla/5.0 (Linux; Android 6.0.1; Nexus 5X Build/MMB29P) AppleWebKit/537.36 (KHTML, like Gecko) Chrome/151.0.7922.173 Mobile Safari/537.36 (compatible; Googlebot/2.1; +http://www.google.com/bot.html)"
66.249.75.3 - - [25/Aug/2026:21:32:39 +0000] "GET /shop/detail/Z2547749536.html HTTP/1.1" 403 319 "-" "Mozilla/5.0 (compatible; Googlebot/2.1; +http://www.google.com/bot.html)"
66.249.75.3 - - [25/Aug/2026:21:32:39 +0000] "GET /product/69154958/ HTTP/1.1" 403 319 "-" "Mozilla/5.0 (Linux; Android 6.0.1; Nexus 5X Build/MMB29P) AppleWebKit/537.36 (KHTML, like Gecko) Chrome/151.0.7922.173 Mobile Safari/537.36 (compatible; Googlebot/2.1; +http://www.google.com/bot.html)"
66.249.75.3 - - [25/Aug/2026:21:32:43 +0000] "GET /shop/detail/S25491755772.html HTTP/1.1" 403 319 "-" "Mozilla/5.0 (Linux; Android 6.0.1; Nexus 5X Build/MMB29P) AppleWebKit/537.36 (KHTML, like Gecko) Chrome/151.0.7922.173 Mobile Safari/537.36 (compatible; Googlebot/2.1; +http://www.google.com/bot.html)"
66.249.75.3 - - [25/Aug/2026:21:32:44 +0000] "GET /shop/detail/W2546378619.html HTTP/1.1" 403 319 "-" "Mozilla/5.0 (compatible; Googlebot/2.1; +http://www.google.com/bot.html)"
66.249.75.3 - - [25/Aug/2026:21:32:46 +0000] "GET /shop/detail/I2546159146.html HTTP/1.1" 403 319 "-" "Mozilla/5.0 (Linux; Android 6.0.1; Nexus 5X Build/MMB29P) AppleWebKit/537.36 (KHTML, like Gecko) Chrome/151.0.7922.173 Mobile Safari/537.36 (compatible; Googlebot/2.1; +http://www.google.com/bot.html)"
74.7.243.222 - - [25/Aug/2026:21:32:46 +0000] "GET /?shop/detail/A25484119189.html HTTP/2.0" 403 307 "https://cellsonic.oxygenhealthsystems.com/?sitemap762.xml" "Mozilla/5.0 AppleWebKit/537.36 (KHTML, like Gecko; compatible; GPTBot/1.4; +https://openai.com/gptbot)"
66.249.75.3 - - [25/Aug/2026:21:32:47 +0000] "GET /shop/detail/V2546412572.html HTTP/1.1" 403 319 "-" "Mozilla/5.0 (Linux; Android 6.0.1; Nexus 5X Build/MMB29P) AppleWebKit/537.36 (KHTML, like Gecko) Chrome/151.0.7922.173 Mobile Safari/537.36 (compatible; Googlebot/2.1; +http://www.google.com/bot.html)"
66.249.75.3 - - [25/Aug/2026:21:32:53 +0000] "GET /shop/detail/X25491825300.html HTTP/1.1" 403 319 "-" "Mozilla/5.0 (Linux; Android 6.0.1; Nexus 5X Build/MMB29P) AppleWebKit/537.36 (KHTML, like Gecko) Chrome/151.0.7922.173 Mobile Safari/537.36 (compatible; Googlebot/2.1; +http://www.google.com/bot.html)"
66.249.75.3 - - [25/Aug/2026:21:32:56 +0000] "GET /shop/detail/P2546255270.html HTTP/1.1" 403 319 "-" "Mozilla/5.0 (Linux; Android 6.0.1; Nexus 5X Build/MMB29P) AppleWebKit/537.36 (KHTML, like Gecko) Chrome/151.0.7922.173 Mobile Safari/537.36 (compatible; Googlebot/2.1; +http://www.google.com/bot.html)"
66.249.75.3 - - [25/Aug/2026:21:32:57 +0000] "GET /shop/detail/N25512764972.html HTTP/1.1" 403 319 "-" "Mozilla/5.0 (Linux; Android 6.0.1; Nexus 5X Build/MMB29P) AppleWebKit/537.36 (KHTML, like Gecko) Chrome/151.0.7922.173 Mobile Safari/537.36 (compatible; Googlebot/2.1; +http://www.google.com/bot.html)"
66.249.75.4 - - [25/Aug/2026:21:33:05 +0000] "GET /shop/detail/V254698371.html HTTP/1.1" 403 319 "-" "Mozilla/5.0 (Linux; Android 6.0.1; Nexus 5X Build/MMB29P) AppleWebKit/537.36 (KHTML, like Gecko) Chrome/151.0.7922.173 Mobile Safari/537.36 (compatible; Googlebot/2.1; +http://www.google.com/bot.html)"
66.249.75.5 - - [25/Aug/2026:21:33:07 +0000] "GET /shop/detail/I25491922712.html HTTP/1.1" 403 319 "-" "Mozilla/5.0 (Linux; Android 6.0.1; Nexus 5X Build/MMB29P) AppleWebKit/537.36 (KHTML, like Gecko) Chrome/151.0.7922.173 Mobile Safari/537.36 (compatible; Googlebot/2.1; +http://www.google.com/bot.html)"
74.7.243.222 - - [25/Aug/2026:21:33:08 +0000] "GET /?shop/detail/B25515710026.html HTTP/2.0" 403 307 "https://cellsonic.oxygenhealthsystems.com/?sitemap797.xml" "Mozilla/5.0 AppleWebKit/537.36 (KHTML, like Gecko; compatible; GPTBot/1.4; +https://openai.com/gptbot)"
66.249.75.4 - - [25/Aug/2026:21:33:09 +0000] "GET /shop/detail/O25512660478.html HTTP/1.1" 403 319 "-" "Mozilla/5.0 (Linux; Android 6.0.1; Nexus 5X Build/MMB29P) AppleWebKit/537.36 (KHTML, like Gecko) Chrome/151.0.7922.173 Mobile Safari/537.36 (compatible; Googlebot/2.1; +http://www.google.com/bot.html)"
66.249.75.3 - - [25/Aug/2026:21:33:23 +0000] "GET /shop/detail/I2547748663.html HTTP/1.1" 403 319 "-" "Mozilla/5.0 (Linux; Android 6.0.1; Nexus 5X Build/MMB29P) AppleWebKit/537.36 (KHTML, like Gecko) Chrome/151.0.7922.173 Mobile Safari/537.36 (compatible; Googlebot/2.1; +http://www.google.com/bot.html)"
66.249.75.3 - - [25/Aug/2026:21:33:25 +0000] "GET /shop/detail/E25481286449.html HTTP/1.1" 403 319 "-" "Mozilla/5.0 (Linux; Android 6.0.1; Nexus 5X Build/MMB29P) AppleWebKit/537.36 (KHTML, like Gecko) Chrome/151.0.7922.173 Mobile Safari/537.36 (compatible; Googlebot/2.1; +http://www.google.com/bot.html)"
74.7.243.222 - - [25/Aug/2026:21:33:28 +0000] "GET /?shop/detail/B254742946765.html HTTP/2.0" 403 307 "https://cellsonic.oxygenhealthsystems.com/?sitemap353.xml" "Mozilla/5.0 AppleWebKit/537.36 (KHTML, like Gecko; compatible; GPTBot/1.4; +https://openai.com/gptbot)"
66.249.75.3 - - [25/Aug/2026:21:33:29 +0000] "GET /shop/detail/P2547703930.html HTTP/1.1" 403 319 "-" "Mozilla/5.0 (Linux; Android 6.0.1; Nexus 5X Build/MMB29P) AppleWebKit/537.36 (KHTML, like Gecko) Chrome/151.0.7922.173 Mobile Safari/537.36 (compatible; Googlebot/2.1; +http://www.google.com/bot.html)"
66.249.75.3 - - [25/Aug/2026:21:33:38 +0000] "GET /shop/detail/X2547849996.html HTTP/1.1" 403 319 "-" "Mozilla/5.0 (compatible; Googlebot/2.1; +http://www.google.com/bot.html)"
66.249.75.3 - - [25/Aug/2026:21:33:38 +0000] "GET /shop/detail/P25502298757.html HTTP/1.1" 403 319 "-" "Mozilla/5.0 (Linux; Android 6.0.1; Nexus 5X Build/MMB29P) AppleWebKit/537.36 (KHTML, like Gecko) Chrome/151.0.7922.173 Mobile Safari/537.36 (compatible; Googlebot/2.1; +http://www.google.com/bot.html)"
66.249.75.3 - - [25/Aug/2026:21:33:42 +0000] "GET /shop/detail/H2546221131.html HTTP/1.1" 403 319 "-" "Mozilla/5.0 (Linux; Android 6.0.1; Nexus 5X Build/MMB29P) AppleWebKit/537.36 (KHTML, like Gecko) Chrome/151.0.7922.173 Mobile Safari/537.36 (compatible; Googlebot/2.1; +http://www.google.com/bot.html)"
66.249.75.3 - - [25/Aug/2026:21:33:44 +0000] "GET /shop/detail/J25512833831.html HTTP/1.1" 403 319 "-" "Mozilla/5.0 (Linux; Android 6.0.1; Nexus 5X Build/MMB29P) AppleWebKit/537.36 (KHTML, like Gecko) Chrome/151.0.7922.173 Mobile Safari/537.36 (compatible; Googlebot/2.1; +http://www.google.com/bot.html)"
66.249.75.3 - - [25/Aug/2026:21:33:46 +0000] "GET /shop/detail/O25491804806.html HTTP/1.1" 403 319 "-" "Mozilla/5.0 (Linux; Android 6.0.1; Nexus 5X Build/MMB29P) AppleWebKit/537.36 (KHTML, like Gecko) Chrome/151.0.7922.173 Mobile Safari/537.36 (compatible; Googlebot/2.1; +http://www.google.com/bot.html)"
66.249.75.3 - - [25/Aug/2026:21:33:49 +0000] "GET /shop/detail/O25502483296.html HTTP/1.1" 403 319 "-" "Mozilla/5.0 (Linux; Android 6.0.1; Nexus 5X Build/MMB29P) AppleWebKit/537.36 (KHTML, like Gecko) Chrome/151.0.7922.173 Mobile Safari/537.36 (compatible; Googlebot/2.1; +http://www.google.com/bot.html)"
74.7.243.222 - - [25/Aug/2026:21:33:50 +0000] "GET /?shop/detail/Z25508402803.html HTTP/2.0" 403 307 "https://cellsonic.oxygenhealthsystems.com/?sitemap947.xml" "Mozilla/5.0 AppleWebKit/537.36 (KHTML, like Gecko; compatible; GPTBot/1.4; +https://openai.com/gptbot)"
66.249.75.3 - - [25/Aug/2026:21:33:54 +0000] "GET /shop/detail/N25512575027.html HTTP/1.1" 403 319 "-" "Mozilla/5.0 (Linux; Android 6.0.1; Nexus 5X Build/MMB29P) AppleWebKit/537.36 (KHTML, like Gecko) Chrome/151.0.7922.173 Mobile Safari/537.36 (compatible; Googlebot/2.1; +http://www.google.com/bot.html)"
66.249.75.3 - - [25/Aug/2026:21:33:55 +0000] "GET /shop/detail/R25512788874.html HTTP/1.1" 403 319 "-" "Mozilla/5.0 (Linux; Android 6.0.1; Nexus 5X Build/MMB29P) AppleWebKit/537.36 (KHTML, like Gecko) Chrome/151.0.7922.173 Mobile Safari/537.36 (compatible; Googlebot/2.1; +http://www.google.com/bot.html)"
57.141.10.64 - - [25/Aug/2026:21:33:59 +0000] "GET / HTTP/2.0" 403 307 "-" "facebookexternalhit/1.1 (+http://www.facebook.com/externalhit_uatext.php)"
66.249.75.5 - - [25/Aug/2026:21:34:01 +0000] "GET /shop/detail/U2547899489.html HTTP/1.1" 403 319 "-" "Mozilla/5.0 (Linux; Android 6.0.1; Nexus 5X Build/MMB29P) AppleWebKit/537.36 (KHTML, like Gecko) Chrome/151.0.7922.173 Mobile Safari/537.36 (compatible; Googlebot/2.1; +http://www.google.com/bot.html)"
74.7.243.222 - - [25/Aug/2026:21:34:10 +0000] "GET /?shop/detail/A25512931733.html HTTP/2.0" 403 307 "https://cellsonic.oxygenhealthsystems.com/?sitemap166.xml" "Mozilla/5.0 AppleWebKit/537.36 (KHTML, like Gecko; compatible; GPTBot/1.4; +https://openai.com/gptbot)"
66.249.75.4 - - [25/Aug/2026:21:34:13 +0000] "GET /shop/detail/Q2547834870.html HTTP/1.1" 403 319 "-" "Mozilla/5.0 (Linux; Android 6.0.1; Nexus 5X Build/MMB29P) AppleWebKit/537.36 (KHTML, like Gecko) Chrome/151.0.7922.173 Mobile Safari/537.36 (compatible; Googlebot/2.1; +http://www.google.com/bot.html)"
66.249.75.3 - - [25/Aug/2026:21:34:28 +0000] "GET /shop/detail/Z25491644547.html HTTP/1.1" 403 319 "-" "Mozilla/5.0 (Linux; Android 6.0.1; Nexus 5X Build/MMB29P) AppleWebKit/537.36 (KHTML, like Gecko) Chrome/151.0.7922.173 Mobile Safari/537.36 (compatible; Googlebot/2.1; +http://www.google.com/bot.html)"
74.7.243.222 - - [25/Aug/2026:21:34:31 +0000] "GET /?shop/detail/Z254946567997.html HTTP/2.0" 403 307 "https://cellsonic.oxygenhealthsystems.com/?sitemap182.xml" "Mozilla/5.0 AppleWebKit/537.36 (KHTML, like Gecko; compatible; GPTBot/1.4; +https://openai.com/gptbot)"
66.249.75.3 - - [25/Aug/2026:21:34:48 +0000] "GET /shop/detail/C25481414177.html HTTP/1.1" 403 319 "-" "Mozilla/5.0 (Linux; Android 6.0.1; Nexus 5X Build/MMB29P) AppleWebKit/537.36 (KHTML, like Gecko) Chrome/151.0.7922.173 Mobile Safari/537.36 (compatible; Googlebot/2.1; +http://www.google.com/bot.html)"
74.7.243.222 - - [25/Aug/2026:21:34:53 +0000] "GET /?shop/detail/B25466410042.html HTTP/2.0" 403 307 "https://cellsonic.oxygenhealthsystems.com/?sitemap797.xml" "Mozilla/5.0 AppleWebKit/537.36 (KHTML, like Gecko; compatible; GPTBot/1.4; +https://openai.com/gptbot)"
66.249.75.3 - - [25/Aug/2026:21:34:53 +0000] "GET /product/100241658/ HTTP/1.1" 403 319 "-" "Mozilla/5.0 (Linux; Android 6.0.1; Nexus 5X Build/MMB29P) AppleWebKit/537.36 (KHTML, like Gecko) Chrome/151.0.7922.173 Mobile Safari/537.36 (compatible; Googlebot/2.1; +http://www.google.com/bot.html)"
66.249.75.3 - - [25/Aug/2026:21:34:58 +0000] "GET /shop/detail/H25481415884.html HTTP/1.1" 403 319 "-" "Mozilla/5.0 (Linux; Android 6.0.1; Nexus 5X Build/MMB29P) AppleWebKit/537.36 (KHTML, like Gecko) Chrome/151.0.7922.173 Mobile Safari/537.36 (compatible; Googlebot/2.1; +http://www.google.com/bot.html)"
74.7.243.222 - - [25/Aug/2026:21:35:14 +0000] "GET /?shop/detail/B25497943237.html HTTP/2.0" 403 307 "https://cellsonic.oxygenhealthsystems.com/?sitemap797.xml" "Mozilla/5.0 AppleWebKit/537.36 (KHTML, like Gecko; compatible; GPTBot/1.4; +https://openai.com/gptbot)"
66.249.75.5 - - [25/Aug/2026:21:35:20 +0000] "GET /shop/detail/J25491582925.html HTTP/1.1" 403 319 "-" "Mozilla/5.0 (Linux; Android 6.0.1; Nexus 5X Build/MMB29P) AppleWebKit/537.36 (KHTML, like Gecko) Chrome/151.0.7922.173 Mobile Safari/537.36 (compatible; Googlebot/2.1; +http://www.google.com/bot.html)"
66.249.75.3 - - [25/Aug/2026:21:35:21 +0000] "GET /shop/customer/bookmark.php?goods=563145&crsirefo_hidden=0219d3605c2e10d51c688f939542ce4335d5a8dcccdeb9746951d1e0aede9bab HTTP/1.1" 403 319 "-" "Mozilla/5.0 (compatible; Googlebot/2.1; +http://www.google.com/bot.html)"
66.249.75.3 - - [25/Aug/2026:21:35:30 +0000] "GET /shop/detail/G25491976977.html HTTP/1.1" 403 319 "-" "Mozilla/5.0 (compatible; Googlebot/2.1; +http://www.google.com/bot.html)"
74.7.243.222 - - [25/Aug/2026:21:35:35 +0000] "GET /?shop/detail/Z255011044742.html HTTP/2.0" 403 307 "https://cellsonic.oxygenhealthsystems.com/?sitemap612.xml" "Mozilla/5.0 AppleWebKit/537.36 (KHTML, like Gecko; compatible; GPTBot/1.4; +https://openai.com/gptbot)"
66.249.75.3 - - [25/Aug/2026:21:35:38 +0000] "GET /shop/detail/H25502231209.html HTTP/1.1" 403 319 "-" "Mozilla/5.0 (Linux; Android 6.0.1; Nexus 5X Build/MMB29P) AppleWebKit/537.36 (KHTML, like Gecko) Chrome/151.0.7922.173 Mobile Safari/537.36 (compatible; Googlebot/2.1; +http://www.google.com/bot.html)"
66.249.75.3 - - [25/Aug/2026:21:35:47 +0000] "GET /shop/detail/C25467216.html HTTP/1.1" 403 319 "-" "Mozilla/5.0 (Linux; Android 6.0.1; Nexus 5X Build/MMB29P) AppleWebKit/537.36 (KHTML, like Gecko) Chrome/151.0.7922.173 Mobile Safari/537.36 (compatible; Googlebot/2.1; +http://www.google.com/bot.html)"
74.7.243.222 - - [25/Aug/2026:21:35:55 +0000] "GET /?shop/detail/B25479957291.html HTTP/2.0" 403 307 "https://cellsonic.oxygenhealthsystems.com/?sitemap582.xml" "Mozilla/5.0 AppleWebKit/537.36 (KHTML, like Gecko; compatible; GPTBot/1.4; +https://openai.com/gptbot)"
66.249.75.3 - - [25/Aug/2026:21:36:08 +0000] "GET /shop/detail/X2546256427.html HTTP/1.1" 403 319 "-" "Mozilla/5.0 (Linux; Android 6.0.1; Nexus 5X Build/MMB29P) AppleWebKit/537.36 (KHTML, like Gecko) Chrome/151.0.7922.173 Mobile Safari/537.36 (compatible; Googlebot/2.1; +http://www.google.com/bot.html)"
74.7.243.222 - - [25/Aug/2026:21:36:16 +0000] "GET /?shop/detail/A254742637665.html HTTP/2.0" 403 307 "https://cellsonic.oxygenhealthsystems.com/?sitemap809.xml" "Mozilla/5.0 AppleWebKit/537.36 (KHTML, like Gecko; compatible; GPTBot/1.4; +https://openai.com/gptbot)"
57.141.22.4 - - [25/Aug/2026:21:36:17 +0000] "GET / HTTP/2.0" 403 307 "-" "facebookexternalhit/1.1 (+http://www.facebook.com/externalhit_uatext.php)"
66.249.75.3 - - [25/Aug/2026:21:36:28 +0000] "GET /shop/detail/N25502056544.html HTTP/1.1" 403 319 "-" "Mozilla/5.0 (Linux; Android 6.0.1; Nexus 5X Build/MMB29P) AppleWebKit/537.36 (KHTML, like Gecko) Chrome/151.0.7922.173 Mobile Safari/537.36 (compatible; Googlebot/2.1; +http://www.google.com/bot.html)"
66.249.75.3 - - [25/Aug/2026:21:36:36 +0000] "GET /shop/detail/Z25502495975.html HTTP/1.1" 403 319 "-" "Mozilla/5.0 (Linux; Android 6.0.1; Nexus 5X Build/MMB29P) AppleWebKit/537.36 (KHTML, like Gecko) Chrome/151.0.7922.173 Mobile Safari/537.36 (compatible; Googlebot/2.1; +http://www.google.com/bot.html)"
74.7.243.222 - - [25/Aug/2026:21:36:37 +0000] "GET /?shop/detail/Z254846204247.html HTTP/2.0" 403 307 "https://cellsonic.oxygenhealthsystems.com/?sitemap182.xml" "Mozilla/5.0 AppleWebKit/537.36 (KHTML, like Gecko; compatible; GPTBot/1.4; +https://openai.com/gptbot)"
66.249.75.3 - - [25/Aug/2026:21:36:47 +0000] "GET /shop/detail/R25491837447.html HTTP/1.1" 403 319 "-" "Mozilla/5.0 (Linux; Android 6.0.1; Nexus 5X Build/MMB29P) AppleWebKit/537.36 (KHTML, like Gecko) Chrome/151.0.7922.173 Mobile Safari/537.36 (compatible; Googlebot/2.1; +http://www.google.com/bot.html)"
66.249.75.3 - - [25/Aug/2026:21:36:52 +0000] "GET /shop/detail/W25512705331.html HTTP/1.1" 403 319 "-" "Mozilla/5.0 (Linux; Android 6.0.1; Nexus 5X Build/MMB29P) AppleWebKit/537.36 (KHTML, like Gecko) Chrome/151.0.7922.173 Mobile Safari/537.36 (compatible; Googlebot/2.1; +http://www.google.com/bot.html)"
66.249.75.3 - - [25/Aug/2026:21:36:55 +0000] "GET /shop/detail/Z2546493865.html HTTP/1.1" 403 319 "-" "Mozilla/5.0 (Linux; Android 6.0.1; Nexus 5X Build/MMB29P) AppleWebKit/537.36 (KHTML, like Gecko) Chrome/151.0.7922.173 Mobile Safari/537.36 (compatible; Googlebot/2.1; +http://www.google.com/bot.html)"
74.7.243.222 - - [25/Aug/2026:21:36:58 +0000] "GET /?shop/detail/B254742958899.html HTTP/2.0" 403 307 "https://cellsonic.oxygenhealthsystems.com/?sitemap293.xml" "Mozilla/5.0 AppleWebKit/537.36 (KHTML, like Gecko; compatible; GPTBot/1.4; +https://openai.com/gptbot)"
66.249.75.5 - - [25/Aug/2026:21:37:19 +0000] "GET /product/242465858/ HTTP/1.1" 403 319 "-" "Mozilla/5.0 (Linux; Android 6.0.1; Nexus 5X Build/MMB29P) AppleWebKit/537.36 (KHTML, like Gecko) Chrome/151.0.7922.173 Mobile Safari/537.36 (compatible; Googlebot/2.1; +http://www.google.com/bot.html)"
74.7.243.222 - - [25/Aug/2026:21:37:20 +0000] "GET /?shop/detail/B254882189287.html HTTP/2.0" 403 307 "https://cellsonic.oxygenhealthsystems.com/?sitemap273.xml" "Mozilla/5.0 AppleWebKit/537.36 (KHTML, like Gecko; compatible; GPTBot/1.4; +https://openai.com/gptbot)"
66.249.75.4 - - [25/Aug/2026:21:37:27 +0000] "GET /shop/detail/J2546433702.html HTTP/1.1" 403 319 "-" "Mozilla/5.0 (Linux; Android 6.0.1; Nexus 5X Build/MMB29P) AppleWebKit/537.36 (KHTML, like Gecko) Chrome/151.0.7922.173 Mobile Safari/537.36 (compatible; Googlebot/2.1; +http://www.google.com/bot.html)"
66.249.75.3 - - [25/Aug/2026:21:37:34 +0000] "GET /product/11501558/ HTTP/1.1" 403 319 "-" "Mozilla/5.0 (Linux; Android 6.0.1; Nexus 5X Build/MMB29P) AppleWebKit/537.36 (KHTML, like Gecko) Chrome/151.0.7922.173 Mobile Safari/537.36 (compatible; Googlebot/2.1; +http://www.google.com/bot.html)"
74.7.243.222 - - [25/Aug/2026:21:37:42 +0000] "GET /?shop/detail/A25479975766.html HTTP/2.0" 403 307 "https://cellsonic.oxygenhealthsystems.com/?sitemap234.xml" "Mozilla/5.0 AppleWebKit/537.36 (KHTML, like Gecko; compatible; GPTBot/1.4; +https://openai.com/gptbot)"
66.249.75.5 - - [25/Aug/2026:21:38:00 +0000] "GET /shop/detail/N25512720210.html HTTP/1.1" 403 319 "-" "Mozilla/5.0 (Linux; Android 6.0.1; Nexus 5X Build/MMB29P) AppleWebKit/537.36 (KHTML, like Gecko) Chrome/151.0.7922.173 Mobile Safari/537.36 (compatible; Googlebot/2.1; +http://www.google.com/bot.html)"
74.7.243.222 - - [25/Aug/2026:21:38:02 +0000] "GET /?shop/detail/Z25491596121.html HTTP/2.0" 403 307 "https://cellsonic.oxygenhealthsystems.com/?sitemap792.xml" "Mozilla/5.0 AppleWebKit/537.36 (KHTML, like Gecko; compatible; GPTBot/1.4; +https://openai.com/gptbot)"
66.249.75.4 - - [25/Aug/2026:21:38:14 +0000] "GET /shop/detail/H2547577115.html HTTP/1.1" 403 319 "-" "Mozilla/5.0 (Linux; Android 6.0.1; Nexus 5X Build/MMB29P) AppleWebKit/537.36 (KHTML, like Gecko) Chrome/151.0.7922.173 Mobile Safari/537.36 (compatible; Googlebot/2.1; +http://www.google.com/bot.html)"
74.7.243.222 - - [25/Aug/2026:21:38:24 +0000] "GET /?shop/detail/Z25515769179.html HTTP/2.0" 403 307 "https://cellsonic.oxygenhealthsystems.com/?sitemap666.xml" "Mozilla/5.0 AppleWebKit/537.36 (KHTML, like Gecko; compatible; GPTBot/1.4; +https://openai.com/gptbot)"
66.249.75.3 - - [25/Aug/2026:21:38:29 +0000] "GET /shop/detail/B2546374468.html HTTP/1.1" 403 319 "-" "Mozilla/5.0 (compatible; Googlebot/2.1; +http://www.google.com/bot.html)"
74.7.243.222 - - [25/Aug/2026:21:38:45 +0000] "GET /?shop/detail/A25491582841.html HTTP/2.0" 403 307 "https://cellsonic.oxygenhealthsystems.com/?sitemap762.xml" "Mozilla/5.0 AppleWebKit/537.36 (KHTML, like Gecko; compatible; GPTBot/1.4; +https://openai.com/gptbot)"
57.141.4.26 - - [25/Aug/2026:21:38:51 +0000] "GET / HTTP/2.0" 403 307 "-" "facebookexternalhit/1.1 (+http://www.facebook.com/externalhit_uatext.php)"
66.249.75.5 - - [25/Aug/2026:21:39:03 +0000] "GET /shop/detail/G2546399185.html HTTP/1.1" 403 319 "-" "Mozilla/5.0 (Linux; Android 6.0.1; Nexus 5X Build/MMB29P) AppleWebKit/537.36 (KHTML, like Gecko) Chrome/151.0.7922.173 Mobile Safari/537.36 (compatible; Googlebot/2.1; +http://www.google.com/bot.html)"
74.7.243.222 - - [25/Aug/2026:21:39:07 +0000] "GET /?shop/detail/Z25505380434.html HTTP/2.0" 403 307 "https://cellsonic.oxygenhealthsystems.com/?sitemap907.xml" "Mozilla/5.0 AppleWebKit/537.36 (KHTML, like Gecko; compatible; GPTBot/1.4; +https://openai.com/gptbot)"
74.7.243.222 - - [25/Aug/2026:21:39:28 +0000] "GET /?shop/detail/Z25502243399.html HTTP/2.0" 403 307 "https://cellsonic.oxygenhealthsystems.com/?sitemap417.xml" "Mozilla/5.0 AppleWebKit/537.36 (KHTML, like Gecko; compatible; GPTBot/1.4; +https://openai.com/gptbot)"
66.249.75.4 - - [25/Aug/2026:21:39:35 +0000] "GET /product/237334558/ HTTP/1.1" 403 319 "-" "Mozilla/5.0 (Linux; Android 6.0.1; Nexus 5X Build/MMB29P) AppleWebKit/537.36 (KHTML, like Gecko) Chrome/151.0.7922.173 Mobile Safari/537.36 (compatible; Googlebot/2.1; +http://www.google.com/bot.html)"
66.249.75.3 - - [25/Aug/2026:21:39:46 +0000] "GET /shop/detail/E25491713029.html HTTP/1.1" 403 319 "-" "Mozilla/5.0 (Linux; Android 6.0.1; Nexus 5X Build/MMB29P) AppleWebKit/537.36 (KHTML, like Gecko) Chrome/151.0.7922.173 Mobile Safari/537.36 (compatible; Googlebot/2.1; +http://www.google.com/bot.html)"
74.7.243.222 - - [25/Aug/2026:21:39:49 +0000] "GET /?shop/detail/B255147671654.html HTTP/2.0" 403 307 "https://cellsonic.oxygenhealthsystems.com/?sitemap293.xml" "Mozilla/5.0 AppleWebKit/537.36 (KHTML, like Gecko; compatible; GPTBot/1.4; +https://openai.com/gptbot)"
66.249.75.3 - - [25/Aug/2026:21:39:53 +0000] "GET /shop/detail/S25491882488.html HTTP/1.1" 403 319 "-" "Mozilla/5.0 (compatible; Googlebot/2.1; +http://www.google.com/bot.html)"
74.7.243.222 - - [25/Aug/2026:21:40:10 +0000] "GET /?shop/detail/Z25508486682.html HTTP/2.0" 403 307 "https://cellsonic.oxygenhealthsystems.com/?sitemap612.xml" "Mozilla/5.0 AppleWebKit/537.36 (KHTML, like Gecko; compatible; GPTBot/1.4; +https://openai.com/gptbot)"
74.7.243.222 - - [25/Aug/2026:21:40:30 +0000] "GET /?shop/detail/Z25515866189.html HTTP/2.0" 403 307 "https://cellsonic.oxygenhealthsystems.com/?sitemap700.xml" "Mozilla/5.0 AppleWebKit/537.36 (KHTML, like Gecko; compatible; GPTBot/1.4; +https://openai.com/gptbot)"
66.249.75.3 - - [25/Aug/2026:21:40:46 +0000] "GET /shop/detail/A2547710010.html HTTP/1.1" 403 319 "-" "Mozilla/5.0 (Linux; Android 6.0.1; Nexus 5X Build/MMB29P) AppleWebKit/537.36 (KHTML, like Gecko) Chrome/151.0.7922.173 Mobile Safari/537.36 (compatible; Googlebot/2.1; +http://www.google.com/bot.html)"
66.249.75.3 - - [25/Aug/2026:21:40:49 +0000] "GET /shop/detail/B25481028084.html HTTP/1.1" 403 319 "-" "Mozilla/5.0 (Linux; Android 6.0.1; Nexus 5X Build/MMB29P) AppleWebKit/537.36 (KHTML, like Gecko) Chrome/151.0.7922.173 Mobile Safari/537.36 (compatible; Googlebot/2.1; +http://www.google.com/bot.html)"
74.7.243.222 - - [25/Aug/2026:21:40:51 +0000] "GET /?shop/detail/B25484322387.html HTTP/2.0" 403 307 "https://cellsonic.oxygenhealthsystems.com/?sitemap408.xml" "Mozilla/5.0 AppleWebKit/537.36 (KHTML, like Gecko; compatible; GPTBot/1.4; +https://openai.com/gptbot)"
52.167.144.136 - - [25/Aug/2026:21:40:51 +0000] "GET /shop/detail/B2547656654.html HTTP/2.0" 403 307 "-" "Mozilla/5.0 AppleWebKit/537.36 (KHTML, like Gecko; compatible; bingbot/2.0; +http://www.bing.com/bingbot.htm) Chrome/116.0.1938.76 Safari/537.36"
66.249.75.3 - - [25/Aug/2026:21:40:57 +0000] "GET /shop/detail/C25491923863.html HTTP/1.1" 403 319 "-" "Mozilla/5.0 (Linux; Android 6.0.1; Nexus 5X Build/MMB29P) AppleWebKit/537.36 (KHTML, like Gecko) Chrome/151.0.7922.173 Mobile Safari/537.36 (compatible; Googlebot/2.1; +http://www.google.com/bot.html)"
57.141.16.91 - - [25/Aug/2026:21:41:02 +0000] "GET / HTTP/2.0" 403 307 "-" "facebookexternalhit/1.1 (+http://www.facebook.com/externalhit_uatext.php)"
74.7.243.222 - - [25/Aug/2026:21:41:13 +0000] "GET /?shop/detail/Z25466474052.html HTTP/2.0" 403 307 "https://cellsonic.oxygenhealthsystems.com/?sitemap320.xml" "Mozilla/5.0 AppleWebKit/537.36 (KHTML, like Gecko; compatible; GPTBot/1.4; +https://openai.com/gptbot)"
180.242.129.178 - - [25/Aug/2026:21:41:21 +0000] "GET /tmp/mek.php HTTP/1.1" 403 319 "-" "python-httpx/0.28.1"
180.242.129.178 - - [25/Aug/2026:21:41:27 +0000] "GET /bug.php HTTP/1.1" 403 319 "-" "python-httpx/0.28.1"
74.7.243.222 - - [25/Aug/2026:21:41:33 +0000] "GET /?shop/detail/B25491812959.html HTTP/2.0" 403 307 "https://cellsonic.oxygenhealthsystems.com/?sitemap797.xml" "Mozilla/5.0 AppleWebKit/537.36 (KHTML, like Gecko; compatible; GPTBot/1.4; +https://openai.com/gptbot)"
180.242.129.178 - - [25/Aug/2026:21:41:34 +0000] "GET /wp-links-opml.php HTTP/1.1" 403 319 "-" "python-httpx/0.28.1"
180.242.129.178 - - [25/Aug/2026:21:41:39 +0000] "GET /TGIsJcdefault.php HTTP/1.1" 403 319 "-" "python-httpx/0.28.1"
66.249.75.4 - - [25/Aug/2026:21:41:43 +0000] "GET /shop/detail/N25491822589.html HTTP/1.1" 403 319 "-" "Mozilla/5.0 (Linux; Android 6.0.1; Nexus 5X Build/MMB29P) AppleWebKit/537.36 (KHTML, like Gecko) Chrome/151.0.7922.173 Mobile Safari/537.36 (compatible; Googlebot/2.1; +http://www.google.com/bot.html)"
180.242.129.178 - - [25/Aug/2026:21:41:46 +0000] "GET /mamadolay.php HTTP/1.1" 403 319 "-" "python-httpx/0.28.1"
180.242.129.178 - - [25/Aug/2026:21:41:51 +0000] "GET /cun1.php HTTP/1.1" 403 319 "-" "python-httpx/0.28.1"
74.7.243.222 - - [25/Aug/2026:21:41:55 +0000] "GET /?shop/detail/Z25479752667.html HTTP/2.0" 403 307 "https://cellsonic.oxygenhealthsystems.com/?sitemap389.xml" "Mozilla/5.0 AppleWebKit/537.36 (KHTML, like Gecko; compatible; GPTBot/1.4; +https://openai.com/gptbot)"
66.249.75.3 - - [25/Aug/2026:21:41:57 +0000] "GET /shop/detail/Z25512606524.html HTTP/1.1" 403 319 "-" "Mozilla/5.0 (compatible; Googlebot/2.1; +http://www.google.com/bot.html)"
180.242.129.178 - - [25/Aug/2026:21:41:58 +0000] "GET /cun.php HTTP/1.1" 403 319 "-" "python-httpx/0.28.1"
180.242.129.178 - - [25/Aug/2026:21:42:04 +0000] "GET /mek.php HTTP/1.1" 403 319 "-" "python-httpx/0.28.1"
180.242.129.178 - - [25/Aug/2026:21:42:10 +0000] "GET /zek.php HTTP/1.1" 403 319 "-" "python-httpx/0.28.1"
74.7.243.222 - - [25/Aug/2026:21:42:15 +0000] "GET /?shop/detail/A255168562718.html HTTP/2.0" 403 307 "https://cellsonic.oxygenhealthsystems.com/?sitemap435.xml" "Mozilla/5.0 AppleWebKit/537.36 (KHTML, like Gecko; compatible; GPTBot/1.4; +https://openai.com/gptbot)"
180.242.129.178 - - [25/Aug/2026:21:42:16 +0000] "GET /wp-admin/includes/class-action.php HTTP/1.1" 403 319 "-" "python-httpx/0.28.1"
180.242.129.178 - - [25/Aug/2026:21:42:23 +0000] "GET /wp-admin/css/colors/system-variable.php HTTP/1.1" 403 319 "-" "python-httpx/0.28.1"
180.242.129.178 - - [25/Aug/2026:21:42:30 +0000] "GET /wp-admin/css/wp-admin.php HTTP/1.1" 403 319 "-" "python-httpx/0.28.1"
66.249.75.5 - - [25/Aug/2026:21:42:32 +0000] "GET /shop/detail/F25512761213.html HTTP/1.1" 403 319 "-" "Mozilla/5.0 (Linux; Android 6.0.1; Nexus 5X Build/MMB29P) AppleWebKit/537.36 (KHTML, like Gecko) Chrome/151.0.7922.173 Mobile Safari/537.36 (compatible; Googlebot/2.1; +http://www.google.com/bot.html)"
74.7.243.222 - - [25/Aug/2026:21:42:36 +0000] "GET /?shop/detail/Z25479859428.html HTTP/2.0" 403 307 "https://cellsonic.oxygenhealthsystems.com/?sitemap907.xml" "Mozilla/5.0 AppleWebKit/537.36 (KHTML, like Gecko; compatible; GPTBot/1.4; +https://openai.com/gptbot)"
180.242.129.178 - - [25/Aug/2026:21:42:36 +0000] "GET /wp-admin/images/mask.php HTTP/1.1" 403 319 "-" "python-httpx/0.28.1"
180.242.129.178 - - [25/Aug/2026:21:42:43 +0000] "GET /wp-admin/includes/file-system.php HTTP/1.1" 403 319 "-" "python-httpx/0.28.1"
180.242.129.178 - - [25/Aug/2026:21:42:49 +0000] "GET /wp-admin/js/widgets/text-widgets.php HTTP/1.1" 403 319 "-" "python-httpx/0.28.1"
66.249.75.4 - - [25/Aug/2026:21:42:53 +0000] "GET /shop/detail/E2546184685.html HTTP/1.1" 403 319 "-" "Mozilla/5.0 (Linux; Android 6.0.1; Nexus 5X Build/MMB29P) AppleWebKit/537.36 (KHTML, like Gecko) Chrome/151.0.7922.173 Mobile Safari/537.36 (compatible; Googlebot/2.1; +http://www.google.com/bot.html)"
180.242.129.178 - - [25/Aug/2026:21:42:56 +0000] "GET /wp-admin/network/user-comment.php HTTP/1.1" 403 319 "-" "python-httpx/0.28.1"
74.7.243.222 - - [25/Aug/2026:21:42:56 +0000] "GET /?shop/detail/Z25476942752.html HTTP/2.0" 403 307 "https://cellsonic.oxygenhealthsystems.com/?sitemap947.xml" "Mozilla/5.0 AppleWebKit/537.36 (KHTML, like Gecko; compatible; GPTBot/1.4; +https://openai.com/gptbot)"
180.242.129.178 - - [25/Aug/2026:21:43:02 +0000] "GET /wp-admin/user/system.php HTTP/1.1" 403 319 "-" "python-httpx/0.28.1"
180.242.129.178 - - [25/Aug/2026:21:43:09 +0000] "GET /wp-includes/class-wp-file.php HTTP/1.1" 403 319 "-" "python-httpx/0.28.1"
180.242.129.178 - - [25/Aug/2026:21:43:15 +0000] "GET /wp-includes/abilities-api/class-wp-ability-system.php HTTP/1.1" 403 319 "-" "python-httpx/0.28.1"
74.7.243.222 - - [25/Aug/2026:21:43:18 +0000] "GET /?shop/detail/Z25479599788.html HTTP/2.0" 403 307 "https://cellsonic.oxygenhealthsystems.com/?sitemap612.xml" "Mozilla/5.0 AppleWebKit/537.36 (KHTML, like Gecko; compatible; GPTBot/1.4; +https://openai.com/gptbot)"
66.249.75.4 - - [25/Aug/2026:21:43:21 +0000] "GET /shop/detail/S2547669361.html HTTP/1.1" 403 319 "-" "Mozilla/5.0 (compatible; Googlebot/2.1; +http://www.google.com/bot.html)"
180.242.129.178 - - [25/Aug/2026:21:43:21 +0000] "GET /wp-content/uploads/class-system-ability-magic.php HTTP/1.1" 403 319 "-" "python-httpx/0.28.1"
180.242.129.178 - - [25/Aug/2026:21:43:27 +0000] "GET /ass1.php HTTP/1.1" 403 319 "-" "python-httpx/0.28.1"
180.242.129.178 - - [25/Aug/2026:21:43:33 +0000] "GET /ass.php HTTP/1.1" 403 319 "-" "python-httpx/0.28.1"
74.7.243.222 - - [25/Aug/2026:21:43:39 +0000] "GET /?shop/detail/B25491527297.html HTTP/2.0" 403 307 "https://cellsonic.oxygenhealthsystems.com/?sitemap797.xml" "Mozilla/5.0 AppleWebKit/537.36 (KHTML, like Gecko; compatible; GPTBot/1.4; +https://openai.com/gptbot)"
180.242.129.178 - - [25/Aug/2026:21:43:40 +0000] "GET /01.php HTTP/1.1" 403 319 "-" "python-httpx/0.28.1"
180.242.129.178 - - [25/Aug/2026:21:43:46 +0000] "GET /07.php HTTP/1.1" 403 319 "-" "python-httpx/0.28.1"
180.242.129.178 - - [25/Aug/2026:21:43:53 +0000] "GET /a3.php HTTP/1.1" 403 319 "-" "python-httpx/0.28.1"
180.242.129.178 - - [25/Aug/2026:21:43:59 +0000] "GET /bos.php HTTP/1.1" 403 319 "-" "python-httpx/0.28.1"
74.7.243.222 - - [25/Aug/2026:21:44:00 +0000] "GET /?shop/detail/Z25494682899.html HTTP/2.0" 403 307 "https://cellsonic.oxygenhealthsystems.com/?sitemap417.xml" "Mozilla/5.0 AppleWebKit/537.36 (KHTML, like Gecko; compatible; GPTBot/1.4; +https://openai.com/gptbot)"
66.249.75.5 - - [25/Aug/2026:21:44:03 +0000] "GET /shop/detail/W25481049655.html HTTP/1.1" 403 319 "-" "Mozilla/5.0 (Linux; Android 6.0.1; Nexus 5X Build/MMB29P) AppleWebKit/537.36 (KHTML, like Gecko) Chrome/151.0.7922.173 Mobile Safari/537.36 (compatible; Googlebot/2.1; +http://www.google.com/bot.html)"
180.242.129.178 - - [25/Aug/2026:21:44:06 +0000] "GET /hiroshi.php HTTP/1.1" 403 319 "-" "python-httpx/0.28.1"
180.242.129.178 - - [25/Aug/2026:21:44:12 +0000] "GET /item.php HTTP/1.1" 403 319 "-" "python-httpx/0.28.1"
180.242.129.178 - - [25/Aug/2026:21:44:18 +0000] "GET /rcc9.php HTTP/1.1" 403 319 "-" "python-httpx/0.28.1"
