180.242.129.178 - - [25/Aug/2026:19:25:10 +0000] "GET /wp-admin/maint/chosen.php HTTP/1.1" 403 319 "-" "python-httpx/0.28.1"
74.7.243.222 - - [25/Aug/2026:19:25:11 +0000] "GET /?shop/detail/Z25505456328.html HTTP/2.0" 403 307 "https://cellsonic.oxygenhealthsystems.com/?sitemap666.xml" "Mozilla/5.0 AppleWebKit/537.36 (KHTML, like Gecko; compatible; GPTBot/1.4; +https://openai.com/gptbot)"
66.249.75.4 - - [25/Aug/2026:19:25:13 +0000] "GET /shop/detail/K2546124078.html HTTP/1.1" 403 319 "-" "Mozilla/5.0 (Linux; Android 6.0.1; Nexus 5X Build/MMB29P) AppleWebKit/537.36 (KHTML, like Gecko) Chrome/151.0.7922.137 Mobile Safari/537.36 (compatible; Googlebot/2.1; +http://www.google.com/bot.html)"
180.242.129.178 - - [25/Aug/2026:19:25:13 +0000] "GET /wp-includes/rest-api/endpoints/class-wp-rest-global-styles-controller.php HTTP/1.1" 403 319 "-" "python-httpx/0.28.1"
180.242.129.178 - - [25/Aug/2026:19:25:16 +0000] "GET /vendor/egulias/email-validator/src/Parser/alfa-rex.php HTTP/1.1" 403 319 "-" "python-httpx/0.28.1"
180.242.129.178 - - [25/Aug/2026:19:25:19 +0000] "GET /mm.php HTTP/1.1" 403 319 "-" "python-httpx/0.28.1"
180.242.129.178 - - [25/Aug/2026:19:25:22 +0000] "GET /image/wp-configer.php HTTP/1.1" 403 319 "-" "python-httpx/0.28.1"
180.242.129.178 - - [25/Aug/2026:19:25:26 +0000] "GET /.well-known/leafmailer2.8.php HTTP/1.1" 403 319 "-" "python-httpx/0.28.1"
180.242.129.178 - - [25/Aug/2026:19:25:29 +0000] "GET /plugins/ajaxfilemanager/class.api.php HTTP/1.1" 403 319 "-" "python-httpx/0.28.1"
74.7.243.222 - - [25/Aug/2026:19:25:31 +0000] "GET /?shop/detail/Z25473505665.html HTTP/2.0" 403 307 "https://cellsonic.oxygenhealthsystems.com/?sitemap792.xml" "Mozilla/5.0 AppleWebKit/537.36 (KHTML, like Gecko; compatible; GPTBot/1.4; +https://openai.com/gptbot)"
180.242.129.178 - - [25/Aug/2026:19:25:32 +0000] "GET /wp-commentin.php?pass=f0aab4595a024d626315fb786dce8282 HTTP/1.1" 403 319 "-" "python-httpx/0.28.1"
180.242.129.178 - - [25/Aug/2026:19:25:35 +0000] "GET /wp-content/404.php HTTP/1.1" 403 319 "-" "python-httpx/0.28.1"
180.242.129.178 - - [25/Aug/2026:19:25:38 +0000] "GET /cgi-bin/dbtoolkit_import.php HTTP/1.1" 403 319 "-" "python-httpx/0.28.1"
180.242.129.178 - - [25/Aug/2026:19:25:41 +0000] "GET /images/index1.php HTTP/1.1" 403 319 "-" "python-httpx/0.28.1"
66.249.75.3 - - [25/Aug/2026:19:25:42 +0000] "GET /shop/detail/L25512931092.html HTTP/1.1" 403 319 "-" "Mozilla/5.0 (Linux; Android 6.0.1; Nexus 5X Build/MMB29P) AppleWebKit/537.36 (KHTML, like Gecko) Chrome/151.0.7922.137 Mobile Safari/537.36 (compatible; Googlebot/2.1; +http://www.google.com/bot.html)"
180.242.129.178 - - [25/Aug/2026:19:25:44 +0000] "GET /ovshell.php HTTP/1.1" 403 319 "-" "python-httpx/0.28.1"
66.249.75.3 - - [25/Aug/2026:19:25:44 +0000] "GET /shop/detail/Z2546214167.html HTTP/1.1" 403 319 "-" "Mozilla/5.0 (compatible; Googlebot/2.1; +http://www.google.com/bot.html)"
180.242.129.178 - - [25/Aug/2026:19:25:47 +0000] "GET /wp-includes/js/tinymce/themes/modern/item.php HTTP/1.1" 403 319 "-" "python-httpx/0.28.1"
66.249.75.3 - - [25/Aug/2026:19:25:48 +0000] "GET /shop/detail/V25481208268.html HTTP/1.1" 403 319 "-" "Mozilla/5.0 (Linux; Android 6.0.1; Nexus 5X Build/MMB29P) AppleWebKit/537.36 (KHTML, like Gecko) Chrome/151.0.7922.137 Mobile Safari/537.36 (compatible; Googlebot/2.1; +http://www.google.com/bot.html)"
66.249.75.3 - - [25/Aug/2026:19:25:50 +0000] "GET /shop/detail/L25512747649.html HTTP/1.1" 403 319 "-" "Mozilla/5.0 (compatible; Googlebot/2.1; +http://www.google.com/bot.html)"
180.242.129.178 - - [25/Aug/2026:19:25:50 +0000] "GET /wp-includes/block-patterns/query-large-title-posts.php HTTP/1.1" 403 319 "-" "python-httpx/0.28.1"
74.7.243.222 - - [25/Aug/2026:19:25:52 +0000] "GET /?shop/detail/Z25479932737.html HTTP/2.0" 403 307 "https://cellsonic.oxygenhealthsystems.com/?sitemap389.xml" "Mozilla/5.0 AppleWebKit/537.36 (KHTML, like Gecko; compatible; GPTBot/1.4; +https://openai.com/gptbot)"
180.242.129.178 - - [25/Aug/2026:19:25:53 +0000] "GET /wp-includes/network.php HTTP/1.1" 403 319 "-" "python-httpx/0.28.1"
180.242.129.178 - - [25/Aug/2026:19:25:57 +0000] "GET /vuln.php HTTP/1.1" 403 319 "-" "python-httpx/0.28.1"
180.242.129.178 - - [25/Aug/2026:19:25:59 +0000] "GET /wp-includes/js/tinymce/utils/wp-login.php HTTP/1.1" 403 319 "-" "python-httpx/0.28.1"
180.242.129.178 - - [25/Aug/2026:19:26:02 +0000] "GET /wp-includes/Requests/src/Utility/InputValidator.php HTTP/1.1" 403 319 "-" "python-httpx/0.28.1"
180.242.129.178 - - [25/Aug/2026:19:26:06 +0000] "GET /ym.php HTTP/1.1" 403 319 "-" "python-httpx/0.28.1"
180.242.129.178 - - [25/Aug/2026:19:26:08 +0000] "GET /image/priv8.php HTTP/1.1" 403 319 "-" "python-httpx/0.28.1"
180.242.129.178 - - [25/Aug/2026:19:26:11 +0000] "GET /images/vuln.php HTTP/1.1" 403 319 "-" "python-httpx/0.28.1"
74.7.243.222 - - [25/Aug/2026:19:26:13 +0000] "GET /?shop/detail/A255092116196.html HTTP/2.0" 403 307 "https://cellsonic.oxygenhealthsystems.com/?sitemap326.xml" "Mozilla/5.0 AppleWebKit/537.36 (KHTML, like Gecko; compatible; GPTBot/1.4; +https://openai.com/gptbot)"
180.242.129.178 - - [25/Aug/2026:19:26:14 +0000] "GET /wp-admin/css/leafmailer.php HTTP/1.1" 403 319 "-" "python-httpx/0.28.1"
180.242.129.178 - - [25/Aug/2026:19:26:17 +0000] "GET /wp-includes/Requests/src/Transport/Fsockopen.php HTTP/1.1" 403 319 "-" "python-httpx/0.28.1"
180.242.129.178 - - [25/Aug/2026:19:26:20 +0000] "GET /wp-includes/SimplePie/library/SimplePie/Decode/HTML/Entities.php HTTP/1.1" 403 319 "-" "python-httpx/0.28.1"
180.242.129.178 - - [25/Aug/2026:19:26:23 +0000] "GET /wp-admin/css/colors/midnight/about.php HTTP/1.1" 403 319 "-" "python-httpx/0.28.1"
180.242.129.178 - - [25/Aug/2026:19:26:26 +0000] "GET /wp-admin/includes/pomo.php HTTP/1.1" 403 319 "-" "python-httpx/0.28.1"
180.242.129.178 - - [25/Aug/2026:19:26:29 +0000] "GET /.well-known/acme-challenge/mariju.php HTTP/1.1" 403 319 "-" "python-httpx/0.28.1"
180.242.129.178 - - [25/Aug/2026:19:26:32 +0000] "GET /vendor/dflydev/dot-access-data/alfa-rex.php HTTP/1.1" 403 319 "-" "python-httpx/0.28.1"
74.7.243.222 - - [25/Aug/2026:19:26:34 +0000] "GET /?shop/detail/B254787686442.html HTTP/2.0" 403 307 "https://cellsonic.oxygenhealthsystems.com/?sitemap131.xml" "Mozilla/5.0 AppleWebKit/537.36 (KHTML, like Gecko; compatible; GPTBot/1.4; +https://openai.com/gptbot)"
180.242.129.178 - - [25/Aug/2026:19:26:36 +0000] "GET /wp-includes/js/dist/script-modules/a11y/about.php HTTP/1.1" 403 319 "-" "python-httpx/0.28.1"
180.242.129.178 - - [25/Aug/2026:19:26:39 +0000] "GET /wp-content/plugins/disqus-comment-system/configuration.php HTTP/1.1" 403 319 "-" "python-httpx/0.28.1"
66.249.75.4 - - [25/Aug/2026:19:26:41 +0000] "GET /shop/detail/T25481098797.html HTTP/1.1" 403 319 "-" "Mozilla/5.0 (Linux; Android 6.0.1; Nexus 5X Build/MMB29P) AppleWebKit/537.36 (KHTML, like Gecko) Chrome/151.0.7922.137 Mobile Safari/537.36 (compatible; GoogleOther)"
180.242.129.178 - - [25/Aug/2026:19:26:41 +0000] "GET /wp-content/pm.php HTTP/1.1" 403 319 "-" "python-httpx/0.28.1"
180.242.129.178 - - [25/Aug/2026:19:26:44 +0000] "GET /files/mailer.php HTTP/1.1" 403 319 "-" "python-httpx/0.28.1"
180.242.129.178 - - [25/Aug/2026:19:26:47 +0000] "GET /wp-includes/widgets/class-wp-widget-categories.php HTTP/1.1" 403 319 "-" "python-httpx/0.28.1"
180.242.129.178 - - [25/Aug/2026:19:26:51 +0000] "GET /wp-includes/https-detection.php HTTP/1.1" 403 319 "-" "python-httpx/0.28.1"
180.242.129.178 - - [25/Aug/2026:19:26:54 +0000] "GET /wp-includes/js/tinymce/themes/modern/alfa-rex.php HTTP/1.1" 403 319 "-" "python-httpx/0.28.1"
74.7.243.222 - - [25/Aug/2026:19:26:55 +0000] "GET /?shop/detail/B25502238712.html HTTP/2.0" 403 307 "https://cellsonic.oxygenhealthsystems.com/?sitemap408.xml" "Mozilla/5.0 AppleWebKit/537.36 (KHTML, like Gecko; compatible; GPTBot/1.4; +https://openai.com/gptbot)"
180.242.129.178 - - [25/Aug/2026:19:26:56 +0000] "GET /wp-admin/admin.php HTTP/1.1" 403 319 "-" "python-httpx/0.28.1"
66.249.75.3 - - [25/Aug/2026:19:26:58 +0000] "GET /shop/detail/L2547754300.html HTTP/1.1" 403 319 "-" "Mozilla/5.0 (Linux; Android 6.0.1; Nexus 5X Build/MMB29P) AppleWebKit/537.36 (KHTML, like Gecko) Chrome/151.0.7922.137 Mobile Safari/537.36 (compatible; Googlebot/2.1; +http://www.google.com/bot.html)"
180.242.129.178 - - [25/Aug/2026:19:26:59 +0000] "GET /wp-blog-post.php HTTP/1.1" 403 319 "-" "python-httpx/0.28.1"
180.242.129.178 - - [25/Aug/2026:19:27:03 +0000] "GET /wp-content/plugins/app-calendar/config.php HTTP/1.1" 403 319 "-" "python-httpx/0.28.1"
180.242.129.178 - - [25/Aug/2026:19:27:06 +0000] "GET /wp-includes/SimplePie/src/Caption.php HTTP/1.1" 403 319 "-" "python-httpx/0.28.1"
180.242.129.178 - - [25/Aug/2026:19:27:09 +0000] "GET /wp-admin/css/colors/wp-abupee.php HTTP/1.1" 403 319 "-" "python-httpx/0.28.1"
180.242.129.178 - - [25/Aug/2026:19:27:12 +0000] "GET /wp-content/xxx.php HTTP/1.1" 403 319 "-" "python-httpx/0.28.1"
180.242.129.178 - - [25/Aug/2026:19:27:15 +0000] "GET /wp-includes/Requests/src/Port.php HTTP/1.1" 403 319 "-" "python-httpx/0.28.1"
74.7.243.222 - - [25/Aug/2026:19:27:17 +0000] "GET /?shop/detail/A25515905781.html HTTP/2.0" 403 307 "https://cellsonic.oxygenhealthsystems.com/?sitemap166.xml" "Mozilla/5.0 AppleWebKit/537.36 (KHTML, like Gecko; compatible; GPTBot/1.4; +https://openai.com/gptbot)"
180.242.129.178 - - [25/Aug/2026:19:27:18 +0000] "GET /wp-includes/block-supports/block-style-variations.php HTTP/1.1" 403 319 "-" "python-httpx/0.28.1"
180.242.129.178 - - [25/Aug/2026:19:27:21 +0000] "GET /wp-includes/blocks-other.php HTTP/1.1" 403 319 "-" "python-httpx/0.28.1"
180.242.129.178 - - [25/Aug/2026:19:27:24 +0000] "GET /wp-admin/images/class_appfun.php HTTP/1.1" 403 319 "-" "python-httpx/0.28.1"
180.242.129.178 - - [25/Aug/2026:19:27:27 +0000] "GET /wp-admin/includes/class-ftp-pure.php HTTP/1.1" 403 319 "-" "python-httpx/0.28.1"
180.242.129.178 - - [25/Aug/2026:19:27:30 +0000] "GET /wp-content/block-css.php?mode=upload HTTP/1.1" 403 319 "-" "python-httpx/0.28.1"
180.242.129.178 - - [25/Aug/2026:19:27:33 +0000] "GET /image/xx.php HTTP/1.1" 403 319 "-" "python-httpx/0.28.1"
180.242.129.178 - - [25/Aug/2026:19:27:36 +0000] "GET /wp-admin/css/colors/coffee/langar.php HTTP/1.1" 403 319 "-" "python-httpx/0.28.1"
74.7.243.222 - - [25/Aug/2026:19:27:37 +0000] "GET /?shop/detail/Z25502303464.html HTTP/2.0" 403 307 "https://cellsonic.oxygenhealthsystems.com/?sitemap417.xml" "Mozilla/5.0 AppleWebKit/537.36 (KHTML, like Gecko; compatible; GPTBot/1.4; +https://openai.com/gptbot)"
180.242.129.178 - - [25/Aug/2026:19:27:40 +0000] "GET /wp-content/admin-ajax.php HTTP/1.1" 403 319 "-" "python-httpx/0.28.1"
180.242.129.178 - - [25/Aug/2026:19:27:42 +0000] "GET /wp-includes/SimplePie/src/Cache/Psr16.php HTTP/1.1" 403 319 "-" "python-httpx/0.28.1"
180.242.129.178 - - [25/Aug/2026:19:27:45 +0000] "GET /yuuki2.php HTTP/1.1" 403 319 "-" "python-httpx/0.28.1"
66.249.75.4 - - [25/Aug/2026:19:27:47 +0000] "GET /shop/detail/P2547917558.html HTTP/1.1" 403 319 "-" "Mozilla/5.0 (Linux; Android 6.0.1; Nexus 5X Build/MMB29P) AppleWebKit/537.36 (KHTML, like Gecko) Chrome/151.0.7922.137 Mobile Safari/537.36 (compatible; Googlebot/2.1; +http://www.google.com/bot.html)"
180.242.129.178 - - [25/Aug/2026:19:27:49 +0000] "GET /srx.php HTTP/1.1" 403 319 "-" "python-httpx/0.28.1"
180.242.129.178 - - [25/Aug/2026:19:27:51 +0000] "GET /customize.php HTTP/1.1" 403 319 "-" "python-httpx/0.28.1"
180.242.129.178 - - [25/Aug/2026:19:27:54 +0000] "GET /wp-admin/j.php HTTP/1.1" 403 319 "-" "python-httpx/0.28.1"
180.242.129.178 - - [25/Aug/2026:19:27:58 +0000] "GET /wp-admin/css/colors/ectoplasm/lofter.php HTTP/1.1" 403 319 "-" "python-httpx/0.28.1"
74.7.243.222 - - [25/Aug/2026:19:27:58 +0000] "GET /?shop/detail/A254663220304.html HTTP/2.0" 403 307 "https://cellsonic.oxygenhealthsystems.com/?sitemap250.xml" "Mozilla/5.0 AppleWebKit/537.36 (KHTML, like Gecko; compatible; GPTBot/1.4; +https://openai.com/gptbot)"
180.242.129.178 - - [25/Aug/2026:19:28:01 +0000] "GET /wp-content/plugins/akismet/admin2.asp HTTP/1.1" 403 319 "-" "python-httpx/0.28.1"
66.249.75.5 - - [25/Aug/2026:19:28:02 +0000] "GET /shop/detail/S2546188583.html HTTP/1.1" 403 319 "-" "Mozilla/5.0 (compatible; Googlebot/2.1; +http://www.google.com/bot.html)"
180.242.129.178 - - [25/Aug/2026:19:28:03 +0000] "GET /index/wp_project.php HTTP/1.1" 403 319 "-" "python-httpx/0.28.1"
180.242.129.178 - - [25/Aug/2026:19:28:06 +0000] "GET /wp-content/languages/admin-network-tr_TR.l10n.php HTTP/1.1" 403 319 "-" "python-httpx/0.28.1"
180.242.129.178 - - [25/Aug/2026:19:28:09 +0000] "GET /1.aspx HTTP/1.1" 403 319 "-" "python-httpx/0.28.1"
180.242.129.178 - - [25/Aug/2026:19:28:12 +0000] "GET /wp-includes/SimplePie/library/SimplePie/HTTP/alfa-rex.php HTTP/1.1" 403 319 "-" "python-httpx/0.28.1"
180.242.129.178 - - [25/Aug/2026:19:28:16 +0000] "GET /wp-admin/includes/schema.php HTTP/1.1" 403 319 "-" "python-httpx/0.28.1"
66.249.75.3 - - [25/Aug/2026:19:28:18 +0000] "GET /shop/detail/K2547922260.html HTTP/1.1" 403 319 "-" "Mozilla/5.0 (Linux; Android 6.0.1; Nexus 5X Build/MMB29P) AppleWebKit/537.36 (KHTML, like Gecko) Chrome/151.0.7922.137 Mobile Safari/537.36 (compatible; Googlebot/2.1; +http://www.google.com/bot.html)"
180.242.129.178 - - [25/Aug/2026:19:28:18 +0000] "GET /ubh.php HTTP/1.1" 403 319 "-" "python-httpx/0.28.1"
74.7.243.222 - - [25/Aug/2026:19:28:19 +0000] "GET /?shop/detail/B25487275881.html HTTP/2.0" 403 307 "https://cellsonic.oxygenhealthsystems.com/?sitemap797.xml" "Mozilla/5.0 AppleWebKit/537.36 (KHTML, like Gecko; compatible; GPTBot/1.4; +https://openai.com/gptbot)"
180.242.129.178 - - [25/Aug/2026:19:28:22 +0000] "GET /wp-admin/includes/class-walker-nav-menu-edit.php HTTP/1.1" 403 319 "-" "python-httpx/0.28.1"
180.242.129.178 - - [25/Aug/2026:19:28:24 +0000] "GET /vendor/composer/alfa-rex.php HTTP/1.1" 403 319 "-" "python-httpx/0.28.1"
180.242.129.178 - - [25/Aug/2026:19:28:27 +0000] "GET /dev.php HTTP/1.1" 403 319 "-" "python-httpx/0.28.1"
180.242.129.178 - - [25/Aug/2026:19:28:30 +0000] "GET /wp-includes/wp-22.php HTTP/1.1" 403 319 "-" "python-httpx/0.28.1"
180.242.129.178 - - [25/Aug/2026:19:28:33 +0000] "GET /wp-content/plugins/disqus-comment-system/tmp/root.php HTTP/1.1" 403 319 "-" "python-httpx/0.28.1"
180.242.129.178 - - [25/Aug/2026:19:28:36 +0000] "GET /adminfuns.php7 HTTP/1.1" 403 319 "-" "python-httpx/0.28.1"
180.242.129.178 - - [25/Aug/2026:19:28:39 +0000] "GET /wp-includes/class-wp-block-type.php HTTP/1.1" 403 319 "-" "python-httpx/0.28.1"
74.7.243.222 - - [25/Aug/2026:19:28:40 +0000] "GET /?shop/detail/B255041201745.html HTTP/2.0" 403 307 "https://cellsonic.oxygenhealthsystems.com/?sitemap293.xml" "Mozilla/5.0 AppleWebKit/537.36 (KHTML, like Gecko; compatible; GPTBot/1.4; +https://openai.com/gptbot)"
180.242.129.178 - - [25/Aug/2026:19:28:42 +0000] "GET /wp-admin/xxx.php HTTP/1.1" 403 319 "-" "python-httpx/0.28.1"
180.242.129.178 - - [25/Aug/2026:19:28:46 +0000] "GET /wp-includes/class-wp-image-editor-imagick.php HTTP/1.1" 403 319 "-" "python-httpx/0.28.1"
180.242.129.178 - - [25/Aug/2026:19:28:49 +0000] "GET /vendor/iankumu/mpesa/config/about.php HTTP/1.1" 403 319 "-" "python-httpx/0.28.1"
180.242.129.178 - - [25/Aug/2026:19:28:52 +0000] "GET /inc.php HTTP/1.1" 403 319 "-" "python-httpx/0.28.1"
180.242.129.178 - - [25/Aug/2026:19:28:55 +0000] "GET /wsdxfgw.php HTTP/1.1" 403 319 "-" "python-httpx/0.28.1"
180.242.129.178 - - [25/Aug/2026:19:28:58 +0000] "GET /if.php HTTP/1.1" 403 319 "-" "python-httpx/0.28.1"
180.242.129.178 - - [25/Aug/2026:19:29:01 +0000] "GET /teslaxx.php HTTP/1.1" 403 319 "-" "python-httpx/0.28.1"
74.7.243.222 - - [25/Aug/2026:19:29:01 +0000] "GET /?shop/detail/Z25469267942.html HTTP/2.0" 403 307 "https://cellsonic.oxygenhealthsystems.com/?sitemap320.xml" "Mozilla/5.0 AppleWebKit/537.36 (KHTML, like Gecko; compatible; GPTBot/1.4; +https://openai.com/gptbot)"
180.242.129.178 - - [25/Aug/2026:19:29:03 +0000] "GET /73.php HTTP/1.1" 403 319 "-" "python-httpx/0.28.1"
180.242.129.178 - - [25/Aug/2026:19:29:06 +0000] "GET /images/3.php HTTP/1.1" 403 319 "-" "python-httpx/0.28.1"
180.242.129.178 - - [25/Aug/2026:19:29:09 +0000] "GET /vendor/laminas/laminas-code/alfa-rex.php HTTP/1.1" 403 319 "-" "python-httpx/0.28.1"
180.242.129.178 - - [25/Aug/2026:19:29:12 +0000] "GET /wp-content/bop.php?p= HTTP/1.1" 403 319 "-" "python-httpx/0.28.1"
180.242.129.178 - - [25/Aug/2026:19:29:15 +0000] "GET /wp-includes/q.php HTTP/1.1" 403 319 "-" "python-httpx/0.28.1"
180.242.129.178 - - [25/Aug/2026:19:29:18 +0000] "GET /wp-includes/sodium_compat/src/about.php HTTP/1.1" 403 319 "-" "python-httpx/0.28.1"
180.242.129.178 - - [25/Aug/2026:19:29:21 +0000] "GET /wp-includes/customize/wp_filemanager.php HTTP/1.1" 403 319 "-" "python-httpx/0.28.1"
74.7.243.222 - - [25/Aug/2026:19:29:22 +0000] "GET /?shop/detail/B254784574682.html HTTP/2.0" 403 307 "https://cellsonic.oxygenhealthsystems.com/?sitemap131.xml" "Mozilla/5.0 AppleWebKit/537.36 (KHTML, like Gecko; compatible; GPTBot/1.4; +https://openai.com/gptbot)"
180.242.129.178 - - [25/Aug/2026:19:29:24 +0000] "GET /wp-includes/Requests/src/Hooks.php HTTP/1.1" 403 319 "-" "python-httpx/0.28.1"
180.242.129.178 - - [25/Aug/2026:19:29:28 +0000] "GET /wp-includes/css/dist/preferences/alfa-rex.php HTTP/1.1" 403 319 "-" "python-httpx/0.28.1"
180.242.129.178 - - [25/Aug/2026:19:29:30 +0000] "GET /wp-admin/css/up.php HTTP/1.1" 403 319 "-" "python-httpx/0.28.1"
180.242.129.178 - - [25/Aug/2026:19:29:33 +0000] "GET /chtmlfuns.php HTTP/1.1" 403 319 "-" "python-httpx/0.28.1"
180.242.129.178 - - [25/Aug/2026:19:29:36 +0000] "GET /image/k.php HTTP/1.1" 403 319 "-" "python-httpx/0.28.1"
180.242.129.178 - - [25/Aug/2026:19:29:39 +0000] "GET /wp-update.php HTTP/1.1" 403 319 "-" "python-httpx/0.28.1"
66.249.75.4 - - [25/Aug/2026:19:29:39 +0000] "GET /shop/detail/W2547586177.html HTTP/1.1" 403 319 "-" "Mozilla/5.0 (Linux; Android 6.0.1; Nexus 5X Build/MMB29P) AppleWebKit/537.36 (KHTML, like Gecko) Chrome/151.0.7922.137 Mobile Safari/537.36 (compatible; Googlebot/2.1; +http://www.google.com/bot.html)"
180.242.129.178 - - [25/Aug/2026:19:29:42 +0000] "GET /wp-includes/SimplePie/src/Content/wp-login.php HTTP/1.1" 403 319 "-" "python-httpx/0.28.1"
74.7.243.222 - - [25/Aug/2026:19:29:43 +0000] "GET /?shop/detail/B25494575397.html HTTP/2.0" 403 307 "https://cellsonic.oxygenhealthsystems.com/?sitemap797.xml" "Mozilla/5.0 AppleWebKit/537.36 (KHTML, like Gecko; compatible; GPTBot/1.4; +https://openai.com/gptbot)"
180.242.129.178 - - [25/Aug/2026:19:29:45 +0000] "GET /wp-includes/css/maro.php HTTP/1.1" 403 319 "-" "python-httpx/0.28.1"
180.242.129.178 - - [25/Aug/2026:19:29:48 +0000] "GET /media.php HTTP/1.1" 403 319 "-" "python-httpx/0.28.1"
180.242.129.178 - - [25/Aug/2026:19:29:52 +0000] "GET /k.php HTTP/1.1" 403 319 "-" "python-httpx/0.28.1"
180.242.129.178 - - [25/Aug/2026:19:29:55 +0000] "GET /wp2.php HTTP/1.1" 403 319 "-" "python-httpx/0.28.1"
180.242.129.178 - - [25/Aug/2026:19:29:58 +0000] "GET /wp-admin/maint/indexx.php HTTP/1.1" 403 319 "-" "python-httpx/0.28.1"
180.242.129.178 - - [25/Aug/2026:19:30:01 +0000] "GET /admin/uploads/c99.php HTTP/1.1" 403 319 "-" "python-httpx/0.28.1"
180.242.129.178 - - [25/Aug/2026:19:30:04 +0000] "GET /wp-admin/bb.php HTTP/1.1" 403 319 "-" "python-httpx/0.28.1"
74.7.243.222 - - [25/Aug/2026:19:30:04 +0000] "GET /?shop/detail/B25481262352.html HTTP/2.0" 403 307 "https://cellsonic.oxygenhealthsystems.com/?sitemap408.xml" "Mozilla/5.0 AppleWebKit/537.36 (KHTML, like Gecko; compatible; GPTBot/1.4; +https://openai.com/gptbot)"
180.242.129.178 - - [25/Aug/2026:19:30:07 +0000] "GET /f.php HTTP/1.1" 403 319 "-" "python-httpx/0.28.1"
180.242.129.178 - - [25/Aug/2026:19:30:10 +0000] "GET /wp-admin/includes/class-wp-filesystem-direct.php HTTP/1.1" 403 319 "-" "python-httpx/0.28.1"
180.242.129.178 - - [25/Aug/2026:19:30:13 +0000] "GET /images/mar.php HTTP/1.1" 403 319 "-" "python-httpx/0.28.1"
180.242.129.178 - - [25/Aug/2026:19:30:16 +0000] "GET /wp-content/plugins/disqus-comment-system/zone-h.php HTTP/1.1" 403 319 "-" "python-httpx/0.28.1"
180.242.129.178 - - [25/Aug/2026:19:30:19 +0000] "GET /epinyins.php HTTP/1.1" 403 319 "-" "python-httpx/0.28.1"
66.249.75.3 - - [25/Aug/2026:19:30:21 +0000] "GET /shop/detail/R25491904971.html HTTP/1.1" 403 319 "-" "Mozilla/5.0 (Linux; Android 6.0.1; Nexus 5X Build/MMB29P) AppleWebKit/537.36 (KHTML, like Gecko) Chrome/151.0.7922.137 Mobile Safari/537.36 (compatible; Googlebot/2.1; +http://www.google.com/bot.html)"
180.242.129.178 - - [25/Aug/2026:19:30:22 +0000] "GET /wp-content/languages/themes/classwithtostring.php HTTP/1.1" 403 319 "-" "python-httpx/0.28.1"
74.7.243.222 - - [25/Aug/2026:19:30:24 +0000] "GET /?shop/detail/A25494795141.html HTTP/2.0" 403 307 "https://cellsonic.oxygenhealthsystems.com/?sitemap762.xml" "Mozilla/5.0 AppleWebKit/537.36 (KHTML, like Gecko; compatible; GPTBot/1.4; +https://openai.com/gptbot)"
180.242.129.178 - - [25/Aug/2026:19:30:25 +0000] "GET /wp-content/kn.php HTTP/1.1" 403 319 "-" "python-httpx/0.28.1"
180.242.129.178 - - [25/Aug/2026:19:30:28 +0000] "GET /wp-includes/css/dist/block-library/wp-login.php HTTP/1.1" 403 319 "-" "python-httpx/0.28.1"
66.249.75.4 - - [25/Aug/2026:19:30:29 +0000] "GET /shop/detail/T2547726966.html HTTP/1.1" 403 319 "-" "Mozilla/5.0 (Linux; Android 6.0.1; Nexus 5X Build/MMB29P) AppleWebKit/537.36 (KHTML, like Gecko) Chrome/151.0.7922.137 Mobile Safari/537.36 (compatible; Googlebot/2.1; +http://www.google.com/bot.html)"
180.242.129.178 - - [25/Aug/2026:19:30:31 +0000] "GET /wp-admin/e.php HTTP/1.1" 403 319 "-" "python-httpx/0.28.1"
66.249.75.4 - - [25/Aug/2026:19:30:31 +0000] "GET /shop/detail/S25512630036.html HTTP/1.1" 403 319 "-" "Mozilla/5.0 (Linux; Android 6.0.1; Nexus 5X Build/MMB29P) AppleWebKit/537.36 (KHTML, like Gecko) Chrome/151.0.7922.137 Mobile Safari/537.36 (compatible; Googlebot/2.1; +http://www.google.com/bot.html)"
66.249.75.4 - - [25/Aug/2026:19:30:32 +0000] "GET /shop/detail/G2547638435.html HTTP/1.1" 403 319 "-" "Mozilla/5.0 (Linux; Android 6.0.1; Nexus 5X Build/MMB29P) AppleWebKit/537.36 (KHTML, like Gecko) Chrome/151.0.7922.137 Mobile Safari/537.36 (compatible; Googlebot/2.1; +http://www.google.com/bot.html)"
180.242.129.178 - - [25/Aug/2026:19:30:34 +0000] "GET /wp-includes/php-ai-client/src/Providers/Models/VideoGeneration/Contracts/asg3-3.php HTTP/1.1" 403 319 "-" "python-httpx/0.28.1"
66.249.75.3 - - [25/Aug/2026:19:30:34 +0000] "GET /shop/detail/Z25502141194.html HTTP/1.1" 403 319 "-" "Mozilla/5.0 (Linux; Android 6.0.1; Nexus 5X Build/MMB29P) AppleWebKit/537.36 (KHTML, like Gecko) Chrome/151.0.7922.137 Mobile Safari/537.36 (compatible; Googlebot/2.1; +http://www.google.com/bot.html)"
66.249.75.3 - - [25/Aug/2026:19:30:36 +0000] "GET /shop/detail/Y25481117560.html HTTP/1.1" 403 319 "-" "Mozilla/5.0 (Linux; Android 6.0.1; Nexus 5X Build/MMB29P) AppleWebKit/537.36 (KHTML, like Gecko) Chrome/151.0.7922.137 Mobile Safari/537.36 (compatible; Googlebot/2.1; +http://www.google.com/bot.html)"
180.242.129.178 - - [25/Aug/2026:19:30:37 +0000] "GET /.well-known/acme-challenge/index.php HTTP/1.1" 403 319 "-" "python-httpx/0.28.1"
66.249.75.3 - - [25/Aug/2026:19:30:37 +0000] "GET /shop/detail/E2546466820.html HTTP/1.1" 403 319 "-" "Mozilla/5.0 (Linux; Android 6.0.1; Nexus 5X Build/MMB29P) AppleWebKit/537.36 (KHTML, like Gecko) Chrome/151.0.7922.137 Mobile Safari/537.36 (compatible; Googlebot/2.1; +http://www.google.com/bot.html)"
180.242.129.178 - - [25/Aug/2026:19:30:40 +0000] "GET /wp-includes/images/smilies/wp-login.php HTTP/1.1" 403 319 "-" "python-httpx/0.28.1"
180.242.129.178 - - [25/Aug/2026:19:30:43 +0000] "GET /wp-includes/class-wp-simplepie-sanitize-kses-stream.php HTTP/1.1" 403 319 "-" "python-httpx/0.28.1"
66.249.75.3 - - [25/Aug/2026:19:30:43 +0000] "GET /shop/detail/G25481376814.html HTTP/1.1" 403 319 "-" "Mozilla/5.0 (Linux; Android 6.0.1; Nexus 5X Build/MMB29P) AppleWebKit/537.36 (KHTML, like Gecko) Chrome/151.0.7922.137 Mobile Safari/537.36 (compatible; Googlebot/2.1; +http://www.google.com/bot.html)"
66.249.75.3 - - [25/Aug/2026:19:30:45 +0000] "GET /product/128242558/ HTTP/1.1" 403 319 "-" "Mozilla/5.0 (Linux; Android 6.0.1; Nexus 5X Build/MMB29P) AppleWebKit/537.36 (KHTML, like Gecko) Chrome/151.0.7922.137 Mobile Safari/537.36 (compatible; Googlebot/2.1; +http://www.google.com/bot.html)"
74.7.243.222 - - [25/Aug/2026:19:30:46 +0000] "GET /?shop/detail/Z25508020797.html HTTP/2.0" 403 307 "https://cellsonic.oxygenhealthsystems.com/?sitemap320.xml" "Mozilla/5.0 AppleWebKit/537.36 (KHTML, like Gecko; compatible; GPTBot/1.4; +https://openai.com/gptbot)"
180.242.129.178 - - [25/Aug/2026:19:30:46 +0000] "GET /wp-content/haxor.php HTTP/1.1" 403 319 "-" "python-httpx/0.28.1"
180.242.129.178 - - [25/Aug/2026:19:30:49 +0000] "GET /about/chosen.php HTTP/1.1" 403 319 "-" "python-httpx/0.28.1"
180.242.129.178 - - [25/Aug/2026:19:30:52 +0000] "GET /plugins/indexx.php HTTP/1.1" 403 319 "-" "python-httpx/0.28.1"
66.249.75.3 - - [25/Aug/2026:19:30:52 +0000] "GET /shop/detail/Q25502298346.html HTTP/1.1" 403 319 "-" "Mozilla/5.0 (Linux; Android 6.0.1; Nexus 5X Build/MMB29P) AppleWebKit/537.36 (KHTML, like Gecko) Chrome/151.0.7922.137 Mobile Safari/537.36 (compatible; Googlebot/2.1; +http://www.google.com/bot.html)"
66.249.75.3 - - [25/Aug/2026:19:30:53 +0000] "GET /shop/detail/Y25481203201.html HTTP/1.1" 403 319 "-" "Mozilla/5.0 (Linux; Android 6.0.1; Nexus 5X Build/MMB29P) AppleWebKit/537.36 (KHTML, like Gecko) Chrome/151.0.7922.137 Mobile Safari/537.36 (compatible; Googlebot/2.1; +http://www.google.com/bot.html)"
66.249.75.3 - - [25/Aug/2026:19:30:54 +0000] "GET /shop/detail/J25512779379.html HTTP/1.1" 403 319 "-" "Mozilla/5.0 (Linux; Android 6.0.1; Nexus 5X Build/MMB29P) AppleWebKit/537.36 (KHTML, like Gecko) Chrome/151.0.7922.137 Mobile Safari/537.36 (compatible; Googlebot/2.1; +http://www.google.com/bot.html)"
180.242.129.178 - - [25/Aug/2026:19:30:55 +0000] "GET /wp-admin/includes/translation-install.php HTTP/1.1" 403 319 "-" "python-httpx/0.28.1"
66.249.75.3 - - [25/Aug/2026:19:30:55 +0000] "GET /shop/detail/Y2547806513.html HTTP/1.1" 403 319 "-" "Mozilla/5.0 (Linux; Android 6.0.1; Nexus 5X Build/MMB29P) AppleWebKit/537.36 (KHTML, like Gecko) Chrome/151.0.7922.137 Mobile Safari/537.36 (compatible; Googlebot/2.1; +http://www.google.com/bot.html)"
180.242.129.178 - - [25/Aug/2026:19:30:59 +0000] "GET /wp-admin/js/autoload_classmap.php HTTP/1.1" 403 319 "-" "python-httpx/0.28.1"
66.249.75.3 - - [25/Aug/2026:19:31:00 +0000] "GET /shop/detail/N25491965725.html HTTP/1.1" 403 319 "-" "Mozilla/5.0 (Linux; Android 6.0.1; Nexus 5X Build/MMB29P) AppleWebKit/537.36 (KHTML, like Gecko) Chrome/151.0.7922.137 Mobile Safari/537.36 (compatible; Googlebot/2.1; +http://www.google.com/bot.html)"
180.242.129.178 - - [25/Aug/2026:19:31:01 +0000] "GET /wp-admin/setup-config.php HTTP/1.1" 403 319 "-" "python-httpx/0.28.1"
180.242.129.178 - - [25/Aug/2026:19:31:05 +0000] "GET /cangma.php HTTP/1.1" 403 319 "-" "python-httpx/0.28.1"
74.7.243.222 - - [25/Aug/2026:19:31:06 +0000] "GET /?shop/detail/B25515644617.html HTTP/2.0" 403 307 "https://cellsonic.oxygenhealthsystems.com/?sitemap408.xml" "Mozilla/5.0 AppleWebKit/537.36 (KHTML, like Gecko; compatible; GPTBot/1.4; +https://openai.com/gptbot)"
180.242.129.178 - - [25/Aug/2026:19:31:07 +0000] "GET /wp-content/plugins/akismet/tmp/2.php HTTP/1.1" 403 319 "-" "python-httpx/0.28.1"
180.242.129.178 - - [25/Aug/2026:19:31:10 +0000] "GET /wp-admin/includes/wp-hoard.php HTTP/1.1" 403 319 "-" "python-httpx/0.28.1"
180.242.129.178 - - [25/Aug/2026:19:31:13 +0000] "GET /pop.php HTTP/1.1" 403 319 "-" "python-httpx/0.28.1"
180.242.129.178 - - [25/Aug/2026:19:31:16 +0000] "GET /image/www.php HTTP/1.1" 403 319 "-" "python-httpx/0.28.1"
66.249.75.4 - - [25/Aug/2026:19:31:16 +0000] "GET /shop/detail/K254651976.html HTTP/1.1" 403 319 "-" "Mozilla/5.0 (Linux; Android 6.0.1; Nexus 5X Build/MMB29P) AppleWebKit/537.36 (KHTML, like Gecko) Chrome/151.0.7922.137 Mobile Safari/537.36 (compatible; Googlebot/2.1; +http://www.google.com/bot.html)"
66.249.75.3 - - [25/Aug/2026:19:31:17 +0000] "GET /shop/detail/U2547698552.html HTTP/1.1" 403 319 "-" "Mozilla/5.0 (Linux; Android 6.0.1; Nexus 5X Build/MMB29P) AppleWebKit/537.36 (KHTML, like Gecko) Chrome/151.0.7922.137 Mobile Safari/537.36 (compatible; Googlebot/2.1; +http://www.google.com/bot.html)"
66.249.75.3 - - [25/Aug/2026:19:31:18 +0000] "GET /shop/detail/B25491690840.html HTTP/1.1" 403 319 "-" "Mozilla/5.0 (Linux; Android 6.0.1; Nexus 5X Build/MMB29P) AppleWebKit/537.36 (KHTML, like Gecko) Chrome/151.0.7922.137 Mobile Safari/537.36 (compatible; Googlebot/2.1; +http://www.google.com/bot.html)"
66.249.75.4 - - [25/Aug/2026:19:31:19 +0000] "GET /shop/detail/V25502186718.html HTTP/1.1" 403 319 "-" "Mozilla/5.0 (Linux; Android 6.0.1; Nexus 5X Build/MMB29P) AppleWebKit/537.36 (KHTML, like Gecko) Chrome/151.0.7922.137 Mobile Safari/537.36 (compatible; Googlebot/2.1; +http://www.google.com/bot.html)"
180.242.129.178 - - [25/Aug/2026:19:31:20 +0000] "GET /wp-includes/Requests/src/Utility/FilteredIterator.php HTTP/1.1" 403 319 "-" "python-httpx/0.28.1"
66.249.75.4 - - [25/Aug/2026:19:31:20 +0000] "GET /shop/detail/S25502075211.html HTTP/1.1" 403 319 "-" "Mozilla/5.0 (Linux; Android 6.0.1; Nexus 5X Build/MMB29P) AppleWebKit/537.36 (KHTML, like Gecko) Chrome/151.0.7922.137 Mobile Safari/537.36 (compatible; Googlebot/2.1; +http://www.google.com/bot.html)"
66.249.75.3 - - [25/Aug/2026:19:31:20 +0000] "GET /shop/detail/A2546189590.html HTTP/1.1" 403 319 "-" "Mozilla/5.0 (Linux; Android 6.0.1; Nexus 5X Build/MMB29P) AppleWebKit/537.36 (KHTML, like Gecko) Chrome/151.0.7922.137 Mobile Safari/537.36 (compatible; Googlebot/2.1; +http://www.google.com/bot.html)"
66.249.75.3 - - [25/Aug/2026:19:31:22 +0000] "GET /shop/detail/I254615272.html HTTP/1.1" 403 319 "-" "Mozilla/5.0 (Linux; Android 6.0.1; Nexus 5X Build/MMB29P) AppleWebKit/537.36 (KHTML, like Gecko) Chrome/151.0.7922.137 Mobile Safari/537.36 (compatible; Googlebot/2.1; +http://www.google.com/bot.html)"
180.242.129.178 - - [25/Aug/2026:19:31:22 +0000] "GET /images/x.php HTTP/1.1" 403 319 "-" "python-httpx/0.28.1"
66.249.75.3 - - [25/Aug/2026:19:31:24 +0000] "GET /shop/detail/K2547998336.html HTTP/1.1" 403 319 "-" "Mozilla/5.0 (Linux; Android 6.0.1; Nexus 5X Build/MMB29P) AppleWebKit/537.36 (KHTML, like Gecko) Chrome/151.0.7922.137 Mobile Safari/537.36 (compatible; Googlebot/2.1; +http://www.google.com/bot.html)"
66.249.75.3 - - [25/Aug/2026:19:31:24 +0000] "GET /shop/detail/U25512596771.html HTTP/1.1" 403 319 "-" "Mozilla/5.0 (Linux; Android 6.0.1; Nexus 5X Build/MMB29P) AppleWebKit/537.36 (KHTML, like Gecko) Chrome/151.0.7922.137 Mobile Safari/537.36 (compatible; Googlebot/2.1; +http://www.google.com/bot.html)"
180.242.129.178 - - [25/Aug/2026:19:31:25 +0000] "GET /wp-includes/o.php HTTP/1.1" 403 319 "-" "python-httpx/0.28.1"
74.7.243.222 - - [25/Aug/2026:19:31:27 +0000] "GET /?shop/detail/Z254813185142.html HTTP/2.0" 403 307 "https://cellsonic.oxygenhealthsystems.com/?sitemap947.xml" "Mozilla/5.0 AppleWebKit/537.36 (KHTML, like Gecko; compatible; GPTBot/1.4; +https://openai.com/gptbot)"
66.249.75.3 - - [25/Aug/2026:19:31:28 +0000] "GET /shop/detail/V25502067991.html HTTP/1.1" 403 319 "-" "Mozilla/5.0 (Linux; Android 6.0.1; Nexus 5X Build/MMB29P) AppleWebKit/537.36 (KHTML, like Gecko) Chrome/151.0.7922.137 Mobile Safari/537.36 (compatible; Googlebot/2.1; +http://www.google.com/bot.html)"
66.249.75.3 - - [25/Aug/2026:19:31:29 +0000] "GET /shop/detail/A2547979017.html HTTP/1.1" 403 319 "-" "Mozilla/5.0 (compatible; Googlebot/2.1; +http://www.google.com/bot.html)"
180.242.129.178 - - [25/Aug/2026:19:31:29 +0000] "GET /.well-known/wp_project.php HTTP/1.1" 403 319 "-" "python-httpx/0.28.1"
180.242.129.178 - - [25/Aug/2026:19:31:32 +0000] "GET /wp-admin/qfjnelot.php HTTP/1.1" 403 319 "-" "python-httpx/0.28.1"
180.242.129.178 - - [25/Aug/2026:19:31:35 +0000] "GET /wp-includes/Text/Diff.php HTTP/1.1" 403 319 "-" "python-httpx/0.28.1"
66.249.75.3 - - [25/Aug/2026:19:31:38 +0000] "GET /shop/detail/C25491990819.html HTTP/1.1" 403 319 "-" "Mozilla/5.0 (Linux; Android 6.0.1; Nexus 5X Build/MMB29P) AppleWebKit/537.36 (KHTML, like Gecko) Chrome/151.0.7922.137 Mobile Safari/537.36 (compatible; Googlebot/2.1; +http://www.google.com/bot.html)"
180.242.129.178 - - [25/Aug/2026:19:31:38 +0000] "GET /images/wi.php HTTP/1.1" 403 319 "-" "python-httpx/0.28.1"
66.249.75.3 - - [25/Aug/2026:19:31:39 +0000] "GET /shop/detail/S25481138596.html HTTP/1.1" 403 319 "-" "Mozilla/5.0 (Linux; Android 6.0.1; Nexus 5X Build/MMB29P) AppleWebKit/537.36 (KHTML, like Gecko) Chrome/151.0.7922.137 Mobile Safari/537.36 (compatible; Googlebot/2.1; +http://www.google.com/bot.html)"
180.242.129.178 - - [25/Aug/2026:19:31:42 +0000] "GET /image/n.php HTTP/1.1" 403 319 "-" "python-httpx/0.28.1"
180.242.129.178 - - [25/Aug/2026:19:31:45 +0000] "GET /cyl.php HTTP/1.1" 403 319 "-" "python-httpx/0.28.1"
180.242.129.178 - - [25/Aug/2026:19:31:48 +0000] "GET /wp-includes/registration-functions.php HTTP/1.1" 403 319 "-" "python-httpx/0.28.1"
74.7.243.222 - - [25/Aug/2026:19:31:49 +0000] "GET /?shop/detail/A255129649466.html HTTP/2.0" 403 307 "https://cellsonic.oxygenhealthsystems.com/?sitemap967.xml" "Mozilla/5.0 AppleWebKit/537.36 (KHTML, like Gecko; compatible; GPTBot/1.4; +https://openai.com/gptbot)"
180.242.129.178 - - [25/Aug/2026:19:31:51 +0000] "GET /wp-includes/css/dist/edit-site/alfa-rex.php HTTP/1.1" 403 319 "-" "python-httpx/0.28.1"
66.249.75.3 - - [25/Aug/2026:19:31:52 +0000] "GET /shop/detail/Z2546461476.html HTTP/1.1" 403 319 "-" "Mozilla/5.0 (Linux; Android 6.0.1; Nexus 5X Build/MMB29P) AppleWebKit/537.36 (KHTML, like Gecko) Chrome/151.0.7922.137 Mobile Safari/537.36 (compatible; Googlebot/2.1; +http://www.google.com/bot.html)"
180.242.129.178 - - [25/Aug/2026:19:31:55 +0000] "GET /wp-content/languages/themes/killbot.php HTTP/1.1" 403 319 "-" "python-httpx/0.28.1"
66.249.75.3 - - [25/Aug/2026:19:31:57 +0000] "GET /shop/detail/H25502440305.html HTTP/1.1" 403 319 "-" "Mozilla/5.0 (Linux; Android 6.0.1; Nexus 5X Build/MMB29P) AppleWebKit/537.36 (KHTML, like Gecko) Chrome/151.0.7922.137 Mobile Safari/537.36 (compatible; Googlebot/2.1; +http://www.google.com/bot.html)"
180.242.129.178 - - [25/Aug/2026:19:31:58 +0000] "GET /uploads/ HTTP/1.1" 403 319 "-" "python-httpx/0.28.1"
66.249.75.3 - - [25/Aug/2026:19:31:58 +0000] "GET /shop/detail/Z25481169392.html HTTP/1.1" 403 319 "-" "Mozilla/5.0 (Linux; Android 6.0.1; Nexus 5X Build/MMB29P) AppleWebKit/537.36 (KHTML, like Gecko) Chrome/151.0.7922.137 Mobile Safari/537.36 (compatible; Googlebot/2.1; +http://www.google.com/bot.html)"
66.249.75.3 - - [25/Aug/2026:19:31:59 +0000] "GET /shop/detail/A2546162251.html HTTP/1.1" 403 319 "-" "Mozilla/5.0 (Linux; Android 6.0.1; Nexus 5X Build/MMB29P) AppleWebKit/537.36 (KHTML, like Gecko) Chrome/151.0.7922.137 Mobile Safari/537.36 (compatible; Googlebot/2.1; +http://www.google.com/bot.html)"
180.242.129.178 - - [25/Aug/2026:19:32:01 +0000] "GET /ynz.PhP7 HTTP/1.1" 403 319 "-" "python-httpx/0.28.1"
66.249.75.5 - - [25/Aug/2026:19:32:01 +0000] "GET /shop/detail/C254676672.html HTTP/1.1" 403 319 "-" "Mozilla/5.0 (Linux; Android 6.0.1; Nexus 5X Build/MMB29P) AppleWebKit/537.36 (KHTML, like Gecko) Chrome/151.0.7922.137 Mobile Safari/537.36 (compatible; Googlebot/2.1; +http://www.google.com/bot.html)"
66.249.75.3 - - [25/Aug/2026:19:32:02 +0000] "GET /shop/detail/W25502384392.html HTTP/1.1" 403 319 "-" "Mozilla/5.0 (Linux; Android 6.0.1; Nexus 5X Build/MMB29P) AppleWebKit/537.36 (KHTML, like Gecko) Chrome/151.0.7922.137 Mobile Safari/537.36 (compatible; Googlebot/2.1; +http://www.google.com/bot.html)"
66.249.75.4 - - [25/Aug/2026:19:32:04 +0000] "GET /shop/detail/F25481258921.html HTTP/1.1" 403 319 "-" "Mozilla/5.0 (Linux; Android 6.0.1; Nexus 5X Build/MMB29P) AppleWebKit/537.36 (KHTML, like Gecko) Chrome/151.0.7922.137 Mobile Safari/537.36 (compatible; Googlebot/2.1; +http://www.google.com/bot.html)"
180.242.129.178 - - [25/Aug/2026:19:32:04 +0000] "GET /index/wp-term.php HTTP/1.1" 403 319 "-" "python-httpx/0.28.1"
66.249.75.3 - - [25/Aug/2026:19:32:04 +0000] "GET /shop/detail/L25512817689.html HTTP/1.1" 403 319 "-" "Mozilla/5.0 (Linux; Android 6.0.1; Nexus 5X Build/MMB29P) AppleWebKit/537.36 (KHTML, like Gecko) Chrome/151.0.7922.137 Mobile Safari/537.36 (compatible; Googlebot/2.1; +http://www.google.com/bot.html)"
180.242.129.178 - - [25/Aug/2026:19:32:07 +0000] "GET /wp-includes/SimplePie/src/Parse/alfa-rex.php HTTP/1.1" 403 319 "-" "python-httpx/0.28.1"
66.249.75.4 - - [25/Aug/2026:19:32:08 +0000] "GET /shop/detail/Q254681926.html HTTP/1.1" 403 319 "-" "Mozilla/5.0 (Linux; Android 6.0.1; Nexus 5X Build/MMB29P) AppleWebKit/537.36 (KHTML, like Gecko) Chrome/151.0.7922.137 Mobile Safari/537.36 (compatible; Googlebot/2.1; +http://www.google.com/bot.html)"
74.7.243.222 - - [25/Aug/2026:19:32:09 +0000] "GET /?shop/detail/Z25479558591.html HTTP/2.0" 403 307 "https://cellsonic.oxygenhealthsystems.com/?sitemap700.xml" "Mozilla/5.0 AppleWebKit/537.36 (KHTML, like Gecko; compatible; GPTBot/1.4; +https://openai.com/gptbot)"
66.249.75.4 - - [25/Aug/2026:19:32:10 +0000] "GET /shop/detail/X25502381391.html HTTP/1.1" 403 319 "-" "Mozilla/5.0 (Linux; Android 6.0.1; Nexus 5X Build/MMB29P) AppleWebKit/537.36 (KHTML, like Gecko) Chrome/151.0.7922.137 Mobile Safari/537.36 (compatible; Googlebot/2.1; +http://www.google.com/bot.html)"
180.242.129.178 - - [25/Aug/2026:19:32:11 +0000] "GET /wp-admin/images/rk2.php HTTP/1.1" 403 319 "-" "python-httpx/0.28.1"
66.249.75.4 - - [25/Aug/2026:19:32:11 +0000] "GET /shop/detail/X25502382539.html HTTP/1.1" 403 319 "-" "Mozilla/5.0 (Linux; Android 6.0.1; Nexus 5X Build/MMB29P) AppleWebKit/537.36 (KHTML, like Gecko) Chrome/151.0.7922.137 Mobile Safari/537.36 (compatible; Googlebot/2.1; +http://www.google.com/bot.html)"
66.249.75.4 - - [25/Aug/2026:19:32:12 +0000] "GET /shop/detail/A25491592651.html HTTP/1.1" 403 319 "-" "Mozilla/5.0 (Linux; Android 6.0.1; Nexus 5X Build/MMB29P) AppleWebKit/537.36 (KHTML, like Gecko) Chrome/151.0.7922.137 Mobile Safari/537.36 (compatible; Googlebot/2.1; +http://www.google.com/bot.html)"
180.242.129.178 - - [25/Aug/2026:19:32:14 +0000] "GET /wp-includes/sodium_compat/src/PHP52/wp-login.php HTTP/1.1" 403 319 "-" "python-httpx/0.28.1"
180.242.129.178 - - [25/Aug/2026:19:32:17 +0000] "GET /wp-admin/network/wp-class.php HTTP/1.1" 403 319 "-" "python-httpx/0.28.1"
66.249.75.3 - - [25/Aug/2026:19:32:17 +0000] "GET /shop/detail/V2546286351.html HTTP/1.1" 403 319 "-" "Mozilla/5.0 (Linux; Android 6.0.1; Nexus 5X Build/MMB29P) AppleWebKit/537.36 (KHTML, like Gecko) Chrome/151.0.7922.137 Mobile Safari/537.36 (compatible; Googlebot/2.1; +http://www.google.com/bot.html)"
180.242.129.178 - - [25/Aug/2026:19:32:20 +0000] "GET /wp-includes/class-wp-network.php HTTP/1.1" 403 319 "-" "python-httpx/0.28.1"
66.249.75.3 - - [25/Aug/2026:19:32:21 +0000] "GET /shop/detail/A25512884852.html HTTP/1.1" 403 319 "-" "Mozilla/5.0 (Linux; Android 6.0.1; Nexus 5X Build/MMB29P) AppleWebKit/537.36 (KHTML, like Gecko) Chrome/151.0.7922.137 Mobile Safari/537.36 (compatible; Googlebot/2.1; +http://www.google.com/bot.html)"
66.249.75.3 - - [25/Aug/2026:19:32:22 +0000] "GET /shop/detail/N2547889087.html HTTP/1.1" 403 319 "-" "Mozilla/5.0 (Linux; Android 6.0.1; Nexus 5X Build/MMB29P) AppleWebKit/537.36 (KHTML, like Gecko) Chrome/151.0.7922.137 Mobile Safari/537.36 (compatible; Googlebot/2.1; +http://www.google.com/bot.html)"
180.242.129.178 - - [25/Aug/2026:19:32:23 +0000] "GET /wp-content/symlink.php HTTP/1.1" 403 319 "-" "python-httpx/0.28.1"
66.249.75.3 - - [25/Aug/2026:19:32:25 +0000] "GET /shop/detail/T2547919796.html HTTP/1.1" 403 319 "-" "Mozilla/5.0 (Linux; Android 6.0.1; Nexus 5X Build/MMB29P) AppleWebKit/537.36 (KHTML, like Gecko) Chrome/151.0.7922.137 Mobile Safari/537.36 (compatible; Googlebot/2.1; +http://www.google.com/bot.html)"
180.242.129.178 - - [25/Aug/2026:19:32:26 +0000] "GET /wp-content/bypass.php HTTP/1.1" 403 319 "-" "python-httpx/0.28.1"
66.249.75.3 - - [25/Aug/2026:19:32:27 +0000] "GET /shop/detail/M25491959038.html HTTP/1.1" 403 319 "-" "Mozilla/5.0 (Linux; Android 6.0.1; Nexus 5X Build/MMB29P) AppleWebKit/537.36 (KHTML, like Gecko) Chrome/151.0.7922.137 Mobile Safari/537.36 (compatible; Googlebot/2.1; +http://www.google.com/bot.html)"
57.141.20.58 - - [25/Aug/2026:19:32:29 +0000] "GET / HTTP/2.0" 403 307 "-" "facebookexternalhit/1.1 (+http://www.facebook.com/externalhit_uatext.php)"
180.242.129.178 - - [25/Aug/2026:19:32:29 +0000] "GET /as/indexx.php HTTP/1.1" 403 319 "-" "python-httpx/0.28.1"
74.7.243.222 - - [25/Aug/2026:19:32:31 +0000] "GET /?shop/detail/A25505143041.html HTTP/2.0" 403 307 "https://cellsonic.oxygenhealthsystems.com/?sitemap762.xml" "Mozilla/5.0 AppleWebKit/537.36 (KHTML, like Gecko; compatible; GPTBot/1.4; +https://openai.com/gptbot)"
180.242.129.178 - - [25/Aug/2026:19:32:32 +0000] "GET /it.php HTTP/1.1" 403 319 "-" "python-httpx/0.28.1"
180.242.129.178 - - [25/Aug/2026:19:32:36 +0000] "GET /plugins/finder/categories/about.php HTTP/1.1" 403 319 "-" "python-httpx/0.28.1"
180.242.129.178 - - [25/Aug/2026:19:32:39 +0000] "GET /wp-includes/js/tinymce/plugins/compat3x/wp-login.php HTTP/1.1" 403 319 "-" "python-httpx/0.28.1"
180.242.129.178 - - [25/Aug/2026:19:32:42 +0000] "GET /wp-includes/certificates/zmFM.php HTTP/1.1" 403 319 "-" "python-httpx/0.28.1"
180.242.129.178 - - [25/Aug/2026:19:32:45 +0000] "GET /wp-includes/comment-template.php HTTP/1.1" 403 319 "-" "python-httpx/0.28.1"
180.242.129.178 - - [25/Aug/2026:19:32:49 +0000] "GET /plugins/ajaxfilemanager/nav.php HTTP/1.1" 403 319 "-" "python-httpx/0.28.1"
74.7.243.222 - - [25/Aug/2026:19:32:52 +0000] "GET /?shop/detail/B255135736127.html HTTP/2.0" 403 307 "https://cellsonic.oxygenhealthsystems.com/?sitemap193.xml" "Mozilla/5.0 AppleWebKit/537.36 (KHTML, like Gecko; compatible; GPTBot/1.4; +https://openai.com/gptbot)"
180.242.129.178 - - [25/Aug/2026:19:32:52 +0000] "GET /wp-includes/SimplePie/library/SimplePie/Rating.php HTTP/1.1" 403 319 "-" "python-httpx/0.28.1"
66.249.75.3 - - [25/Aug/2026:19:32:52 +0000] "GET /shop/detail/L25502165242.html HTTP/1.1" 403 319 "-" "Mozilla/5.0 (Linux; Android 6.0.1; Nexus 5X Build/MMB29P) AppleWebKit/537.36 (KHTML, like Gecko) Chrome/151.0.7922.137 Mobile Safari/537.36 (compatible; Googlebot/2.1; +http://www.google.com/bot.html)"
66.249.75.3 - - [25/Aug/2026:19:32:54 +0000] "GET /shop/detail/D25481452810.html HTTP/1.1" 403 319 "-" "Mozilla/5.0 (compatible; Googlebot/2.1; +http://www.google.com/bot.html)"
180.242.129.178 - - [25/Aug/2026:19:32:55 +0000] "GET /wp-admin/includes/ajax-actions.php HTTP/1.1" 403 319 "-" "python-httpx/0.28.1"
180.242.129.178 - - [25/Aug/2026:19:32:58 +0000] "GET /wp-includes/css/dist/patterns/alfa-rex.php HTTP/1.1" 403 319 "-" "python-httpx/0.28.1"
180.242.129.178 - - [25/Aug/2026:19:33:01 +0000] "GET /wp-admin/network/wp-hoard.php HTTP/1.1" 403 319 "-" "python-httpx/0.28.1"
180.242.129.178 - - [25/Aug/2026:19:33:04 +0000] "GET /wp-includes/SimplePie/rk2.php HTTP/1.1" 403 319 "-" "python-httpx/0.28.1"
180.242.129.178 - - [25/Aug/2026:19:33:07 +0000] "GET /wp-admin/user/wp_project.php HTTP/1.1" 403 319 "-" "python-httpx/0.28.1"
180.242.129.178 - - [25/Aug/2026:19:33:10 +0000] "GET /wp-admin/css/colors/coffee/xmrlpc.php?p= HTTP/1.1" 403 319 "-" "python-httpx/0.28.1"
66.249.75.3 - - [25/Aug/2026:19:33:11 +0000] "GET /shop/detail/L254668840.html HTTP/1.1" 403 319 "-" "Mozilla/5.0 (Linux; Android 6.0.1; Nexus 5X Build/MMB29P) AppleWebKit/537.36 (KHTML, like Gecko) Chrome/151.0.7922.137 Mobile Safari/537.36 (compatible; Googlebot/2.1; +http://www.google.com/bot.html)"
66.249.75.4 - - [25/Aug/2026:19:33:12 +0000] "GET /shop/detail/Q25491980432.html HTTP/1.1" 403 319 "-" "Mozilla/5.0 (Linux; Android 6.0.1; Nexus 5X Build/MMB29P) AppleWebKit/537.36 (KHTML, like Gecko) Chrome/151.0.7922.137 Mobile Safari/537.36 (compatible; Googlebot/2.1; +http://www.google.com/bot.html)"
74.7.243.222 - - [25/Aug/2026:19:33:13 +0000] "GET /?shop/detail/A25515631993.html HTTP/2.0" 403 307 "https://cellsonic.oxygenhealthsystems.com/?sitemap234.xml" "Mozilla/5.0 AppleWebKit/537.36 (KHTML, like Gecko; compatible; GPTBot/1.4; +https://openai.com/gptbot)"
180.242.129.178 - - [25/Aug/2026:19:33:13 +0000] "GET /wp-content/plugins/seoplugins/db.php?u HTTP/1.1" 403 319 "-" "python-httpx/0.28.1"
66.249.75.3 - - [25/Aug/2026:19:33:14 +0000] "GET /shop/detail/Z25502201224.html HTTP/1.1" 403 319 "-" "Mozilla/5.0 (Linux; Android 6.0.1; Nexus 5X Build/MMB29P) AppleWebKit/537.36 (KHTML, like Gecko) Chrome/151.0.7922.137 Mobile Safari/537.36 (compatible; Googlebot/2.1; +http://www.google.com/bot.html)"
180.242.129.178 - - [25/Aug/2026:19:33:16 +0000] "GET /wp-includes/php-ai-client/src/Providers/Models/VideoGeneration/Contracts/VideoGenerationOperationModelInterface.php HTTP/1.1" 403 319 "-" "python-httpx/0.28.1"
180.242.129.178 - - [25/Aug/2026:19:33:19 +0000] "GET /wp-admin/V5.php HTTP/1.1" 403 319 "-" "python-httpx/0.28.1"
180.242.129.178 - - [25/Aug/2026:19:33:22 +0000] "GET /wp-admin/k.php HTTP/1.1" 403 319 "-" "python-httpx/0.28.1"
180.242.129.178 - - [25/Aug/2026:19:33:25 +0000] "GET /wp-includes/SimplePie/autoloader.php HTTP/1.1" 403 319 "-" "python-httpx/0.28.1"
180.242.129.178 - - [25/Aug/2026:19:33:28 +0000] "GET /wp-includes/certificates/Chitoge.php HTTP/1.1" 403 319 "-" "python-httpx/0.28.1"
180.242.129.178 - - [25/Aug/2026:19:33:31 +0000] "GET /jscript/tiny_mce/plugins/ajaxfilemanager/rk2.php HTTP/1.1" 403 319 "-" "python-httpx/0.28.1"
74.7.243.222 - - [25/Aug/2026:19:33:33 +0000] "GET /?shop/detail/Z25484240015.html HTTP/2.0" 403 307 "https://cellsonic.oxygenhealthsystems.com/?sitemap417.xml" "Mozilla/5.0 AppleWebKit/537.36 (KHTML, like Gecko; compatible; GPTBot/1.4; +https://openai.com/gptbot)"
180.242.129.178 - - [25/Aug/2026:19:33:34 +0000] "GET /wp-admin/css/colors/midnight/dVSukFBN.php HTTP/1.1" 403 319 "-" "python-httpx/0.28.1"
180.242.129.178 - - [25/Aug/2026:19:33:37 +0000] "GET /wp-content/plugins/ubh/up.php HTTP/1.1" 403 319 "-" "python-httpx/0.28.1"
180.242.129.178 - - [25/Aug/2026:19:33:40 +0000] "GET /vendor/graham-campbell/alfa-rex.php HTTP/1.1" 403 319 "-" "python-httpx/0.28.1"
66.249.75.3 - - [25/Aug/2026:19:33:41 +0000] "GET /shop/detail/U2547530227.html HTTP/1.1" 403 319 "-" "Mozilla/5.0 (compatible; Googlebot/2.1; +http://www.google.com/bot.html)"
180.242.129.178 - - [25/Aug/2026:19:33:43 +0000] "GET /ajax-actions.php HTTP/1.1" 403 319 "-" "python-httpx/0.28.1"
180.242.129.178 - - [25/Aug/2026:19:33:46 +0000] "GET /wp-includes/js/dist/script-modules/a11y/alfa-rex.php HTTP/1.1" 403 319 "-" "python-httpx/0.28.1"
66.249.75.3 - - [25/Aug/2026:19:33:47 +0000] "GET /shop/detail/O25512735925.html HTTP/1.1" 403 319 "-" "Mozilla/5.0 (Linux; Android 6.0.1; Nexus 5X Build/MMB29P) AppleWebKit/537.36 (KHTML, like Gecko) Chrome/151.0.7922.137 Mobile Safari/537.36 (compatible; GoogleOther)"
180.242.129.178 - - [25/Aug/2026:19:33:49 +0000] "GET /wp-includes/class-wp-recovery-mode-cookie-service.php HTTP/1.1" 403 319 "-" "python-httpx/0.28.1"
180.242.129.178 - - [25/Aug/2026:19:33:52 +0000] "GET /wso.php HTTP/1.1" 403 319 "-" "python-httpx/0.28.1"
74.7.243.222 - - [25/Aug/2026:19:33:53 +0000] "GET /?shop/detail/Z25515707935.html HTTP/2.0" 403 307 "https://cellsonic.oxygenhealthsystems.com/?sitemap417.xml" "Mozilla/5.0 AppleWebKit/537.36 (KHTML, like Gecko; compatible; GPTBot/1.4; +https://openai.com/gptbot)"
66.249.75.3 - - [25/Aug/2026:19:33:54 +0000] "GET /shop/detail/H25491947589.html HTTP/1.1" 403 319 "-" "Mozilla/5.0 (Linux; Android 6.0.1; Nexus 5X Build/MMB29P) AppleWebKit/537.36 (KHTML, like Gecko) Chrome/151.0.7922.137 Mobile Safari/537.36 (compatible; Googlebot/2.1; +http://www.google.com/bot.html)"
180.242.129.178 - - [25/Aug/2026:19:33:55 +0000] "GET /image/wp-22.php HTTP/1.1" 403 319 "-" "python-httpx/0.28.1"
180.242.129.178 - - [25/Aug/2026:19:33:59 +0000] "GET /m4r1ju4n4.php HTTP/1.1" 403 319 "-" "python-httpx/0.28.1"
180.242.129.178 - - [25/Aug/2026:19:34:01 +0000] "GET /wp-content/languages/pomo.php HTTP/1.1" 403 319 "-" "python-httpx/0.28.1"
180.242.129.178 - - [25/Aug/2026:19:34:05 +0000] "GET /wp-includes/admin-bar.php HTTP/1.1" 403 319 "-" "python-httpx/0.28.1"
180.242.129.178 - - [25/Aug/2026:19:34:07 +0000] "GET /wp-admin/images/wp-class.php HTTP/1.1" 403 319 "-" "python-httpx/0.28.1"
66.249.75.5 - - [25/Aug/2026:19:34:10 +0000] "GET /shop/detail/L2546434915.html HTTP/1.1" 403 319 "-" "Mozilla/5.0 (Linux; Android 6.0.1; Nexus 5X Build/MMB29P) AppleWebKit/537.36 (KHTML, like Gecko) Chrome/151.0.7922.137 Mobile Safari/537.36 (compatible; Googlebot/2.1; +http://www.google.com/bot.html)"
180.242.129.178 - - [25/Aug/2026:19:34:10 +0000] "GET /administrator/templates/hathor/index.php HTTP/1.1" 403 319 "-" "python-httpx/0.28.1"
66.249.75.5 - - [25/Aug/2026:19:34:11 +0000] "GET /shop/detail/E25491655985.html HTTP/1.1" 403 319 "-" "Mozilla/5.0 (Linux; Android 6.0.1; Nexus 5X Build/MMB29P) AppleWebKit/537.36 (KHTML, like Gecko) Chrome/151.0.7922.137 Mobile Safari/537.36 (compatible; Googlebot/2.1; +http://www.google.com/bot.html)"
180.242.129.178 - - [25/Aug/2026:19:34:13 +0000] "GET /wp-includes/assets/wp-login.php HTTP/1.1" 403 319 "-" "python-httpx/0.28.1"
74.7.243.222 - - [25/Aug/2026:19:34:15 +0000] "GET /?shop/detail/Z25463421526.html HTTP/2.0" 403 307 "https://cellsonic.oxygenhealthsystems.com/?sitemap792.xml" "Mozilla/5.0 AppleWebKit/537.36 (KHTML, like Gecko; compatible; GPTBot/1.4; +https://openai.com/gptbot)"
180.242.129.178 - - [25/Aug/2026:19:34:17 +0000] "GET /lol.php HTTP/1.1" 403 319 "-" "python-httpx/0.28.1"
180.242.129.178 - - [25/Aug/2026:19:34:20 +0000] "GET /doc/wp_project.php HTTP/1.1" 403 319 "-" "python-httpx/0.28.1"
180.242.129.178 - - [25/Aug/2026:19:34:23 +0000] "GET /wp-includes/V3.php HTTP/1.1" 403 319 "-" "python-httpx/0.28.1"
180.242.129.178 - - [25/Aug/2026:19:34:26 +0000] "GET /wp-content/plugins/wso.php HTTP/1.1" 403 319 "-" "python-httpx/0.28.1"
