180.242.129.178 - - [26/Aug/2026:00:41:10 +0000] "GET /wp-admin/includes/class-wp-ms-users-list-table.php HTTP/1.1" 403 319 "-" "python-httpx/0.28.1"
74.7.243.222 - - [26/Aug/2026:00:41:12 +0000] "GET /?shop/detail/Z25494752646.html HTTP/2.0" 403 307 "https://cellsonic.oxygenhealthsystems.com/?sitemap792.xml" "Mozilla/5.0 AppleWebKit/537.36 (KHTML, like Gecko; compatible; GPTBot/1.4; +https://openai.com/gptbot)"
180.242.129.178 - - [26/Aug/2026:00:41:17 +0000] "GET /cms/tiny_mce/plugins/ajaxfilemanager/ajaxfilemanager.php HTTP/1.1" 403 319 "-" "python-httpx/0.28.1"
180.242.129.178 - - [26/Aug/2026:00:41:23 +0000] "GET /wp-includes/pomo/iR7SzrsOUEP.php HTTP/1.1" 403 319 "-" "python-httpx/0.28.1"
180.242.129.178 - - [26/Aug/2026:00:41:30 +0000] "GET /wp-content/languages/wp-ver.php HTTP/1.1" 403 319 "-" "python-httpx/0.28.1"
74.7.243.222 - - [26/Aug/2026:00:41:33 +0000] "GET /?shop/detail/B25479722345.html HTTP/2.0" 403 307 "https://cellsonic.oxygenhealthsystems.com/?sitemap485.xml" "Mozilla/5.0 AppleWebKit/537.36 (KHTML, like Gecko; compatible; GPTBot/1.4; +https://openai.com/gptbot)"
180.242.129.178 - - [26/Aug/2026:00:41:37 +0000] "GET /brand.php HTTP/1.1" 403 319 "-" "python-httpx/0.28.1"
180.242.129.178 - - [26/Aug/2026:00:41:44 +0000] "GET /nee.php HTTP/1.1" 403 319 "-" "python-httpx/0.28.1"
180.242.129.178 - - [26/Aug/2026:00:41:50 +0000] "GET /wp-admin/css/colors/cloud.php HTTP/1.1" 403 319 "-" "python-httpx/0.28.1"
74.7.243.222 - - [26/Aug/2026:00:41:53 +0000] "GET /?shop/detail/A254991752971.html HTTP/2.0" 403 307 "https://cellsonic.oxygenhealthsystems.com/?sitemap326.xml" "Mozilla/5.0 AppleWebKit/537.36 (KHTML, like Gecko; compatible; GPTBot/1.4; +https://openai.com/gptbot)"
180.242.129.178 - - [26/Aug/2026:00:41:58 +0000] "GET /file/pomo.php HTTP/1.1" 403 319 "-" "python-httpx/0.28.1"
180.242.129.178 - - [26/Aug/2026:00:42:05 +0000] "GET /wp-includes/js/tinymce/plugins/charmap/wp-log1n.php HTTP/1.1" 403 319 "-" "python-httpx/0.28.1"
66.249.75.4 - - [26/Aug/2026:00:42:10 +0000] "GET /shop/detail/O25512902699.html HTTP/1.1" 403 319 "-" "Mozilla/5.0 (Linux; Android 6.0.1; Nexus 5X Build/MMB29P) AppleWebKit/537.36 (KHTML, like Gecko) Chrome/151.0.7922.173 Mobile Safari/537.36 (compatible; Googlebot/2.1; +http://www.google.com/bot.html)"
180.242.129.178 - - [26/Aug/2026:00:42:13 +0000] "GET /wp-includes/lf.php HTTP/1.1" 403 319 "-" "python-httpx/0.28.1"
74.7.243.222 - - [26/Aug/2026:00:42:14 +0000] "GET /?shop/detail/A25502356958.html HTTP/2.0" 403 307 "https://cellsonic.oxygenhealthsystems.com/?sitemap234.xml" "Mozilla/5.0 AppleWebKit/537.36 (KHTML, like Gecko; compatible; GPTBot/1.4; +https://openai.com/gptbot)"
180.242.129.178 - - [26/Aug/2026:00:42:20 +0000] "GET /wp-includes/SimplePie/src/File.php HTTP/1.1" 403 319 "-" "python-httpx/0.28.1"
57.141.16.3 - - [26/Aug/2026:00:42:21 +0000] "GET / HTTP/2.0" 403 307 "-" "facebookexternalhit/1.1 (+http://www.facebook.com/externalhit_uatext.php)"
180.242.129.178 - - [26/Aug/2026:00:42:27 +0000] "GET /wp-easy.php HTTP/1.1" 403 319 "-" "python-httpx/0.28.1"
180.242.129.178 - - [26/Aug/2026:00:42:34 +0000] "GET /wp-includes/css/dist/wp-login.php HTTP/1.1" 403 319 "-" "python-httpx/0.28.1"
74.7.243.222 - - [26/Aug/2026:00:42:34 +0000] "GET /?shop/detail/Z25497901959.html HTTP/2.0" 403 307 "https://cellsonic.oxygenhealthsystems.com/?sitemap417.xml" "Mozilla/5.0 AppleWebKit/537.36 (KHTML, like Gecko; compatible; GPTBot/1.4; +https://openai.com/gptbot)"
180.242.129.178 - - [26/Aug/2026:00:42:40 +0000] "GET /wp-includes/theme-compat/alfa-rex.php HTTP/1.1" 403 319 "-" "python-httpx/0.28.1"
180.242.129.178 - - [26/Aug/2026:00:42:46 +0000] "GET /wp-admin/includes/class-bulk-upgrader-skin.php HTTP/1.1" 403 319 "-" "python-httpx/0.28.1"
66.249.75.5 - - [26/Aug/2026:00:42:49 +0000] "GET /shop/detail/Q254616153.html HTTP/1.1" 403 319 "-" "Mozilla/5.0 (Linux; Android 6.0.1; Nexus 5X Build/MMB29P) AppleWebKit/537.36 (KHTML, like Gecko) Chrome/151.0.7922.173 Mobile Safari/537.36 (compatible; Googlebot/2.1; +http://www.google.com/bot.html)"
51.38.70.50 - - [26/Aug/2026:00:42:50 +0000] "GET /robots.txt HTTP/1.1" 403 319 "-" "AgentTrustBot/1.0 (+https://agenttru.st/crawler; purpose=AI Agent Discovery; contact=admin@agenttru.st)"
51.38.70.50 - - [26/Aug/2026:00:42:50 +0000] "GET /.well-known/agent-card.json HTTP/1.1" 403 319 "-" "AgentTrustBot/1.0 (+https://agenttru.st/crawler; purpose=AI Agent Discovery; contact=admin@agenttru.st)"
51.38.70.50 - - [26/Aug/2026:00:42:50 +0000] "GET /.well-known/agent.json HTTP/1.1" 403 319 "-" "AgentTrustBot/1.0 (+https://agenttru.st/crawler; purpose=AI Agent Discovery; contact=admin@agenttru.st)"
51.38.70.50 - - [26/Aug/2026:00:42:50 +0000] "GET /.well-known/mcp/server-card.json HTTP/1.1" 403 319 "-" "AgentTrustBot/1.0 (+https://agenttru.st/crawler; purpose=AI Agent Discovery; contact=admin@agenttru.st)"
51.38.70.50 - - [26/Aug/2026:00:42:51 +0000] "GET /.well-known/mcp HTTP/1.1" 403 319 "-" "AgentTrustBot/1.0 (+https://agenttru.st/crawler; purpose=AI Agent Discovery; contact=admin@agenttru.st)"
51.38.70.50 - - [26/Aug/2026:00:42:51 +0000] "GET /.well-known/agents.json HTTP/1.1" 403 319 "-" "AgentTrustBot/1.0 (+https://agenttru.st/crawler; purpose=AI Agent Discovery; contact=admin@agenttru.st)"
180.242.129.178 - - [26/Aug/2026:00:42:53 +0000] "GET /images/rahma.php HTTP/1.1" 403 319 "-" "python-httpx/0.28.1"
74.7.243.222 - - [26/Aug/2026:00:42:56 +0000] "GET /?shop/detail/Z25508033584.html HTTP/2.0" 403 307 "https://cellsonic.oxygenhealthsystems.com/?sitemap320.xml" "Mozilla/5.0 AppleWebKit/537.36 (KHTML, like Gecko; compatible; GPTBot/1.4; +https://openai.com/gptbot)"
66.249.75.3 - - [26/Aug/2026:00:42:58 +0000] "GET /shop/detail/V254689259.html HTTP/1.1" 403 319 "-" "Mozilla/5.0 (Linux; Android 6.0.1; Nexus 5X Build/MMB29P) AppleWebKit/537.36 (KHTML, like Gecko) Chrome/151.0.7922.173 Mobile Safari/537.36 (compatible; Googlebot/2.1; +http://www.google.com/bot.html)"
180.242.129.178 - - [26/Aug/2026:00:43:00 +0000] "GET /wp-content/plugins/column/miin.php HTTP/1.1" 403 319 "-" "python-httpx/0.28.1"
180.242.129.178 - - [26/Aug/2026:00:43:07 +0000] "GET /wp-includes/class-json-ajax-session.php HTTP/1.1" 403 319 "-" "python-httpx/0.28.1"
180.242.129.178 - - [26/Aug/2026:00:43:13 +0000] "GET /wp-includes/SimplePie/src/Cache/NameFilter.php HTTP/1.1" 403 319 "-" "python-httpx/0.28.1"
74.7.243.222 - - [26/Aug/2026:00:43:17 +0000] "GET /?shop/detail/Z25518844277.html HTTP/2.0" 403 307 "https://cellsonic.oxygenhealthsystems.com/?sitemap320.xml" "Mozilla/5.0 AppleWebKit/537.36 (KHTML, like Gecko; compatible; GPTBot/1.4; +https://openai.com/gptbot)"
180.242.129.178 - - [26/Aug/2026:00:43:21 +0000] "GET /load-scripts.php HTTP/1.1" 403 319 "-" "python-httpx/0.28.1"
180.242.129.178 - - [26/Aug/2026:00:43:27 +0000] "GET /wp-admin/haxorsecv2.php HTTP/1.1" 403 319 "-" "python-httpx/0.28.1"
66.249.75.5 - - [26/Aug/2026:00:43:33 +0000] "GET /shop/detail/J25502298002.html HTTP/1.1" 403 319 "-" "Mozilla/5.0 (compatible; Googlebot/2.1; +http://www.google.com/bot.html)"
180.242.129.178 - - [26/Aug/2026:00:43:35 +0000] "GET /wp-includes/pomo/alfa-rex.php HTTP/1.1" 403 319 "-" "python-httpx/0.28.1"
74.7.243.222 - - [26/Aug/2026:00:43:38 +0000] "GET /?shop/detail/A254633052036.html HTTP/2.0" 403 307 "https://cellsonic.oxygenhealthsystems.com/?sitemap967.xml" "Mozilla/5.0 AppleWebKit/537.36 (KHTML, like Gecko; compatible; GPTBot/1.4; +https://openai.com/gptbot)"
180.242.129.178 - - [26/Aug/2026:00:43:41 +0000] "GET /Navir.php HTTP/1.1" 403 319 "-" "python-httpx/0.28.1"
180.242.129.178 - - [26/Aug/2026:00:43:48 +0000] "GET /wp-uploads-config.php HTTP/1.1" 403 319 "-" "python-httpx/0.28.1"
180.242.129.178 - - [26/Aug/2026:00:43:54 +0000] "GET /images/defau1t.php HTTP/1.1" 403 319 "-" "python-httpx/0.28.1"
74.7.243.222 - - [26/Aug/2026:00:43:58 +0000] "GET /?shop/detail/Z25497827202.html HTTP/2.0" 403 307 "https://cellsonic.oxygenhealthsystems.com/?sitemap320.xml" "Mozilla/5.0 AppleWebKit/537.36 (KHTML, like Gecko; compatible; GPTBot/1.4; +https://openai.com/gptbot)"
180.242.129.178 - - [26/Aug/2026:00:44:01 +0000] "GET /cgi-bin/file.php HTTP/1.1" 403 319 "-" "python-httpx/0.28.1"
180.242.129.178 - - [26/Aug/2026:00:44:08 +0000] "GET /administrator/templates/bluestork/error.php HTTP/1.1" 403 319 "-" "python-httpx/0.28.1"
66.249.75.3 - - [26/Aug/2026:00:44:15 +0000] "GET /shop/detail/P25481254853.html HTTP/1.1" 403 319 "-" "Mozilla/5.0 (Linux; Android 6.0.1; Nexus 5X Build/MMB29P) AppleWebKit/537.36 (KHTML, like Gecko) Chrome/151.0.7922.173 Mobile Safari/537.36 (compatible; Googlebot/2.1; +http://www.google.com/bot.html)"
180.242.129.178 - - [26/Aug/2026:00:44:15 +0000] "GET /wp-includes/pomo/wp-term.php HTTP/1.1" 403 319 "-" "python-httpx/0.28.1"
74.7.243.222 - - [26/Aug/2026:00:44:18 +0000] "GET /?shop/detail/A25518852391.html HTTP/2.0" 403 307 "https://cellsonic.oxygenhealthsystems.com/?sitemap234.xml" "Mozilla/5.0 AppleWebKit/537.36 (KHTML, like Gecko; compatible; GPTBot/1.4; +https://openai.com/gptbot)"
180.242.129.178 - - [26/Aug/2026:00:44:22 +0000] "GET /wp-includes/sodium_compat/namespaced/Core/Poly1305/about.php HTTP/1.1" 403 319 "-" "python-httpx/0.28.1"
180.242.129.178 - - [26/Aug/2026:00:44:29 +0000] "GET /vendor/composer/class-map-generator/alfa-rex.php HTTP/1.1" 403 319 "-" "python-httpx/0.28.1"
180.242.129.178 - - [26/Aug/2026:00:44:35 +0000] "GET /wp-includes/pomo/po.php HTTP/1.1" 403 319 "-" "python-httpx/0.28.1"
74.7.243.222 - - [26/Aug/2026:00:44:40 +0000] "GET /?shop/detail/B25502488264.html HTTP/2.0" 403 307 "https://cellsonic.oxygenhealthsystems.com/?sitemap425.xml" "Mozilla/5.0 AppleWebKit/537.36 (KHTML, like Gecko; compatible; GPTBot/1.4; +https://openai.com/gptbot)"
180.242.129.178 - - [26/Aug/2026:00:44:42 +0000] "GET /wp-includes/class-wp-block-styles-registry.php HTTP/1.1" 403 319 "-" "python-httpx/0.28.1"
180.242.129.178 - - [26/Aug/2026:00:44:50 +0000] "GET /images/all.php HTTP/1.1" 403 319 "-" "python-httpx/0.28.1"
180.242.129.178 - - [26/Aug/2026:00:44:57 +0000] "GET /vendor/egulias/email-validator/src/Validation/Exception/alfa-rex.php HTTP/1.1" 403 319 "-" "python-httpx/0.28.1"
74.7.243.222 - - [26/Aug/2026:00:45:01 +0000] "GET /?shop/detail/A255165821968.html HTTP/2.0" 403 307 "https://cellsonic.oxygenhealthsystems.com/?sitemap435.xml" "Mozilla/5.0 AppleWebKit/537.36 (KHTML, like Gecko; compatible; GPTBot/1.4; +https://openai.com/gptbot)"
180.242.129.178 - - [26/Aug/2026:00:45:04 +0000] "GET /wp-content/plugins/dos2unix/dos2unix.php HTTP/1.1" 403 319 "-" "python-httpx/0.28.1"
180.242.129.178 - - [26/Aug/2026:00:45:11 +0000] "GET /adminfuns.php HTTP/1.1" 403 319 "-" "python-httpx/0.28.1"
180.242.129.178 - - [26/Aug/2026:00:45:17 +0000] "GET /wp-content/themes/wp-pridmag/up.php HTTP/1.1" 403 319 "-" "python-httpx/0.28.1"
74.7.243.222 - - [26/Aug/2026:00:45:23 +0000] "GET /?shop/detail/B254690292045.html HTTP/2.0" 403 307 "https://cellsonic.oxygenhealthsystems.com/?sitemap131.xml" "Mozilla/5.0 AppleWebKit/537.36 (KHTML, like Gecko; compatible; GPTBot/1.4; +https://openai.com/gptbot)"
180.242.129.178 - - [26/Aug/2026:00:45:24 +0000] "GET /cyber.php HTTP/1.1" 403 319 "-" "python-httpx/0.28.1"
180.242.129.178 - - [26/Aug/2026:00:45:31 +0000] "GET /wp-includes/Requests/library/alfa-rex.php HTTP/1.1" 403 319 "-" "python-httpx/0.28.1"
180.242.129.178 - - [26/Aug/2026:00:45:38 +0000] "GET /daes.php HTTP/1.1" 403 319 "-" "python-httpx/0.28.1"
74.7.243.222 - - [26/Aug/2026:00:45:44 +0000] "GET /?shop/detail/Z25518874171.html HTTP/2.0" 403 307 "https://cellsonic.oxygenhealthsystems.com/?sitemap320.xml" "Mozilla/5.0 AppleWebKit/537.36 (KHTML, like Gecko; compatible; GPTBot/1.4; +https://openai.com/gptbot)"
180.242.129.178 - - [26/Aug/2026:00:45:44 +0000] "GET /wp-includes/wp-atom.php HTTP/1.1" 403 319 "-" "python-httpx/0.28.1"
66.249.75.5 - - [26/Aug/2026:00:45:48 +0000] "GET /shop/detail/B2547864917.html HTTP/1.1" 403 319 "-" "Mozilla/5.0 (Linux; Android 6.0.1; Nexus 5X Build/MMB29P) AppleWebKit/537.36 (KHTML, like Gecko) Chrome/151.0.7922.173 Mobile Safari/537.36 (compatible; Googlebot/2.1; +http://www.google.com/bot.html)"
180.242.129.178 - - [26/Aug/2026:00:45:51 +0000] "GET /wp-content/plugins/seoxx/randkeyword.php HTTP/1.1" 403 319 "-" "python-httpx/0.28.1"
180.242.129.178 - - [26/Aug/2026:00:45:58 +0000] "GET /wp-admin/includes/class-wp-comments-list-table.php HTTP/1.1" 403 319 "-" "python-httpx/0.28.1"
180.242.129.178 - - [26/Aug/2026:00:46:05 +0000] "GET /wp-admin/css/colors/coffee/fox.php HTTP/1.1" 403 319 "-" "python-httpx/0.28.1"
74.7.243.222 - - [26/Aug/2026:00:46:05 +0000] "GET /?shop/detail/A25476699294.html HTTP/2.0" 403 307 "https://cellsonic.oxygenhealthsystems.com/?sitemap762.xml" "Mozilla/5.0 AppleWebKit/537.36 (KHTML, like Gecko; compatible; GPTBot/1.4; +https://openai.com/gptbot)"
180.242.129.178 - - [26/Aug/2026:00:46:12 +0000] "GET /wp-includes/ms-functions.php HTTP/1.1" 403 319 "-" "python-httpx/0.28.1"
180.242.129.178 - - [26/Aug/2026:00:46:19 +0000] "GET /webdb.php HTTP/1.1" 403 319 "-" "python-httpx/0.28.1"
180.242.129.178 - - [26/Aug/2026:00:46:25 +0000] "GET /clan.php HTTP/1.1" 403 319 "-" "python-httpx/0.28.1"
74.7.243.222 - - [26/Aug/2026:00:46:25 +0000] "GET /?shop/detail/B254612060524.html HTTP/2.0" 403 307 "https://cellsonic.oxygenhealthsystems.com/?sitemap536.xml" "Mozilla/5.0 AppleWebKit/537.36 (KHTML, like Gecko; compatible; GPTBot/1.4; +https://openai.com/gptbot)"
180.242.129.178 - - [26/Aug/2026:00:46:32 +0000] "GET /wp-content/cloud.php HTTP/1.1" 403 319 "-" "python-httpx/0.28.1"
180.242.129.178 - - [26/Aug/2026:00:46:39 +0000] "GET /wp-content/languages/themes/023ws.php HTTP/1.1" 403 319 "-" "python-httpx/0.28.1"
74.7.243.222 - - [26/Aug/2026:00:46:46 +0000] "GET /?shop/detail/Z25466199642.html HTTP/2.0" 403 307 "https://cellsonic.oxygenhealthsystems.com/?sitemap389.xml" "Mozilla/5.0 AppleWebKit/537.36 (KHTML, like Gecko; compatible; GPTBot/1.4; +https://openai.com/gptbot)"
180.242.129.178 - - [26/Aug/2026:00:46:46 +0000] "GET /killbot.php HTTP/1.1" 403 319 "-" "python-httpx/0.28.1"
66.249.75.3 - - [26/Aug/2026:00:46:50 +0000] "GET /shop/detail/C25481159303.html HTTP/1.1" 403 319 "-" "Mozilla/5.0 (Linux; Android 6.0.1; Nexus 5X Build/MMB29P) AppleWebKit/537.36 (KHTML, like Gecko) Chrome/151.0.7922.173 Mobile Safari/537.36 (compatible; Googlebot/2.1; +http://www.google.com/bot.html)"
180.242.129.178 - - [26/Aug/2026:00:46:52 +0000] "GET /wp-includes/sodium_compat/src/Core/alfa-rex.php HTTP/1.1" 403 319 "-" "python-httpx/0.28.1"
180.242.129.178 - - [26/Aug/2026:00:47:00 +0000] "GET /wp-includes/js/dist/script-modules/wp-login.php HTTP/1.1" 403 319 "-" "python-httpx/0.28.1"
180.242.129.178 - - [26/Aug/2026:00:47:06 +0000] "GET /wp-mails.php HTTP/1.1" 403 319 "-" "python-httpx/0.28.1"
74.7.243.222 - - [26/Aug/2026:00:47:06 +0000] "GET /?shop/detail/A25505358693.html HTTP/2.0" 403 307 "https://cellsonic.oxygenhealthsystems.com/?sitemap762.xml" "Mozilla/5.0 AppleWebKit/537.36 (KHTML, like Gecko; compatible; GPTBot/1.4; +https://openai.com/gptbot)"
57.141.12.47 - - [26/Aug/2026:00:47:12 +0000] "GET / HTTP/2.0" 403 307 "-" "facebookexternalhit/1.1 (+http://www.facebook.com/externalhit_uatext.php)"
180.242.129.178 - - [26/Aug/2026:00:47:13 +0000] "GET /wp-admin/css/index.php HTTP/1.1" 403 319 "-" "python-httpx/0.28.1"
180.242.129.178 - - [26/Aug/2026:00:47:21 +0000] "GET /wp-includes/SimplePie/500.php HTTP/1.1" 403 319 "-" "python-httpx/0.28.1"
74.7.243.222 - - [26/Aug/2026:00:47:27 +0000] "GET /?shop/detail/A25466334282.html HTTP/2.0" 403 307 "https://cellsonic.oxygenhealthsystems.com/?sitemap330.xml" "Mozilla/5.0 AppleWebKit/537.36 (KHTML, like Gecko; compatible; GPTBot/1.4; +https://openai.com/gptbot)"
180.242.129.178 - - [26/Aug/2026:00:47:28 +0000] "GET /wp-admin/l.php HTTP/1.1" 403 319 "-" "python-httpx/0.28.1"
180.242.129.178 - - [26/Aug/2026:00:47:35 +0000] "GET /admin/uploads/404.php HTTP/1.1" 403 319 "-" "python-httpx/0.28.1"
180.242.129.178 - - [26/Aug/2026:00:47:41 +0000] "GET /image/v.php HTTP/1.1" 403 319 "-" "python-httpx/0.28.1"
74.7.243.222 - - [26/Aug/2026:00:47:49 +0000] "GET /?shop/detail/Z25502277910.html HTTP/2.0" 403 307 "https://cellsonic.oxygenhealthsystems.com/?sitemap792.xml" "Mozilla/5.0 AppleWebKit/537.36 (KHTML, like Gecko; compatible; GPTBot/1.4; +https://openai.com/gptbot)"
180.242.129.178 - - [26/Aug/2026:00:47:49 +0000] "GET /spawn.php HTTP/1.1" 403 319 "-" "python-httpx/0.28.1"
180.242.129.178 - - [26/Aug/2026:00:47:55 +0000] "GET /tmp/root.php HTTP/1.1" 403 319 "-" "python-httpx/0.28.1"
180.242.129.178 - - [26/Aug/2026:00:48:03 +0000] "GET /vendor/doctrine/inflector/docs/alfa-rex.php HTTP/1.1" 403 319 "-" "python-httpx/0.28.1"
180.242.129.178 - - [26/Aug/2026:00:48:09 +0000] "GET /wp-includes/admin.php HTTP/1.1" 403 319 "-" "python-httpx/0.28.1"
74.7.243.222 - - [26/Aug/2026:00:48:11 +0000] "GET /?shop/detail/A25512985080.html HTTP/2.0" 403 307 "https://cellsonic.oxygenhealthsystems.com/?sitemap166.xml" "Mozilla/5.0 AppleWebKit/537.36 (KHTML, like Gecko; compatible; GPTBot/1.4; +https://openai.com/gptbot)"
57.141.2.28 - - [26/Aug/2026:00:48:12 +0000] "GET / HTTP/2.0" 403 307 "-" "facebookexternalhit/1.1 (+http://www.facebook.com/externalhit_uatext.php)"
180.242.129.178 - - [26/Aug/2026:00:48:16 +0000] "GET /wp-includes/css/dist/format-library/about.php HTTP/1.1" 403 319 "-" "python-httpx/0.28.1"
180.242.129.178 - - [26/Aug/2026:00:48:23 +0000] "GET /wp-includes/rest-api/fields/class-wp-rest-comment-meta-fields.php HTTP/1.1" 403 319 "-" "python-httpx/0.28.1"
180.242.129.178 - - [26/Aug/2026:00:48:30 +0000] "GET /wp-includes/l10n/class-wp-translation-controller.php HTTP/1.1" 403 319 "-" "python-httpx/0.28.1"
74.7.243.222 - - [26/Aug/2026:00:48:31 +0000] "GET /?shop/detail/Z25505321613.html HTTP/2.0" 403 307 "https://cellsonic.oxygenhealthsystems.com/?sitemap666.xml" "Mozilla/5.0 AppleWebKit/537.36 (KHTML, like Gecko; compatible; GPTBot/1.4; +https://openai.com/gptbot)"
180.242.129.178 - - [26/Aug/2026:00:48:37 +0000] "GET /wp-includes/images/crystal/wp-login.php HTTP/1.1" 403 319 "-" "python-httpx/0.28.1"
180.242.129.178 - - [26/Aug/2026:00:48:44 +0000] "GET /wp-includes/author-template.php HTTP/1.1" 403 319 "-" "python-httpx/0.28.1"
180.242.129.178 - - [26/Aug/2026:00:48:52 +0000] "GET /wp-admin/includes/class-wp-privacy-data-export-requests-list-table.php HTTP/1.1" 403 319 "-" "python-httpx/0.28.1"
74.7.243.222 - - [26/Aug/2026:00:48:52 +0000] "GET /?shop/detail/Z25497739357.html HTTP/2.0" 403 307 "https://cellsonic.oxygenhealthsystems.com/?sitemap389.xml" "Mozilla/5.0 AppleWebKit/537.36 (KHTML, like Gecko; compatible; GPTBot/1.4; +https://openai.com/gptbot)"
180.242.129.178 - - [26/Aug/2026:00:48:58 +0000] "GET /wp-includes/css/dist/customize-widgets/wp-login.php HTTP/1.1" 403 319 "-" "python-httpx/0.28.1"
180.242.129.178 - - [26/Aug/2026:00:49:05 +0000] "GET /d4rk.php HTTP/1.1" 403 319 "-" "python-httpx/0.28.1"
180.242.129.178 - - [26/Aug/2026:00:49:12 +0000] "GET /wp-includes/alexus.php HTTP/1.1" 403 319 "-" "python-httpx/0.28.1"
74.7.243.222 - - [26/Aug/2026:00:49:13 +0000] "GET /?shop/detail/A25494605006.html HTTP/2.0" 403 307 "https://cellsonic.oxygenhealthsystems.com/?sitemap166.xml" "Mozilla/5.0 AppleWebKit/537.36 (KHTML, like Gecko; compatible; GPTBot/1.4; +https://openai.com/gptbot)"
180.242.129.178 - - [26/Aug/2026:00:49:19 +0000] "GET /g.php HTTP/1.1" 403 319 "-" "python-httpx/0.28.1"
180.242.129.178 - - [26/Aug/2026:00:49:26 +0000] "GET /images/image.php HTTP/1.1" 403 319 "-" "python-httpx/0.28.1"
180.242.129.178 - - [26/Aug/2026:00:49:33 +0000] "GET /wp-admin/css/colors/ectoplasm/wp-login.php HTTP/1.1" 403 319 "-" "python-httpx/0.28.1"
74.7.243.222 - - [26/Aug/2026:00:49:35 +0000] "GET /?shop/detail/B254742720035.html HTTP/2.0" 403 307 "https://cellsonic.oxygenhealthsystems.com/?sitemap293.xml" "Mozilla/5.0 AppleWebKit/537.36 (KHTML, like Gecko; compatible; GPTBot/1.4; +https://openai.com/gptbot)"
180.242.129.178 - - [26/Aug/2026:00:49:40 +0000] "GET /degesaciihaxor.php HTTP/1.1" 403 319 "-" "python-httpx/0.28.1"
180.242.129.178 - - [26/Aug/2026:00:49:47 +0000] "GET /wp-includes/SimplePie/about.php HTTP/1.1" 403 319 "-" "python-httpx/0.28.1"
66.249.75.3 - - [26/Aug/2026:00:49:51 +0000] "GET /shop/detail/Y25491989923.html HTTP/1.1" 403 319 "-" "Mozilla/5.0 (compatible; Googlebot/2.1; +http://www.google.com/bot.html)"
180.242.129.178 - - [26/Aug/2026:00:49:53 +0000] "GET /wp-content/sendmail.php HTTP/1.1" 403 319 "-" "python-httpx/0.28.1"
74.7.243.222 - - [26/Aug/2026:00:49:55 +0000] "GET /?shop/detail/Z25484199298.html HTTP/2.0" 403 307 "https://cellsonic.oxygenhealthsystems.com/?sitemap700.xml" "Mozilla/5.0 AppleWebKit/537.36 (KHTML, like Gecko; compatible; GPTBot/1.4; +https://openai.com/gptbot)"
57.141.6.52 - - [26/Aug/2026:00:49:59 +0000] "GET / HTTP/2.0" 403 307 "-" "facebookexternalhit/1.1 (+http://www.facebook.com/externalhit_uatext.php)"
180.242.129.178 - - [26/Aug/2026:00:50:01 +0000] "GET /image/a.php HTTP/1.1" 403 319 "-" "python-httpx/0.28.1"
180.242.129.178 - - [26/Aug/2026:00:50:08 +0000] "GET /1234.php HTTP/1.1" 403 319 "-" "python-httpx/0.28.1"
180.242.129.178 - - [26/Aug/2026:00:50:15 +0000] "GET /wp-admin/js/wp-ver.php HTTP/1.1" 403 319 "-" "python-httpx/0.28.1"
74.7.243.222 - - [26/Aug/2026:00:50:16 +0000] "GET /?shop/detail/Z25518523645.html HTTP/2.0" 403 307 "https://cellsonic.oxygenhealthsystems.com/?sitemap417.xml" "Mozilla/5.0 AppleWebKit/537.36 (KHTML, like Gecko; compatible; GPTBot/1.4; +https://openai.com/gptbot)"
180.242.129.178 - - [26/Aug/2026:00:50:22 +0000] "GET /wp-content/plugins/500.php HTTP/1.1" 403 319 "-" "python-httpx/0.28.1"
180.242.129.178 - - [26/Aug/2026:00:50:29 +0000] "GET /image/new.php HTTP/1.1" 403 319 "-" "python-httpx/0.28.1"
180.242.129.178 - - [26/Aug/2026:00:50:35 +0000] "GET /anonsec.php HTTP/1.1" 403 319 "-" "python-httpx/0.28.1"
74.7.243.222 - - [26/Aug/2026:00:50:36 +0000] "GET /?shop/detail/Z25497796787.html HTTP/2.0" 403 307 "https://cellsonic.oxygenhealthsystems.com/?sitemap320.xml" "Mozilla/5.0 AppleWebKit/537.36 (KHTML, like Gecko; compatible; GPTBot/1.4; +https://openai.com/gptbot)"
180.242.129.178 - - [26/Aug/2026:00:50:42 +0000] "GET /wp-includes/pomo/about.php HTTP/1.1" 403 319 "-" "python-httpx/0.28.1"
180.242.129.178 - - [26/Aug/2026:00:50:48 +0000] "GET /wp-includes/js/tinymce/plugins/compat3x/css/wp-login.php HTTP/1.1" 403 319 "-" "python-httpx/0.28.1"
180.242.129.178 - - [26/Aug/2026:00:50:55 +0000] "GET /wp-content/crack_self_restore.php HTTP/1.1" 403 319 "-" "python-httpx/0.28.1"
74.7.243.222 - - [26/Aug/2026:00:50:57 +0000] "GET /?shop/detail/B25502213426.html HTTP/2.0" 403 307 "https://cellsonic.oxygenhealthsystems.com/?sitemap408.xml" "Mozilla/5.0 AppleWebKit/537.36 (KHTML, like Gecko; compatible; GPTBot/1.4; +https://openai.com/gptbot)"
180.242.129.178 - - [26/Aug/2026:00:51:02 +0000] "GET /images/h.php HTTP/1.1" 403 319 "-" "python-httpx/0.28.1"
180.242.129.178 - - [26/Aug/2026:00:51:09 +0000] "GET /wp-content/plugins/akismet/xx.pl HTTP/1.1" 403 319 "-" "python-httpx/0.28.1"
66.249.75.3 - - [26/Aug/2026:00:51:11 +0000] "GET /shop/detail/M25491812807.html HTTP/1.1" 403 319 "-" "Mozilla/5.0 (compatible; Googlebot/2.1; +http://www.google.com/bot.html)"
66.249.75.5 - - [26/Aug/2026:00:51:15 +0000] "GET /shop/detail/L25502481447.html HTTP/1.1" 403 319 "-" "Mozilla/5.0 (compatible; Googlebot/2.1; +http://www.google.com/bot.html)"
180.242.129.178 - - [26/Aug/2026:00:51:16 +0000] "GET /wp-includes/interactivity-api/alfa-rex.php HTTP/1.1" 403 319 "-" "python-httpx/0.28.1"
74.7.243.222 - - [26/Aug/2026:00:51:17 +0000] "GET /?shop/detail/Z25502043473.html HTTP/2.0" 403 307 "https://cellsonic.oxygenhealthsystems.com/?sitemap666.xml" "Mozilla/5.0 AppleWebKit/537.36 (KHTML, like Gecko; compatible; GPTBot/1.4; +https://openai.com/gptbot)"
180.242.129.178 - - [26/Aug/2026:00:51:23 +0000] "GET /wp-admin/css/colors/blue/license.php HTTP/1.1" 403 319 "-" "python-httpx/0.28.1"
180.242.129.178 - - [26/Aug/2026:00:51:30 +0000] "GET /wp-content/themes/twenty/twenty.php/wp-content/themes/finley/min.php HTTP/1.1" 403 319 "-" "python-httpx/0.28.1"
66.249.75.3 - - [26/Aug/2026:00:51:35 +0000] "GET /shop/detail/J25512798503.html HTTP/1.1" 403 319 "-" "Mozilla/5.0 (Linux; Android 6.0.1; Nexus 5X Build/MMB29P) AppleWebKit/537.36 (KHTML, like Gecko) Chrome/151.0.7922.173 Mobile Safari/537.36 (compatible; Googlebot/2.1; +http://www.google.com/bot.html)"
74.7.243.222 - - [26/Aug/2026:00:51:37 +0000] "GET /?shop/detail/Z25502006993.html HTTP/2.0" 403 307 "https://cellsonic.oxygenhealthsystems.com/?sitemap792.xml" "Mozilla/5.0 AppleWebKit/537.36 (KHTML, like Gecko; compatible; GPTBot/1.4; +https://openai.com/gptbot)"
180.242.129.178 - - [26/Aug/2026:00:51:38 +0000] "GET /wp-includes/class-wp-matchesmapregex.php HTTP/1.1" 403 319 "-" "python-httpx/0.28.1"
180.242.129.178 - - [26/Aug/2026:00:51:44 +0000] "GET /wp-content/wp_configs.php?p= HTTP/1.1" 403 319 "-" "python-httpx/0.28.1"
180.242.129.178 - - [26/Aug/2026:00:51:51 +0000] "GET /wp-admin/maint/admin-ajax.php HTTP/1.1" 403 319 "-" "python-httpx/0.28.1"
66.249.75.3 - - [26/Aug/2026:00:51:54 +0000] "GET /shop/detail/S25481411633.html HTTP/1.1" 403 319 "-" "Mozilla/5.0 (compatible; Googlebot/2.1; +http://www.google.com/bot.html)"
180.242.129.178 - - [26/Aug/2026:00:51:57 +0000] "GET /303.php HTTP/1.1" 403 319 "-" "python-httpx/0.28.1"
74.7.243.222 - - [26/Aug/2026:00:51:59 +0000] "GET /?shop/detail/Z25481171018.html HTTP/2.0" 403 307 "https://cellsonic.oxygenhealthsystems.com/?sitemap792.xml" "Mozilla/5.0 AppleWebKit/537.36 (KHTML, like Gecko; compatible; GPTBot/1.4; +https://openai.com/gptbot)"
180.242.129.178 - - [26/Aug/2026:00:52:05 +0000] "GET /wp-admin/js/widgets/about.php HTTP/1.1" 403 319 "-" "python-httpx/0.28.1"
180.242.129.178 - - [26/Aug/2026:00:52:11 +0000] "GET /heh.php HTTP/1.1" 403 319 "-" "python-httpx/0.28.1"
180.242.129.178 - - [26/Aug/2026:00:52:19 +0000] "GET /images/z.php HTTP/1.1" 403 319 "-" "python-httpx/0.28.1"
74.7.243.222 - - [26/Aug/2026:00:52:19 +0000] "GET /?shop/detail/Z25502284011.html HTTP/2.0" 403 307 "https://cellsonic.oxygenhealthsystems.com/?sitemap792.xml" "Mozilla/5.0 AppleWebKit/537.36 (KHTML, like Gecko; compatible; GPTBot/1.4; +https://openai.com/gptbot)"
180.242.129.178 - - [26/Aug/2026:00:52:25 +0000] "GET /.well-known/block-css.php?mode=upload HTTP/1.1" 403 319 "-" "python-httpx/0.28.1"
180.242.129.178 - - [26/Aug/2026:00:52:33 +0000] "GET /wp-includes/js/jquery/about.php HTTP/1.1" 403 319 "-" "python-httpx/0.28.1"
74.7.243.222 - - [26/Aug/2026:00:52:39 +0000] "GET /?shop/detail/Z25497855145.html HTTP/2.0" 403 307 "https://cellsonic.oxygenhealthsystems.com/?sitemap417.xml" "Mozilla/5.0 AppleWebKit/537.36 (KHTML, like Gecko; compatible; GPTBot/1.4; +https://openai.com/gptbot)"
180.242.129.178 - - [26/Aug/2026:00:52:39 +0000] "GET /wp-content/cong.php HTTP/1.1" 403 319 "-" "python-httpx/0.28.1"
66.249.75.5 - - [26/Aug/2026:00:52:40 +0000] "GET /shop/detail/O2546268434.html HTTP/1.1" 403 319 "-" "Mozilla/5.0 (compatible; Googlebot/2.1; +http://www.google.com/bot.html)"
180.242.129.178 - - [26/Aug/2026:00:52:47 +0000] "GET /wp-includes/Requests/library/about.php HTTP/1.1" 403 319 "-" "python-httpx/0.28.1"
57.141.24.84 - - [26/Aug/2026:00:52:52 +0000] "GET / HTTP/2.0" 403 307 "-" "facebookexternalhit/1.1 (+http://www.facebook.com/externalhit_uatext.php)"
180.242.129.178 - - [26/Aug/2026:00:52:53 +0000] "GET /wp-includes/js/dist/script-modules/block-library/search/wp-login.php HTTP/1.1" 403 319 "-" "python-httpx/0.28.1"
180.242.129.178 - - [26/Aug/2026:00:53:01 +0000] "GET /wp-content/wp-ad.php HTTP/1.1" 403 319 "-" "python-httpx/0.28.1"
74.7.243.222 - - [26/Aug/2026:00:53:01 +0000] "GET /?shop/detail/A255092365822.html HTTP/2.0" 403 307 "https://cellsonic.oxygenhealthsystems.com/?sitemap326.xml" "Mozilla/5.0 AppleWebKit/537.36 (KHTML, like Gecko; compatible; GPTBot/1.4; +https://openai.com/gptbot)"
180.242.129.178 - - [26/Aug/2026:00:53:07 +0000] "GET /wp-content/plugins/seoo/wsoyanz1.php HTTP/1.1" 403 319 "-" "python-httpx/0.28.1"
180.242.129.178 - - [26/Aug/2026:00:53:14 +0000] "GET /wp-content/plugins/dhon/newsfeed.php HTTP/1.1" 403 319 "-" "python-httpx/0.28.1"
180.242.129.178 - - [26/Aug/2026:00:53:21 +0000] "GET /wp-content/gallery/about.php HTTP/1.1" 403 319 "-" "python-httpx/0.28.1"
74.7.243.222 - - [26/Aug/2026:00:53:21 +0000] "GET /?shop/detail/Z25487446498.html HTTP/2.0" 403 307 "https://cellsonic.oxygenhealthsystems.com/?sitemap389.xml" "Mozilla/5.0 AppleWebKit/537.36 (KHTML, like Gecko; compatible; GPTBot/1.4; +https://openai.com/gptbot)"
66.249.75.3 - - [26/Aug/2026:00:53:27 +0000] "GET /shop/detail/U25481251627.html HTTP/1.1" 403 319 "-" "Mozilla/5.0 (compatible; Googlebot/2.1; +http://www.google.com/bot.html)"
180.242.129.178 - - [26/Aug/2026:00:53:28 +0000] "GET /wp-content/plugins/hellopress/wp-ver.php HTTP/1.1" 403 319 "-" "python-httpx/0.28.1"
180.242.129.178 - - [26/Aug/2026:00:53:35 +0000] "GET /.well-known/acme-challenge/moon.php HTTP/1.1" 403 319 "-" "python-httpx/0.28.1"
180.242.129.178 - - [26/Aug/2026:00:53:42 +0000] "GET /wp-includes/sodium_compat/src/PHP52/about.php HTTP/1.1" 403 319 "-" "python-httpx/0.28.1"
74.7.243.222 - - [26/Aug/2026:00:53:42 +0000] "GET /?shop/detail/Z25484208006.html HTTP/2.0" 403 307 "https://cellsonic.oxygenhealthsystems.com/?sitemap666.xml" "Mozilla/5.0 AppleWebKit/537.36 (KHTML, like Gecko; compatible; GPTBot/1.4; +https://openai.com/gptbot)"
180.242.129.178 - - [26/Aug/2026:00:53:49 +0000] "GET /image/404.php HTTP/1.1" 403 319 "-" "python-httpx/0.28.1"
180.242.129.178 - - [26/Aug/2026:00:53:55 +0000] "GET /default.php HTTP/1.1" 403 319 "-" "python-httpx/0.28.1"
180.242.129.178 - - [26/Aug/2026:00:54:02 +0000] "GET /wp-content/plugins/w0rdpr3ssnew/about.php HTTP/1.1" 403 319 "-" "python-httpx/0.28.1"
74.7.243.222 - - [26/Aug/2026:00:54:03 +0000] "GET /?shop/detail/A25512753319.html HTTP/2.0" 403 307 "https://cellsonic.oxygenhealthsystems.com/?sitemap234.xml" "Mozilla/5.0 AppleWebKit/537.36 (KHTML, like Gecko; compatible; GPTBot/1.4; +https://openai.com/gptbot)"
180.242.129.178 - - [26/Aug/2026:00:54:09 +0000] "GET /wp-admin/js/widgets/killbot.php HTTP/1.1" 403 319 "-" "python-httpx/0.28.1"
180.242.129.178 - - [26/Aug/2026:00:54:16 +0000] "GET /wp-includes/SimplePie/library/SimplePie/HTTP/about.php HTTP/1.1" 403 319 "-" "python-httpx/0.28.1"
180.242.129.178 - - [26/Aug/2026:00:54:23 +0000] "GET /wp-includes/wi.php HTTP/1.1" 403 319 "-" "python-httpx/0.28.1"
74.7.243.222 - - [26/Aug/2026:00:54:25 +0000] "GET /?shop/detail/A25508395920.html HTTP/2.0" 403 307 "https://cellsonic.oxygenhealthsystems.com/?sitemap330.xml" "Mozilla/5.0 AppleWebKit/537.36 (KHTML, like Gecko; compatible; GPTBot/1.4; +https://openai.com/gptbot)"
66.249.75.3 - - [26/Aug/2026:00:54:26 +0000] "GET /shop/detail/D25481308545.html HTTP/1.1" 403 319 "-" "Mozilla/5.0 (Linux; Android 6.0.1; Nexus 5X Build/MMB29P) AppleWebKit/537.36 (KHTML, like Gecko) Chrome/151.0.7922.173 Mobile Safari/537.36 (compatible; Googlebot/2.1; +http://www.google.com/bot.html)"
180.242.129.178 - - [26/Aug/2026:00:54:30 +0000] "GET /wp-includes/html-api/class-wp-html-processor.php HTTP/1.1" 403 319 "-" "python-httpx/0.28.1"
180.242.129.178 - - [26/Aug/2026:00:54:37 +0000] "GET /wp-content/uploads/autoload_classmap.php HTTP/1.1" 403 319 "-" "python-httpx/0.28.1"
180.242.129.178 - - [26/Aug/2026:00:54:44 +0000] "GET /wp-content/uploads/json.php HTTP/1.1" 403 319 "-" "python-httpx/0.28.1"
74.7.243.222 - - [26/Aug/2026:00:54:46 +0000] "GET /?shop/detail/Z25508038877.html HTTP/2.0" 403 307 "https://cellsonic.oxygenhealthsystems.com/?sitemap947.xml" "Mozilla/5.0 AppleWebKit/537.36 (KHTML, like Gecko; compatible; GPTBot/1.4; +https://openai.com/gptbot)"
74.7.230.3 - - [26/Aug/2026:00:54:46 +0000] "GET /robots.txt HTTP/2.0" 403 307 "-" "Mozilla/5.0 (Macintosh; Intel Mac OS X 10_15_7) AppleWebKit/537.36 (KHTML, like Gecko) Chrome/131.0.0.0 Safari/537.36; compatible; OAI-SearchBot/1.4; robots.txt; +https://openai.com/searchbot"
180.242.129.178 - - [26/Aug/2026:00:54:51 +0000] "GET /index8.php HTTP/1.1" 403 319 "-" "python-httpx/0.28.1"
180.242.129.178 - - [26/Aug/2026:00:54:58 +0000] "GET /wp-admin/maint/maint/ajax-actions.php HTTP/1.1" 403 319 "-" "python-httpx/0.28.1"
66.249.75.4 - - [26/Aug/2026:00:55:04 +0000] "GET /shop/detail/V25481165965.html HTTP/1.1" 403 319 "-" "Mozilla/5.0 (compatible; Googlebot/2.1; +http://www.google.com/bot.html)"
180.242.129.178 - - [26/Aug/2026:00:55:05 +0000] "GET /vendor/doctrine/inflector/lib/Doctrine/about.php HTTP/1.1" 403 319 "-" "python-httpx/0.28.1"
74.7.243.222 - - [26/Aug/2026:00:55:07 +0000] "GET /?shop/detail/B25512636137.html HTTP/2.0" 403 307 "https://cellsonic.oxygenhealthsystems.com/?sitemap425.xml" "Mozilla/5.0 AppleWebKit/537.36 (KHTML, like Gecko; compatible; GPTBot/1.4; +https://openai.com/gptbot)"
180.242.129.178 - - [26/Aug/2026:00:55:11 +0000] "GET /wp-includes/template-loader.php HTTP/1.1" 403 319 "-" "python-httpx/0.28.1"
180.242.129.178 - - [26/Aug/2026:00:55:17 +0000] "GET /.well-known/pki-validation/install.php HTTP/1.1" 403 319 "-" "python-httpx/0.28.1"
180.242.129.178 - - [26/Aug/2026:00:55:24 +0000] "GET /commentsos/gfherhfghre/fgdcteawetgfv/inddex-2.php HTTP/1.1" 403 319 "-" "python-httpx/0.28.1"
74.7.243.222 - - [26/Aug/2026:00:55:28 +0000] "GET /?shop/detail/B25505311366.html HTTP/2.0" 403 307 "https://cellsonic.oxygenhealthsystems.com/?sitemap797.xml" "Mozilla/5.0 AppleWebKit/537.36 (KHTML, like Gecko; compatible; GPTBot/1.4; +https://openai.com/gptbot)"
180.242.129.178 - - [26/Aug/2026:00:55:31 +0000] "GET /tiny_mce/plugins/ajaxfilemanager/rk2.php HTTP/1.1" 403 319 "-" "python-httpx/0.28.1"
180.242.129.178 - - [26/Aug/2026:00:55:37 +0000] "GET /vendor/fruitcake/alfa-rex.php HTTP/1.1" 403 319 "-" "python-httpx/0.28.1"
57.141.18.44 - - [26/Aug/2026:00:55:44 +0000] "GET / HTTP/2.0" 403 307 "-" "facebookexternalhit/1.1 (+http://www.facebook.com/externalhit_uatext.php)"
180.242.129.178 - - [26/Aug/2026:00:55:45 +0000] "GET /cmd.php HTTP/1.1" 403 319 "-" "python-httpx/0.28.1"
74.7.243.222 - - [26/Aug/2026:00:55:50 +0000] "GET /?shop/detail/B25505315681.html HTTP/2.0" 403 307 "https://cellsonic.oxygenhealthsystems.com/?sitemap425.xml" "Mozilla/5.0 AppleWebKit/537.36 (KHTML, like Gecko; compatible; GPTBot/1.4; +https://openai.com/gptbot)"
180.242.129.178 - - [26/Aug/2026:00:55:51 +0000] "GET /wp-includes/block-bindings/post-meta.php HTTP/1.1" 403 319 "-" "python-httpx/0.28.1"
180.242.129.178 - - [26/Aug/2026:00:55:59 +0000] "GET /vendor/doctrine/inflector/lib/Doctrine/alfa-rex.php HTTP/1.1" 403 319 "-" "python-httpx/0.28.1"
180.242.129.178 - - [26/Aug/2026:00:56:05 +0000] "GET /wp-includes/customize/wp_error.php%20 HTTP/1.1" 403 319 "-" "python-httpx/0.28.1"
66.249.75.5 - - [26/Aug/2026:00:56:05 +0000] "GET /shop/detail/M2547749635.html HTTP/1.1" 403 319 "-" "Mozilla/5.0 (compatible; Googlebot/2.1; +http://www.google.com/bot.html)"
74.7.243.222 - - [26/Aug/2026:00:56:11 +0000] "GET /?shop/detail/Z25497940095.html HTTP/2.0" 403 307 "https://cellsonic.oxygenhealthsystems.com/?sitemap792.xml" "Mozilla/5.0 AppleWebKit/537.36 (KHTML, like Gecko; compatible; GPTBot/1.4; +https://openai.com/gptbot)"
180.242.129.178 - - [26/Aug/2026:00:56:12 +0000] "GET /image/leaf.php HTTP/1.1" 403 319 "-" "python-httpx/0.28.1"
180.242.129.178 - - [26/Aug/2026:00:56:19 +0000] "GET /wp-admin/includes/cloud.php HTTP/1.1" 403 319 "-" "python-httpx/0.28.1"
180.242.129.178 - - [26/Aug/2026:00:56:26 +0000] "GET /wp-admin/css/colors/coffee/marijuana.php HTTP/1.1" 403 319 "-" "python-httpx/0.28.1"
74.7.243.222 - - [26/Aug/2026:00:56:31 +0000] "GET /?shop/detail/A25515679135.html HTTP/2.0" 403 307 "https://cellsonic.oxygenhealthsystems.com/?sitemap166.xml" "Mozilla/5.0 AppleWebKit/537.36 (KHTML, like Gecko; compatible; GPTBot/1.4; +https://openai.com/gptbot)"
180.242.129.178 - - [26/Aug/2026:00:56:33 +0000] "GET /.well-known/upl.php HTTP/1.1" 403 319 "-" "python-httpx/0.28.1"
180.242.129.178 - - [26/Aug/2026:00:56:40 +0000] "GET /wp-includes/pomo/wp-login.php HTTP/1.1" 403 319 "-" "python-httpx/0.28.1"
180.242.129.178 - - [26/Aug/2026:00:56:47 +0000] "GET /wp-includes/class-wp-admin-bar.php HTTP/1.1" 403 319 "-" "python-httpx/0.28.1"
74.7.243.222 - - [26/Aug/2026:00:56:52 +0000] "GET /?shop/detail/B25466023534.html HTTP/2.0" 403 307 "https://cellsonic.oxygenhealthsystems.com/?sitemap408.xml" "Mozilla/5.0 AppleWebKit/537.36 (KHTML, like Gecko; compatible; GPTBot/1.4; +https://openai.com/gptbot)"
180.242.129.178 - - [26/Aug/2026:00:56:53 +0000] "GET /chosen/wp-class.php HTTP/1.1" 403 319 "-" "python-httpx/0.28.1"
180.242.129.178 - - [26/Aug/2026:00:57:00 +0000] "GET /a.php HTTP/1.1" 403 319 "-" "python-httpx/0.28.1"
180.242.129.178 - - [26/Aug/2026:00:57:08 +0000] "GET /5.php HTTP/1.1" 403 319 "-" "python-httpx/0.28.1"
74.7.243.222 - - [26/Aug/2026:00:57:14 +0000] "GET /?shop/detail/B25463329459.html HTTP/2.0" 403 307 "https://cellsonic.oxygenhealthsystems.com/?sitemap797.xml" "Mozilla/5.0 AppleWebKit/537.36 (KHTML, like Gecko; compatible; GPTBot/1.4; +https://openai.com/gptbot)"
180.242.129.178 - - [26/Aug/2026:00:57:15 +0000] "GET /wp-admin/user/xmrlpc.php?p= HTTP/1.1" 403 319 "-" "python-httpx/0.28.1"
180.242.129.178 - - [26/Aug/2026:00:57:22 +0000] "GET /wp-content/plugins/download-plugin/wp-access.php HTTP/1.1" 403 319 "-" "python-httpx/0.28.1"
180.242.129.178 - - [26/Aug/2026:00:57:30 +0000] "GET /wp-admin/f.php HTTP/1.1" 403 319 "-" "python-httpx/0.28.1"
74.7.243.222 - - [26/Aug/2026:00:57:35 +0000] "GET /?shop/detail/B25469092399.html HTTP/2.0" 403 307 "https://cellsonic.oxygenhealthsystems.com/?sitemap582.xml" "Mozilla/5.0 AppleWebKit/537.36 (KHTML, like Gecko; compatible; GPTBot/1.4; +https://openai.com/gptbot)"
180.242.129.178 - - [26/Aug/2026:00:57:37 +0000] "GET /.well-known/wp-abupee.php HTTP/1.1" 403 319 "-" "python-httpx/0.28.1"
180.242.129.178 - - [26/Aug/2026:00:57:44 +0000] "GET /wp-includes/js/jquery/ui/wp-login.php HTTP/1.1" 403 319 "-" "python-httpx/0.28.1"
180.242.129.178 - - [26/Aug/2026:00:57:51 +0000] "GET /as/pomo.php HTTP/1.1" 403 319 "-" "python-httpx/0.28.1"
66.249.75.3 - - [26/Aug/2026:00:57:54 +0000] "GET /shop/detail/X25491515258.html HTTP/1.1" 403 319 "-" "Mozilla/5.0 (compatible; Googlebot/2.1; +http://www.google.com/bot.html)"
74.7.243.222 - - [26/Aug/2026:00:57:56 +0000] "GET /?shop/detail/A254648288576.html HTTP/2.0" 403 307 "https://cellsonic.oxygenhealthsystems.com/?sitemap809.xml" "Mozilla/5.0 AppleWebKit/537.36 (KHTML, like Gecko; compatible; GPTBot/1.4; +https://openai.com/gptbot)"
180.242.129.178 - - [26/Aug/2026:00:57:59 +0000] "GET /wp-includes/sitemaps/alfa-rex.php HTTP/1.1" 403 319 "-" "python-httpx/0.28.1"
180.242.129.178 - - [26/Aug/2026:00:58:05 +0000] "GET /db.php HTTP/1.1" 403 319 "-" "python-httpx/0.28.1"
180.242.129.178 - - [26/Aug/2026:00:58:13 +0000] "GET /wp-admin/network/500.php HTTP/1.1" 403 319 "-" "python-httpx/0.28.1"
74.7.243.222 - - [26/Aug/2026:00:58:16 +0000] "GET /?shop/detail/Z25497957402.html HTTP/2.0" 403 307 "https://cellsonic.oxygenhealthsystems.com/?sitemap320.xml" "Mozilla/5.0 AppleWebKit/537.36 (KHTML, like Gecko; compatible; GPTBot/1.4; +https://openai.com/gptbot)"
180.242.129.178 - - [26/Aug/2026:00:58:20 +0000] "GET /wp-admin/css/colors/blue/6ap7e.php HTTP/1.1" 403 319 "-" "python-httpx/0.28.1"
180.242.129.178 - - [26/Aug/2026:00:58:27 +0000] "GET /images/2.php HTTP/1.1" 403 319 "-" "python-httpx/0.28.1"
180.242.129.178 - - [26/Aug/2026:00:58:35 +0000] "GET /load-styles.php HTTP/1.1" 403 319 "-" "python-httpx/0.28.1"
74.7.243.222 - - [26/Aug/2026:00:58:37 +0000] "GET /?shop/detail/B254642243049.html HTTP/2.0" 403 307 "https://cellsonic.oxygenhealthsystems.com/?sitemap293.xml" "Mozilla/5.0 AppleWebKit/537.36 (KHTML, like Gecko; compatible; GPTBot/1.4; +https://openai.com/gptbot)"
57.141.8.56 - - [26/Aug/2026:00:58:37 +0000] "GET / HTTP/2.0" 403 307 "-" "facebookexternalhit/1.1 (+http://www.facebook.com/externalhit_uatext.php)"
180.242.129.178 - - [26/Aug/2026:00:58:41 +0000] "GET /idx.php HTTP/1.1" 403 319 "-" "python-httpx/0.28.1"
66.249.75.4 - - [26/Aug/2026:00:58:46 +0000] "GET /shop/detail/C25502214503.html HTTP/1.1" 403 319 "-" "Mozilla/5.0 (Linux; Android 6.0.1; Nexus 5X Build/MMB29P) AppleWebKit/537.36 (KHTML, like Gecko) Chrome/151.0.7922.173 Mobile Safari/537.36 (compatible; Googlebot/2.1; +http://www.google.com/bot.html)"
180.242.129.178 - - [26/Aug/2026:00:58:49 +0000] "GET /wp-admin/includes/class-language-pack-upgrader.php HTTP/1.1" 403 319 "-" "python-httpx/0.28.1"
66.249.75.4 - - [26/Aug/2026:00:58:50 +0000] "GET /shop/detail/R25481049564.html HTTP/1.1" 403 319 "-" "Mozilla/5.0 (compatible; Googlebot/2.1; +http://www.google.com/bot.html)"
180.242.129.178 - - [26/Aug/2026:00:58:56 +0000] "GET /image/FoxWSOv1.php HTTP/1.1" 403 319 "-" "python-httpx/0.28.1"
74.7.243.222 - - [26/Aug/2026:00:58:58 +0000] "GET /?shop/detail/Z25508221091.html HTTP/2.0" 403 307 "https://cellsonic.oxygenhealthsystems.com/?sitemap700.xml" "Mozilla/5.0 AppleWebKit/537.36 (KHTML, like Gecko; compatible; GPTBot/1.4; +https://openai.com/gptbot)"
66.249.75.5 - - [26/Aug/2026:00:59:02 +0000] "GET /shop/detail/P25512561457.html HTTP/1.1" 403 319 "-" "Mozilla/5.0 (Linux; Android 6.0.1; Nexus 5X Build/MMB29P) AppleWebKit/537.36 (KHTML, like Gecko) Chrome/151.0.7922.173 Mobile Safari/537.36 (compatible; Googlebot/2.1; +http://www.google.com/bot.html)"
180.242.129.178 - - [26/Aug/2026:00:59:03 +0000] "GET /wp-includes/class-wp-post-type.php HTTP/1.1" 403 319 "-" "python-httpx/0.28.1"
180.242.129.178 - - [26/Aug/2026:00:59:10 +0000] "GET /wp-includes/pomo/indexx.php HTTP/1.1" 403 319 "-" "python-httpx/0.28.1"
180.242.129.178 - - [26/Aug/2026:00:59:18 +0000] "GET /.well-known/pki-validation/ssl.php HTTP/1.1" 403 319 "-" "python-httpx/0.28.1"
74.7.243.222 - - [26/Aug/2026:00:59:19 +0000] "GET /?shop/detail/Z254648213424.html HTTP/2.0" 403 307 "https://cellsonic.oxygenhealthsystems.com/?sitemap182.xml" "Mozilla/5.0 AppleWebKit/537.36 (KHTML, like Gecko; compatible; GPTBot/1.4; +https://openai.com/gptbot)"
180.242.129.178 - - [26/Aug/2026:00:59:25 +0000] "GET /wp-admin/includes/langar.php HTTP/1.1" 403 319 "-" "python-httpx/0.28.1"
180.242.129.178 - - [26/Aug/2026:00:59:32 +0000] "GET /olux.php HTTP/1.1" 403 319 "-" "python-httpx/0.28.1"
180.242.129.178 - - [26/Aug/2026:00:59:40 +0000] "GET /wp-includes/date.php HTTP/1.1" 403 319 "-" "python-httpx/0.28.1"
74.7.243.222 - - [26/Aug/2026:00:59:40 +0000] "GET /?shop/detail/B255044237330.html HTTP/2.0" 403 307 "https://cellsonic.oxygenhealthsystems.com/?sitemap293.xml" "Mozilla/5.0 AppleWebKit/537.36 (KHTML, like Gecko; compatible; GPTBot/1.4; +https://openai.com/gptbot)"
180.242.129.178 - - [26/Aug/2026:00:59:46 +0000] "GET /admin1.php HTTP/1.1" 403 319 "-" "python-httpx/0.28.1"
66.249.75.3 - - [26/Aug/2026:00:59:49 +0000] "GET /shop/detail/U25512735721.html HTTP/1.1" 403 319 "-" "Mozilla/5.0 (compatible; Googlebot/2.1; +http://www.google.com/bot.html)"
180.242.129.178 - - [26/Aug/2026:00:59:54 +0000] "GET /wp-admin/css/colors/blue/file.php HTTP/1.1" 403 319 "-" "python-httpx/0.28.1"
74.7.243.222 - - [26/Aug/2026:01:00:01 +0000] "GET /?shop/detail/D254885356058.html HTTP/2.0" 403 307 "https://cellsonic.oxygenhealthsystems.com/?sitemap837.xml" "Mozilla/5.0 AppleWebKit/537.36 (KHTML, like Gecko; compatible; GPTBot/1.4; +https://openai.com/gptbot)"
180.242.129.178 - - [26/Aug/2026:01:00:01 +0000] "GET /class-snoopye_wso.php HTTP/1.1" 403 319 "-" "python-httpx/0.28.1"
180.242.129.178 - - [26/Aug/2026:01:00:08 +0000] "GET /vendor/brick/math/src/Exception/about.php HTTP/1.1" 403 319 "-" "python-httpx/0.28.1"
180.242.129.178 - - [26/Aug/2026:01:00:15 +0000] "GET /email_v2/js/tiny_mce/plugins/ajaxfilemanager/ajaxfilemanager.php HTTP/1.1" 403 319 "-" "python-httpx/0.28.1"
74.7.243.222 - - [26/Aug/2026:01:00:22 +0000] "GET /?shop/detail/Z25502376606.html HTTP/2.0" 403 307 "https://cellsonic.oxygenhealthsystems.com/?sitemap792.xml" "Mozilla/5.0 AppleWebKit/537.36 (KHTML, like Gecko; compatible; GPTBot/1.4; +https://openai.com/gptbot)"
180.242.129.178 - - [26/Aug/2026:01:00:23 +0000] "GET /webadmin.php HTTP/1.1" 403 319 "-" "python-httpx/0.28.1"
180.242.129.178 - - [26/Aug/2026:01:00:29 +0000] "GET /.well-known/acme-challenge/atomlib.php HTTP/1.1" 403 319 "-" "python-httpx/0.28.1"
66.249.75.5 - - [26/Aug/2026:01:00:36 +0000] "GET /shop/detail/R25491967946.html HTTP/1.1" 403 319 "-" "Mozilla/5.0 (compatible; Googlebot/2.1; +http://www.google.com/bot.html)"
180.242.129.178 - - [26/Aug/2026:01:00:36 +0000] "GET /wp-admin/xx.php HTTP/1.1" 403 319 "-" "python-httpx/0.28.1"
66.249.75.4 - - [26/Aug/2026:01:00:42 +0000] "GET /shop/detail/D25512915907.html HTTP/1.1" 403 319 "-" "Mozilla/5.0 (Linux; Android 6.0.1; Nexus 5X Build/MMB29P) AppleWebKit/537.36 (KHTML, like Gecko) Chrome/151.0.7922.173 Mobile Safari/537.36 (compatible; Googlebot/2.1; +http://www.google.com/bot.html)"
180.242.129.178 - - [26/Aug/2026:01:00:43 +0000] "GET /images/upl.php HTTP/1.1" 403 319 "-" "python-httpx/0.28.1"
74.7.243.222 - - [26/Aug/2026:01:00:43 +0000] "GET /?shop/detail/B25518823929.html HTTP/2.0" 403 307 "https://cellsonic.oxygenhealthsystems.com/?sitemap536.xml" "Mozilla/5.0 AppleWebKit/537.36 (KHTML, like Gecko; compatible; GPTBot/1.4; +https://openai.com/gptbot)"
180.242.129.178 - - [26/Aug/2026:01:00:50 +0000] "GET /wp-includes/IXR/class-IXR-message.php HTTP/1.1" 403 319 "-" "python-httpx/0.28.1"
180.242.129.178 - - [26/Aug/2026:01:00:57 +0000] "GET /wp-admin/alfa123.php HTTP/1.1" 403 319 "-" "python-httpx/0.28.1"
180.242.129.178 - - [26/Aug/2026:01:01:04 +0000] "GET /matamu.php HTTP/1.1" 403 319 "-" "python-httpx/0.28.1"
74.7.243.222 - - [26/Aug/2026:01:01:04 +0000] "GET /?shop/detail/Z25518786657.html HTTP/2.0" 403 307 "https://cellsonic.oxygenhealthsystems.com/?sitemap947.xml" "Mozilla/5.0 AppleWebKit/537.36 (KHTML, like Gecko; compatible; GPTBot/1.4; +https://openai.com/gptbot)"
180.242.129.178 - - [26/Aug/2026:01:01:10 +0000] "GET /price.php HTTP/1.1" 403 319 "-" "python-httpx/0.28.1"
180.242.129.178 - - [26/Aug/2026:01:01:18 +0000] "GET /css/classwithtostring.php HTTP/1.1" 403 319 "-" "python-httpx/0.28.1"
180.242.129.178 - - [26/Aug/2026:01:01:25 +0000] "GET /lock360.php HTTP/1.1" 403 319 "-" "python-httpx/0.28.1"
74.7.243.222 - - [26/Aug/2026:01:01:26 +0000] "GET /?shop/detail/A25512854178.html HTTP/2.0" 403 307 "https://cellsonic.oxygenhealthsystems.com/?sitemap234.xml" "Mozilla/5.0 AppleWebKit/537.36 (KHTML, like Gecko; compatible; GPTBot/1.4; +https://openai.com/gptbot)"
180.242.129.178 - - [26/Aug/2026:01:01:32 +0000] "GET /xinder.php HTTP/1.1" 403 319 "-" "python-httpx/0.28.1"
57.141.0.47 - - [26/Aug/2026:01:01:33 +0000] "GET / HTTP/2.0" 403 307 "-" "facebookexternalhit/1.1 (+http://www.facebook.com/externalhit_uatext.php)"
66.249.75.3 - - [26/Aug/2026:01:01:33 +0000] "GET /shop/detail/S25512675579.html HTTP/1.1" 403 319 "-" "Mozilla/5.0 (compatible; Googlebot/2.1; +http://www.google.com/bot.html)"
180.242.129.178 - - [26/Aug/2026:01:01:39 +0000] "GET /log.php HTTP/1.1" 403 319 "-" "python-httpx/0.28.1"
180.242.129.178 - - [26/Aug/2026:01:01:46 +0000] "GET /wp-content/themes/welfare-charity/www.php HTTP/1.1" 403 319 "-" "python-httpx/0.28.1"
66.249.75.5 - - [26/Aug/2026:01:01:47 +0000] "GET /shop/detail/P2547638721.html HTTP/1.1" 403 319 "-" "Mozilla/5.0 (Linux; Android 6.0.1; Nexus 5X Build/MMB29P) AppleWebKit/537.36 (KHTML, like Gecko) Chrome/151.0.7922.173 Mobile Safari/537.36 (compatible; Googlebot/2.1; +http://www.google.com/bot.html)"
74.7.243.222 - - [26/Aug/2026:01:01:48 +0000] "GET /?shop/detail/Z25469129265.html HTTP/2.0" 403 307 "https://cellsonic.oxygenhealthsystems.com/?sitemap947.xml" "Mozilla/5.0 AppleWebKit/537.36 (KHTML, like Gecko; compatible; GPTBot/1.4; +https://openai.com/gptbot)"
66.249.75.5 - - [26/Aug/2026:01:01:50 +0000] "GET /shop/detail/L2546347132.html HTTP/1.1" 403 319 "-" "Mozilla/5.0 (Linux; Android 6.0.1; Nexus 5X Build/MMB29P) AppleWebKit/537.36 (KHTML, like Gecko) Chrome/151.0.7922.173 Mobile Safari/537.36 (compatible; Googlebot/2.1; +http://www.google.com/bot.html)"
180.242.129.178 - - [26/Aug/2026:01:01:54 +0000] "GET /ids.php HTTP/1.1" 403 319 "-" "python-httpx/0.28.1"
180.242.129.178 - - [26/Aug/2026:01:02:01 +0000] "GET /admin/uploads/about.php HTTP/1.1" 403 319 "-" "python-httpx/0.28.1"
180.242.129.178 - - [26/Aug/2026:01:02:07 +0000] "GET /wp-content/mari.php HTTP/1.1" 403 319 "-" "python-httpx/0.28.1"
74.7.243.222 - - [26/Aug/2026:01:02:08 +0000] "GET /?shop/detail/Z25494581529.html HTTP/2.0" 403 307 "https://cellsonic.oxygenhealthsystems.com/?sitemap907.xml" "Mozilla/5.0 AppleWebKit/537.36 (KHTML, like Gecko; compatible; GPTBot/1.4; +https://openai.com/gptbot)"
180.242.129.178 - - [26/Aug/2026:01:02:15 +0000] "GET /wp-content/killbot.php HTTP/1.1" 403 319 "-" "python-httpx/0.28.1"
180.242.129.178 - - [26/Aug/2026:01:02:22 +0000] "GET /class-envato-market-api.php HTTP/1.1" 403 319 "-" "python-httpx/0.28.1"
180.242.129.178 - - [26/Aug/2026:01:02:29 +0000] "GET /wp-content/uploads/Chitoge.php HTTP/1.1" 403 319 "-" "python-httpx/0.28.1"
74.7.243.222 - - [26/Aug/2026:01:02:30 +0000] "GET /?shop/detail/B255144812287.html HTTP/2.0" 403 307 "https://cellsonic.oxygenhealthsystems.com/?sitemap293.xml" "Mozilla/5.0 AppleWebKit/537.36 (KHTML, like Gecko; compatible; GPTBot/1.4; +https://openai.com/gptbot)"
180.242.129.178 - - [26/Aug/2026:01:02:37 +0000] "GET /shv3n0m.php HTTP/1.1" 403 319 "-" "python-httpx/0.28.1"
180.242.129.178 - - [26/Aug/2026:01:02:43 +0000] "GET /chosen/rk2.php HTTP/1.1" 403 319 "-" "python-httpx/0.28.1"
180.242.129.178 - - [26/Aug/2026:01:02:50 +0000] "GET /wp-smail.php HTTP/1.1" 403 319 "-" "python-httpx/0.28.1"
74.7.243.222 - - [26/Aug/2026:01:02:51 +0000] "GET /?shop/detail/B25463003362.html HTTP/2.0" 403 307 "https://cellsonic.oxygenhealthsystems.com/?sitemap425.xml" "Mozilla/5.0 AppleWebKit/537.36 (KHTML, like Gecko; compatible; GPTBot/1.4; +https://openai.com/gptbot)"
