180.242.129.178 - - [26/Aug/2026:00:18:35 +0000] "GET /wp-includes/block-supports/layout.php HTTP/1.1" 403 319 "-" "python-httpx/0.28.1"
74.7.243.222 - - [26/Aug/2026:00:18:39 +0000] "GET /?shop/detail/B25494623596.html HTTP/2.0" 403 307 "https://cellsonic.oxygenhealthsystems.com/?sitemap425.xml" "Mozilla/5.0 AppleWebKit/537.36 (KHTML, like Gecko; compatible; GPTBot/1.4; +https://openai.com/gptbot)"
180.242.129.178 - - [26/Aug/2026:00:18:42 +0000] "GET /wp-content/languages/themes/pomo.php HTTP/1.1" 403 319 "-" "python-httpx/0.28.1"
180.242.129.178 - - [26/Aug/2026:00:18:49 +0000] "GET /images/sym.php HTTP/1.1" 403 319 "-" "python-httpx/0.28.1"
180.242.129.178 - - [26/Aug/2026:00:18:56 +0000] "GET /ab.php HTTP/1.1" 403 319 "-" "python-httpx/0.28.1"
74.7.243.222 - - [26/Aug/2026:00:19:00 +0000] "GET /?shop/detail/B25487344752.html HTTP/2.0" 403 307 "https://cellsonic.oxygenhealthsystems.com/?sitemap797.xml" "Mozilla/5.0 AppleWebKit/537.36 (KHTML, like Gecko; compatible; GPTBot/1.4; +https://openai.com/gptbot)"
180.242.129.178 - - [26/Aug/2026:00:19:03 +0000] "GET /wp-content/plugins/akismet/c.php HTTP/1.1" 403 319 "-" "python-httpx/0.28.1"
180.242.129.178 - - [26/Aug/2026:00:19:11 +0000] "GET /100.php HTTP/1.1" 403 319 "-" "python-httpx/0.28.1"
180.242.129.178 - - [26/Aug/2026:00:19:18 +0000] "GET /wp-admin/network/class.api.php HTTP/1.1" 403 319 "-" "python-httpx/0.28.1"
74.7.243.222 - - [26/Aug/2026:00:19:21 +0000] "GET /?shop/detail/B25512614684.html HTTP/2.0" 403 307 "https://cellsonic.oxygenhealthsystems.com/?sitemap408.xml" "Mozilla/5.0 AppleWebKit/537.36 (KHTML, like Gecko; compatible; GPTBot/1.4; +https://openai.com/gptbot)"
180.242.129.178 - - [26/Aug/2026:00:19:25 +0000] "GET /wp-includes/asdasd.php HTTP/1.1" 403 319 "-" "python-httpx/0.28.1"
66.249.75.4 - - [26/Aug/2026:00:19:31 +0000] "GET /shop/detail/M25491938491.html HTTP/1.1" 403 319 "-" "Mozilla/5.0 (Linux; Android 6.0.1; Nexus 5X Build/MMB29P) AppleWebKit/537.36 (KHTML, like Gecko) Chrome/151.0.7922.173 Mobile Safari/537.36 (compatible; Googlebot/2.1; +http://www.google.com/bot.html)"
180.242.129.178 - - [26/Aug/2026:00:19:32 +0000] "GET /image/x.php HTTP/1.1" 403 319 "-" "python-httpx/0.28.1"
180.242.129.178 - - [26/Aug/2026:00:19:41 +0000] "GET /wp-includes/l10n/wp-login.php HTTP/1.1" 403 319 "-" "python-httpx/0.28.1"
74.7.243.222 - - [26/Aug/2026:00:19:41 +0000] "GET /?shop/detail/D254784642658.html HTTP/2.0" 403 307 "https://cellsonic.oxygenhealthsystems.com/?sitemap837.xml" "Mozilla/5.0 AppleWebKit/537.36 (KHTML, like Gecko; compatible; GPTBot/1.4; +https://openai.com/gptbot)"
180.242.129.178 - - [26/Aug/2026:00:19:48 +0000] "GET /wp-admin/css/wso.php HTTP/1.1" 403 319 "-" "python-httpx/0.28.1"
180.242.129.178 - - [26/Aug/2026:00:19:56 +0000] "GET /wp-includes/widgets/class-wp-widget-recent-posts.php HTTP/1.1" 403 319 "-" "python-httpx/0.28.1"
74.7.243.222 - - [26/Aug/2026:00:20:03 +0000] "GET /?shop/detail/A25518753378.html HTTP/2.0" 403 307 "https://cellsonic.oxygenhealthsystems.com/?sitemap762.xml" "Mozilla/5.0 AppleWebKit/537.36 (KHTML, like Gecko; compatible; GPTBot/1.4; +https://openai.com/gptbot)"
180.242.129.178 - - [26/Aug/2026:00:20:04 +0000] "GET /wp-includes/class-simplepie.php HTTP/1.1" 403 319 "-" "python-httpx/0.28.1"
180.242.129.178 - - [26/Aug/2026:00:20:11 +0000] "GET /wp-admin/includes/class-file-upload-upgrader.php HTTP/1.1" 403 319 "-" "python-httpx/0.28.1"
180.242.129.178 - - [26/Aug/2026:00:20:18 +0000] "GET /wp-admin/css/colors/index.php HTTP/1.1" 403 319 "-" "python-httpx/0.28.1"
74.7.243.222 - - [26/Aug/2026:00:20:23 +0000] "GET /?shop/detail/Z25515797350.html HTTP/2.0" 403 307 "https://cellsonic.oxygenhealthsystems.com/?sitemap417.xml" "Mozilla/5.0 AppleWebKit/537.36 (KHTML, like Gecko; compatible; GPTBot/1.4; +https://openai.com/gptbot)"
180.242.129.178 - - [26/Aug/2026:00:20:25 +0000] "GET /wp-admin/includes/meta-boxes.php HTTP/1.1" 403 319 "-" "python-httpx/0.28.1"
180.242.129.178 - - [26/Aug/2026:00:20:32 +0000] "GET /wp-includes/Requests/library/wp-login.php HTTP/1.1" 403 319 "-" "python-httpx/0.28.1"
180.242.129.178 - - [26/Aug/2026:00:20:39 +0000] "GET /wp-includes/SimplePie/library/SimplePie/Enclosure.php HTTP/1.1" 403 319 "-" "python-httpx/0.28.1"
74.7.243.222 - - [26/Aug/2026:00:20:44 +0000] "GET /?shop/detail/A25502312041.html HTTP/2.0" 403 307 "https://cellsonic.oxygenhealthsystems.com/?sitemap762.xml" "Mozilla/5.0 AppleWebKit/537.36 (KHTML, like Gecko; compatible; GPTBot/1.4; +https://openai.com/gptbot)"
180.242.129.178 - - [26/Aug/2026:00:20:46 +0000] "GET /.well-known/pki-validation/dbtoolkit_import.php HTTP/1.1" 403 319 "-" "python-httpx/0.28.1"
180.242.129.178 - - [26/Aug/2026:00:20:53 +0000] "GET /wp-admin/byp.php?p= HTTP/1.1" 403 319 "-" "python-httpx/0.28.1"
180.242.129.178 - - [26/Aug/2026:00:21:01 +0000] "GET /wp-admin/includes/plugin.php HTTP/1.1" 403 319 "-" "python-httpx/0.28.1"
66.249.75.3 - - [26/Aug/2026:00:21:02 +0000] "GET /shop/customer/bookmark.php?goods=874488&crsirefo_hidden=0219d3605c2e10d51c688f939542ce4335d5a8dcccdeb9746951d1e0aede9bab HTTP/1.1" 403 319 "-" "Mozilla/5.0 (compatible; Googlebot/2.1; +http://www.google.com/bot.html)"
74.7.243.222 - - [26/Aug/2026:00:21:04 +0000] "GET /?shop/detail/A25515899244.html HTTP/2.0" 403 307 "https://cellsonic.oxygenhealthsystems.com/?sitemap234.xml" "Mozilla/5.0 AppleWebKit/537.36 (KHTML, like Gecko; compatible; GPTBot/1.4; +https://openai.com/gptbot)"
180.242.129.178 - - [26/Aug/2026:00:21:08 +0000] "GET /con7.php HTTP/1.1" 403 319 "-" "python-httpx/0.28.1"
180.242.129.178 - - [26/Aug/2026:00:21:15 +0000] "GET /image/root.php HTTP/1.1" 403 319 "-" "python-httpx/0.28.1"
180.242.129.178 - - [26/Aug/2026:00:21:23 +0000] "GET /cms/tiny_mce/plugins/ajaxfilemanager/wp-term.php HTTP/1.1" 403 319 "-" "python-httpx/0.28.1"
74.7.243.222 - - [26/Aug/2026:00:21:26 +0000] "GET /?shop/detail/Z255014047521.html HTTP/2.0" 403 307 "https://cellsonic.oxygenhealthsystems.com/?sitemap320.xml" "Mozilla/5.0 AppleWebKit/537.36 (KHTML, like Gecko; compatible; GPTBot/1.4; +https://openai.com/gptbot)"
180.242.129.178 - - [26/Aug/2026:00:21:31 +0000] "GET /xmrlpc.php HTTP/1.1" 403 319 "-" "python-httpx/0.28.1"
66.249.75.4 - - [26/Aug/2026:00:21:34 +0000] "GET /shop/detail/P25481299258.html HTTP/1.1" 403 319 "-" "Mozilla/5.0 (Linux; Android 6.0.1; Nexus 5X Build/MMB29P) AppleWebKit/537.36 (KHTML, like Gecko) Chrome/151.0.7922.173 Mobile Safari/537.36 (compatible; Googlebot/2.1; +http://www.google.com/bot.html)"
180.242.129.178 - - [26/Aug/2026:00:21:37 +0000] "GET /wp-includes/SimplePie/library/SimplePie/Locator.php HTTP/1.1" 403 319 "-" "python-httpx/0.28.1"
180.242.129.178 - - [26/Aug/2026:00:21:44 +0000] "GET /wp-includes/SimplePie/ HTTP/1.1" 403 319 "-" "python-httpx/0.28.1"
74.7.243.222 - - [26/Aug/2026:00:21:46 +0000] "GET /?shop/detail/B254684435945.html HTTP/2.0" 403 307 "https://cellsonic.oxygenhealthsystems.com/?sitemap131.xml" "Mozilla/5.0 AppleWebKit/537.36 (KHTML, like Gecko; compatible; GPTBot/1.4; +https://openai.com/gptbot)"
180.242.129.178 - - [26/Aug/2026:00:21:52 +0000] "GET /vendor/iankumu/mpesa/src/Utils/about.php HTTP/1.1" 403 319 "-" "python-httpx/0.28.1"
180.242.129.178 - - [26/Aug/2026:00:22:00 +0000] "GET /image/u.php HTTP/1.1" 403 319 "-" "python-httpx/0.28.1"
66.249.75.5 - - [26/Aug/2026:00:22:01 +0000] "GET /shop/detail/P2546251890.html HTTP/1.1" 403 319 "-" "Mozilla/5.0 (compatible; Googlebot/2.1; +http://www.google.com/bot.html)"
180.242.129.178 - - [26/Aug/2026:00:22:07 +0000] "GET /wp-admin/wp-abupee.php HTTP/1.1" 403 319 "-" "python-httpx/0.28.1"
74.7.243.222 - - [26/Aug/2026:00:22:08 +0000] "GET /?shop/detail/D255180912008.html HTTP/2.0" 403 307 "https://cellsonic.oxygenhealthsystems.com/?sitemap837.xml" "Mozilla/5.0 AppleWebKit/537.36 (KHTML, like Gecko; compatible; GPTBot/1.4; +https://openai.com/gptbot)"
180.242.129.178 - - [26/Aug/2026:00:22:15 +0000] "GET /wp-content/indexx.php HTTP/1.1" 403 319 "-" "python-httpx/0.28.1"
66.249.75.4 - - [26/Aug/2026:00:22:15 +0000] "GET /shop/detail/H25512913989.html HTTP/1.1" 403 319 "-" "Mozilla/5.0 (Linux; Android 6.0.1; Nexus 5X Build/MMB29P) AppleWebKit/537.36 (KHTML, like Gecko) Chrome/151.0.7922.173 Mobile Safari/537.36 (compatible; Googlebot/2.1; +http://www.google.com/bot.html)"
66.249.75.4 - - [26/Aug/2026:00:22:16 +0000] "GET /shop/detail/H25512913989.html HTTP/1.1" 403 319 "-" "Mozilla/5.0 (compatible; Googlebot/2.1; +http://www.google.com/bot.html)"
180.242.129.178 - - [26/Aug/2026:00:22:21 +0000] "GET /wp-content/w.php HTTP/1.1" 403 319 "-" "python-httpx/0.28.1"
74.7.243.222 - - [26/Aug/2026:00:22:28 +0000] "GET /?shop/detail/A25463064350.html HTTP/2.0" 403 307 "https://cellsonic.oxygenhealthsystems.com/?sitemap166.xml" "Mozilla/5.0 AppleWebKit/537.36 (KHTML, like Gecko; compatible; GPTBot/1.4; +https://openai.com/gptbot)"
180.242.129.178 - - [26/Aug/2026:00:22:28 +0000] "GET /wp-admin/images/wp_error.php%20 HTTP/1.1" 403 319 "-" "python-httpx/0.28.1"
66.249.75.3 - - [26/Aug/2026:00:22:30 +0000] "GET /shop/detail/R25502037266.html HTTP/1.1" 403 319 "-" "Mozilla/5.0 (Linux; Android 6.0.1; Nexus 5X Build/MMB29P) AppleWebKit/537.36 (KHTML, like Gecko) Chrome/151.0.7922.173 Mobile Safari/537.36 (compatible; Googlebot/2.1; +http://www.google.com/bot.html)"
180.242.129.178 - - [26/Aug/2026:00:22:35 +0000] "GET /index4.php HTTP/1.1" 403 319 "-" "python-httpx/0.28.1"
180.242.129.178 - - [26/Aug/2026:00:22:42 +0000] "GET /wp-includes/widgets/class-wp-widget-archives.php HTTP/1.1" 403 319 "-" "python-httpx/0.28.1"
180.242.129.178 - - [26/Aug/2026:00:22:49 +0000] "GET /wp-includes/class-wp-simplepie-sanitize-kses.php HTTP/1.1" 403 319 "-" "python-httpx/0.28.1"
74.7.243.222 - - [26/Aug/2026:00:22:50 +0000] "GET /?shop/detail/A25484313241.html HTTP/2.0" 403 307 "https://cellsonic.oxygenhealthsystems.com/?sitemap234.xml" "Mozilla/5.0 AppleWebKit/537.36 (KHTML, like Gecko; compatible; GPTBot/1.4; +https://openai.com/gptbot)"
180.242.129.178 - - [26/Aug/2026:00:22:57 +0000] "GET /wp-admin/images/plugins.php HTTP/1.1" 403 319 "-" "python-httpx/0.28.1"
180.242.129.178 - - [26/Aug/2026:00:23:03 +0000] "GET /wp-includes/sodium_compat/src/Core/Curve25519/Ge/wp_blog.php HTTP/1.1" 403 319 "-" "python-httpx/0.28.1"
74.7.243.222 - - [26/Aug/2026:00:23:10 +0000] "GET /?shop/detail/Z25518993852.html HTTP/2.0" 403 307 "https://cellsonic.oxygenhealthsystems.com/?sitemap947.xml" "Mozilla/5.0 AppleWebKit/537.36 (KHTML, like Gecko; compatible; GPTBot/1.4; +https://openai.com/gptbot)"
180.242.129.178 - - [26/Aug/2026:00:23:10 +0000] "GET /images/image2.php HTTP/1.1" 403 319 "-" "python-httpx/0.28.1"
180.242.129.178 - - [26/Aug/2026:00:23:18 +0000] "GET /wp-content/themes/crack_self_restore.php HTTP/1.1" 403 319 "-" "python-httpx/0.28.1"
180.242.129.178 - - [26/Aug/2026:00:23:25 +0000] "GET /wp-content/uploads/sell.php7 HTTP/1.1" 403 319 "-" "python-httpx/0.28.1"
74.7.243.222 - - [26/Aug/2026:00:23:31 +0000] "GET /?shop/detail/A255135617118.html HTTP/2.0" 403 307 "https://cellsonic.oxygenhealthsystems.com/?sitemap144.xml" "Mozilla/5.0 AppleWebKit/537.36 (KHTML, like Gecko; compatible; GPTBot/1.4; +https://openai.com/gptbot)"
180.242.129.178 - - [26/Aug/2026:00:23:32 +0000] "GET /wp-content/www.php HTTP/1.1" 403 319 "-" "python-httpx/0.28.1"
180.242.129.178 - - [26/Aug/2026:00:23:39 +0000] "GET /wp-includes/rest-api/endpoints/class-wp-rest-application-passwords-controller.php HTTP/1.1" 403 319 "-" "python-httpx/0.28.1"
180.242.129.178 - - [26/Aug/2026:00:23:46 +0000] "GET /wp-includes/rest-api/about.php HTTP/1.1" 403 319 "-" "python-httpx/0.28.1"
180.242.129.178 - - [26/Aug/2026:00:23:53 +0000] "GET /wp-pluging.php HTTP/1.1" 403 319 "-" "python-httpx/0.28.1"
74.7.243.222 - - [26/Aug/2026:00:23:53 +0000] "GET /?shop/detail/A25502157766.html HTTP/2.0" 403 307 "https://cellsonic.oxygenhealthsystems.com/?sitemap762.xml" "Mozilla/5.0 AppleWebKit/537.36 (KHTML, like Gecko; compatible; GPTBot/1.4; +https://openai.com/gptbot)"
66.249.75.4 - - [26/Aug/2026:00:23:54 +0000] "GET /shop/detail/J25481271490.html HTTP/1.1" 403 319 "-" "Mozilla/5.0 (compatible; Googlebot/2.1; +http://www.google.com/bot.html)"
180.242.129.178 - - [26/Aug/2026:00:24:00 +0000] "GET /wp-includes/css/dist/edit-site/wp-login.php HTTP/1.1" 403 319 "-" "python-httpx/0.28.1"
66.249.75.4 - - [26/Aug/2026:00:24:00 +0000] "GET /shop/detail/W2547846144.html HTTP/1.1" 403 319 "-" "Mozilla/5.0 (Linux; Android 6.0.1; Nexus 5X Build/MMB29P) AppleWebKit/537.36 (KHTML, like Gecko) Chrome/151.0.7922.173 Mobile Safari/537.36 (compatible; Googlebot/2.1; +http://www.google.com/bot.html)"
180.242.129.178 - - [26/Aug/2026:00:24:06 +0000] "GET /file/admin-ajax.php HTTP/1.1" 403 319 "-" "python-httpx/0.28.1"
180.242.129.178 - - [26/Aug/2026:00:24:13 +0000] "GET /wp-admin/1234.php HTTP/1.1" 403 319 "-" "python-httpx/0.28.1"
74.7.243.222 - - [26/Aug/2026:00:24:14 +0000] "GET /?shop/detail/B255041145920.html HTTP/2.0" 403 307 "https://cellsonic.oxygenhealthsystems.com/?sitemap293.xml" "Mozilla/5.0 AppleWebKit/537.36 (KHTML, like Gecko; compatible; GPTBot/1.4; +https://openai.com/gptbot)"
180.242.129.178 - - [26/Aug/2026:00:24:20 +0000] "GET /wp-admin/css/colors/coffee/wso.php HTTP/1.1" 403 319 "-" "python-httpx/0.28.1"
180.242.129.178 - - [26/Aug/2026:00:24:27 +0000] "GET /wp-content/themes/cay-van-phong/tinyfilemanager.php HTTP/1.1" 403 319 "-" "python-httpx/0.28.1"
180.242.129.178 - - [26/Aug/2026:00:24:34 +0000] "GET /wp-admin/maint/wp-act.php HTTP/1.1" 403 319 "-" "python-httpx/0.28.1"
74.7.243.222 - - [26/Aug/2026:00:24:34 +0000] "GET /?shop/detail/Z25502246218.html HTTP/2.0" 403 307 "https://cellsonic.oxygenhealthsystems.com/?sitemap666.xml" "Mozilla/5.0 AppleWebKit/537.36 (KHTML, like Gecko; compatible; GPTBot/1.4; +https://openai.com/gptbot)"
180.242.129.178 - - [26/Aug/2026:00:24:41 +0000] "GET /wp-content/plugins/wp-help/admin/wp-fclass.php HTTP/1.1" 403 319 "-" "python-httpx/0.28.1"
180.242.129.178 - - [26/Aug/2026:00:24:48 +0000] "GET /wp-includes/ID3/module.audio-video.quicktime.php HTTP/1.1" 403 319 "-" "python-httpx/0.28.1"
180.242.129.178 - - [26/Aug/2026:00:24:55 +0000] "GET /wp-admin/r.php HTTP/1.1" 403 319 "-" "python-httpx/0.28.1"
74.7.243.222 - - [26/Aug/2026:00:24:56 +0000] "GET /?shop/detail/A254991932341.html HTTP/2.0" 403 307 "https://cellsonic.oxygenhealthsystems.com/?sitemap326.xml" "Mozilla/5.0 AppleWebKit/537.36 (KHTML, like Gecko; compatible; GPTBot/1.4; +https://openai.com/gptbot)"
180.242.129.178 - - [26/Aug/2026:00:25:02 +0000] "GET /wp-includes/ms-blogs.php HTTP/1.1" 403 319 "-" "python-httpx/0.28.1"
180.242.129.178 - - [26/Aug/2026:00:25:09 +0000] "GET /about/rk2.php HTTP/1.1" 403 319 "-" "python-httpx/0.28.1"
180.242.129.178 - - [26/Aug/2026:00:25:16 +0000] "GET /wp-content/themes/seotheme/db.php HTTP/1.1" 403 319 "-" "python-httpx/0.28.1"
74.7.243.222 - - [26/Aug/2026:00:25:16 +0000] "GET /?shop/detail/Z25518875447.html HTTP/2.0" 403 307 "https://cellsonic.oxygenhealthsystems.com/?sitemap947.xml" "Mozilla/5.0 AppleWebKit/537.36 (KHTML, like Gecko; compatible; GPTBot/1.4; +https://openai.com/gptbot)"
180.242.129.178 - - [26/Aug/2026:00:25:23 +0000] "GET /vendor/filp/whoops/src/Whoops/Exception/alfa-rex.php HTTP/1.1" 403 319 "-" "python-httpx/0.28.1"
180.242.129.178 - - [26/Aug/2026:00:25:30 +0000] "GET /wp-content/plugins/akismet/dz.php HTTP/1.1" 403 319 "-" "python-httpx/0.28.1"
180.242.129.178 - - [26/Aug/2026:00:25:37 +0000] "GET /uploads/slot-gacor-uang-asli.php HTTP/1.1" 403 319 "-" "python-httpx/0.28.1"
74.7.243.222 - - [26/Aug/2026:00:25:37 +0000] "GET /?shop/detail/Z25508007817.html HTTP/2.0" 403 307 "https://cellsonic.oxygenhealthsystems.com/?sitemap417.xml" "Mozilla/5.0 AppleWebKit/537.36 (KHTML, like Gecko; compatible; GPTBot/1.4; +https://openai.com/gptbot)"
180.242.129.178 - - [26/Aug/2026:00:25:44 +0000] "GET /023ws.php HTTP/1.1" 403 319 "-" "python-httpx/0.28.1"
180.242.129.178 - - [26/Aug/2026:00:25:51 +0000] "GET /vendor/iankumu/alfa-rex.php HTTP/1.1" 403 319 "-" "python-httpx/0.28.1"
180.242.129.178 - - [26/Aug/2026:00:25:58 +0000] "GET /wp-admin/alf.php HTTP/1.1" 403 319 "-" "python-httpx/0.28.1"
74.7.243.222 - - [26/Aug/2026:00:25:58 +0000] "GET /?shop/detail/Z25484301144.html HTTP/2.0" 403 307 "https://cellsonic.oxygenhealthsystems.com/?sitemap666.xml" "Mozilla/5.0 AppleWebKit/537.36 (KHTML, like Gecko; compatible; GPTBot/1.4; +https://openai.com/gptbot)"
180.242.129.178 - - [26/Aug/2026:00:26:06 +0000] "GET /wp-includes/rest-api/endpoints/alfa-rex.php HTTP/1.1" 403 319 "-" "python-httpx/0.28.1"
180.242.129.178 - - [26/Aug/2026:00:26:13 +0000] "GET /xxx.php HTTP/1.1" 403 319 "-" "python-httpx/0.28.1"
74.7.243.222 - - [26/Aug/2026:00:26:19 +0000] "GET /?shop/detail/Z25484332478.html HTTP/2.0" 403 307 "https://cellsonic.oxygenhealthsystems.com/?sitemap666.xml" "Mozilla/5.0 AppleWebKit/537.36 (KHTML, like Gecko; compatible; GPTBot/1.4; +https://openai.com/gptbot)"
180.242.129.178 - - [26/Aug/2026:00:26:20 +0000] "GET /wp-includes/carson.php HTTP/1.1" 403 319 "-" "python-httpx/0.28.1"
180.242.129.178 - - [26/Aug/2026:00:26:27 +0000] "GET /wp-2018.php HTTP/1.1" 403 319 "-" "python-httpx/0.28.1"
180.242.129.178 - - [26/Aug/2026:00:26:34 +0000] "GET /2index.php HTTP/1.1" 403 319 "-" "python-httpx/0.28.1"
74.7.243.222 - - [26/Aug/2026:00:26:40 +0000] "GET /?shop/detail/Z25508090064.html HTTP/2.0" 403 307 "https://cellsonic.oxygenhealthsystems.com/?sitemap700.xml" "Mozilla/5.0 AppleWebKit/537.36 (KHTML, like Gecko; compatible; GPTBot/1.4; +https://openai.com/gptbot)"
180.242.129.178 - - [26/Aug/2026:00:26:40 +0000] "GET /vendor/iankumu/mpesa/src/Facades/about.php HTTP/1.1" 403 319 "-" "python-httpx/0.28.1"
180.242.129.178 - - [26/Aug/2026:00:26:48 +0000] "GET /wp-includes/SimplePie/src/Cache.php HTTP/1.1" 403 319 "-" "python-httpx/0.28.1"
180.242.129.178 - - [26/Aug/2026:00:26:54 +0000] "GET /V5.php HTTP/1.1" 403 319 "-" "python-httpx/0.28.1"
74.7.243.222 - - [26/Aug/2026:00:27:01 +0000] "GET /?shop/detail/B25469239643.html HTTP/2.0" 403 307 "https://cellsonic.oxygenhealthsystems.com/?sitemap536.xml" "Mozilla/5.0 AppleWebKit/537.36 (KHTML, like Gecko; compatible; GPTBot/1.4; +https://openai.com/gptbot)"
180.242.129.178 - - [26/Aug/2026:00:27:01 +0000] "GET /index/wp_error.php%20 HTTP/1.1" 403 319 "-" "python-httpx/0.28.1"
180.242.129.178 - - [26/Aug/2026:00:27:07 +0000] "GET /wp-includes/js/tinymce/plugins/colorpicker/wp-login.php HTTP/1.1" 403 319 "-" "python-httpx/0.28.1"
180.242.129.178 - - [26/Aug/2026:00:27:15 +0000] "GET /css/class.api.php HTTP/1.1" 403 319 "-" "python-httpx/0.28.1"
180.242.129.178 - - [26/Aug/2026:00:27:21 +0000] "GET /wp-admin/root.php HTTP/1.1" 403 319 "-" "python-httpx/0.28.1"
74.7.243.222 - - [26/Aug/2026:00:27:23 +0000] "GET /?shop/detail/B255044060161.html HTTP/2.0" 403 307 "https://cellsonic.oxygenhealthsystems.com/?sitemap353.xml" "Mozilla/5.0 AppleWebKit/537.36 (KHTML, like Gecko; compatible; GPTBot/1.4; +https://openai.com/gptbot)"
180.242.129.178 - - [26/Aug/2026:00:27:28 +0000] "GET /libraries/vendor/updates.php HTTP/1.1" 403 319 "-" "python-httpx/0.28.1"
180.242.129.178 - - [26/Aug/2026:00:27:35 +0000] "GET /creates.php HTTP/1.1" 403 319 "-" "python-httpx/0.28.1"
180.242.129.178 - - [26/Aug/2026:00:27:42 +0000] "GET /wp-content/plugins/akismet/tmp/root.php HTTP/1.1" 403 319 "-" "python-httpx/0.28.1"
74.7.243.222 - - [26/Aug/2026:00:27:44 +0000] "GET /?shop/detail/A254615169426.html HTTP/2.0" 403 307 "https://cellsonic.oxygenhealthsystems.com/?sitemap280.xml" "Mozilla/5.0 AppleWebKit/537.36 (KHTML, like Gecko; compatible; GPTBot/1.4; +https://openai.com/gptbot)"
180.242.129.178 - - [26/Aug/2026:00:27:50 +0000] "GET /wp-content/plugins/watch/byp.php?p= HTTP/1.1" 403 319 "-" "python-httpx/0.28.1"
180.242.129.178 - - [26/Aug/2026:00:27:56 +0000] "GET /wp-admin/includes/class-custom-image-header.php HTTP/1.1" 403 319 "-" "python-httpx/0.28.1"
180.242.129.178 - - [26/Aug/2026:00:28:03 +0000] "GET /wp-content/languages/themes/wp-class.php HTTP/1.1" 403 319 "-" "python-httpx/0.28.1"
74.7.243.222 - - [26/Aug/2026:00:28:05 +0000] "GET /?shop/detail/Z25497990309.html HTTP/2.0" 403 307 "https://cellsonic.oxygenhealthsystems.com/?sitemap700.xml" "Mozilla/5.0 AppleWebKit/537.36 (KHTML, like Gecko; compatible; GPTBot/1.4; +https://openai.com/gptbot)"
180.242.129.178 - - [26/Aug/2026:00:28:10 +0000] "GET /tiny_mce/plugins/ajaxfilemanager/block-css.php?mode=upload HTTP/1.1" 403 319 "-" "python-httpx/0.28.1"
180.242.129.178 - - [26/Aug/2026:00:28:17 +0000] "GET /wp-content/languages/themes/rk2.php HTTP/1.1" 403 319 "-" "python-httpx/0.28.1"
180.242.129.178 - - [26/Aug/2026:00:28:24 +0000] "GET /wp-includes/edit.php HTTP/1.1" 403 319 "-" "python-httpx/0.28.1"
74.7.243.222 - - [26/Aug/2026:00:28:25 +0000] "GET /?shop/detail/A25502349204.html HTTP/2.0" 403 307 "https://cellsonic.oxygenhealthsystems.com/?sitemap762.xml" "Mozilla/5.0 AppleWebKit/537.36 (KHTML, like Gecko; compatible; GPTBot/1.4; +https://openai.com/gptbot)"
180.242.129.178 - - [26/Aug/2026:00:28:31 +0000] "GET /image/j.php HTTP/1.1" 403 319 "-" "python-httpx/0.28.1"
180.242.129.178 - - [26/Aug/2026:00:28:37 +0000] "GET /wp-includes/feed.php HTTP/1.1" 403 319 "-" "python-httpx/0.28.1"
66.249.75.4 - - [26/Aug/2026:00:28:44 +0000] "GET /shop/detail/B25491896859.html HTTP/1.1" 403 319 "-" "Mozilla/5.0 (compatible; Googlebot/2.1; +http://www.google.com/bot.html)"
180.242.129.178 - - [26/Aug/2026:00:28:45 +0000] "GET /wp-includes/sodium_compat/namespaced/Core/alfa-rex.php HTTP/1.1" 403 319 "-" "python-httpx/0.28.1"
74.7.243.222 - - [26/Aug/2026:00:28:47 +0000] "GET /?shop/detail/B255144775201.html HTTP/2.0" 403 307 "https://cellsonic.oxygenhealthsystems.com/?sitemap353.xml" "Mozilla/5.0 AppleWebKit/537.36 (KHTML, like Gecko; compatible; GPTBot/1.4; +https://openai.com/gptbot)"
180.242.129.178 - - [26/Aug/2026:00:28:51 +0000] "GET /wp-includes/rest-api/endpoints/class-wp-rest-template-autosaves-controller.php HTTP/1.1" 403 319 "-" "python-httpx/0.28.1"
180.242.129.178 - - [26/Aug/2026:00:28:59 +0000] "GET /images/plugins.php HTTP/1.1" 403 319 "-" "python-httpx/0.28.1"
66.249.75.3 - - [26/Aug/2026:00:29:00 +0000] "GET /shop/detail/A25502204634.html HTTP/1.1" 403 319 "-" "Mozilla/5.0 (Linux; Android 6.0.1; Nexus 5X Build/MMB29P) AppleWebKit/537.36 (KHTML, like Gecko) Chrome/151.0.7922.173 Mobile Safari/537.36 (compatible; Googlebot/2.1; +http://www.google.com/bot.html)"
180.242.129.178 - - [26/Aug/2026:00:29:05 +0000] "GET /vendor/filp/whoops/src/Whoops/alfa-rex.php HTTP/1.1" 403 319 "-" "python-httpx/0.28.1"
74.7.243.222 - - [26/Aug/2026:00:29:08 +0000] "GET /?shop/detail/Z25497558827.html HTTP/2.0" 403 307 "https://cellsonic.oxygenhealthsystems.com/?sitemap389.xml" "Mozilla/5.0 AppleWebKit/537.36 (KHTML, like Gecko; compatible; GPTBot/1.4; +https://openai.com/gptbot)"
180.242.129.178 - - [26/Aug/2026:00:29:13 +0000] "GET /7index.php HTTP/1.1" 403 319 "-" "python-httpx/0.28.1"
180.242.129.178 - - [26/Aug/2026:00:29:19 +0000] "GET /wp-content/uploads/wp-blockdown.php HTTP/1.1" 403 319 "-" "python-httpx/0.28.1"
180.242.129.178 - - [26/Aug/2026:00:29:26 +0000] "GET /wp-includes/js/dist/vendor/wp-login.php HTTP/1.1" 403 319 "-" "python-httpx/0.28.1"
74.7.243.222 - - [26/Aug/2026:00:29:28 +0000] "GET /?shop/detail/A25463452293.html HTTP/2.0" 403 307 "https://cellsonic.oxygenhealthsystems.com/?sitemap234.xml" "Mozilla/5.0 AppleWebKit/537.36 (KHTML, like Gecko; compatible; GPTBot/1.4; +https://openai.com/gptbot)"
180.242.129.178 - - [26/Aug/2026:00:29:33 +0000] "GET /wp-content/updraft/themes.php HTTP/1.1" 403 319 "-" "python-httpx/0.28.1"
180.242.129.178 - - [26/Aug/2026:00:29:39 +0000] "GET /vendor/egulias/email-validator/src/Parser/CommentStrategy/about.php HTTP/1.1" 403 319 "-" "python-httpx/0.28.1"
180.242.129.178 - - [26/Aug/2026:00:29:47 +0000] "GET /wp-admin/js/widgets/wp-term.php HTTP/1.1" 403 319 "-" "python-httpx/0.28.1"
74.7.243.222 - - [26/Aug/2026:00:29:49 +0000] "GET /?shop/detail/B25469024060.html HTTP/2.0" 403 307 "https://cellsonic.oxygenhealthsystems.com/?sitemap485.xml" "Mozilla/5.0 AppleWebKit/537.36 (KHTML, like Gecko; compatible; GPTBot/1.4; +https://openai.com/gptbot)"
180.242.129.178 - - [26/Aug/2026:00:29:53 +0000] "GET /wp-includes/pomo/wp-ver.php HTTP/1.1" 403 319 "-" "python-httpx/0.28.1"
180.242.129.178 - - [26/Aug/2026:00:30:00 +0000] "GET /wp-includes/js/jquery/alfa-rex.php HTTP/1.1" 403 319 "-" "python-httpx/0.28.1"
180.242.129.178 - - [26/Aug/2026:00:30:07 +0000] "GET /ksa.php HTTP/1.1" 403 319 "-" "python-httpx/0.28.1"
74.7.243.222 - - [26/Aug/2026:00:30:09 +0000] "GET /?shop/detail/Z25505481598.html HTTP/2.0" 403 307 "https://cellsonic.oxygenhealthsystems.com/?sitemap700.xml" "Mozilla/5.0 AppleWebKit/537.36 (KHTML, like Gecko; compatible; GPTBot/1.4; +https://openai.com/gptbot)"
180.242.129.178 - - [26/Aug/2026:00:30:13 +0000] "GET /wp-includes/Text/index.php HTTP/1.1" 403 319 "-" "python-httpx/0.28.1"
66.249.75.5 - - [26/Aug/2026:00:30:18 +0000] "GET /shop/detail/Q25481373460.html HTTP/1.1" 403 319 "-" "Mozilla/5.0 (compatible; Googlebot/2.1; +http://www.google.com/bot.html)"
180.242.129.178 - - [26/Aug/2026:00:30:20 +0000] "GET /wp-admin/css/bop.php?p= HTTP/1.1" 403 319 "-" "python-httpx/0.28.1"
180.242.129.178 - - [26/Aug/2026:00:30:27 +0000] "GET /image/asdasd.php HTTP/1.1" 403 319 "-" "python-httpx/0.28.1"
74.7.243.222 - - [26/Aug/2026:00:30:30 +0000] "GET /?shop/detail/A25487077204.html HTTP/2.0" 403 307 "https://cellsonic.oxygenhealthsystems.com/?sitemap762.xml" "Mozilla/5.0 AppleWebKit/537.36 (KHTML, like Gecko; compatible; GPTBot/1.4; +https://openai.com/gptbot)"
66.249.75.4 - - [26/Aug/2026:00:30:32 +0000] "GET /shop/detail/Y254664958.html HTTP/1.1" 403 319 "-" "Mozilla/5.0 (Linux; Android 6.0.1; Nexus 5X Build/MMB29P) AppleWebKit/537.36 (KHTML, like Gecko) Chrome/151.0.7922.173 Mobile Safari/537.36 (compatible; Googlebot/2.1; +http://www.google.com/bot.html)"
180.242.129.178 - - [26/Aug/2026:00:30:34 +0000] "GET /wp-admin/maint/mariju.php HTTP/1.1" 403 319 "-" "python-httpx/0.28.1"
180.242.129.178 - - [26/Aug/2026:00:30:41 +0000] "GET /templates/beez/index.php HTTP/1.1" 403 319 "-" "python-httpx/0.28.1"
180.242.129.178 - - [26/Aug/2026:00:30:47 +0000] "GET /alfa-rex.php8 HTTP/1.1" 403 319 "-" "python-httpx/0.28.1"
74.7.243.222 - - [26/Aug/2026:00:30:51 +0000] "GET /?shop/detail/A254994589662.html HTTP/2.0" 403 307 "https://cellsonic.oxygenhealthsystems.com/?sitemap326.xml" "Mozilla/5.0 AppleWebKit/537.36 (KHTML, like Gecko; compatible; GPTBot/1.4; +https://openai.com/gptbot)"
180.242.129.178 - - [26/Aug/2026:00:30:55 +0000] "GET /wp-includes/sodium_compat/namespaced/Core/ChaCha20/alfa-rex.php HTTP/1.1" 403 319 "-" "python-httpx/0.28.1"
180.242.129.178 - - [26/Aug/2026:00:31:01 +0000] "GET /fox.php HTTP/1.1" 403 319 "-" "python-httpx/0.28.1"
180.242.129.178 - - [26/Aug/2026:00:31:08 +0000] "GET /about/wp-sys.php?p= HTTP/1.1" 403 319 "-" "python-httpx/0.28.1"
74.7.243.222 - - [26/Aug/2026:00:31:12 +0000] "GET /?shop/detail/A25505187541.html HTTP/2.0" 403 307 "https://cellsonic.oxygenhealthsystems.com/?sitemap762.xml" "Mozilla/5.0 AppleWebKit/537.36 (KHTML, like Gecko; compatible; GPTBot/1.4; +https://openai.com/gptbot)"
180.242.129.178 - - [26/Aug/2026:00:31:14 +0000] "GET /wp-includes/SimplePie/src/Net/IPv6.php HTTP/1.1" 403 319 "-" "python-httpx/0.28.1"
180.242.129.178 - - [26/Aug/2026:00:31:21 +0000] "GET /file/index.php HTTP/1.1" 403 319 "-" "python-httpx/0.28.1"
180.242.129.178 - - [26/Aug/2026:00:31:28 +0000] "GET /wp-includes/PHPMailer/wp-login.php HTTP/1.1" 403 319 "-" "python-httpx/0.28.1"
74.7.243.222 - - [26/Aug/2026:00:31:33 +0000] "GET /?shop/detail/B25479724514.html HTTP/2.0" 403 307 "https://cellsonic.oxygenhealthsystems.com/?sitemap425.xml" "Mozilla/5.0 AppleWebKit/537.36 (KHTML, like Gecko; compatible; GPTBot/1.4; +https://openai.com/gptbot)"
180.242.129.178 - - [26/Aug/2026:00:31:35 +0000] "GET /wp-includes/formatting.php HTTP/1.1" 403 319 "-" "python-httpx/0.28.1"
66.249.75.5 - - [26/Aug/2026:00:31:38 +0000] "GET /shop/detail/N25481339455.html HTTP/1.1" 403 319 "-" "Mozilla/5.0 (Linux; Android 6.0.1; Nexus 5X Build/MMB29P) AppleWebKit/537.36 (KHTML, like Gecko) Chrome/151.0.7922.173 Mobile Safari/537.36 (compatible; Googlebot/2.1; +http://www.google.com/bot.html)"
180.242.129.178 - - [26/Aug/2026:00:31:41 +0000] "GET /wp-includes/sodium_compat/namespaced/alfa-rex.php HTTP/1.1" 403 319 "-" "python-httpx/0.28.1"
180.242.129.178 - - [26/Aug/2026:00:31:49 +0000] "GET /wp-content/themes/rishi/db.php?u HTTP/1.1" 403 319 "-" "python-httpx/0.28.1"
66.249.75.4 - - [26/Aug/2026:00:31:51 +0000] "GET /shop/detail/M25502065826.html HTTP/1.1" 403 319 "-" "Mozilla/5.0 (Linux; Android 6.0.1; Nexus 5X Build/MMB29P) AppleWebKit/537.36 (KHTML, like Gecko) Chrome/151.0.7922.173 Mobile Safari/537.36 (compatible; Googlebot/2.1; +http://www.google.com/bot.html)"
74.7.243.222 - - [26/Aug/2026:00:31:53 +0000] "GET /?shop/detail/A25484365283.html HTTP/2.0" 403 307 "https://cellsonic.oxygenhealthsystems.com/?sitemap166.xml" "Mozilla/5.0 AppleWebKit/537.36 (KHTML, like Gecko; compatible; GPTBot/1.4; +https://openai.com/gptbot)"
180.242.129.178 - - [26/Aug/2026:00:31:56 +0000] "GET /wp-includes/SimplePie/library/SimplePie/XML/Declaration/about.php HTTP/1.1" 403 319 "-" "python-httpx/0.28.1"
180.242.129.178 - - [26/Aug/2026:00:32:04 +0000] "GET /image/hello.php HTTP/1.1" 403 319 "-" "python-httpx/0.28.1"
180.242.129.178 - - [26/Aug/2026:00:32:10 +0000] "GET /wp-admin/user/wp_error.php%20 HTTP/1.1" 403 319 "-" "python-httpx/0.28.1"
74.7.243.222 - - [26/Aug/2026:00:32:13 +0000] "GET /?shop/detail/B25491722471.html HTTP/2.0" 403 307 "https://cellsonic.oxygenhealthsystems.com/?sitemap797.xml" "Mozilla/5.0 AppleWebKit/537.36 (KHTML, like Gecko; compatible; GPTBot/1.4; +https://openai.com/gptbot)"
180.242.129.178 - - [26/Aug/2026:00:32:18 +0000] "GET /doc/indexx.php HTTP/1.1" 403 319 "-" "python-httpx/0.28.1"
180.242.129.178 - - [26/Aug/2026:00:32:25 +0000] "GET /wp-includes/p.php HTTP/1.1" 403 319 "-" "python-httpx/0.28.1"
57.141.20.0 - - [26/Aug/2026:00:32:28 +0000] "GET / HTTP/2.0" 403 307 "-" "facebookexternalhit/1.1 (+http://www.facebook.com/externalhit_uatext.php)"
180.242.129.178 - - [26/Aug/2026:00:32:32 +0000] "GET /.well-known/wp_configs.php?p= HTTP/1.1" 403 319 "-" "python-httpx/0.28.1"
74.7.243.222 - - [26/Aug/2026:00:32:34 +0000] "GET /?shop/detail/Z255011373202.html HTTP/2.0" 403 307 "https://cellsonic.oxygenhealthsystems.com/?sitemap612.xml" "Mozilla/5.0 AppleWebKit/537.36 (KHTML, like Gecko; compatible; GPTBot/1.4; +https://openai.com/gptbot)"
180.242.129.178 - - [26/Aug/2026:00:32:38 +0000] "GET /wp-admin/maint/s.php HTTP/1.1" 403 319 "-" "python-httpx/0.28.1"
180.242.129.178 - - [26/Aug/2026:00:32:46 +0000] "GET /wp-admin/maint/nav.php HTTP/1.1" 403 319 "-" "python-httpx/0.28.1"
180.242.129.178 - - [26/Aug/2026:00:32:53 +0000] "GET /wp-content/dropdown.php HTTP/1.1" 403 319 "-" "python-httpx/0.28.1"
74.7.243.222 - - [26/Aug/2026:00:32:54 +0000] "GET /?shop/detail/Z254910950224.html HTTP/2.0" 403 307 "https://cellsonic.oxygenhealthsystems.com/?sitemap700.xml" "Mozilla/5.0 AppleWebKit/537.36 (KHTML, like Gecko; compatible; GPTBot/1.4; +https://openai.com/gptbot)"
180.242.129.178 - - [26/Aug/2026:00:33:00 +0000] "GET /kindex.php HTTP/1.1" 403 319 "-" "python-httpx/0.28.1"
180.242.129.178 - - [26/Aug/2026:00:33:07 +0000] "GET /wp-admin/css/colors/coffee/wp-login.php HTTP/1.1" 403 319 "-" "python-httpx/0.28.1"
66.249.75.3 - - [26/Aug/2026:00:33:07 +0000] "GET /shop/detail/H2546305736.html HTTP/1.1" 403 319 "-" "Mozilla/5.0 (Linux; Android 6.0.1; Nexus 5X Build/MMB29P) AppleWebKit/537.36 (KHTML, like Gecko) Chrome/151.0.7922.173 Mobile Safari/537.36 (compatible; Googlebot/2.1; +http://www.google.com/bot.html)"
180.242.129.178 - - [26/Aug/2026:00:33:13 +0000] "GET /wp-includes/widgets/class-wp-widget-calendar.php HTTP/1.1" 403 319 "-" "python-httpx/0.28.1"
74.7.243.222 - - [26/Aug/2026:00:33:15 +0000] "GET /?shop/detail/Z25518899622.html HTTP/2.0" 403 307 "https://cellsonic.oxygenhealthsystems.com/?sitemap612.xml" "Mozilla/5.0 AppleWebKit/537.36 (KHTML, like Gecko; compatible; GPTBot/1.4; +https://openai.com/gptbot)"
180.242.129.178 - - [26/Aug/2026:00:33:20 +0000] "GET /libraries/fof/database/iterator/xmrlpc.php?p= HTTP/1.1" 403 319 "-" "python-httpx/0.28.1"
180.242.129.178 - - [26/Aug/2026:00:33:26 +0000] "GET /moduless.ph HTTP/1.1" 403 319 "-" "python-httpx/0.28.1"
180.242.129.178 - - [26/Aug/2026:00:33:34 +0000] "GET /vendor/laminas/laminas-code/src/Scanner/alfa-rex.php HTTP/1.1" 403 319 "-" "python-httpx/0.28.1"
74.7.243.222 - - [26/Aug/2026:00:33:36 +0000] "GET /?shop/detail/A25515934358.html HTTP/2.0" 403 307 "https://cellsonic.oxygenhealthsystems.com/?sitemap234.xml" "Mozilla/5.0 AppleWebKit/537.36 (KHTML, like Gecko; compatible; GPTBot/1.4; +https://openai.com/gptbot)"
180.242.129.178 - - [26/Aug/2026:00:33:41 +0000] "GET /wp-admin/css/colors/coffee/leafmailer2.8.php HTTP/1.1" 403 319 "-" "python-httpx/0.28.1"
180.242.129.178 - - [26/Aug/2026:00:33:49 +0000] "GET /wp-includes/ws.php HTTP/1.1" 403 319 "-" "python-httpx/0.28.1"
57.141.10.7 - - [26/Aug/2026:00:33:52 +0000] "GET / HTTP/2.0" 403 307 "-" "facebookexternalhit/1.1 (+http://www.facebook.com/externalhit_uatext.php)"
180.242.129.178 - - [26/Aug/2026:00:33:56 +0000] "GET /wp-admin/maint/crack_self_restore.php HTTP/1.1" 403 319 "-" "python-httpx/0.28.1"
74.7.243.222 - - [26/Aug/2026:00:33:56 +0000] "GET /?shop/detail/B254882451533.html HTTP/2.0" 403 307 "https://cellsonic.oxygenhealthsystems.com/?sitemap273.xml" "Mozilla/5.0 AppleWebKit/537.36 (KHTML, like Gecko; compatible; GPTBot/1.4; +https://openai.com/gptbot)"
180.242.129.178 - - [26/Aug/2026:00:34:03 +0000] "GET /images/y.php HTTP/1.1" 403 319 "-" "python-httpx/0.28.1"
180.242.129.178 - - [26/Aug/2026:00:34:10 +0000] "GET /wp-functions.php HTTP/1.1" 403 319 "-" "python-httpx/0.28.1"
74.7.243.222 - - [26/Aug/2026:00:34:17 +0000] "GET /?shop/detail/A255038131218.html HTTP/2.0" 403 307 "https://cellsonic.oxygenhealthsystems.com/?sitemap144.xml" "Mozilla/5.0 AppleWebKit/537.36 (KHTML, like Gecko; compatible; GPTBot/1.4; +https://openai.com/gptbot)"
180.242.129.178 - - [26/Aug/2026:00:34:17 +0000] "GET /wp-admin/alex.php HTTP/1.1" 403 319 "-" "python-httpx/0.28.1"
180.242.129.178 - - [26/Aug/2026:00:34:24 +0000] "GET /wp-admin/css/colors/blue/index.php HTTP/1.1" 403 319 "-" "python-httpx/0.28.1"
180.242.129.178 - - [26/Aug/2026:00:34:31 +0000] "GET /.well-known/pki-validation/wp-hoard.php HTTP/1.1" 403 319 "-" "python-httpx/0.28.1"
74.7.243.222 - - [26/Aug/2026:00:34:39 +0000] "GET /?shop/detail/A255071029975.html HTTP/2.0" 403 307 "https://cellsonic.oxygenhealthsystems.com/?sitemap435.xml" "Mozilla/5.0 AppleWebKit/537.36 (KHTML, like Gecko; compatible; GPTBot/1.4; +https://openai.com/gptbot)"
180.242.129.178 - - [26/Aug/2026:00:34:39 +0000] "GET /wp-content/plugins/wp-help/ HTTP/1.1" 403 319 "-" "python-httpx/0.28.1"
180.242.129.178 - - [26/Aug/2026:00:34:45 +0000] "GET /on-settingssl.php HTTP/1.1" 403 319 "-" "python-httpx/0.28.1"
180.242.129.178 - - [26/Aug/2026:00:34:53 +0000] "GET /wp-includes/ID3/module.audio.ac3.php HTTP/1.1" 403 319 "-" "python-httpx/0.28.1"
66.249.75.3 - - [26/Aug/2026:00:34:55 +0000] "GET /shop/detail/Z2547707133.html HTTP/1.1" 403 319 "-" "Mozilla/5.0 (Linux; Android 6.0.1; Nexus 5X Build/MMB29P) AppleWebKit/537.36 (KHTML, like Gecko) Chrome/151.0.7922.173 Mobile Safari/537.36 (compatible; Googlebot/2.1; +http://www.google.com/bot.html)"
180.242.129.178 - - [26/Aug/2026:00:34:59 +0000] "GET /siteheads.php HTTP/1.1" 403 319 "-" "python-httpx/0.28.1"
74.7.243.222 - - [26/Aug/2026:00:35:00 +0000] "GET /?shop/detail/B25518662289.html HTTP/2.0" 403 307 "https://cellsonic.oxygenhealthsystems.com/?sitemap425.xml" "Mozilla/5.0 AppleWebKit/537.36 (KHTML, like Gecko; compatible; GPTBot/1.4; +https://openai.com/gptbot)"
180.242.129.178 - - [26/Aug/2026:00:35:07 +0000] "GET /wp-includes/SimplePie/src/Item.php HTTP/1.1" 403 319 "-" "python-httpx/0.28.1"
180.242.129.178 - - [26/Aug/2026:00:35:14 +0000] "GET /wp-includes/bb.php HTTP/1.1" 403 319 "-" "python-httpx/0.28.1"
74.7.243.222 - - [26/Aug/2026:00:35:21 +0000] "GET /?shop/detail/A25512766816.html HTTP/2.0" 403 307 "https://cellsonic.oxygenhealthsystems.com/?sitemap234.xml" "Mozilla/5.0 AppleWebKit/537.36 (KHTML, like Gecko; compatible; GPTBot/1.4; +https://openai.com/gptbot)"
180.242.129.178 - - [26/Aug/2026:00:35:21 +0000] "GET /wp-includes/assets/script-loader-packages.php HTTP/1.1" 403 319 "-" "python-httpx/0.28.1"
180.242.129.178 - - [26/Aug/2026:00:35:28 +0000] "GET /leaf_php.php HTTP/1.1" 403 319 "-" "python-httpx/0.28.1"
180.242.129.178 - - [26/Aug/2026:00:35:35 +0000] "GET /wp-includes/class-wp-term-query.php HTTP/1.1" 403 319 "-" "python-httpx/0.28.1"
180.242.129.178 - - [26/Aug/2026:00:35:41 +0000] "GET /wp-includes/media.php HTTP/1.1" 403 319 "-" "python-httpx/0.28.1"
74.7.243.222 - - [26/Aug/2026:00:35:41 +0000] "GET /?shop/detail/Z25484080223.html HTTP/2.0" 403 307 "https://cellsonic.oxygenhealthsystems.com/?sitemap700.xml" "Mozilla/5.0 AppleWebKit/537.36 (KHTML, like Gecko; compatible; GPTBot/1.4; +https://openai.com/gptbot)"
180.242.129.178 - - [26/Aug/2026:00:35:49 +0000] "GET /goods.php HTTP/1.1" 403 319 "-" "python-httpx/0.28.1"
180.242.129.178 - - [26/Aug/2026:00:35:55 +0000] "GET /images/product_image_5d938daef1f0b.php HTTP/1.1" 403 319 "-" "python-httpx/0.28.1"
74.7.243.222 - - [26/Aug/2026:00:36:01 +0000] "GET /?shop/detail/Z25512850354.html HTTP/2.0" 403 307 "https://cellsonic.oxygenhealthsystems.com/?sitemap417.xml" "Mozilla/5.0 AppleWebKit/537.36 (KHTML, like Gecko; compatible; GPTBot/1.4; +https://openai.com/gptbot)"
180.242.129.178 - - [26/Aug/2026:00:36:03 +0000] "GET /wp-includes/customize/class-wp-customize-nav-menu-locations-control.php HTTP/1.1" 403 319 "-" "python-httpx/0.28.1"
180.242.129.178 - - [26/Aug/2026:00:36:10 +0000] "GET /mar.php HTTP/1.1" 403 319 "-" "python-httpx/0.28.1"
180.242.129.178 - - [26/Aug/2026:00:36:17 +0000] "GET /cy.php HTTP/1.1" 403 319 "-" "python-httpx/0.28.1"
74.7.243.222 - - [26/Aug/2026:00:36:23 +0000] "GET /?shop/detail/B25473662234.html HTTP/2.0" 403 307 "https://cellsonic.oxygenhealthsystems.com/?sitemap408.xml" "Mozilla/5.0 AppleWebKit/537.36 (KHTML, like Gecko; compatible; GPTBot/1.4; +https://openai.com/gptbot)"
180.242.129.178 - - [26/Aug/2026:00:36:23 +0000] "GET /foxwso.php HTTP/1.1" 403 319 "-" "python-httpx/0.28.1"
180.242.129.178 - - [26/Aug/2026:00:36:30 +0000] "GET /wp-content/xox.php HTTP/1.1" 403 319 "-" "python-httpx/0.28.1"
66.249.75.4 - - [26/Aug/2026:00:36:33 +0000] "GET /shop/detail/U25502140596.html HTTP/1.1" 403 319 "-" "Mozilla/5.0 (Linux; Android 6.0.1; Nexus 5X Build/MMB29P) AppleWebKit/537.36 (KHTML, like Gecko) Chrome/151.0.7922.173 Mobile Safari/537.36 (compatible; Googlebot/2.1; +http://www.google.com/bot.html)"
180.242.129.178 - - [26/Aug/2026:00:36:37 +0000] "GET /plugins/admin-ckeditor/plugins/balloonpanel/skins/moono-lisa/images/hidpi/mwy5.php HTTP/1.1" 403 319 "-" "python-httpx/0.28.1"
74.7.243.222 - - [26/Aug/2026:00:36:44 +0000] "GET /?shop/detail/A255198815009.html HTTP/2.0" 403 307 "https://cellsonic.oxygenhealthsystems.com/?sitemap326.xml" "Mozilla/5.0 AppleWebKit/537.36 (KHTML, like Gecko; compatible; GPTBot/1.4; +https://openai.com/gptbot)"
180.242.129.178 - - [26/Aug/2026:00:36:44 +0000] "GET /r57.php HTTP/1.1" 403 319 "-" "python-httpx/0.28.1"
180.242.129.178 - - [26/Aug/2026:00:36:51 +0000] "GET /wp-includes/xl2023.php HTTP/1.1" 403 319 "-" "python-httpx/0.28.1"
180.242.129.178 - - [26/Aug/2026:00:36:59 +0000] "GET /vendor/laminas/laminas-code/src/Generator/TypeGenerator/alfa-rex.php HTTP/1.1" 403 319 "-" "python-httpx/0.28.1"
57.141.22.26 - - [26/Aug/2026:00:37:00 +0000] "GET / HTTP/2.0" 403 307 "-" "facebookexternalhit/1.1 (+http://www.facebook.com/externalhit_uatext.php)"
74.7.243.222 - - [26/Aug/2026:00:37:05 +0000] "GET /?shop/detail/Z25508236386.html HTTP/2.0" 403 307 "https://cellsonic.oxygenhealthsystems.com/?sitemap320.xml" "Mozilla/5.0 AppleWebKit/537.36 (KHTML, like Gecko; compatible; GPTBot/1.4; +https://openai.com/gptbot)"
180.242.129.178 - - [26/Aug/2026:00:37:06 +0000] "GET /image/nasgor.php HTTP/1.1" 403 319 "-" "python-httpx/0.28.1"
66.249.75.4 - - [26/Aug/2026:00:37:08 +0000] "GET /shop/detail/Q254613322.html HTTP/1.1" 403 319 "-" "Mozilla/5.0 (compatible; Googlebot/2.1; +http://www.google.com/bot.html)"
180.242.129.178 - - [26/Aug/2026:00:37:12 +0000] "GET /wsoyanzorng.php HTTP/1.1" 403 319 "-" "python-httpx/0.28.1"
66.249.75.3 - - [26/Aug/2026:00:37:13 +0000] "GET /shop/detail/Y25481082201.html HTTP/1.1" 403 319 "-" "Mozilla/5.0 (compatible; Googlebot/2.1; +http://www.google.com/bot.html)"
180.242.129.178 - - [26/Aug/2026:00:37:20 +0000] "GET /wp-admin/includes/class-wp-automatic-updater.php HTTP/1.1" 403 319 "-" "python-httpx/0.28.1"
74.7.243.222 - - [26/Aug/2026:00:37:26 +0000] "GET /?shop/detail/Z25463432658.html HTTP/2.0" 403 307 "https://cellsonic.oxygenhealthsystems.com/?sitemap700.xml" "Mozilla/5.0 AppleWebKit/537.36 (KHTML, like Gecko; compatible; GPTBot/1.4; +https://openai.com/gptbot)"
180.242.129.178 - - [26/Aug/2026:00:37:27 +0000] "GET /wp-content/plugins/seoo/wsoyanz.php HTTP/1.1" 403 319 "-" "python-httpx/0.28.1"
180.242.129.178 - - [26/Aug/2026:00:37:34 +0000] "GET /email_v2/js/tiny_mce/plugins/ajaxfilemanager/rk2.php HTTP/1.1" 403 319 "-" "python-httpx/0.28.1"
180.242.129.178 - - [26/Aug/2026:00:37:41 +0000] "GET /wp-includes/sodium_compat/src/Core/Base64/alfa-rex.php HTTP/1.1" 403 319 "-" "python-httpx/0.28.1"
74.7.243.222 - - [26/Aug/2026:00:37:46 +0000] "GET /?shop/detail/B25494503009.html HTTP/2.0" 403 307 "https://cellsonic.oxygenhealthsystems.com/?sitemap797.xml" "Mozilla/5.0 AppleWebKit/537.36 (KHTML, like Gecko; compatible; GPTBot/1.4; +https://openai.com/gptbot)"
180.242.129.178 - - [26/Aug/2026:00:37:48 +0000] "GET /wp-content/am.php HTTP/1.1" 403 319 "-" "python-httpx/0.28.1"
180.242.129.178 - - [26/Aug/2026:00:37:55 +0000] "GET /wp-content/defau1t.php HTTP/1.1" 403 319 "-" "python-httpx/0.28.1"
180.242.129.178 - - [26/Aug/2026:00:38:02 +0000] "GET /baxa1.php7 HTTP/1.1" 403 319 "-" "python-httpx/0.28.1"
74.7.243.222 - - [26/Aug/2026:00:38:07 +0000] "GET /?shop/detail/Z25502470904.html HTTP/2.0" 403 307 "https://cellsonic.oxygenhealthsystems.com/?sitemap666.xml" "Mozilla/5.0 AppleWebKit/537.36 (KHTML, like Gecko; compatible; GPTBot/1.4; +https://openai.com/gptbot)"
180.242.129.178 - - [26/Aug/2026:00:38:08 +0000] "GET /wp-admin/includes/class-wp-posts-list-table.php HTTP/1.1" 403 319 "-" "python-httpx/0.28.1"
180.242.129.178 - - [26/Aug/2026:00:38:15 +0000] "GET /wp-content/plugins/disqus-comment-system/k.php HTTP/1.1" 403 319 "-" "python-httpx/0.28.1"
180.242.129.178 - - [26/Aug/2026:00:38:21 +0000] "GET /wp-includes/SimplePie/library/SimplePie/XML/wp-login.php HTTP/1.1" 403 319 "-" "python-httpx/0.28.1"
74.7.243.222 - - [26/Aug/2026:00:38:27 +0000] "GET /?shop/detail/B254742858776.html HTTP/2.0" 403 307 "https://cellsonic.oxygenhealthsystems.com/?sitemap353.xml" "Mozilla/5.0 AppleWebKit/537.36 (KHTML, like Gecko; compatible; GPTBot/1.4; +https://openai.com/gptbot)"
180.242.129.178 - - [26/Aug/2026:00:38:28 +0000] "GET /config.php HTTP/1.1" 403 319 "-" "python-httpx/0.28.1"
180.242.129.178 - - [26/Aug/2026:00:38:36 +0000] "GET /.well-known/pki-validation/index.php HTTP/1.1" 403 319 "-" "python-httpx/0.28.1"
66.249.75.4 - - [26/Aug/2026:00:38:37 +0000] "GET /shop/detail/D2546189378.html HTTP/1.1" 403 319 "-" "Mozilla/5.0 (compatible; Googlebot/2.1; +http://www.google.com/bot.html)"
180.242.129.178 - - [26/Aug/2026:00:38:43 +0000] "GET /wp-includes/block-supports/dimensions.php HTTP/1.1" 403 319 "-" "python-httpx/0.28.1"
74.7.243.222 - - [26/Aug/2026:00:38:47 +0000] "GET /?shop/detail/A25515626189.html HTTP/2.0" 403 307 "https://cellsonic.oxygenhealthsystems.com/?sitemap762.xml" "Mozilla/5.0 AppleWebKit/537.36 (KHTML, like Gecko; compatible; GPTBot/1.4; +https://openai.com/gptbot)"
180.242.129.178 - - [26/Aug/2026:00:38:50 +0000] "GET /wp-admin/css/404.php HTTP/1.1" 403 319 "-" "python-httpx/0.28.1"
180.242.129.178 - - [26/Aug/2026:00:38:57 +0000] "GET /hehehehe.php HTTP/1.1" 403 319 "-" "python-httpx/0.28.1"
180.242.129.178 - - [26/Aug/2026:00:39:04 +0000] "GET /wp-includes/html-api/class-wp-html-decoder.php HTTP/1.1" 403 319 "-" "python-httpx/0.28.1"
66.249.75.3 - - [26/Aug/2026:00:39:05 +0000] "GET /shop/detail/H25512770788.html HTTP/1.1" 403 319 "-" "Mozilla/5.0 (Linux; Android 6.0.1; Nexus 5X Build/MMB29P) AppleWebKit/537.36 (KHTML, like Gecko) Chrome/151.0.7922.173 Mobile Safari/537.36 (compatible; Googlebot/2.1; +http://www.google.com/bot.html)"
66.249.75.5 - - [26/Aug/2026:00:39:06 +0000] "GET /shop/detail/I25491896292.html HTTP/1.1" 403 319 "-" "Mozilla/5.0 (compatible; Googlebot/2.1; +http://www.google.com/bot.html)"
74.7.243.222 - - [26/Aug/2026:00:39:08 +0000] "GET /?shop/detail/B25515837657.html HTTP/2.0" 403 307 "https://cellsonic.oxygenhealthsystems.com/?sitemap408.xml" "Mozilla/5.0 AppleWebKit/537.36 (KHTML, like Gecko; compatible; GPTBot/1.4; +https://openai.com/gptbot)"
180.242.129.178 - - [26/Aug/2026:00:39:11 +0000] "GET /wp-admin/0byte.php HTTP/1.1" 403 319 "-" "python-httpx/0.28.1"
180.242.129.178 - - [26/Aug/2026:00:39:19 +0000] "GET /vendor/bensampo/laravel-enum/src/Attributes/about.php HTTP/1.1" 403 319 "-" "python-httpx/0.28.1"
180.242.129.178 - - [26/Aug/2026:00:39:26 +0000] "GET /image/sym403.php HTTP/1.1" 403 319 "-" "python-httpx/0.28.1"
57.141.4.2 - - [26/Aug/2026:00:39:29 +0000] "GET / HTTP/2.0" 403 307 "-" "facebookexternalhit/1.1 (+http://www.facebook.com/externalhit_uatext.php)"
74.7.243.222 - - [26/Aug/2026:00:39:29 +0000] "GET /?shop/detail/B25479593224.html HTTP/2.0" 403 307 "https://cellsonic.oxygenhealthsystems.com/?sitemap536.xml" "Mozilla/5.0 AppleWebKit/537.36 (KHTML, like Gecko; compatible; GPTBot/1.4; +https://openai.com/gptbot)"
66.249.75.4 - - [26/Aug/2026:00:39:30 +0000] "GET /product/189680558/ HTTP/1.1" 403 319 "-" "Mozilla/5.0 (compatible; Googlebot/2.1; +http://www.google.com/bot.html)"
180.242.129.178 - - [26/Aug/2026:00:39:33 +0000] "GET /wp-includes/IXR/class-IXR-request.php HTTP/1.1" 403 319 "-" "python-httpx/0.28.1"
180.242.129.178 - - [26/Aug/2026:00:39:41 +0000] "GET /wp-content/mu-plugins/sso.php HTTP/1.1" 403 319 "-" "python-httpx/0.28.1"
180.242.129.178 - - [26/Aug/2026:00:39:47 +0000] "GET /529.php HTTP/1.1" 403 319 "-" "python-httpx/0.28.1"
74.7.243.222 - - [26/Aug/2026:00:39:50 +0000] "GET /?shop/detail/Z25484462349.html HTTP/2.0" 403 307 "https://cellsonic.oxygenhealthsystems.com/?sitemap700.xml" "Mozilla/5.0 AppleWebKit/537.36 (KHTML, like Gecko; compatible; GPTBot/1.4; +https://openai.com/gptbot)"
180.242.129.178 - - [26/Aug/2026:00:39:54 +0000] "GET /as/admin-ajax.php HTTP/1.1" 403 319 "-" "python-httpx/0.28.1"
180.242.129.178 - - [26/Aug/2026:00:40:01 +0000] "GET /wp-admin/network/block-css.php?mode=upload HTTP/1.1" 403 319 "-" "python-httpx/0.28.1"
66.249.75.5 - - [26/Aug/2026:00:40:01 +0000] "GET /shop/detail/I2547616166.html HTTP/1.1" 403 319 "-" "Mozilla/5.0 (Linux; Android 6.0.1; Nexus 5X Build/MMB29P) AppleWebKit/537.36 (KHTML, like Gecko) Chrome/151.0.7922.173 Mobile Safari/537.36 (compatible; Googlebot/2.1; +http://www.google.com/bot.html)"
66.249.75.4 - - [26/Aug/2026:00:40:02 +0000] "GET /shop/detail/I2547616166.html HTTP/1.1" 403 319 "-" "Mozilla/5.0 (compatible; Googlebot/2.1; +http://www.google.com/bot.html)"
180.242.129.178 - - [26/Aug/2026:00:40:08 +0000] "GET /wp-content/uploads/killbot.php HTTP/1.1" 403 319 "-" "python-httpx/0.28.1"
74.7.243.222 - - [26/Aug/2026:00:40:10 +0000] "GET /?shop/detail/B25518675445.html HTTP/2.0" 403 307 "https://cellsonic.oxygenhealthsystems.com/?sitemap485.xml" "Mozilla/5.0 AppleWebKit/537.36 (KHTML, like Gecko; compatible; GPTBot/1.4; +https://openai.com/gptbot)"
180.242.129.178 - - [26/Aug/2026:00:40:15 +0000] "GET /admin/webroot/js/ckfinder/plugins/fileeditor/codemirror/contrib/php/js/rwz2.php HTTP/1.1" 403 319 "-" "python-httpx/0.28.1"
180.242.129.178 - - [26/Aug/2026:00:40:21 +0000] "GET /images/V5.php HTTP/1.1" 403 319 "-" "python-httpx/0.28.1"
180.242.129.178 - - [26/Aug/2026:00:40:28 +0000] "GET /wp-includes/certificates/index.php HTTP/1.1" 403 319 "-" "python-httpx/0.28.1"
77.75.79.32 - - [26/Aug/2026:00:40:29 +0000] "GET /robots.txt HTTP/1.1" 403 319 "-" "Mozilla/5.0 (compatible; SeznamBot/4.0; +https://o-seznam.cz/napoveda/vyhledavani/en/seznambot-crawler/)"
77.75.79.32 - - [26/Aug/2026:00:40:29 +0000] "GET / HTTP/1.1" 403 319 "-" "Mozilla/5.0 (compatible; SeznamBot/4.0; +https://o-seznam.cz/napoveda/vyhledavani/en/seznambot-crawler/)"
74.7.243.222 - - [26/Aug/2026:00:40:31 +0000] "GET /?shop/detail/A254766724605.html HTTP/2.0" 403 307 "https://cellsonic.oxygenhealthsystems.com/?sitemap250.xml" "Mozilla/5.0 AppleWebKit/537.36 (KHTML, like Gecko; compatible; GPTBot/1.4; +https://openai.com/gptbot)"
180.242.129.178 - - [26/Aug/2026:00:40:35 +0000] "GET /wp-content/plugins/hellopress/wp_project.php HTTP/1.1" 403 319 "-" "python-httpx/0.28.1"
180.242.129.178 - - [26/Aug/2026:00:40:41 +0000] "GET /wp-includes/js/tinymce/skins/lightgray/alfa-rex.php HTTP/1.1" 403 319 "-" "python-httpx/0.28.1"
180.242.129.178 - - [26/Aug/2026:00:40:49 +0000] "GET /wp-admin/css/colors/coffee/wp_configs.php?p= HTTP/1.1" 403 319 "-" "python-httpx/0.28.1"
74.7.243.222 - - [26/Aug/2026:00:40:52 +0000] "GET /?shop/detail/B255180506590.html HTTP/2.0" 403 307 "https://cellsonic.oxygenhealthsystems.com/?sitemap273.xml" "Mozilla/5.0 AppleWebKit/537.36 (KHTML, like Gecko; compatible; GPTBot/1.4; +https://openai.com/gptbot)"
180.242.129.178 - - [26/Aug/2026:00:40:55 +0000] "GET /wp-includes/js/imgareaselect/about.php HTTP/1.1" 403 319 "-" "python-httpx/0.28.1"
180.242.129.178 - - [26/Aug/2026:00:41:03 +0000] "GET /wp-content/themes/config.bak.php HTTP/1.1" 403 319 "-" "python-httpx/0.28.1"
