180.242.129.178 - - [26/Aug/2026:01:02:57 +0000] "GET /wp-signup.php HTTP/1.1" 403 319 "-" "python-httpx/0.28.1"
180.242.129.178 - - [26/Aug/2026:01:03:05 +0000] "GET /database.php HTTP/1.1" 403 319 "-" "python-httpx/0.28.1"
74.7.243.222 - - [26/Aug/2026:01:03:12 +0000] "GET /?shop/detail/Z25518827448.html HTTP/2.0" 403 307 "https://cellsonic.oxygenhealthsystems.com/?sitemap947.xml" "Mozilla/5.0 AppleWebKit/537.36 (KHTML, like Gecko; compatible; GPTBot/1.4; +https://openai.com/gptbot)"
180.242.129.178 - - [26/Aug/2026:01:03:12 +0000] "GET /wp-content/upgrade/about.php HTTP/1.1" 403 319 "-" "python-httpx/0.28.1"
180.242.129.178 - - [26/Aug/2026:01:03:19 +0000] "GET /libraries/joomla/jmails.php HTTP/1.1" 403 319 "-" "python-httpx/0.28.1"
180.242.129.178 - - [26/Aug/2026:01:03:26 +0000] "GET /wp-admin/user/wp-ver.php HTTP/1.1" 403 319 "-" "python-httpx/0.28.1"
74.7.243.222 - - [26/Aug/2026:01:03:32 +0000] "GET /?shop/detail/Z25505103281.html HTTP/2.0" 403 307 "https://cellsonic.oxygenhealthsystems.com/?sitemap907.xml" "Mozilla/5.0 AppleWebKit/537.36 (KHTML, like Gecko; compatible; GPTBot/1.4; +https://openai.com/gptbot)"
180.242.129.178 - - [26/Aug/2026:01:03:33 +0000] "GET /wp-includes/js/tinymce/skins/wp-login.php HTTP/1.1" 403 319 "-" "python-httpx/0.28.1"
180.242.129.178 - - [26/Aug/2026:01:03:40 +0000] "GET /wp-content/mrjn.php HTTP/1.1" 403 319 "-" "python-httpx/0.28.1"
180.242.129.178 - - [26/Aug/2026:01:03:46 +0000] "GET /.well-known/acme-challenge/wp-hoard.php HTTP/1.1" 403 319 "-" "python-httpx/0.28.1"
74.7.243.222 - - [26/Aug/2026:01:03:54 +0000] "GET /?shop/detail/Z25508228760.html HTTP/2.0" 403 307 "https://cellsonic.oxygenhealthsystems.com/?sitemap389.xml" "Mozilla/5.0 AppleWebKit/537.36 (KHTML, like Gecko; compatible; GPTBot/1.4; +https://openai.com/gptbot)"
180.242.129.178 - - [26/Aug/2026:01:03:54 +0000] "GET /wp-content/1234.php HTTP/1.1" 403 319 "-" "python-httpx/0.28.1"
180.242.129.178 - - [26/Aug/2026:01:04:00 +0000] "GET /darkshell.php HTTP/1.1" 403 319 "-" "python-httpx/0.28.1"
180.242.129.178 - - [26/Aug/2026:01:04:08 +0000] "GET /wp-includes/rewrite.php HTTP/1.1" 403 319 "-" "python-httpx/0.28.1"
74.7.243.222 - - [26/Aug/2026:01:04:14 +0000] "GET /?shop/detail/Z25466241343.html HTTP/2.0" 403 307 "https://cellsonic.oxygenhealthsystems.com/?sitemap700.xml" "Mozilla/5.0 AppleWebKit/537.36 (KHTML, like Gecko; compatible; GPTBot/1.4; +https://openai.com/gptbot)"
180.242.129.178 - - [26/Aug/2026:01:04:14 +0000] "GET /image/1.php HTTP/1.1" 403 319 "-" "python-httpx/0.28.1"
180.242.129.178 - - [26/Aug/2026:01:04:22 +0000] "GET /css/autoload_classmap.php HTTP/1.1" 403 319 "-" "python-httpx/0.28.1"
66.249.75.3 - - [26/Aug/2026:01:04:24 +0000] "GET /shop/detail/V2547913259.html HTTP/1.1" 403 319 "-" "Mozilla/5.0 (Linux; Android 6.0.1; Nexus 5X Build/MMB29P) AppleWebKit/537.36 (KHTML, like Gecko) Chrome/151.0.7922.173 Mobile Safari/537.36 (compatible; Googlebot/2.1; +http://www.google.com/bot.html)"
180.242.129.178 - - [26/Aug/2026:01:04:29 +0000] "GET /wp-includes/Requests/Text/votes.php HTTP/1.1" 403 319 "-" "python-httpx/0.28.1"
66.249.75.3 - - [26/Aug/2026:01:04:32 +0000] "GET /shop/detail/Y2547760033.html HTTP/1.1" 403 319 "-" "Mozilla/5.0 (compatible; Googlebot/2.1; +http://www.google.com/bot.html)"
57.141.14.48 - - [26/Aug/2026:01:04:33 +0000] "GET / HTTP/2.0" 403 307 "-" "facebookexternalhit/1.1 (+http://www.facebook.com/externalhit_uatext.php)"
66.249.75.3 - - [26/Aug/2026:01:04:34 +0000] "GET /shop/detail/H25481070880.html HTTP/1.1" 403 319 "-" "Mozilla/5.0 (compatible; Googlebot/2.1; +http://www.google.com/bot.html)"
74.7.243.222 - - [26/Aug/2026:01:04:35 +0000] "GET /?shop/detail/B25518856206.html HTTP/2.0" 403 307 "https://cellsonic.oxygenhealthsystems.com/?sitemap485.xml" "Mozilla/5.0 AppleWebKit/537.36 (KHTML, like Gecko; compatible; GPTBot/1.4; +https://openai.com/gptbot)"
180.242.129.178 - - [26/Aug/2026:01:04:36 +0000] "GET /wp-includes/13.php HTTP/1.1" 403 319 "-" "python-httpx/0.28.1"
66.249.75.3 - - [26/Aug/2026:01:04:39 +0000] "GET /shop/detail/Z2546253206.html HTTP/1.1" 403 319 "-" "Mozilla/5.0 (Linux; Android 6.0.1; Nexus 5X Build/MMB29P) AppleWebKit/537.36 (KHTML, like Gecko) Chrome/151.0.7922.173 Mobile Safari/537.36 (compatible; Googlebot/2.1; +http://www.google.com/bot.html)"
180.242.129.178 - - [26/Aug/2026:01:04:42 +0000] "GET /wp-content/4.php HTTP/1.1" 403 319 "-" "python-httpx/0.28.1"
180.242.129.178 - - [26/Aug/2026:01:04:49 +0000] "GET /wp-includes/rest-api/search/alfa-rex.php HTTP/1.1" 403 319 "-" "python-httpx/0.28.1"
74.7.243.222 - - [26/Aug/2026:01:04:56 +0000] "GET /?shop/detail/A25466433885.html HTTP/2.0" 403 307 "https://cellsonic.oxygenhealthsystems.com/?sitemap330.xml" "Mozilla/5.0 AppleWebKit/537.36 (KHTML, like Gecko; compatible; GPTBot/1.4; +https://openai.com/gptbot)"
180.242.129.178 - - [26/Aug/2026:01:04:56 +0000] "GET /wp-admin/css/colors/dbtoolkit_import.php HTTP/1.1" 403 319 "-" "python-httpx/0.28.1"
66.249.75.3 - - [26/Aug/2026:01:04:57 +0000] "GET /shop/detail/P25512753040.html HTTP/1.1" 403 319 "-" "Mozilla/5.0 (Linux; Android 6.0.1; Nexus 5X Build/MMB29P) AppleWebKit/537.36 (KHTML, like Gecko) Chrome/151.0.7922.173 Mobile Safari/537.36 (compatible; Googlebot/2.1; +http://www.google.com/bot.html)"
180.242.129.178 - - [26/Aug/2026:01:05:04 +0000] "GET /admin/uploads/shell.php HTTP/1.1" 403 319 "-" "python-httpx/0.28.1"
180.242.129.178 - - [26/Aug/2026:01:05:10 +0000] "GET /wp-includes/css/dist/block-directory/about.php HTTP/1.1" 403 319 "-" "python-httpx/0.28.1"
74.7.243.222 - - [26/Aug/2026:01:05:17 +0000] "GET /?shop/detail/B25476864636.html HTTP/2.0" 403 307 "https://cellsonic.oxygenhealthsystems.com/?sitemap425.xml" "Mozilla/5.0 AppleWebKit/537.36 (KHTML, like Gecko; compatible; GPTBot/1.4; +https://openai.com/gptbot)"
180.242.129.178 - - [26/Aug/2026:01:05:18 +0000] "GET /wp-includes/fonts/class-wp-font-collection.php HTTP/1.1" 403 319 "-" "python-httpx/0.28.1"
180.242.129.178 - - [26/Aug/2026:01:05:26 +0000] "GET /wp-includes/Requests/Text/index.php HTTP/1.1" 403 319 "-" "python-httpx/0.28.1"
66.249.75.4 - - [26/Aug/2026:01:05:28 +0000] "GET /shop/detail/B25491831213.html HTTP/1.1" 403 319 "-" "Mozilla/5.0 (compatible; Googlebot/2.1; +http://www.google.com/bot.html)"
180.242.129.178 - - [26/Aug/2026:01:05:33 +0000] "GET /wp-content/class.api.php HTTP/1.1" 403 319 "-" "python-httpx/0.28.1"
66.249.75.3 - - [26/Aug/2026:01:05:34 +0000] "GET /shop/detail/C2546431745.html HTTP/1.1" 403 319 "-" "Mozilla/5.0 (Linux; Android 6.0.1; Nexus 5X Build/MMB29P) AppleWebKit/537.36 (KHTML, like Gecko) Chrome/151.0.7922.173 Mobile Safari/537.36 (compatible; Googlebot/2.1; +http://www.google.com/bot.html)"
74.7.243.222 - - [26/Aug/2026:01:05:39 +0000] "GET /?shop/detail/Z25502490393.html HTTP/2.0" 403 307 "https://cellsonic.oxygenhealthsystems.com/?sitemap792.xml" "Mozilla/5.0 AppleWebKit/537.36 (KHTML, like Gecko; compatible; GPTBot/1.4; +https://openai.com/gptbot)"
180.242.129.178 - - [26/Aug/2026:01:05:39 +0000] "GET /wp-admin/dropdown.php HTTP/1.1" 403 319 "-" "python-httpx/0.28.1"
180.242.129.178 - - [26/Aug/2026:01:05:46 +0000] "GET /wp-includes/sodium_compat/src/Core32/Curve25519/Ge/qxe7.php HTTP/1.1" 403 319 "-" "python-httpx/0.28.1"
180.242.129.178 - - [26/Aug/2026:01:05:53 +0000] "GET /s_e.php HTTP/1.1" 403 319 "-" "python-httpx/0.28.1"
180.242.129.178 - - [26/Aug/2026:01:06:01 +0000] "GET /index1.php HTTP/1.1" 403 319 "-" "python-httpx/0.28.1"
74.7.243.222 - - [26/Aug/2026:01:06:01 +0000] "GET /?shop/detail/A25502108141.html HTTP/2.0" 403 307 "https://cellsonic.oxygenhealthsystems.com/?sitemap762.xml" "Mozilla/5.0 AppleWebKit/537.36 (KHTML, like Gecko; compatible; GPTBot/1.4; +https://openai.com/gptbot)"
180.242.129.178 - - [26/Aug/2026:01:06:08 +0000] "GET /snd21.php HTTP/1.1" 403 319 "-" "python-httpx/0.28.1"
180.242.129.178 - - [26/Aug/2026:01:06:16 +0000] "GET /plugins/function.php HTTP/1.1" 403 319 "-" "python-httpx/0.28.1"
74.7.243.222 - - [26/Aug/2026:01:06:23 +0000] "GET /?shop/detail/A25466423516.html HTTP/2.0" 403 307 "https://cellsonic.oxygenhealthsystems.com/?sitemap762.xml" "Mozilla/5.0 AppleWebKit/537.36 (KHTML, like Gecko; compatible; GPTBot/1.4; +https://openai.com/gptbot)"
180.242.129.178 - - [26/Aug/2026:01:06:23 +0000] "GET /wp-includes/fonts/class-wp-font-face.php HTTP/1.1" 403 319 "-" "python-httpx/0.28.1"
180.242.129.178 - - [26/Aug/2026:01:06:30 +0000] "GET /8.php HTTP/1.1" 403 319 "-" "python-httpx/0.28.1"
180.242.129.178 - - [26/Aug/2026:01:06:37 +0000] "GET /wp-includes/ID3/wp-conflg.php HTTP/1.1" 403 319 "-" "python-httpx/0.28.1"
66.249.75.4 - - [26/Aug/2026:01:06:41 +0000] "GET /shop/detail/K25481039547.html HTTP/1.1" 403 319 "-" "Mozilla/5.0 (Linux; Android 6.0.1; Nexus 5X Build/MMB29P) AppleWebKit/537.36 (KHTML, like Gecko) Chrome/151.0.7922.173 Mobile Safari/537.36 (compatible; Googlebot/2.1; +http://www.google.com/bot.html)"
74.7.243.222 - - [26/Aug/2026:01:06:43 +0000] "GET /?shop/detail/A254712945217.html HTTP/2.0" 403 307 "https://cellsonic.oxygenhealthsystems.com/?sitemap280.xml" "Mozilla/5.0 AppleWebKit/537.36 (KHTML, like Gecko; compatible; GPTBot/1.4; +https://openai.com/gptbot)"
180.242.129.178 - - [26/Aug/2026:01:06:44 +0000] "GET /wp-includes/class.wp-styles.php HTTP/1.1" 403 319 "-" "python-httpx/0.28.1"
180.242.129.178 - - [26/Aug/2026:01:06:52 +0000] "GET /wp-content/languages/class.api.php HTTP/1.1" 403 319 "-" "python-httpx/0.28.1"
180.242.129.178 - - [26/Aug/2026:01:07:00 +0000] "GET /wp-fclass.php HTTP/1.1" 403 319 "-" "python-httpx/0.28.1"
74.7.243.222 - - [26/Aug/2026:01:07:05 +0000] "GET /?shop/detail/A25487472664.html HTTP/2.0" 403 307 "https://cellsonic.oxygenhealthsystems.com/?sitemap330.xml" "Mozilla/5.0 AppleWebKit/537.36 (KHTML, like Gecko; compatible; GPTBot/1.4; +https://openai.com/gptbot)"
180.242.129.178 - - [26/Aug/2026:01:07:07 +0000] "GET /wp-includes/default-constants.php HTTP/1.1" 403 319 "-" "python-httpx/0.28.1"
180.242.129.178 - - [26/Aug/2026:01:07:13 +0000] "GET /images/nasgor.php HTTP/1.1" 403 319 "-" "python-httpx/0.28.1"
180.242.129.178 - - [26/Aug/2026:01:07:21 +0000] "GET /M4r0c.php HTTP/1.1" 403 319 "-" "python-httpx/0.28.1"
74.7.243.222 - - [26/Aug/2026:01:07:26 +0000] "GET /?shop/detail/B25479922335.html HTTP/2.0" 403 307 "https://cellsonic.oxygenhealthsystems.com/?sitemap485.xml" "Mozilla/5.0 AppleWebKit/537.36 (KHTML, like Gecko; compatible; GPTBot/1.4; +https://openai.com/gptbot)"
180.242.129.178 - - [26/Aug/2026:01:07:27 +0000] "GET /wp-includes/certificates/moon.php HTTP/1.1" 403 319 "-" "python-httpx/0.28.1"
180.242.129.178 - - [26/Aug/2026:01:07:34 +0000] "GET /1index.php HTTP/1.1" 403 319 "-" "python-httpx/0.28.1"
180.242.129.178 - - [26/Aug/2026:01:07:41 +0000] "GET /wp-includes/php-ai-client/src/Providers/Models/VideoGeneration/Contracts/VideoGenerationModelInterface.php HTTP/1.1" 403 319 "-" "python-httpx/0.28.1"
74.7.243.222 - - [26/Aug/2026:01:07:48 +0000] "GET /?shop/detail/B25473977007.html HTTP/2.0" 403 307 "https://cellsonic.oxygenhealthsystems.com/?sitemap408.xml" "Mozilla/5.0 AppleWebKit/537.36 (KHTML, like Gecko; compatible; GPTBot/1.4; +https://openai.com/gptbot)"
180.242.129.178 - - [26/Aug/2026:01:07:49 +0000] "GET /olx.php HTTP/1.1" 403 319 "-" "python-httpx/0.28.1"
180.242.129.178 - - [26/Aug/2026:01:07:55 +0000] "GET /image/mailer.php HTTP/1.1" 403 319 "-" "python-httpx/0.28.1"
180.242.129.178 - - [26/Aug/2026:01:08:02 +0000] "GET /wp-includes/query.php HTTP/1.1" 403 319 "-" "python-httpx/0.28.1"
74.7.243.222 - - [26/Aug/2026:01:08:08 +0000] "GET /?shop/detail/A25508280918.html HTTP/2.0" 403 307 "https://cellsonic.oxygenhealthsystems.com/?sitemap762.xml" "Mozilla/5.0 AppleWebKit/537.36 (KHTML, like Gecko; compatible; GPTBot/1.4; +https://openai.com/gptbot)"
180.242.129.178 - - [26/Aug/2026:01:08:09 +0000] "GET /wp-admin/js/class_appfun.php HTTP/1.1" 403 319 "-" "python-httpx/0.28.1"
180.242.129.178 - - [26/Aug/2026:01:08:16 +0000] "GET /wp-content/plugins/akismet/sniper.php HTTP/1.1" 403 319 "-" "python-httpx/0.28.1"
180.242.129.178 - - [26/Aug/2026:01:08:23 +0000] "GET /wp-content/plugins/disqus-comment-system/disqus.php HTTP/1.1" 403 319 "-" "python-httpx/0.28.1"
74.7.243.222 - - [26/Aug/2026:01:08:28 +0000] "GET /?shop/detail/A25518668176.html HTTP/2.0" 403 307 "https://cellsonic.oxygenhealthsystems.com/?sitemap166.xml" "Mozilla/5.0 AppleWebKit/537.36 (KHTML, like Gecko; compatible; GPTBot/1.4; +https://openai.com/gptbot)"
180.242.129.178 - - [26/Aug/2026:01:08:31 +0000] "GET /wp-includes/sodium_compat/src/Core/SecretStream/about.php HTTP/1.1" 403 319 "-" "python-httpx/0.28.1"
180.242.129.178 - - [26/Aug/2026:01:08:37 +0000] "GET /.well-known/hyknpcxe.php HTTP/1.1" 403 319 "-" "python-httpx/0.28.1"
180.242.129.178 - - [26/Aug/2026:01:08:44 +0000] "GET /wp-admin/css/colors/coffee/upload.php HTTP/1.1" 403 319 "-" "python-httpx/0.28.1"
74.7.243.222 - - [26/Aug/2026:01:08:50 +0000] "GET /?shop/detail/Z25466335143.html HTTP/2.0" 403 307 "https://cellsonic.oxygenhealthsystems.com/?sitemap792.xml" "Mozilla/5.0 AppleWebKit/537.36 (KHTML, like Gecko; compatible; GPTBot/1.4; +https://openai.com/gptbot)"
180.242.129.178 - - [26/Aug/2026:01:08:51 +0000] "GET /wp-admin/user/block-css.php?mode=upload HTTP/1.1" 403 319 "-" "python-httpx/0.28.1"
180.242.129.178 - - [26/Aug/2026:01:08:58 +0000] "GET /lock.php HTTP/1.1" 403 319 "-" "python-httpx/0.28.1"
180.242.129.178 - - [26/Aug/2026:01:09:04 +0000] "GET /wp-admin/css/colors/coffee/image.php HTTP/1.1" 403 319 "-" "python-httpx/0.28.1"
74.7.243.222 - - [26/Aug/2026:01:09:10 +0000] "GET /?shop/detail/B25515945776.html HTTP/2.0" 403 307 "https://cellsonic.oxygenhealthsystems.com/?sitemap797.xml" "Mozilla/5.0 AppleWebKit/537.36 (KHTML, like Gecko; compatible; GPTBot/1.4; +https://openai.com/gptbot)"
180.242.129.178 - - [26/Aug/2026:01:09:11 +0000] "GET /simattacker.php HTTP/1.1" 403 319 "-" "python-httpx/0.28.1"
180.242.129.178 - - [26/Aug/2026:01:09:18 +0000] "GET /wp-content/uploads/ssmailer.php HTTP/1.1" 403 319 "-" "python-httpx/0.28.1"
180.242.129.178 - - [26/Aug/2026:01:09:25 +0000] "GET /wp-admin/includes/update.php HTTP/1.1" 403 319 "-" "python-httpx/0.28.1"
74.7.243.222 - - [26/Aug/2026:01:09:32 +0000] "GET /?shop/detail/B254684432022.html HTTP/2.0" 403 307 "https://cellsonic.oxygenhealthsystems.com/?sitemap131.xml" "Mozilla/5.0 AppleWebKit/537.36 (KHTML, like Gecko; compatible; GPTBot/1.4; +https://openai.com/gptbot)"
180.242.129.178 - - [26/Aug/2026:01:09:33 +0000] "GET /wp-includes/class-wp-user-request.php HTTP/1.1" 403 319 "-" "python-httpx/0.28.1"
180.242.129.178 - - [26/Aug/2026:01:09:39 +0000] "GET /wp-includes/sodium_compat/namespaced/Core/Curve25519/wp-log1n.php HTTP/1.1" 403 319 "-" "python-httpx/0.28.1"
180.242.129.178 - - [26/Aug/2026:01:09:46 +0000] "GET /wp-includes/customize/wp-login.php HTTP/1.1" 403 319 "-" "python-httpx/0.28.1"
66.249.75.3 - - [26/Aug/2026:01:09:51 +0000] "GET /shop/detail/K2546231922.html HTTP/1.1" 403 319 "-" "Mozilla/5.0 (Linux; Android 6.0.1; Nexus 5X Build/MMB29P) AppleWebKit/537.36 (KHTML, like Gecko) Chrome/151.0.7922.173 Mobile Safari/537.36 (compatible; Googlebot/2.1; +http://www.google.com/bot.html)"
74.7.243.222 - - [26/Aug/2026:01:09:52 +0000] "GET /?shop/detail/Z25518565477.html HTTP/2.0" 403 307 "https://cellsonic.oxygenhealthsystems.com/?sitemap612.xml" "Mozilla/5.0 AppleWebKit/537.36 (KHTML, like Gecko; compatible; GPTBot/1.4; +https://openai.com/gptbot)"
180.242.129.178 - - [26/Aug/2026:01:09:53 +0000] "GET /wp-content/themes/quext/config.php HTTP/1.1" 403 319 "-" "python-httpx/0.28.1"
180.242.129.178 - - [26/Aug/2026:01:10:01 +0000] "GET /zzz.php HTTP/1.1" 403 319 "-" "python-httpx/0.28.1"
180.242.129.178 - - [26/Aug/2026:01:10:07 +0000] "GET /wp-cron.php?ac=3 HTTP/1.1" 403 319 "-" "python-httpx/0.28.1"
74.7.243.222 - - [26/Aug/2026:01:10:14 +0000] "GET /?shop/detail/A255135626144.html HTTP/2.0" 403 307 "https://cellsonic.oxygenhealthsystems.com/?sitemap144.xml" "Mozilla/5.0 AppleWebKit/537.36 (KHTML, like Gecko; compatible; GPTBot/1.4; +https://openai.com/gptbot)"
180.242.129.178 - - [26/Aug/2026:01:10:14 +0000] "GET /plugins/ajaxfilemanager/wp_filemanager.php HTTP/1.1" 403 319 "-" "python-httpx/0.28.1"
180.242.129.178 - - [26/Aug/2026:01:10:21 +0000] "GET /wp-good.php HTTP/1.1" 403 319 "-" "python-httpx/0.28.1"
66.249.75.5 - - [26/Aug/2026:01:10:24 +0000] "GET /shop/detail/Q25502212818.html HTTP/1.1" 403 319 "-" "Mozilla/5.0 (compatible; Googlebot/2.1; +http://www.google.com/bot.html)"
180.242.129.178 - - [26/Aug/2026:01:10:28 +0000] "GET /fr.php HTTP/1.1" 403 319 "-" "python-httpx/0.28.1"
74.7.243.222 - - [26/Aug/2026:01:10:35 +0000] "GET /?shop/detail/Z25466349523.html HTTP/2.0" 403 307 "https://cellsonic.oxygenhealthsystems.com/?sitemap907.xml" "Mozilla/5.0 AppleWebKit/537.36 (KHTML, like Gecko; compatible; GPTBot/1.4; +https://openai.com/gptbot)"
180.242.129.178 - - [26/Aug/2026:01:10:35 +0000] "GET /wp-includes/customize/class-wp-customize-themes-panel.php HTTP/1.1" 403 319 "-" "python-httpx/0.28.1"
180.242.129.178 - - [26/Aug/2026:01:10:43 +0000] "GET /cybershell.php HTTP/1.1" 403 319 "-" "python-httpx/0.28.1"
180.242.129.178 - - [26/Aug/2026:01:10:49 +0000] "GET /wp-admin/mailer.php HTTP/1.1" 403 319 "-" "python-httpx/0.28.1"
74.7.243.222 - - [26/Aug/2026:01:10:55 +0000] "GET /?shop/detail/A25508022891.html HTTP/2.0" 403 307 "https://cellsonic.oxygenhealthsystems.com/?sitemap234.xml" "Mozilla/5.0 AppleWebKit/537.36 (KHTML, like Gecko; compatible; GPTBot/1.4; +https://openai.com/gptbot)"
180.242.129.178 - - [26/Aug/2026:01:10:56 +0000] "GET /wp-admin/includes/a.php HTTP/1.1" 403 319 "-" "python-httpx/0.28.1"
180.242.129.178 - - [26/Aug/2026:01:11:03 +0000] "GET /vendor/iankumu/mpesa/tests/alfa-rex.php HTTP/1.1" 403 319 "-" "python-httpx/0.28.1"
180.242.129.178 - - [26/Aug/2026:01:11:10 +0000] "GET /wi.php HTTP/1.1" 403 319 "-" "python-httpx/0.28.1"
74.7.243.222 - - [26/Aug/2026:01:11:15 +0000] "GET /?shop/detail/B255011380321.html HTTP/2.0" 403 307 "https://cellsonic.oxygenhealthsystems.com/?sitemap582.xml" "Mozilla/5.0 AppleWebKit/537.36 (KHTML, like Gecko; compatible; GPTBot/1.4; +https://openai.com/gptbot)"
180.242.129.178 - - [26/Aug/2026:01:11:17 +0000] "GET /wp-includes/theme.php HTTP/1.1" 403 319 "-" "python-httpx/0.28.1"
180.242.129.178 - - [26/Aug/2026:01:11:25 +0000] "GET /Byp.php HTTP/1.1" 403 319 "-" "python-httpx/0.28.1"
180.242.129.178 - - [26/Aug/2026:01:11:31 +0000] "GET /wp-admin/js/widgets/wp_error.php%20 HTTP/1.1" 403 319 "-" "python-httpx/0.28.1"
74.7.243.222 - - [26/Aug/2026:01:11:37 +0000] "GET /?shop/detail/B25512946692.html HTTP/2.0" 403 307 "https://cellsonic.oxygenhealthsystems.com/?sitemap408.xml" "Mozilla/5.0 AppleWebKit/537.36 (KHTML, like Gecko; compatible; GPTBot/1.4; +https://openai.com/gptbot)"
180.242.129.178 - - [26/Aug/2026:01:11:38 +0000] "GET /wp-includes/SimplePie/library/SimplePie/Parse/product.php HTTP/1.1" 403 319 "-" "python-httpx/0.28.1"
180.242.129.178 - - [26/Aug/2026:01:11:45 +0000] "GET /wp-includes/robots-template.php HTTP/1.1" 403 319 "-" "python-httpx/0.28.1"
180.242.129.178 - - [26/Aug/2026:01:11:51 +0000] "GET /chosen/autoload_classmap.php HTTP/1.1" 403 319 "-" "python-httpx/0.28.1"
66.249.75.3 - - [26/Aug/2026:01:11:55 +0000] "GET /shop/detail/D25502462809.html HTTP/1.1" 403 319 "-" "Mozilla/5.0 (compatible; Googlebot/2.1; +http://www.google.com/bot.html)"
74.7.243.222 - - [26/Aug/2026:01:11:58 +0000] "GET /?shop/detail/B254630242284.html HTTP/2.0" 403 307 "https://cellsonic.oxygenhealthsystems.com/?sitemap193.xml" "Mozilla/5.0 AppleWebKit/537.36 (KHTML, like Gecko; compatible; GPTBot/1.4; +https://openai.com/gptbot)"
180.242.129.178 - - [26/Aug/2026:01:12:00 +0000] "GET /wp-includes/block-patterns/query-grid-posts.php HTTP/1.1" 403 319 "-" "python-httpx/0.28.1"
180.242.129.178 - - [26/Aug/2026:01:12:08 +0000] "GET /wp-includes/SimplePie/src/HTTP/alfa-rex.php HTTP/1.1" 403 319 "-" "python-httpx/0.28.1"
180.242.129.178 - - [26/Aug/2026:01:12:15 +0000] "GET /d.php HTTP/1.1" 403 319 "-" "python-httpx/0.28.1"
66.249.75.4 - - [26/Aug/2026:01:12:16 +0000] "GET /shop/detail/V25491502076.html HTTP/1.1" 403 319 "-" "Mozilla/5.0 (compatible; Googlebot/2.1; +http://www.google.com/bot.html)"
66.249.75.3 - - [26/Aug/2026:01:12:16 +0000] "GET /shop/detail/O2547768102.html HTTP/1.1" 403 319 "-" "Mozilla/5.0 (Linux; Android 6.0.1; Nexus 5X Build/MMB29P) AppleWebKit/537.36 (KHTML, like Gecko) Chrome/151.0.7922.173 Mobile Safari/537.36 (compatible; Googlebot/2.1; +http://www.google.com/bot.html)"
74.7.243.222 - - [26/Aug/2026:01:12:18 +0000] "GET /?shop/detail/B255080398592.html HTTP/2.0" 403 307 "https://cellsonic.oxygenhealthsystems.com/?sitemap273.xml" "Mozilla/5.0 AppleWebKit/537.36 (KHTML, like Gecko; compatible; GPTBot/1.4; +https://openai.com/gptbot)"
180.242.129.178 - - [26/Aug/2026:01:12:22 +0000] "GET /admin/gallery/up.php HTTP/1.1" 403 319 "-" "python-httpx/0.28.1"
180.242.129.178 - - [26/Aug/2026:01:12:30 +0000] "GET /images/leafmailer2.8.php HTTP/1.1" 403 319 "-" "python-httpx/0.28.1"
66.249.75.4 - - [26/Aug/2026:01:12:35 +0000] "GET /shop/detail/X25502379956.html HTTP/1.1" 403 319 "-" "Mozilla/5.0 (Linux; Android 6.0.1; Nexus 5X Build/MMB29P) AppleWebKit/537.36 (KHTML, like Gecko) Chrome/151.0.7922.173 Mobile Safari/537.36 (compatible; Googlebot/2.1; +http://www.google.com/bot.html)"
180.242.129.178 - - [26/Aug/2026:01:12:37 +0000] "GET /XxX.php HTTP/1.1" 403 319 "-" "python-httpx/0.28.1"
74.7.243.222 - - [26/Aug/2026:01:12:38 +0000] "GET /?shop/detail/Z25508365863.html HTTP/2.0" 403 307 "https://cellsonic.oxygenhealthsystems.com/?sitemap666.xml" "Mozilla/5.0 AppleWebKit/537.36 (KHTML, like Gecko; compatible; GPTBot/1.4; +https://openai.com/gptbot)"
180.242.129.178 - - [26/Aug/2026:01:12:44 +0000] "GET /wp-content/plugins/akismet/tmp/Cgishell.pl HTTP/1.1" 403 319 "-" "python-httpx/0.28.1"
180.242.129.178 - - [26/Aug/2026:01:12:52 +0000] "GET /wzy.php?action=door123 HTTP/1.1" 403 319 "-" "python-httpx/0.28.1"
180.242.129.178 - - [26/Aug/2026:01:12:58 +0000] "GET /wp-includes/rest-api.php HTTP/1.1" 403 319 "-" "python-httpx/0.28.1"
74.7.243.222 - - [26/Aug/2026:01:13:00 +0000] "GET /?shop/detail/Z25518770172.html HTTP/2.0" 403 307 "https://cellsonic.oxygenhealthsystems.com/?sitemap320.xml" "Mozilla/5.0 AppleWebKit/537.36 (KHTML, like Gecko; compatible; GPTBot/1.4; +https://openai.com/gptbot)"
180.242.129.178 - - [26/Aug/2026:01:13:05 +0000] "GET /css/admin-ajax.php HTTP/1.1" 403 319 "-" "python-httpx/0.28.1"
180.242.129.178 - - [26/Aug/2026:01:13:13 +0000] "GET /wp-includes/js/tinymce/plugins/link/alfa-rex.php HTTP/1.1" 403 319 "-" "python-httpx/0.28.1"
180.242.129.178 - - [26/Aug/2026:01:13:20 +0000] "GET /wp-includes/pomo/mo.php HTTP/1.1" 403 319 "-" "python-httpx/0.28.1"
74.7.243.222 - - [26/Aug/2026:01:13:20 +0000] "GET /?shop/detail/A254615127671.html HTTP/2.0" 403 307 "https://cellsonic.oxygenhealthsystems.com/?sitemap280.xml" "Mozilla/5.0 AppleWebKit/537.36 (KHTML, like Gecko; compatible; GPTBot/1.4; +https://openai.com/gptbot)"
180.242.129.178 - - [26/Aug/2026:01:13:27 +0000] "GET /wp-admin/network/admin.php HTTP/1.1" 403 319 "-" "python-httpx/0.28.1"
180.242.129.178 - - [26/Aug/2026:01:13:34 +0000] "GET /wp-includes/js/dist/development/about.php HTTP/1.1" 403 319 "-" "python-httpx/0.28.1"
74.7.243.222 - - [26/Aug/2026:01:13:41 +0000] "GET /?shop/detail/Z25502261324.html HTTP/2.0" 403 307 "https://cellsonic.oxygenhealthsystems.com/?sitemap417.xml" "Mozilla/5.0 AppleWebKit/537.36 (KHTML, like Gecko; compatible; GPTBot/1.4; +https://openai.com/gptbot)"
180.242.129.178 - - [26/Aug/2026:01:13:41 +0000] "GET /wp-admin/includes/class-wp-ms-themes-list-table.php HTTP/1.1" 403 319 "-" "python-httpx/0.28.1"
180.242.129.178 - - [26/Aug/2026:01:13:48 +0000] "GET /wp-includes/html-api/alfa-rex.php HTTP/1.1" 403 319 "-" "python-httpx/0.28.1"
66.249.75.5 - - [26/Aug/2026:01:13:54 +0000] "GET /shop/detail/L2547940311.html HTTP/1.1" 403 319 "-" "Mozilla/5.0 (compatible; Googlebot/2.1; +http://www.google.com/bot.html)"
180.242.129.178 - - [26/Aug/2026:01:13:55 +0000] "GET /wp-admin/maint/023ws.php HTTP/1.1" 403 319 "-" "python-httpx/0.28.1"
180.242.129.178 - - [26/Aug/2026:01:14:02 +0000] "GET /wp-includes/rest-api/endpoints/class-wp-rest-controller.php HTTP/1.1" 403 319 "-" "python-httpx/0.28.1"
74.7.243.222 - - [26/Aug/2026:01:14:02 +0000] "GET /?shop/detail/Z25484209495.html HTTP/2.0" 403 307 "https://cellsonic.oxygenhealthsystems.com/?sitemap792.xml" "Mozilla/5.0 AppleWebKit/537.36 (KHTML, like Gecko; compatible; GPTBot/1.4; +https://openai.com/gptbot)"
180.242.129.178 - - [26/Aug/2026:01:14:10 +0000] "GET /wp-includes/js/crop/alfa-rex.php HTTP/1.1" 403 319 "-" "python-httpx/0.28.1"
180.242.129.178 - - [26/Aug/2026:01:14:16 +0000] "GET /wp-content/plugins/akismet/term.php HTTP/1.1" 403 319 "-" "python-httpx/0.28.1"
66.249.75.3 - - [26/Aug/2026:01:14:20 +0000] "GET /shop/detail/K2547686601.html HTTP/1.1" 403 319 "-" "Mozilla/5.0 (Linux; Android 6.0.1; Nexus 5X Build/MMB29P) AppleWebKit/537.36 (KHTML, like Gecko) Chrome/151.0.7922.173 Mobile Safari/537.36 (compatible; Googlebot/2.1; +http://www.google.com/bot.html)"
180.242.129.178 - - [26/Aug/2026:01:14:23 +0000] "GET /wp-includes/class-wp-block-bindings-registry.php HTTP/1.1" 403 319 "-" "python-httpx/0.28.1"
74.7.243.222 - - [26/Aug/2026:01:14:24 +0000] "GET /?shop/detail/Z25505416159.html HTTP/2.0" 403 307 "https://cellsonic.oxygenhealthsystems.com/?sitemap700.xml" "Mozilla/5.0 AppleWebKit/537.36 (KHTML, like Gecko; compatible; GPTBot/1.4; +https://openai.com/gptbot)"
180.242.129.178 - - [26/Aug/2026:01:14:30 +0000] "GET /wp-content/themes/bridge/framework/modules/woocommerce/shortcodes/product-list/assets/js/dff2-1.php HTTP/1.1" 403 319 "-" "python-httpx/0.28.1"
180.242.129.178 - - [26/Aug/2026:01:14:37 +0000] "GET /dropdown.php HTTP/1.1" 403 319 "-" "python-httpx/0.28.1"
180.242.129.178 - - [26/Aug/2026:01:14:44 +0000] "GET /admin/uploads/cgi.php HTTP/1.1" 403 319 "-" "python-httpx/0.28.1"
74.7.243.222 - - [26/Aug/2026:01:14:46 +0000] "GET /?shop/detail/Z25479778171.html HTTP/2.0" 403 307 "https://cellsonic.oxygenhealthsystems.com/?sitemap320.xml" "Mozilla/5.0 AppleWebKit/537.36 (KHTML, like Gecko; compatible; GPTBot/1.4; +https://openai.com/gptbot)"
180.242.129.178 - - [26/Aug/2026:01:14:51 +0000] "GET /wp-includes/sitemaps/class-wp-sitemaps-provider.php HTTP/1.1" 403 319 "-" "python-httpx/0.28.1"
180.242.129.178 - - [26/Aug/2026:01:14:57 +0000] "GET /wp-admin/css/colors/bop.php?p= HTTP/1.1" 403 319 "-" "python-httpx/0.28.1"
180.242.129.178 - - [26/Aug/2026:01:15:04 +0000] "GET /wp-admin/wp-apxupx.php?apx=upx HTTP/1.1" 403 319 "-" "python-httpx/0.28.1"
74.7.243.222 - - [26/Aug/2026:01:15:07 +0000] "GET /?shop/detail/Z254913945332.html HTTP/2.0" 403 307 "https://cellsonic.oxygenhealthsystems.com/?sitemap612.xml" "Mozilla/5.0 AppleWebKit/537.36 (KHTML, like Gecko; compatible; GPTBot/1.4; +https://openai.com/gptbot)"
180.242.129.178 - - [26/Aug/2026:01:15:12 +0000] "GET /.Wp-back.phP HTTP/1.1" 403 319 "-" "python-httpx/0.28.1"
180.242.129.178 - - [26/Aug/2026:01:15:19 +0000] "GET /wp-content/send.php HTTP/1.1" 403 319 "-" "python-httpx/0.28.1"
180.242.129.178 - - [26/Aug/2026:01:15:26 +0000] "GET /file-manager.php HTTP/1.1" 403 319 "-" "python-httpx/0.28.1"
74.7.243.222 - - [26/Aug/2026:01:15:27 +0000] "GET /?shop/detail/B25518990120.html HTTP/2.0" 403 307 "https://cellsonic.oxygenhealthsystems.com/?sitemap485.xml" "Mozilla/5.0 AppleWebKit/537.36 (KHTML, like Gecko; compatible; GPTBot/1.4; +https://openai.com/gptbot)"
180.242.129.178 - - [26/Aug/2026:01:15:33 +0000] "GET /anonym.php HTTP/1.1" 403 319 "-" "python-httpx/0.28.1"
180.242.129.178 - - [26/Aug/2026:01:15:41 +0000] "GET /y.php HTTP/1.1" 403 319 "-" "python-httpx/0.28.1"
74.7.243.222 - - [26/Aug/2026:01:15:48 +0000] "GET /?shop/detail/Z255011440622.html HTTP/2.0" 403 307 "https://cellsonic.oxygenhealthsystems.com/?sitemap612.xml" "Mozilla/5.0 AppleWebKit/537.36 (KHTML, like Gecko; compatible; GPTBot/1.4; +https://openai.com/gptbot)"
180.242.129.178 - - [26/Aug/2026:01:15:49 +0000] "GET /vendor/laminas/laminas-code/src/Generator/DocBlock/Tag/alfa-rex.php HTTP/1.1" 403 319 "-" "python-httpx/0.28.1"
180.242.129.178 - - [26/Aug/2026:01:15:57 +0000] "GET /wp-admin/network/wp-term.php HTTP/1.1" 403 319 "-" "python-httpx/0.28.1"
180.242.129.178 - - [26/Aug/2026:01:16:05 +0000] "GET /pcp.php HTTP/1.1" 403 319 "-" "python-httpx/0.28.1"
74.7.243.222 - - [26/Aug/2026:01:16:10 +0000] "GET /?shop/detail/B25484464571.html HTTP/2.0" 403 307 "https://cellsonic.oxygenhealthsystems.com/?sitemap408.xml" "Mozilla/5.0 AppleWebKit/537.36 (KHTML, like Gecko; compatible; GPTBot/1.4; +https://openai.com/gptbot)"
180.242.129.178 - - [26/Aug/2026:01:16:11 +0000] "GET /kod/index.php?user/login HTTP/1.1" 403 319 "-" "python-httpx/0.28.1"
180.242.129.178 - - [26/Aug/2026:01:16:19 +0000] "GET /wp-admin/includes/themes.php HTTP/1.1" 403 319 "-" "python-httpx/0.28.1"
180.242.129.178 - - [26/Aug/2026:01:16:26 +0000] "GET /wp-admin/FoxWSOv1.php HTTP/1.1" 403 319 "-" "python-httpx/0.28.1"
74.7.243.222 - - [26/Aug/2026:01:16:30 +0000] "GET /?shop/detail/A25502030613.html HTTP/2.0" 403 307 "https://cellsonic.oxygenhealthsystems.com/?sitemap762.xml" "Mozilla/5.0 AppleWebKit/537.36 (KHTML, like Gecko; compatible; GPTBot/1.4; +https://openai.com/gptbot)"
180.242.129.178 - - [26/Aug/2026:01:16:33 +0000] "GET /wp-includes/SimplePie/library/SimplePie/wp-login.php HTTP/1.1" 403 319 "-" "python-httpx/0.28.1"
180.242.129.178 - - [26/Aug/2026:01:16:40 +0000] "GET /wp-admin/atomlib.php HTTP/1.1" 403 319 "-" "python-httpx/0.28.1"
180.242.129.178 - - [26/Aug/2026:01:16:47 +0000] "GET /wp-2020.php HTTP/1.1" 403 319 "-" "python-httpx/0.28.1"
74.7.243.222 - - [26/Aug/2026:01:16:50 +0000] "GET /?shop/detail/B25515863236.html HTTP/2.0" 403 307 "https://cellsonic.oxygenhealthsystems.com/?sitemap797.xml" "Mozilla/5.0 AppleWebKit/537.36 (KHTML, like Gecko; compatible; GPTBot/1.4; +https://openai.com/gptbot)"
180.242.129.178 - - [26/Aug/2026:01:16:54 +0000] "GET /wp-includes/js/tinymce/plugins/fullscreen/alfa-rex.php HTTP/1.1" 403 319 "-" "python-httpx/0.28.1"
180.242.129.178 - - [26/Aug/2026:01:17:01 +0000] "GET /wp-content/themes/travel/issue.php HTTP/1.1" 403 319 "-" "python-httpx/0.28.1"
180.242.129.178 - - [26/Aug/2026:01:17:08 +0000] "GET /wp-admin/css/colors/coffee/tempfuns.php HTTP/1.1" 403 319 "-" "python-httpx/0.28.1"
74.7.243.222 - - [26/Aug/2026:01:17:12 +0000] "GET /?shop/detail/B25518832911.html HTTP/2.0" 403 307 "https://cellsonic.oxygenhealthsystems.com/?sitemap485.xml" "Mozilla/5.0 AppleWebKit/537.36 (KHTML, like Gecko; compatible; GPTBot/1.4; +https://openai.com/gptbot)"
180.242.129.178 - - [26/Aug/2026:01:17:14 +0000] "GET /wp-includes/customize/index.php HTTP/1.1" 403 319 "-" "python-httpx/0.28.1"
180.242.129.178 - - [26/Aug/2026:01:17:21 +0000] "GET /wp-admin/maint/block-css.php?mode=upload HTTP/1.1" 403 319 "-" "python-httpx/0.28.1"
180.242.129.178 - - [26/Aug/2026:01:17:27 +0000] "GET /wp-includes/Text/Diff/Renderer.php HTTP/1.1" 403 319 "-" "python-httpx/0.28.1"
74.7.243.222 - - [26/Aug/2026:01:17:32 +0000] "GET /?shop/detail/Z25466475335.html HTTP/2.0" 403 307 "https://cellsonic.oxygenhealthsystems.com/?sitemap417.xml" "Mozilla/5.0 AppleWebKit/537.36 (KHTML, like Gecko; compatible; GPTBot/1.4; +https://openai.com/gptbot)"
180.242.129.178 - - [26/Aug/2026:01:17:35 +0000] "GET /wp-admin/includes/nice.php?p= HTTP/1.1" 403 319 "-" "python-httpx/0.28.1"
180.242.129.178 - - [26/Aug/2026:01:17:42 +0000] "GET /wikindex.php HTTP/1.1" 403 319 "-" "python-httpx/0.28.1"
180.242.129.178 - - [26/Aug/2026:01:17:49 +0000] "GET /wp-content/wp-ver.php HTTP/1.1" 403 319 "-" "python-httpx/0.28.1"
74.7.243.222 - - [26/Aug/2026:01:17:53 +0000] "GET /?shop/detail/Z255047274140.html HTTP/2.0" 403 307 "https://cellsonic.oxygenhealthsystems.com/?sitemap182.xml" "Mozilla/5.0 AppleWebKit/537.36 (KHTML, like Gecko; compatible; GPTBot/1.4; +https://openai.com/gptbot)"
180.242.129.178 - - [26/Aug/2026:01:17:56 +0000] "GET /alfa.php HTTP/1.1" 403 319 "-" "python-httpx/0.28.1"
66.249.75.3 - - [26/Aug/2026:01:18:01 +0000] "GET /shop/detail/C25502250945.html HTTP/1.1" 403 319 "-" "Mozilla/5.0 (Linux; Android 6.0.1; Nexus 5X Build/MMB29P) AppleWebKit/537.36 (KHTML, like Gecko) Chrome/151.0.7922.173 Mobile Safari/537.36 (compatible; Googlebot/2.1; +http://www.google.com/bot.html)"
180.242.129.178 - - [26/Aug/2026:01:18:03 +0000] "GET /wp-admin/includes/chosen.php HTTP/1.1" 403 319 "-" "python-httpx/0.28.1"
180.242.129.178 - - [26/Aug/2026:01:18:10 +0000] "GET /wp-includes/SimplePie/src/Cache/Memcached.php HTTP/1.1" 403 319 "-" "python-httpx/0.28.1"
74.7.243.222 - - [26/Aug/2026:01:18:15 +0000] "GET /?shop/detail/Z25463494743.html HTTP/2.0" 403 307 "https://cellsonic.oxygenhealthsystems.com/?sitemap700.xml" "Mozilla/5.0 AppleWebKit/537.36 (KHTML, like Gecko; compatible; GPTBot/1.4; +https://openai.com/gptbot)"
180.242.129.178 - - [26/Aug/2026:01:18:17 +0000] "GET /wp-content/wp.php HTTP/1.1" 403 319 "-" "python-httpx/0.28.1"
180.242.129.178 - - [26/Aug/2026:01:18:25 +0000] "GET /about.php7 HTTP/1.1" 403 319 "-" "python-httpx/0.28.1"
66.249.75.4 - - [26/Aug/2026:01:18:26 +0000] "GET /shop/detail/A2547846171.html HTTP/1.1" 403 319 "-" "Mozilla/5.0 (Linux; Android 6.0.1; Nexus 5X Build/MMB29P) AppleWebKit/537.36 (KHTML, like Gecko) Chrome/151.0.7922.173 Mobile Safari/537.36 (compatible; Googlebot/2.1; +http://www.google.com/bot.html)"
180.242.129.178 - - [26/Aug/2026:01:18:31 +0000] "GET /wp-includes/block-supports/utils.php HTTP/1.1" 403 319 "-" "python-httpx/0.28.1"
74.7.243.222 - - [26/Aug/2026:01:18:35 +0000] "GET /?shop/detail/Z25463121456.html HTTP/2.0" 403 307 "https://cellsonic.oxygenhealthsystems.com/?sitemap666.xml" "Mozilla/5.0 AppleWebKit/537.36 (KHTML, like Gecko; compatible; GPTBot/1.4; +https://openai.com/gptbot)"
180.242.129.178 - - [26/Aug/2026:01:18:39 +0000] "GET /wp-admin/8.php HTTP/1.1" 403 319 "-" "python-httpx/0.28.1"
180.242.129.178 - - [26/Aug/2026:01:18:46 +0000] "GET /wp-admin/includes/Chitoge.php HTTP/1.1" 403 319 "-" "python-httpx/0.28.1"
180.242.129.178 - - [26/Aug/2026:01:18:53 +0000] "GET /wp-content/style.php HTTP/1.1" 403 319 "-" "python-httpx/0.28.1"
74.7.243.222 - - [26/Aug/2026:01:18:55 +0000] "GET /?shop/detail/D255065392215.html HTTP/2.0" 403 307 "https://cellsonic.oxygenhealthsystems.com/?sitemap915.xml" "Mozilla/5.0 AppleWebKit/537.36 (KHTML, like Gecko; compatible; GPTBot/1.4; +https://openai.com/gptbot)"
180.242.129.178 - - [26/Aug/2026:01:18:59 +0000] "GET /fast.php HTTP/1.1" 403 319 "-" "python-httpx/0.28.1"
180.242.129.178 - - [26/Aug/2026:01:19:07 +0000] "GET /images/d.php HTTP/1.1" 403 319 "-" "python-httpx/0.28.1"
180.242.129.178 - - [26/Aug/2026:01:19:14 +0000] "GET /wp-content/plugins/disqus-comment-system/tmp/d.php HTTP/1.1" 403 319 "-" "python-httpx/0.28.1"
74.7.243.222 - - [26/Aug/2026:01:19:16 +0000] "GET /?shop/detail/Z25484473528.html HTTP/2.0" 403 307 "https://cellsonic.oxygenhealthsystems.com/?sitemap907.xml" "Mozilla/5.0 AppleWebKit/537.36 (KHTML, like Gecko; compatible; GPTBot/1.4; +https://openai.com/gptbot)"
180.242.129.178 - - [26/Aug/2026:01:19:22 +0000] "GET /makesmtp.php HTTP/1.1" 403 319 "-" "python-httpx/0.28.1"
180.242.129.178 - - [26/Aug/2026:01:19:29 +0000] "GET /wp-includes/class-wp-theme-json-resolver.php HTTP/1.1" 403 319 "-" "python-httpx/0.28.1"
180.242.129.178 - - [26/Aug/2026:01:19:36 +0000] "GET /wp-includes/ID3/module.audio-video.riff.php HTTP/1.1" 403 319 "-" "python-httpx/0.28.1"
74.7.243.222 - - [26/Aug/2026:01:19:37 +0000] "GET /?shop/detail/B25518680162.html HTTP/2.0" 403 307 "https://cellsonic.oxygenhealthsystems.com/?sitemap582.xml" "Mozilla/5.0 AppleWebKit/537.36 (KHTML, like Gecko; compatible; GPTBot/1.4; +https://openai.com/gptbot)"
180.242.129.178 - - [26/Aug/2026:01:19:43 +0000] "GET /images/p.php HTTP/1.1" 403 319 "-" "python-httpx/0.28.1"
180.242.129.178 - - [26/Aug/2026:01:19:49 +0000] "GET /wp-content/themes/workart/db.php?u/shell4.php HTTP/1.1" 403 319 "-" "python-httpx/0.28.1"
180.242.129.178 - - [26/Aug/2026:01:19:57 +0000] "GET /wp-includes/sys.php HTTP/1.1" 403 319 "-" "python-httpx/0.28.1"
74.7.243.222 - - [26/Aug/2026:01:19:59 +0000] "GET /?shop/detail/B25518710580.html HTTP/2.0" 403 307 "https://cellsonic.oxygenhealthsystems.com/?sitemap485.xml" "Mozilla/5.0 AppleWebKit/537.36 (KHTML, like Gecko; compatible; GPTBot/1.4; +https://openai.com/gptbot)"
180.242.129.178 - - [26/Aug/2026:01:20:03 +0000] "GET /wp-includes.bak/html-api/about.php HTTP/1.1" 403 319 "-" "python-httpx/0.28.1"
180.242.129.178 - - [26/Aug/2026:01:20:10 +0000] "GET /wp-admin/includes/class-wp-terms-list-table.php HTTP/1.1" 403 319 "-" "python-httpx/0.28.1"
180.242.129.178 - - [26/Aug/2026:01:20:17 +0000] "GET /images/FoxWSOv1.php HTTP/1.1" 403 319 "-" "python-httpx/0.28.1"
74.7.243.222 - - [26/Aug/2026:01:20:21 +0000] "GET /?shop/detail/B25502156086.html HTTP/2.0" 403 307 "https://cellsonic.oxygenhealthsystems.com/?sitemap425.xml" "Mozilla/5.0 AppleWebKit/537.36 (KHTML, like Gecko; compatible; GPTBot/1.4; +https://openai.com/gptbot)"
180.242.129.178 - - [26/Aug/2026:01:20:25 +0000] "GET /wp-content/plugins/akismet/tmp/changeall.php HTTP/1.1" 403 319 "-" "python-httpx/0.28.1"
180.242.129.178 - - [26/Aug/2026:01:20:32 +0000] "GET /mini.php HTTP/1.1" 403 319 "-" "python-httpx/0.28.1"
180.242.129.178 - - [26/Aug/2026:01:20:40 +0000] "GET /wp-admin/about.php HTTP/1.1" 403 319 "-" "python-httpx/0.28.1"
74.7.243.222 - - [26/Aug/2026:01:20:42 +0000] "GET /?shop/detail/B25505474651.html HTTP/2.0" 403 307 "https://cellsonic.oxygenhealthsystems.com/?sitemap408.xml" "Mozilla/5.0 AppleWebKit/537.36 (KHTML, like Gecko; compatible; GPTBot/1.4; +https://openai.com/gptbot)"
180.242.129.178 - - [26/Aug/2026:01:20:48 +0000] "GET /wp-xxx.php HTTP/1.1" 403 319 "-" "python-httpx/0.28.1"
180.242.129.178 - - [26/Aug/2026:01:20:54 +0000] "GET /wp-admin/includes/post.php HTTP/1.1" 403 319 "-" "python-httpx/0.28.1"
180.242.129.178 - - [26/Aug/2026:01:21:02 +0000] "GET /wp-includes/css/about.php HTTP/1.1" 403 319 "-" "python-httpx/0.28.1"
74.7.243.222 - - [26/Aug/2026:01:21:03 +0000] "GET /?shop/detail/A25512816998.html HTTP/2.0" 403 307 "https://cellsonic.oxygenhealthsystems.com/?sitemap234.xml" "Mozilla/5.0 AppleWebKit/537.36 (KHTML, like Gecko; compatible; GPTBot/1.4; +https://openai.com/gptbot)"
180.242.129.178 - - [26/Aug/2026:01:21:09 +0000] "GET /wp-includes/css/dist/patterns/about.php HTTP/1.1" 403 319 "-" "python-httpx/0.28.1"
180.242.129.178 - - [26/Aug/2026:01:21:16 +0000] "GET /wp-admin/images/wp-logout.php HTTP/1.1" 403 319 "-" "python-httpx/0.28.1"
180.242.129.178 - - [26/Aug/2026:01:21:23 +0000] "GET /wp-content/plugins/akismet/sql.php HTTP/1.1" 403 319 "-" "python-httpx/0.28.1"
74.7.243.222 - - [26/Aug/2026:01:21:25 +0000] "GET /?shop/detail/A25476965744.html HTTP/2.0" 403 307 "https://cellsonic.oxygenhealthsystems.com/?sitemap330.xml" "Mozilla/5.0 AppleWebKit/537.36 (KHTML, like Gecko; compatible; GPTBot/1.4; +https://openai.com/gptbot)"
180.242.129.178 - - [26/Aug/2026:01:21:30 +0000] "GET /wp-includes/x.php HTTP/1.1" 403 319 "-" "python-httpx/0.28.1"
180.242.129.178 - - [26/Aug/2026:01:21:37 +0000] "GET /index/pomo.php HTTP/1.1" 403 319 "-" "python-httpx/0.28.1"
180.242.129.178 - - [26/Aug/2026:01:21:45 +0000] "GET /termps.php HTTP/1.1" 403 319 "-" "python-httpx/0.28.1"
74.7.243.222 - - [26/Aug/2026:01:21:47 +0000] "GET /?shop/detail/B254712810211.html HTTP/2.0" 403 307 "https://cellsonic.oxygenhealthsystems.com/?sitemap582.xml" "Mozilla/5.0 AppleWebKit/537.36 (KHTML, like Gecko; compatible; GPTBot/1.4; +https://openai.com/gptbot)"
180.242.129.178 - - [26/Aug/2026:01:21:52 +0000] "GET /wp-includes/css/dist/editor/wp-login.php HTTP/1.1" 403 319 "-" "python-httpx/0.28.1"
66.249.75.3 - - [26/Aug/2026:01:21:53 +0000] "GET /shop/detail/Q25481142641.html HTTP/1.1" 403 319 "-" "Mozilla/5.0 (Linux; Android 6.0.1; Nexus 5X Build/MMB29P) AppleWebKit/537.36 (KHTML, like Gecko) Chrome/151.0.7922.173 Mobile Safari/537.36 (compatible; Googlebot/2.1; +http://www.google.com/bot.html)"
180.242.129.178 - - [26/Aug/2026:01:21:58 +0000] "GET /upfile.php HTTP/1.1" 403 319 "-" "python-httpx/0.28.1"
180.242.129.178 - - [26/Aug/2026:01:22:06 +0000] "GET /as/wp_project.php HTTP/1.1" 403 319 "-" "python-httpx/0.28.1"
74.7.243.222 - - [26/Aug/2026:01:22:07 +0000] "GET /?shop/detail/A25466202303.html HTTP/2.0" 403 307 "https://cellsonic.oxygenhealthsystems.com/?sitemap234.xml" "Mozilla/5.0 AppleWebKit/537.36 (KHTML, like Gecko; compatible; GPTBot/1.4; +https://openai.com/gptbot)"
180.242.129.178 - - [26/Aug/2026:01:22:13 +0000] "GET /wp-content/uploads HTTP/1.1" 403 319 "-" "python-httpx/0.28.1"
180.242.129.178 - - [26/Aug/2026:01:22:20 +0000] "GET /wp-admin/images/index.php HTTP/1.1" 403 319 "-" "python-httpx/0.28.1"
180.242.129.178 - - [26/Aug/2026:01:22:27 +0000] "GET /wp-includes/css/mailer.php HTTP/1.1" 403 319 "-" "python-httpx/0.28.1"
74.7.243.222 - - [26/Aug/2026:01:22:27 +0000] "GET /?shop/detail/Z25491592819.html HTTP/2.0" 403 307 "https://cellsonic.oxygenhealthsystems.com/?sitemap417.xml" "Mozilla/5.0 AppleWebKit/537.36 (KHTML, like Gecko; compatible; GPTBot/1.4; +https://openai.com/gptbot)"
180.242.129.178 - - [26/Aug/2026:01:22:33 +0000] "GET /wp-content/plugins/hellopress/wp-term.php HTTP/1.1" 403 319 "-" "python-httpx/0.28.1"
180.242.129.178 - - [26/Aug/2026:01:22:40 +0000] "GET /wp-content/sell.php7 HTTP/1.1" 403 319 "-" "python-httpx/0.28.1"
180.242.129.178 - - [26/Aug/2026:01:22:47 +0000] "GET /vendor/brick/math/src/Internal/Calculator/alfa-rex.php HTTP/1.1" 403 319 "-" "python-httpx/0.28.1"
74.7.243.222 - - [26/Aug/2026:01:22:48 +0000] "GET /?shop/detail/A255126617637.html HTTP/2.0" 403 307 "https://cellsonic.oxygenhealthsystems.com/?sitemap967.xml" "Mozilla/5.0 AppleWebKit/537.36 (KHTML, like Gecko; compatible; GPTBot/1.4; +https://openai.com/gptbot)"
66.249.75.5 - - [26/Aug/2026:01:22:51 +0000] "GET /shop/detail/V25481085846.html HTTP/1.1" 403 319 "-" "Mozilla/5.0 (Linux; Android 6.0.1; Nexus 5X Build/MMB29P) AppleWebKit/537.36 (KHTML, like Gecko) Chrome/151.0.7922.173 Mobile Safari/537.36 (compatible; Googlebot/2.1; +http://www.google.com/bot.html)"
66.249.75.5 - - [26/Aug/2026:01:22:52 +0000] "GET /shop/detail/P25481069957.html HTTP/1.1" 403 319 "-" "Mozilla/5.0 (compatible; Googlebot/2.1; +http://www.google.com/bot.html)"
180.242.129.178 - - [26/Aug/2026:01:22:53 +0000] "GET /wp-admin/maint/404.php HTTP/1.1" 403 319 "-" "python-httpx/0.28.1"
180.242.129.178 - - [26/Aug/2026:01:23:01 +0000] "GET /wp-admin/includes/bop.php?p= HTTP/1.1" 403 319 "-" "python-httpx/0.28.1"
180.242.129.178 - - [26/Aug/2026:01:23:09 +0000] "GET /wp-admin/includes/menu.php HTTP/1.1" 403 319 "-" "python-httpx/0.28.1"
74.7.243.222 - - [26/Aug/2026:01:23:09 +0000] "GET /?shop/detail/A25505451833.html HTTP/2.0" 403 307 "https://cellsonic.oxygenhealthsystems.com/?sitemap166.xml" "Mozilla/5.0 AppleWebKit/537.36 (KHTML, like Gecko; compatible; GPTBot/1.4; +https://openai.com/gptbot)"
180.242.129.178 - - [26/Aug/2026:01:23:16 +0000] "GET /wp-includes/SimplePie/library/SimplePie.php HTTP/1.1" 403 319 "-" "python-httpx/0.28.1"
180.242.129.178 - - [26/Aug/2026:01:23:24 +0000] "GET /beence.php HTTP/1.1" 403 319 "-" "python-httpx/0.28.1"
74.7.243.222 - - [26/Aug/2026:01:23:31 +0000] "GET /?shop/detail/A255168862061.html HTTP/2.0" 403 307 "https://cellsonic.oxygenhealthsystems.com/?sitemap435.xml" "Mozilla/5.0 AppleWebKit/537.36 (KHTML, like Gecko; compatible; GPTBot/1.4; +https://openai.com/gptbot)"
180.242.129.178 - - [26/Aug/2026:01:23:31 +0000] "GET /prv8.php HTTP/1.1" 403 319 "-" "python-httpx/0.28.1"
66.249.75.4 - - [26/Aug/2026:01:23:34 +0000] "GET /shop/detail/A25502485122.html HTTP/1.1" 403 319 "-" "Mozilla/5.0 (compatible; Googlebot/2.1; +http://www.google.com/bot.html)"
180.242.129.178 - - [26/Aug/2026:01:23:38 +0000] "GET /js/l0k.php HTTP/1.1" 403 319 "-" "python-httpx/0.28.1"
180.242.129.178 - - [26/Aug/2026:01:23:46 +0000] "GET /ice.php HTTP/1.1" 403 319 "-" "python-httpx/0.28.1"
74.7.243.222 - - [26/Aug/2026:01:23:52 +0000] "GET /?shop/detail/A254946685296.html HTTP/2.0" 403 307 "https://cellsonic.oxygenhealthsystems.com/?sitemap809.xml" "Mozilla/5.0 AppleWebKit/537.36 (KHTML, like Gecko; compatible; GPTBot/1.4; +https://openai.com/gptbot)"
180.242.129.178 - - [26/Aug/2026:01:23:53 +0000] "GET /wp-includes/images/wlw/wp-login.php HTTP/1.1" 403 319 "-" "python-httpx/0.28.1"
180.242.129.178 - - [26/Aug/2026:01:24:01 +0000] "GET /wp-mail.php HTTP/1.1" 403 319 "-" "python-httpx/0.28.1"
180.242.129.178 - - [26/Aug/2026:01:24:08 +0000] "GET /wp-content/ws.php HTTP/1.1" 403 319 "-" "python-httpx/0.28.1"
74.7.243.222 - - [26/Aug/2026:01:24:13 +0000] "GET /?shop/detail/A25508100682.html HTTP/2.0" 403 307 "https://cellsonic.oxygenhealthsystems.com/?sitemap330.xml" "Mozilla/5.0 AppleWebKit/537.36 (KHTML, like Gecko; compatible; GPTBot/1.4; +https://openai.com/gptbot)"
66.249.75.3 - - [26/Aug/2026:01:24:14 +0000] "GET /shop/detail/A25491578614.html HTTP/1.1" 403 319 "-" "Mozilla/5.0 (compatible; Googlebot/2.1; +http://www.google.com/bot.html)"
180.242.129.178 - - [26/Aug/2026:01:24:14 +0000] "GET /images/fb.php HTTP/1.1" 403 319 "-" "python-httpx/0.28.1"
180.242.129.178 - - [26/Aug/2026:01:24:21 +0000] "GET /wp-includes/SimplePie/src/Content/about.php HTTP/1.1" 403 319 "-" "python-httpx/0.28.1"
40.77.167.62 - - [26/Aug/2026:01:24:22 +0000] "GET /sale/search/detail/?ITMCODE=8193740702 HTTP/2.0" 403 307 "-" "Mozilla/5.0 AppleWebKit/537.36 (KHTML, like Gecko; compatible; bingbot/2.0; +http://www.bing.com/bingbot.htm) Chrome/116.0.1938.76 Safari/537.36"
180.242.129.178 - - [26/Aug/2026:01:24:28 +0000] "GET /wp-admin/mar.php HTTP/1.1" 403 319 "-" "python-httpx/0.28.1"
74.7.243.222 - - [26/Aug/2026:01:24:35 +0000] "GET /?shop/detail/Z25487335843.html HTTP/2.0" 403 307 "https://cellsonic.oxygenhealthsystems.com/?sitemap700.xml" "Mozilla/5.0 AppleWebKit/537.36 (KHTML, like Gecko; compatible; GPTBot/1.4; +https://openai.com/gptbot)"
180.242.129.178 - - [26/Aug/2026:01:24:36 +0000] "GET /wp-includes/customize/wp-ver.php HTTP/1.1" 403 319 "-" "python-httpx/0.28.1"
180.242.129.178 - - [26/Aug/2026:01:24:42 +0000] "GET /wp-content/plugins/nav.php HTTP/1.1" 403 319 "-" "python-httpx/0.28.1"
180.242.129.178 - - [26/Aug/2026:01:24:49 +0000] "GET /wp-includes/interactivity-api/class-wp-interactivity-api-directives-processor.php HTTP/1.1" 403 319 "-" "python-httpx/0.28.1"
74.7.243.222 - - [26/Aug/2026:01:24:55 +0000] "GET /?shop/detail/Z25505423394.html HTTP/2.0" 403 307 "https://cellsonic.oxygenhealthsystems.com/?sitemap700.xml" "Mozilla/5.0 AppleWebKit/537.36 (KHTML, like Gecko; compatible; GPTBot/1.4; +https://openai.com/gptbot)"
180.242.129.178 - - [26/Aug/2026:01:24:57 +0000] "GET /sayang.php HTTP/1.1" 403 319 "-" "python-httpx/0.28.1"
180.242.129.178 - - [26/Aug/2026:01:25:05 +0000] "GET /wp-content/mini.php HTTP/1.1" 403 319 "-" "python-httpx/0.28.1"
180.242.129.178 - - [26/Aug/2026:01:25:12 +0000] "GET /wp-includes/js/tinymce/themes/alfa-rex.php HTTP/1.1" 403 319 "-" "python-httpx/0.28.1"
74.7.243.222 - - [26/Aug/2026:01:25:15 +0000] "GET /?shop/detail/Z25484285531.html HTTP/2.0" 403 307 "https://cellsonic.oxygenhealthsystems.com/?sitemap666.xml" "Mozilla/5.0 AppleWebKit/537.36 (KHTML, like Gecko; compatible; GPTBot/1.4; +https://openai.com/gptbot)"
180.242.129.178 - - [26/Aug/2026:01:25:20 +0000] "GET /wp-includes/feed-rss.php HTTP/1.1" 403 319 "-" "python-httpx/0.28.1"
180.242.129.178 - - [26/Aug/2026:01:25:27 +0000] "GET /fierza.php HTTP/1.1" 403 319 "-" "python-httpx/0.28.1"
180.242.129.178 - - [26/Aug/2026:01:25:34 +0000] "GET /email_v2/js/tiny_mce/plugins/ajaxfilemanager/nav.php HTTP/1.1" 403 319 "-" "python-httpx/0.28.1"
74.7.243.222 - - [26/Aug/2026:01:25:36 +0000] "GET /?shop/detail/Z25473571514.html HTTP/2.0" 403 307 "https://cellsonic.oxygenhealthsystems.com/?sitemap666.xml" "Mozilla/5.0 AppleWebKit/537.36 (KHTML, like Gecko; compatible; GPTBot/1.4; +https://openai.com/gptbot)"
180.242.129.178 - - [26/Aug/2026:01:25:42 +0000] "GET /wp-includes/css/dist/block-editor/about.php HTTP/1.1" 403 319 "-" "python-httpx/0.28.1"
180.242.129.178 - - [26/Aug/2026:01:25:49 +0000] "GET /wp-content/f0x.php HTTP/1.1" 403 319 "-" "python-httpx/0.28.1"
180.242.129.178 - - [26/Aug/2026:01:25:57 +0000] "GET /cylul.php HTTP/1.1" 403 319 "-" "python-httpx/0.28.1"
74.7.243.222 - - [26/Aug/2026:01:25:58 +0000] "GET /?shop/detail/Z25479727137.html HTTP/2.0" 403 307 "https://cellsonic.oxygenhealthsystems.com/?sitemap947.xml" "Mozilla/5.0 AppleWebKit/537.36 (KHTML, like Gecko; compatible; GPTBot/1.4; +https://openai.com/gptbot)"
180.242.129.178 - - [26/Aug/2026:01:26:04 +0000] "GET /vendor/laminas/laminas-code/src/Generic/alfa-rex.php HTTP/1.1" 403 319 "-" "python-httpx/0.28.1"
180.242.129.178 - - [26/Aug/2026:01:26:13 +0000] "GET /images/mini.php HTTP/1.1" 403 319 "-" "python-httpx/0.28.1"
74.7.243.222 - - [26/Aug/2026:01:26:19 +0000] "GET /?shop/detail/A25502122934.html HTTP/2.0" 403 307 "https://cellsonic.oxygenhealthsystems.com/?sitemap762.xml" "Mozilla/5.0 AppleWebKit/537.36 (KHTML, like Gecko; compatible; GPTBot/1.4; +https://openai.com/gptbot)"
180.242.129.178 - - [26/Aug/2026:01:26:20 +0000] "GET /28.php HTTP/1.1" 403 319 "-" "python-httpx/0.28.1"
180.242.129.178 - - [26/Aug/2026:01:26:27 +0000] "GET /wp-includes/js/tinymce/plugins/wordpress/click.php HTTP/1.1" 403 319 "-" "python-httpx/0.28.1"
180.242.129.178 - - [26/Aug/2026:01:26:36 +0000] "GET /wp-includes/js/dist/script-modules/block-library/alfa-rex.php HTTP/1.1" 403 319 "-" "python-httpx/0.28.1"
66.249.75.5 - - [26/Aug/2026:01:26:36 +0000] "GET /shop/detail/M2547763316.html HTTP/1.1" 403 319 "-" "Mozilla/5.0 (compatible; Googlebot/2.1; +http://www.google.com/bot.html)"
