66.249.75.4 - - [25/Aug/2026:22:40:30 +0000] "GET /shop/detail/P25481204713.html HTTP/1.1" 403 319 "-" "Mozilla/5.0 (Linux; Android 6.0.1; Nexus 5X Build/MMB29P) AppleWebKit/537.36 (KHTML, like Gecko) Chrome/151.0.7922.173 Mobile Safari/537.36 (compatible; Googlebot/2.1; +http://www.google.com/bot.html)"
66.249.75.3 - - [25/Aug/2026:22:40:31 +0000] "GET /shop/detail/F25502018999.html HTTP/1.1" 403 319 "-" "Mozilla/5.0 (compatible; Googlebot/2.1; +http://www.google.com/bot.html)"
74.7.243.222 - - [25/Aug/2026:22:40:36 +0000] "GET /?shop/detail/Z25494591393.html HTTP/2.0" 403 307 "https://cellsonic.oxygenhealthsystems.com/?sitemap792.xml" "Mozilla/5.0 AppleWebKit/537.36 (KHTML, like Gecko; compatible; GPTBot/1.4; +https://openai.com/gptbot)"
180.242.129.178 - - [25/Aug/2026:22:40:37 +0000] "GET /connects.php HTTP/1.1" 403 319 "-" "python-httpx/0.28.1"
180.242.129.178 - - [25/Aug/2026:22:40:43 +0000] "GET /wp-includes/3301.php HTTP/1.1" 403 319 "-" "python-httpx/0.28.1"
180.242.129.178 - - [25/Aug/2026:22:40:49 +0000] "GET /chosen/wp_error.php%20 HTTP/1.1" 403 319 "-" "python-httpx/0.28.1"
66.249.75.3 - - [25/Aug/2026:22:40:53 +0000] "GET /shop/detail/E25502492677.html HTTP/1.1" 403 319 "-" "Mozilla/5.0 (Linux; Android 6.0.1; Nexus 5X Build/MMB29P) AppleWebKit/537.36 (KHTML, like Gecko) Chrome/151.0.7922.173 Mobile Safari/537.36 (compatible; Googlebot/2.1; +http://www.google.com/bot.html)"
66.249.75.4 - - [25/Aug/2026:22:40:56 +0000] "GET /shop/detail/B2547864917.html HTTP/1.1" 403 319 "-" "Mozilla/5.0 (compatible; Googlebot/2.1; +http://www.google.com/bot.html)"
180.242.129.178 - - [25/Aug/2026:22:40:56 +0000] "GET /wp-includes/html-api/class-wp-html-stack-event.php HTTP/1.1" 403 319 "-" "python-httpx/0.28.1"
74.7.243.222 - - [25/Aug/2026:22:40:57 +0000] "GET /?shop/detail/B25508066757.html HTTP/2.0" 403 307 "https://cellsonic.oxygenhealthsystems.com/?sitemap408.xml" "Mozilla/5.0 AppleWebKit/537.36 (KHTML, like Gecko; compatible; GPTBot/1.4; +https://openai.com/gptbot)"
180.242.129.178 - - [25/Aug/2026:22:41:02 +0000] "GET /wp-includes/IXR/index.php HTTP/1.1" 403 319 "-" "python-httpx/0.28.1"
66.249.75.3 - - [25/Aug/2026:22:41:03 +0000] "GET /shop/detail/L25502394929.html HTTP/1.1" 403 319 "-" "Mozilla/5.0 (compatible; Googlebot/2.1; +http://www.google.com/bot.html)"
66.249.75.4 - - [25/Aug/2026:22:41:09 +0000] "GET /shop/detail/K2547973929.html HTTP/1.1" 403 319 "-" "Mozilla/5.0 (Linux; Android 6.0.1; Nexus 5X Build/MMB29P) AppleWebKit/537.36 (KHTML, like Gecko) Chrome/151.0.7922.173 Mobile Safari/537.36 (compatible; Googlebot/2.1; +http://www.google.com/bot.html)"
180.242.129.178 - - [25/Aug/2026:22:41:09 +0000] "GET /wp-includes/minimo.php HTTP/1.1" 403 319 "-" "python-httpx/0.28.1"
180.242.129.178 - - [25/Aug/2026:22:41:15 +0000] "GET /wp-content/chosen.php HTTP/1.1" 403 319 "-" "python-httpx/0.28.1"
66.249.75.3 - - [25/Aug/2026:22:41:18 +0000] "GET /shop/detail/F2546172053.html HTTP/1.1" 403 319 "-" "Mozilla/5.0 (Linux; Android 6.0.1; Nexus 5X Build/MMB29P) AppleWebKit/537.36 (KHTML, like Gecko) Chrome/151.0.7922.173 Mobile Safari/537.36 (compatible; Googlebot/2.1; +http://www.google.com/bot.html)"
74.7.243.222 - - [25/Aug/2026:22:41:19 +0000] "GET /?shop/detail/B25479750240.html HTTP/2.0" 403 307 "https://cellsonic.oxygenhealthsystems.com/?sitemap485.xml" "Mozilla/5.0 AppleWebKit/537.36 (KHTML, like Gecko; compatible; GPTBot/1.4; +https://openai.com/gptbot)"
66.249.75.3 - - [25/Aug/2026:22:41:20 +0000] "GET /shop/detail/U2546105804.html HTTP/1.1" 403 319 "-" "Mozilla/5.0 (Linux; Android 6.0.1; Nexus 5X Build/MMB29P) AppleWebKit/537.36 (KHTML, like Gecko) Chrome/151.0.7922.173 Mobile Safari/537.36 (compatible; Googlebot/2.1; +http://www.google.com/bot.html)"
57.141.16.28 - - [25/Aug/2026:22:41:22 +0000] "GET / HTTP/2.0" 403 307 "-" "facebookexternalhit/1.1 (+http://www.facebook.com/externalhit_uatext.php)"
180.242.129.178 - - [25/Aug/2026:22:41:22 +0000] "GET /wp-2022.php HTTP/1.1" 403 319 "-" "python-httpx/0.28.1"
66.249.75.3 - - [25/Aug/2026:22:41:24 +0000] "GET /shop/detail/H2547848065.html HTTP/1.1" 403 319 "-" "Mozilla/5.0 (Linux; Android 6.0.1; Nexus 5X Build/MMB29P) AppleWebKit/537.36 (KHTML, like Gecko) Chrome/151.0.7922.173 Mobile Safari/537.36 (compatible; Googlebot/2.1; +http://www.google.com/bot.html)"
180.242.129.178 - - [25/Aug/2026:22:41:28 +0000] "GET /wp-includes/Requests/src/Exception/alfa-rex.php HTTP/1.1" 403 319 "-" "python-httpx/0.28.1"
66.249.75.3 - - [25/Aug/2026:22:41:29 +0000] "GET /shop/detail/D2547528236.html HTTP/1.1" 403 319 "-" "Mozilla/5.0 (Linux; Android 6.0.1; Nexus 5X Build/MMB29P) AppleWebKit/537.36 (KHTML, like Gecko) Chrome/151.0.7922.173 Mobile Safari/537.36 (compatible; Googlebot/2.1; +http://www.google.com/bot.html)"
66.249.75.3 - - [25/Aug/2026:22:41:30 +0000] "GET /shop/detail/C25491712430.html HTTP/1.1" 403 319 "-" "Mozilla/5.0 (Linux; Android 6.0.1; Nexus 5X Build/MMB29P) AppleWebKit/537.36 (KHTML, like Gecko) Chrome/151.0.7922.173 Mobile Safari/537.36 (compatible; Googlebot/2.1; +http://www.google.com/bot.html)"
66.249.75.3 - - [25/Aug/2026:22:41:32 +0000] "GET /shop/detail/H25502080609.html HTTP/1.1" 403 319 "-" "Mozilla/5.0 (Linux; Android 6.0.1; Nexus 5X Build/MMB29P) AppleWebKit/537.36 (KHTML, like Gecko) Chrome/151.0.7922.173 Mobile Safari/537.36 (compatible; Googlebot/2.1; +http://www.google.com/bot.html)"
180.242.129.178 - - [25/Aug/2026:22:41:35 +0000] "GET /wp-includes/shortcodes.php HTTP/1.1" 403 319 "-" "python-httpx/0.28.1"
66.249.75.3 - - [25/Aug/2026:22:41:36 +0000] "GET /shop/detail/R25491538507.html HTTP/1.1" 403 319 "-" "Mozilla/5.0 (Linux; Android 6.0.1; Nexus 5X Build/MMB29P) AppleWebKit/537.36 (KHTML, like Gecko) Chrome/151.0.7922.173 Mobile Safari/537.36 (compatible; Googlebot/2.1; +http://www.google.com/bot.html)"
66.249.75.3 - - [25/Aug/2026:22:41:41 +0000] "GET /shop/detail/X25512572856.html HTTP/1.1" 403 319 "-" "Mozilla/5.0 (Linux; Android 6.0.1; Nexus 5X Build/MMB29P) AppleWebKit/537.36 (KHTML, like Gecko) Chrome/151.0.7922.173 Mobile Safari/537.36 (compatible; Googlebot/2.1; +http://www.google.com/bot.html)"
74.7.243.222 - - [25/Aug/2026:22:41:41 +0000] "GET /?shop/detail/Z25487321422.html HTTP/2.0" 403 307 "https://cellsonic.oxygenhealthsystems.com/?sitemap947.xml" "Mozilla/5.0 AppleWebKit/537.36 (KHTML, like Gecko; compatible; GPTBot/1.4; +https://openai.com/gptbot)"
180.242.129.178 - - [25/Aug/2026:22:41:41 +0000] "GET /admin-post.php HTTP/1.1" 403 319 "-" "python-httpx/0.28.1"
66.249.75.3 - - [25/Aug/2026:22:41:45 +0000] "GET /shop/detail/I2547688906.html HTTP/1.1" 403 319 "-" "Mozilla/5.0 (Linux; Android 6.0.1; Nexus 5X Build/MMB29P) AppleWebKit/537.36 (KHTML, like Gecko) Chrome/151.0.7922.173 Mobile Safari/537.36 (compatible; Googlebot/2.1; +http://www.google.com/bot.html)"
180.242.129.178 - - [25/Aug/2026:22:41:47 +0000] "GET /wp-admin/includes/class-wp-media-list-table.php HTTP/1.1" 403 319 "-" "python-httpx/0.28.1"
66.249.75.3 - - [25/Aug/2026:22:41:49 +0000] "GET /shop/detail/T25502153189.html HTTP/1.1" 403 319 "-" "Mozilla/5.0 (Linux; Android 6.0.1; Nexus 5X Build/MMB29P) AppleWebKit/537.36 (KHTML, like Gecko) Chrome/151.0.7922.173 Mobile Safari/537.36 (compatible; Googlebot/2.1; +http://www.google.com/bot.html)"
66.249.75.3 - - [25/Aug/2026:22:41:52 +0000] "GET /shop/detail/Q2547761618.html HTTP/1.1" 403 319 "-" "Mozilla/5.0 (Linux; Android 6.0.1; Nexus 5X Build/MMB29P) AppleWebKit/537.36 (KHTML, like Gecko) Chrome/151.0.7922.173 Mobile Safari/537.36 (compatible; Googlebot/2.1; +http://www.google.com/bot.html)"
180.242.129.178 - - [25/Aug/2026:22:41:54 +0000] "GET /wp-includes/class-wp-http-ixr-client.php HTTP/1.1" 403 319 "-" "python-httpx/0.28.1"
66.249.75.3 - - [25/Aug/2026:22:41:55 +0000] "GET /shop/detail/S2547669361.html HTTP/1.1" 403 319 "-" "Mozilla/5.0 (Linux; Android 6.0.1; Nexus 5X Build/MMB29P) AppleWebKit/537.36 (KHTML, like Gecko) Chrome/151.0.7922.173 Mobile Safari/537.36 (compatible; Googlebot/2.1; +http://www.google.com/bot.html)"
66.249.75.3 - - [25/Aug/2026:22:41:59 +0000] "GET /shop/detail/I25512776391.html HTTP/1.1" 403 319 "-" "Mozilla/5.0 (compatible; Googlebot/2.1; +http://www.google.com/bot.html)"
66.249.75.5 - - [25/Aug/2026:22:42:00 +0000] "GET /shop/detail/Z25491771966.html HTTP/1.1" 403 319 "-" "Mozilla/5.0 (Linux; Android 6.0.1; Nexus 5X Build/MMB29P) AppleWebKit/537.36 (KHTML, like Gecko) Chrome/151.0.7922.173 Mobile Safari/537.36 (compatible; Googlebot/2.1; +http://www.google.com/bot.html)"
180.242.129.178 - - [25/Aug/2026:22:42:01 +0000] "GET /.well-known/acme-challenge/nice.php?p= HTTP/1.1" 403 319 "-" "python-httpx/0.28.1"
74.7.243.222 - - [25/Aug/2026:22:42:02 +0000] "GET /?shop/detail/Z25466368603.html HTTP/2.0" 403 307 "https://cellsonic.oxygenhealthsystems.com/?sitemap389.xml" "Mozilla/5.0 AppleWebKit/537.36 (KHTML, like Gecko; compatible; GPTBot/1.4; +https://openai.com/gptbot)"
180.242.129.178 - - [25/Aug/2026:22:42:07 +0000] "GET /vendor/doctrine/inflector/lib/Doctrine/Inflector/Rules/alfa-rex.php HTTP/1.1" 403 319 "-" "python-httpx/0.28.1"
66.249.75.3 - - [25/Aug/2026:22:42:08 +0000] "GET /shop/detail/F25491978215.html HTTP/1.1" 403 319 "-" "Mozilla/5.0 (Linux; Android 6.0.1; Nexus 5X Build/MMB29P) AppleWebKit/537.36 (KHTML, like Gecko) Chrome/151.0.7922.173 Mobile Safari/537.36 (compatible; Googlebot/2.1; +http://www.google.com/bot.html)"
180.242.129.178 - - [25/Aug/2026:22:42:14 +0000] "GET /bala.php HTTP/1.1" 403 319 "-" "python-httpx/0.28.1"
66.249.75.3 - - [25/Aug/2026:22:42:17 +0000] "GET /shop/detail/Q25512503189.html HTTP/1.1" 403 319 "-" "Mozilla/5.0 (Linux; Android 6.0.1; Nexus 5X Build/MMB29P) AppleWebKit/537.36 (KHTML, like Gecko) Chrome/151.0.7922.173 Mobile Safari/537.36 (compatible; Googlebot/2.1; +http://www.google.com/bot.html)"
66.249.75.3 - - [25/Aug/2026:22:42:18 +0000] "GET /shop/detail/D254673564.html HTTP/1.1" 403 319 "-" "Mozilla/5.0 (Linux; Android 6.0.1; Nexus 5X Build/MMB29P) AppleWebKit/537.36 (KHTML, like Gecko) Chrome/151.0.7922.173 Mobile Safari/537.36 (compatible; Googlebot/2.1; +http://www.google.com/bot.html)"
180.242.129.178 - - [25/Aug/2026:22:42:20 +0000] "GET /wp-admin/includes/indexx.php HTTP/1.1" 403 319 "-" "python-httpx/0.28.1"
74.7.243.222 - - [25/Aug/2026:22:42:22 +0000] "GET /?shop/detail/A254864223124.html HTTP/2.0" 403 307 "https://cellsonic.oxygenhealthsystems.com/?sitemap250.xml" "Mozilla/5.0 AppleWebKit/537.36 (KHTML, like Gecko; compatible; GPTBot/1.4; +https://openai.com/gptbot)"
66.249.75.3 - - [25/Aug/2026:22:42:22 +0000] "GET /shop/detail/P25491785297.html HTTP/1.1" 403 319 "-" "Mozilla/5.0 (Linux; Android 6.0.1; Nexus 5X Build/MMB29P) AppleWebKit/537.36 (KHTML, like Gecko) Chrome/151.0.7922.173 Mobile Safari/537.36 (compatible; Googlebot/2.1; +http://www.google.com/bot.html)"
180.242.129.178 - - [25/Aug/2026:22:42:27 +0000] "GET /wp-content/themes/seotheme/mar.php HTTP/1.1" 403 319 "-" "python-httpx/0.28.1"
66.249.75.3 - - [25/Aug/2026:22:42:27 +0000] "GET /shop/detail/O2546213553.html HTTP/1.1" 403 319 "-" "Mozilla/5.0 (Linux; Android 6.0.1; Nexus 5X Build/MMB29P) AppleWebKit/537.36 (KHTML, like Gecko) Chrome/151.0.7922.173 Mobile Safari/537.36 (compatible; Googlebot/2.1; +http://www.google.com/bot.html)"
66.249.75.3 - - [25/Aug/2026:22:42:29 +0000] "GET /shop/detail/Y25481158791.html HTTP/1.1" 403 319 "-" "Mozilla/5.0 (Linux; Android 6.0.1; Nexus 5X Build/MMB29P) AppleWebKit/537.36 (KHTML, like Gecko) Chrome/151.0.7922.173 Mobile Safari/537.36 (compatible; Googlebot/2.1; +http://www.google.com/bot.html)"
180.242.129.178 - - [25/Aug/2026:22:42:34 +0000] "GET /.well-known/pki-validation/023ws.php HTTP/1.1" 403 319 "-" "python-httpx/0.28.1"
180.242.129.178 - - [25/Aug/2026:22:42:40 +0000] "GET /wp-includes/js/thickbox/wp-login.php HTTP/1.1" 403 319 "-" "python-httpx/0.28.1"
66.249.75.3 - - [25/Aug/2026:22:42:40 +0000] "GET /shop/c/c25511000141/ HTTP/1.1" 403 319 "-" "Mozilla/5.0 (Linux; Android 6.0.1; Nexus 5X Build/MMB29P) AppleWebKit/537.36 (KHTML, like Gecko) Chrome/151.0.7922.173 Mobile Safari/537.36 (compatible; Googlebot/2.1; +http://www.google.com/bot.html)"
74.7.243.222 - - [25/Aug/2026:22:42:42 +0000] "GET /?shop/detail/B25479749426.html HTTP/2.0" 403 307 "https://cellsonic.oxygenhealthsystems.com/?sitemap582.xml" "Mozilla/5.0 AppleWebKit/537.36 (KHTML, like Gecko; compatible; GPTBot/1.4; +https://openai.com/gptbot)"
180.242.129.178 - - [25/Aug/2026:22:42:47 +0000] "GET /client/sinchro-advisory/023ws.php HTTP/1.1" 403 319 "-" "python-httpx/0.28.1"
180.242.129.178 - - [25/Aug/2026:22:42:53 +0000] "GET /admin/upload/mini.php HTTP/1.1" 403 319 "-" "python-httpx/0.28.1"
66.249.75.3 - - [25/Aug/2026:22:42:53 +0000] "GET /shop/detail/F25512745419.html HTTP/1.1" 403 319 "-" "Mozilla/5.0 (Linux; Android 6.0.1; Nexus 5X Build/MMB29P) AppleWebKit/537.36 (KHTML, like Gecko) Chrome/151.0.7922.173 Mobile Safari/537.36 (compatible; Googlebot/2.1; +http://www.google.com/bot.html)"
180.242.129.178 - - [25/Aug/2026:22:42:59 +0000] "GET /wp-includes/class-wp-session-tokens.php HTTP/1.1" 403 319 "-" "python-httpx/0.28.1"
74.7.243.222 - - [25/Aug/2026:22:43:03 +0000] "GET /?shop/detail/B25484494001.html HTTP/2.0" 403 307 "https://cellsonic.oxygenhealthsystems.com/?sitemap797.xml" "Mozilla/5.0 AppleWebKit/537.36 (KHTML, like Gecko; compatible; GPTBot/1.4; +https://openai.com/gptbot)"
180.242.129.178 - - [25/Aug/2026:22:43:05 +0000] "GET /wp-admin/includes/wp-class.php HTTP/1.1" 403 319 "-" "python-httpx/0.28.1"
180.242.129.178 - - [25/Aug/2026:22:43:11 +0000] "GET /wp-admin/js/widgets/023ws.php HTTP/1.1" 403 319 "-" "python-httpx/0.28.1"
180.242.129.178 - - [25/Aug/2026:22:43:18 +0000] "GET /images/i.php HTTP/1.1" 403 319 "-" "python-httpx/0.28.1"
180.242.129.178 - - [25/Aug/2026:22:43:24 +0000] "GET /wp-admin/css/colors/coffee/out.php HTTP/1.1" 403 319 "-" "python-httpx/0.28.1"
74.7.243.222 - - [25/Aug/2026:22:43:24 +0000] "GET /?shop/detail/Z25508207715.html HTTP/2.0" 403 307 "https://cellsonic.oxygenhealthsystems.com/?sitemap947.xml" "Mozilla/5.0 AppleWebKit/537.36 (KHTML, like Gecko; compatible; GPTBot/1.4; +https://openai.com/gptbot)"
180.242.129.178 - - [25/Aug/2026:22:43:31 +0000] "GET /images/bb.php HTTP/1.1" 403 319 "-" "python-httpx/0.28.1"
180.242.129.178 - - [25/Aug/2026:22:43:38 +0000] "GET /wp-includes/sodium_compat/namespaced/Core/Poly1305/wp-login.php HTTP/1.1" 403 319 "-" "python-httpx/0.28.1"
180.242.129.178 - - [25/Aug/2026:22:43:44 +0000] "GET /wp-admin/includes/class-wp-plugin-install-list-table.php HTTP/1.1" 403 319 "-" "python-httpx/0.28.1"
74.7.243.222 - - [25/Aug/2026:22:43:45 +0000] "GET /?shop/detail/B255135661424.html HTTP/2.0" 403 307 "https://cellsonic.oxygenhealthsystems.com/?sitemap193.xml" "Mozilla/5.0 AppleWebKit/537.36 (KHTML, like Gecko; compatible; GPTBot/1.4; +https://openai.com/gptbot)"
180.242.129.178 - - [25/Aug/2026:22:43:51 +0000] "GET /robot.php HTTP/1.1" 403 319 "-" "python-httpx/0.28.1"
180.242.129.178 - - [25/Aug/2026:22:43:57 +0000] "GET /wp-content/plugins/hellopress/class.api.php HTTP/1.1" 403 319 "-" "python-httpx/0.28.1"
180.242.129.178 - - [25/Aug/2026:22:44:03 +0000] "GET /image/e.php HTTP/1.1" 403 319 "-" "python-httpx/0.28.1"
66.249.75.3 - - [25/Aug/2026:22:44:03 +0000] "GET /shop/detail/C25502014004.html HTTP/1.1" 403 319 "-" "Mozilla/5.0 (Linux; Android 6.0.1; Nexus 5X Build/MMB29P) AppleWebKit/537.36 (KHTML, like Gecko) Chrome/151.0.7922.173 Mobile Safari/537.36 (compatible; Googlebot/2.1; +http://www.google.com/bot.html)"
74.7.243.222 - - [25/Aug/2026:22:44:07 +0000] "GET /?shop/detail/Z25479744209.html HTTP/2.0" 403 307 "https://cellsonic.oxygenhealthsystems.com/?sitemap320.xml" "Mozilla/5.0 AppleWebKit/537.36 (KHTML, like Gecko; compatible; GPTBot/1.4; +https://openai.com/gptbot)"
66.249.75.3 - - [25/Aug/2026:22:44:08 +0000] "GET /shop/detail/Y25481297559.html HTTP/1.1" 403 319 "-" "Mozilla/5.0 (Linux; Android 6.0.1; Nexus 5X Build/MMB29P) AppleWebKit/537.36 (KHTML, like Gecko) Chrome/151.0.7922.173 Mobile Safari/537.36 (compatible; Googlebot/2.1; +http://www.google.com/bot.html)"
180.242.129.178 - - [25/Aug/2026:22:44:10 +0000] "GET /exp.php HTTP/1.1" 403 319 "-" "python-httpx/0.28.1"
180.242.129.178 - - [25/Aug/2026:22:44:17 +0000] "GET /syd.php HTTP/1.1" 403 319 "-" "python-httpx/0.28.1"
180.242.129.178 - - [25/Aug/2026:22:44:23 +0000] "GET /wp-includes/SimplePie/index.php HTTP/1.1" 403 319 "-" "python-httpx/0.28.1"
74.7.243.222 - - [25/Aug/2026:22:44:28 +0000] "GET /?shop/detail/Z25494644820.html HTTP/2.0" 403 307 "https://cellsonic.oxygenhealthsystems.com/?sitemap792.xml" "Mozilla/5.0 AppleWebKit/537.36 (KHTML, like Gecko; compatible; GPTBot/1.4; +https://openai.com/gptbot)"
180.242.129.178 - - [25/Aug/2026:22:44:30 +0000] "GET /wp-includes/fw.php HTTP/1.1" 403 319 "-" "python-httpx/0.28.1"
66.249.75.3 - - [25/Aug/2026:22:44:33 +0000] "GET /shop/detail/J25512589628.html HTTP/1.1" 403 319 "-" "Mozilla/5.0 (Linux; Android 6.0.1; Nexus 5X Build/MMB29P) AppleWebKit/537.36 (KHTML, like Gecko) Chrome/151.0.7922.173 Mobile Safari/537.36 (compatible; Googlebot/2.1; +http://www.google.com/bot.html)"
40.77.167.121 - - [25/Aug/2026:22:44:36 +0000] "GET /shop/detail/B2547541088.html HTTP/2.0" 403 307 "-" "Mozilla/5.0 AppleWebKit/537.36 (KHTML, like Gecko; compatible; bingbot/2.0; +http://www.bing.com/bingbot.htm) Chrome/116.0.1938.76 Safari/537.36"
180.242.129.178 - - [25/Aug/2026:22:44:36 +0000] "GET /russian.php HTTP/1.1" 403 319 "-" "python-httpx/0.28.1"
180.242.129.178 - - [25/Aug/2026:22:44:43 +0000] "GET /index6.php HTTP/1.1" 403 319 "-" "python-httpx/0.28.1"
180.242.129.178 - - [25/Aug/2026:22:44:49 +0000] "GET /wp-includes/SimplePie/library/SimplePie/XML/about.php HTTP/1.1" 403 319 "-" "python-httpx/0.28.1"
74.7.243.222 - - [25/Aug/2026:22:44:50 +0000] "GET /?shop/detail/Z25505113568.html HTTP/2.0" 403 307 "https://cellsonic.oxygenhealthsystems.com/?sitemap700.xml" "Mozilla/5.0 AppleWebKit/537.36 (KHTML, like Gecko; compatible; GPTBot/1.4; +https://openai.com/gptbot)"
180.242.129.178 - - [25/Aug/2026:22:44:55 +0000] "GET /wp1.php HTTP/1.1" 403 319 "-" "python-httpx/0.28.1"
66.249.75.3 - - [25/Aug/2026:22:44:58 +0000] "GET /shop/detail/F25502022222.html HTTP/1.1" 403 319 "-" "Mozilla/5.0 (compatible; Googlebot/2.1; +http://www.google.com/bot.html)"
180.242.129.178 - - [25/Aug/2026:22:45:01 +0000] "GET /css/rk2.php HTTP/1.1" 403 319 "-" "python-httpx/0.28.1"
180.242.129.178 - - [25/Aug/2026:22:45:08 +0000] "GET /wp-includes/js/codemirror/about.php HTTP/1.1" 403 319 "-" "python-httpx/0.28.1"
66.249.75.3 - - [25/Aug/2026:22:45:08 +0000] "GET /shop/detail/V2546488349.html HTTP/1.1" 403 319 "-" "Mozilla/5.0 (Linux; Android 6.0.1; Nexus 5X Build/MMB29P) AppleWebKit/537.36 (KHTML, like Gecko) Chrome/151.0.7922.173 Mobile Safari/537.36 (compatible; Googlebot/2.1; +http://www.google.com/bot.html)"
74.7.243.222 - - [25/Aug/2026:22:45:11 +0000] "GET /?shop/detail/Z25476787437.html HTTP/2.0" 403 307 "https://cellsonic.oxygenhealthsystems.com/?sitemap389.xml" "Mozilla/5.0 AppleWebKit/537.36 (KHTML, like Gecko; compatible; GPTBot/1.4; +https://openai.com/gptbot)"
180.242.129.178 - - [25/Aug/2026:22:45:14 +0000] "GET /images/c.php HTTP/1.1" 403 319 "-" "python-httpx/0.28.1"
66.249.75.3 - - [25/Aug/2026:22:45:18 +0000] "GET /shop/detail/G25481018525.html HTTP/1.1" 403 319 "-" "Mozilla/5.0 (Linux; Android 6.0.1; Nexus 5X Build/MMB29P) AppleWebKit/537.36 (KHTML, like Gecko) Chrome/151.0.7922.173 Mobile Safari/537.36 (compatible; Googlebot/2.1; +http://www.google.com/bot.html)"
180.242.129.178 - - [25/Aug/2026:22:45:21 +0000] "GET /wp-admin/css/colors/coffee/daniel.php HTTP/1.1" 403 319 "-" "python-httpx/0.28.1"
66.249.75.3 - - [25/Aug/2026:22:45:24 +0000] "GET /shop/detail/O2547915415.html HTTP/1.1" 403 319 "-" "Mozilla/5.0 (Linux; Android 6.0.1; Nexus 5X Build/MMB29P) AppleWebKit/537.36 (KHTML, like Gecko) Chrome/151.0.7922.173 Mobile Safari/537.36 (compatible; Googlebot/2.1; +http://www.google.com/bot.html)"
180.242.129.178 - - [25/Aug/2026:22:45:27 +0000] "GET /.well-known/pki-validation/wp_error.php%20 HTTP/1.1" 403 319 "-" "python-httpx/0.28.1"
74.7.243.222 - - [25/Aug/2026:22:45:33 +0000] "GET /?shop/detail/A25502427049.html HTTP/2.0" 403 307 "https://cellsonic.oxygenhealthsystems.com/?sitemap234.xml" "Mozilla/5.0 AppleWebKit/537.36 (KHTML, like Gecko; compatible; GPTBot/1.4; +https://openai.com/gptbot)"
180.242.129.178 - - [25/Aug/2026:22:45:34 +0000] "GET /wp-admin/minimo.php HTTP/1.1" 403 319 "-" "python-httpx/0.28.1"
66.249.75.3 - - [25/Aug/2026:22:45:35 +0000] "GET /shop/detail/K2546442970.html HTTP/1.1" 403 319 "-" "Mozilla/5.0 (Linux; Android 6.0.1; Nexus 5X Build/MMB29P) AppleWebKit/537.36 (KHTML, like Gecko) Chrome/151.0.7922.173 Mobile Safari/537.36 (compatible; Googlebot/2.1; +http://www.google.com/bot.html)"
66.249.75.3 - - [25/Aug/2026:22:45:39 +0000] "GET /shop/detail/C25512532044.html HTTP/1.1" 403 319 "-" "Mozilla/5.0 (Linux; Android 6.0.1; Nexus 5X Build/MMB29P) AppleWebKit/537.36 (KHTML, like Gecko) Chrome/151.0.7922.173 Mobile Safari/537.36 (compatible; Googlebot/2.1; +http://www.google.com/bot.html)"
180.242.129.178 - - [25/Aug/2026:22:45:41 +0000] "GET /madspotshell.php HTTP/1.1" 403 319 "-" "python-httpx/0.28.1"
180.242.129.178 - - [25/Aug/2026:22:45:48 +0000] "GET /vendor/laminas/laminas-code/src/Generator/DocBlock/Tag/about.php HTTP/1.1" 403 319 "-" "python-httpx/0.28.1"
66.249.75.3 - - [25/Aug/2026:22:45:53 +0000] "GET /shop/detail/P25512653354.html HTTP/1.1" 403 319 "-" "Mozilla/5.0 (Linux; Android 6.0.1; Nexus 5X Build/MMB29P) AppleWebKit/537.36 (KHTML, like Gecko) Chrome/151.0.7922.173 Mobile Safari/537.36 (compatible; Googlebot/2.1; +http://www.google.com/bot.html)"
74.7.243.222 - - [25/Aug/2026:22:45:53 +0000] "GET /?shop/detail/B254979940072.html HTTP/2.0" 403 307 "https://cellsonic.oxygenhealthsystems.com/?sitemap273.xml" "Mozilla/5.0 AppleWebKit/537.36 (KHTML, like Gecko; compatible; GPTBot/1.4; +https://openai.com/gptbot)"
180.242.129.178 - - [25/Aug/2026:22:45:55 +0000] "GET /image/mrjn.php HTTP/1.1" 403 319 "-" "python-httpx/0.28.1"
180.242.129.178 - - [25/Aug/2026:22:46:02 +0000] "GET /1xleet.php HTTP/1.1" 403 319 "-" "python-httpx/0.28.1"
66.249.75.3 - - [25/Aug/2026:22:46:03 +0000] "GET /shop/detail/S25502331219.html HTTP/1.1" 403 319 "-" "Mozilla/5.0 (compatible; Googlebot/2.1; +http://www.google.com/bot.html)"
180.242.129.178 - - [25/Aug/2026:22:46:08 +0000] "GET /wp-content/z.php/78.php HTTP/1.1" 403 319 "-" "python-httpx/0.28.1"
74.7.243.222 - - [25/Aug/2026:22:46:13 +0000] "GET /?shop/detail/B25469221026.html HTTP/2.0" 403 307 "https://cellsonic.oxygenhealthsystems.com/?sitemap485.xml" "Mozilla/5.0 AppleWebKit/537.36 (KHTML, like Gecko; compatible; GPTBot/1.4; +https://openai.com/gptbot)"
180.242.129.178 - - [25/Aug/2026:22:46:15 +0000] "GET /wp-includes/rest-api/fields/wp-login.php HTTP/1.1" 403 319 "-" "python-httpx/0.28.1"
180.242.129.178 - - [25/Aug/2026:22:46:22 +0000] "GET /wp-includes/customize/wp_project.php HTTP/1.1" 403 319 "-" "python-httpx/0.28.1"
180.242.129.178 - - [25/Aug/2026:22:46:29 +0000] "GET /haduh.php HTTP/1.1" 403 319 "-" "python-httpx/0.28.1"
74.7.243.222 - - [25/Aug/2026:22:46:34 +0000] "GET /?shop/detail/A25463268483.html HTTP/2.0" 403 307 "https://cellsonic.oxygenhealthsystems.com/?sitemap234.xml" "Mozilla/5.0 AppleWebKit/537.36 (KHTML, like Gecko; compatible; GPTBot/1.4; +https://openai.com/gptbot)"
180.242.129.178 - - [25/Aug/2026:22:46:36 +0000] "GET /wp-admin/includes/logs.php HTTP/1.1" 403 319 "-" "python-httpx/0.28.1"
180.242.129.178 - - [25/Aug/2026:22:46:43 +0000] "GET /wp-includes/sodium_compat/namespaced/Core/Poly1305/alfa-rex.php HTTP/1.1" 403 319 "-" "python-httpx/0.28.1"
180.242.129.178 - - [25/Aug/2026:22:46:50 +0000] "GET /wp-content/plugins/Chitoge.php HTTP/1.1" 403 319 "-" "python-httpx/0.28.1"
74.7.243.222 - - [25/Aug/2026:22:46:56 +0000] "GET /?shop/detail/A25491500594.html HTTP/2.0" 403 307 "https://cellsonic.oxygenhealthsystems.com/?sitemap762.xml" "Mozilla/5.0 AppleWebKit/537.36 (KHTML, like Gecko; compatible; GPTBot/1.4; +https://openai.com/gptbot)"
180.242.129.178 - - [25/Aug/2026:22:46:57 +0000] "GET /vendor/filp/whoops/src/Whoops/Resources/css/alfa-rex.php HTTP/1.1" 403 319 "-" "python-httpx/0.28.1"
180.242.129.178 - - [25/Aug/2026:22:47:04 +0000] "GET /files/ban.php HTTP/1.1" 403 319 "-" "python-httpx/0.28.1"
180.242.129.178 - - [25/Aug/2026:22:47:10 +0000] "GET /wp-admin/includes/class-plugin-upgrader-skin.php HTTP/1.1" 403 319 "-" "python-httpx/0.28.1"
180.242.129.178 - - [25/Aug/2026:22:47:16 +0000] "GET /wp-admin/haxor.php HTTP/1.1" 403 319 "-" "python-httpx/0.28.1"
74.7.243.222 - - [25/Aug/2026:22:47:18 +0000] "GET /?shop/detail/B25502330127.html HTTP/2.0" 403 307 "https://cellsonic.oxygenhealthsystems.com/?sitemap425.xml" "Mozilla/5.0 AppleWebKit/537.36 (KHTML, like Gecko; compatible; GPTBot/1.4; +https://openai.com/gptbot)"
57.141.12.27 - - [25/Aug/2026:22:47:18 +0000] "GET / HTTP/2.0" 403 307 "-" "facebookexternalhit/1.1 (+http://www.facebook.com/externalhit_uatext.php)"
66.249.75.5 - - [25/Aug/2026:22:47:23 +0000] "GET /shop/detail/O25502385012.html HTTP/1.1" 403 319 "-" "Mozilla/5.0 (Linux; Android 6.0.1; Nexus 5X Build/MMB29P) AppleWebKit/537.36 (KHTML, like Gecko) Chrome/151.0.7922.173 Mobile Safari/537.36 (compatible; Googlebot/2.1; +http://www.google.com/bot.html)"
180.242.129.178 - - [25/Aug/2026:22:47:24 +0000] "GET /wp-includes/priv8.php HTTP/1.1" 403 319 "-" "python-httpx/0.28.1"
180.242.129.178 - - [25/Aug/2026:22:47:32 +0000] "GET /wp-includes/SimplePie/library/SimplePie/Decode/about.php HTTP/1.1" 403 319 "-" "python-httpx/0.28.1"
74.7.243.222 - - [25/Aug/2026:22:47:38 +0000] "GET /?shop/detail/B25518948505.html HTTP/2.0" 403 307 "https://cellsonic.oxygenhealthsystems.com/?sitemap485.xml" "Mozilla/5.0 AppleWebKit/537.36 (KHTML, like Gecko; compatible; GPTBot/1.4; +https://openai.com/gptbot)"
180.242.129.178 - - [25/Aug/2026:22:47:38 +0000] "GET /xx.php HTTP/1.1" 403 319 "-" "python-httpx/0.28.1"
180.242.129.178 - - [25/Aug/2026:22:47:46 +0000] "GET /wp-includes/am.php HTTP/1.1" 403 319 "-" "python-httpx/0.28.1"
180.242.129.178 - - [25/Aug/2026:22:47:52 +0000] "GET /wp-admin/leaf.php HTTP/1.1" 403 319 "-" "python-httpx/0.28.1"
74.7.243.222 - - [25/Aug/2026:22:47:58 +0000] "GET /?shop/detail/A255014102754.html HTTP/2.0" 403 307 "https://cellsonic.oxygenhealthsystems.com/?sitemap330.xml" "Mozilla/5.0 AppleWebKit/537.36 (KHTML, like Gecko; compatible; GPTBot/1.4; +https://openai.com/gptbot)"
180.242.129.178 - - [25/Aug/2026:22:47:59 +0000] "GET /templates/beez/beez.php HTTP/1.1" 403 319 "-" "python-httpx/0.28.1"
180.242.129.178 - - [25/Aug/2026:22:48:05 +0000] "GET /wp-includes/3.php HTTP/1.1" 403 319 "-" "python-httpx/0.28.1"
180.242.129.178 - - [25/Aug/2026:22:48:12 +0000] "GET /wp-includes/rest-api/endpoints/class-wp-rest-pattern-directory-controller.php HTTP/1.1" 403 319 "-" "python-httpx/0.28.1"
180.242.129.178 - - [25/Aug/2026:22:48:18 +0000] "GET /sa.php HTTP/1.1" 403 319 "-" "python-httpx/0.28.1"
57.141.2.37 - - [25/Aug/2026:22:48:18 +0000] "GET / HTTP/2.0" 403 307 "-" "facebookexternalhit/1.1 (+http://www.facebook.com/externalhit_uatext.php)"
66.249.75.4 - - [25/Aug/2026:22:48:18 +0000] "GET /shop/detail/X25481116248.html HTTP/1.1" 403 319 "-" "Mozilla/5.0 (compatible; Googlebot/2.1; +http://www.google.com/bot.html)"
74.7.243.222 - - [25/Aug/2026:22:48:19 +0000] "GET /?shop/detail/A25476562741.html HTTP/2.0" 403 307 "https://cellsonic.oxygenhealthsystems.com/?sitemap234.xml" "Mozilla/5.0 AppleWebKit/537.36 (KHTML, like Gecko; compatible; GPTBot/1.4; +https://openai.com/gptbot)"
180.242.129.178 - - [25/Aug/2026:22:48:25 +0000] "GET /wp-includes/ID3/wp-login.php HTTP/1.1" 403 319 "-" "python-httpx/0.28.1"
180.242.129.178 - - [25/Aug/2026:22:48:31 +0000] "GET /wp-content/plugins/seoplugins/mar.php HTTP/1.1" 403 319 "-" "python-httpx/0.28.1"
180.242.129.178 - - [25/Aug/2026:22:48:38 +0000] "GET /cgi-bin/wp-login.php HTTP/1.1" 403 319 "-" "python-httpx/0.28.1"
74.7.243.222 - - [25/Aug/2026:22:48:39 +0000] "GET /?shop/detail/A25518866160.html HTTP/2.0" 403 307 "https://cellsonic.oxygenhealthsystems.com/?sitemap330.xml" "Mozilla/5.0 AppleWebKit/537.36 (KHTML, like Gecko; compatible; GPTBot/1.4; +https://openai.com/gptbot)"
180.242.129.178 - - [25/Aug/2026:22:48:45 +0000] "GET /wwr.php HTTP/1.1" 403 319 "-" "python-httpx/0.28.1"
180.242.129.178 - - [25/Aug/2026:22:48:52 +0000] "GET /wp-includes/css/dist/block-library/alfa-rex.php HTTP/1.1" 403 319 "-" "python-httpx/0.28.1"
180.242.129.178 - - [25/Aug/2026:22:48:59 +0000] "GET /wp-includes/js/tinymce/plugins/wordpress/alfa-rex.php HTTP/1.1" 403 319 "-" "python-httpx/0.28.1"
74.7.243.222 - - [25/Aug/2026:22:49:00 +0000] "GET /?shop/detail/A25484240833.html HTTP/2.0" 403 307 "https://cellsonic.oxygenhealthsystems.com/?sitemap166.xml" "Mozilla/5.0 AppleWebKit/537.36 (KHTML, like Gecko; compatible; GPTBot/1.4; +https://openai.com/gptbot)"
74.7.230.3 - - [25/Aug/2026:22:49:00 +0000] "GET /robots.txt HTTP/2.0" 403 307 "-" "Mozilla/5.0 (Macintosh; Intel Mac OS X 10_15_7) AppleWebKit/537.36 (KHTML, like Gecko) Chrome/131.0.0.0 Safari/537.36; compatible; OAI-SearchBot/1.4; robots.txt; +https://openai.com/searchbot"
180.242.129.178 - - [25/Aug/2026:22:49:05 +0000] "GET /wp-includes/SimplePie/src/Sanitize.php HTTP/1.1" 403 319 "-" "python-httpx/0.28.1"
180.242.129.178 - - [25/Aug/2026:22:49:11 +0000] "GET /wp-includes/rest-api/endpoints/class-wp-rest-block-patterns-controller.php HTTP/1.1" 403 319 "-" "python-httpx/0.28.1"
180.242.129.178 - - [25/Aug/2026:22:49:18 +0000] "GET /wp-content/plugins/wp-daft/miin.php HTTP/1.1" 403 319 "-" "python-httpx/0.28.1"
74.7.243.222 - - [25/Aug/2026:22:49:22 +0000] "GET /?shop/detail/Z25481146265.html HTTP/2.0" 403 307 "https://cellsonic.oxygenhealthsystems.com/?sitemap792.xml" "Mozilla/5.0 AppleWebKit/537.36 (KHTML, like Gecko; compatible; GPTBot/1.4; +https://openai.com/gptbot)"
180.242.129.178 - - [25/Aug/2026:22:49:25 +0000] "GET /dz0.php HTTP/1.1" 403 319 "-" "python-httpx/0.28.1"
180.242.129.178 - - [25/Aug/2026:22:49:31 +0000] "GET /lab.php HTTP/1.1" 403 319 "-" "python-httpx/0.28.1"
180.242.129.178 - - [25/Aug/2026:22:49:38 +0000] "GET /image/4.php HTTP/1.1" 403 319 "-" "python-httpx/0.28.1"
74.7.243.222 - - [25/Aug/2026:22:49:42 +0000] "GET /?shop/detail/Z25512780815.html HTTP/2.0" 403 307 "https://cellsonic.oxygenhealthsystems.com/?sitemap792.xml" "Mozilla/5.0 AppleWebKit/537.36 (KHTML, like Gecko; compatible; GPTBot/1.4; +https://openai.com/gptbot)"
180.242.129.178 - - [25/Aug/2026:22:49:43 +0000] "GET /.well-known/am.php HTTP/1.1" 403 319 "-" "python-httpx/0.28.1"
180.242.129.178 - - [25/Aug/2026:22:49:51 +0000] "GET /wp-includes/css/dist/edit-widgets/wp-login.php HTTP/1.1" 403 319 "-" "python-httpx/0.28.1"
180.242.129.178 - - [25/Aug/2026:22:49:57 +0000] "GET /wp-cron.php HTTP/1.1" 403 319 "-" "python-httpx/0.28.1"
74.7.243.222 - - [25/Aug/2026:22:50:03 +0000] "GET /?shop/detail/Z25484492089.html HTTP/2.0" 403 307 "https://cellsonic.oxygenhealthsystems.com/?sitemap700.xml" "Mozilla/5.0 AppleWebKit/537.36 (KHTML, like Gecko; compatible; GPTBot/1.4; +https://openai.com/gptbot)"
180.242.129.178 - - [25/Aug/2026:22:50:04 +0000] "GET /wp-admin/maint/wp_configs.php?p= HTTP/1.1" 403 319 "-" "python-httpx/0.28.1"
57.141.6.9 - - [25/Aug/2026:22:50:10 +0000] "GET / HTTP/2.0" 403 307 "-" "facebookexternalhit/1.1 (+http://www.facebook.com/externalhit_uatext.php)"
180.242.129.178 - - [25/Aug/2026:22:50:10 +0000] "GET /wp-includes/sodium_compat/src/Core/AES/about.php HTTP/1.1" 403 319 "-" "python-httpx/0.28.1"
180.242.129.178 - - [25/Aug/2026:22:50:17 +0000] "GET /wp-includes/css/dist/widgets/wp-login.php HTTP/1.1" 403 319 "-" "python-httpx/0.28.1"
74.7.243.222 - - [25/Aug/2026:22:50:23 +0000] "GET /?shop/detail/A25518528140.html HTTP/2.0" 403 307 "https://cellsonic.oxygenhealthsystems.com/?sitemap166.xml" "Mozilla/5.0 AppleWebKit/537.36 (KHTML, like Gecko; compatible; GPTBot/1.4; +https://openai.com/gptbot)"
180.242.129.178 - - [25/Aug/2026:22:50:23 +0000] "GET /7yn.php HTTP/1.1" 403 319 "-" "python-httpx/0.28.1"
180.242.129.178 - - [25/Aug/2026:22:50:30 +0000] "GET /wp-includes/images/wlw/about.php HTTP/1.1" 403 319 "-" "python-httpx/0.28.1"
180.242.129.178 - - [25/Aug/2026:22:50:36 +0000] "GET /wp-includes/certificates/wp_error.php%20 HTTP/1.1" 403 319 "-" "python-httpx/0.28.1"
180.242.129.178 - - [25/Aug/2026:22:50:44 +0000] "GET /vendor/bensampo/laravel-enum/lang/alfa-rex.php HTTP/1.1" 403 319 "-" "python-httpx/0.28.1"
74.7.243.222 - - [25/Aug/2026:22:50:44 +0000] "GET /?shop/detail/A254627202966.html HTTP/2.0" 403 307 "https://cellsonic.oxygenhealthsystems.com/?sitemap967.xml" "Mozilla/5.0 AppleWebKit/537.36 (KHTML, like Gecko; compatible; GPTBot/1.4; +https://openai.com/gptbot)"
180.242.129.178 - - [25/Aug/2026:22:50:50 +0000] "GET /fox1.php HTTP/1.1" 403 319 "-" "python-httpx/0.28.1"
180.242.129.178 - - [25/Aug/2026:22:50:58 +0000] "GET /skippershell.php HTTP/1.1" 403 319 "-" "python-httpx/0.28.1"
180.242.129.178 - - [25/Aug/2026:22:51:05 +0000] "GET /vendor/laminas/laminas-diactoros/alfa-rex.php HTTP/1.1" 403 319 "-" "python-httpx/0.28.1"
74.7.243.222 - - [25/Aug/2026:22:51:05 +0000] "GET /?shop/detail/B25491929309.html HTTP/2.0" 403 307 "https://cellsonic.oxygenhealthsystems.com/?sitemap797.xml" "Mozilla/5.0 AppleWebKit/537.36 (KHTML, like Gecko; compatible; GPTBot/1.4; +https://openai.com/gptbot)"
180.242.129.178 - - [25/Aug/2026:22:51:11 +0000] "GET /bbb.php HTTP/1.1" 403 319 "-" "python-httpx/0.28.1"
180.242.129.178 - - [25/Aug/2026:22:51:18 +0000] "GET /wp-admin/user/class_appfun.php HTTP/1.1" 403 319 "-" "python-httpx/0.28.1"
180.242.129.178 - - [25/Aug/2026:22:51:24 +0000] "GET /wp-content/uploads/msleaf.php7 HTTP/1.1" 403 319 "-" "python-httpx/0.28.1"
74.7.243.222 - - [25/Aug/2026:22:51:27 +0000] "GET /?shop/detail/Z25473553895.html HTTP/2.0" 403 307 "https://cellsonic.oxygenhealthsystems.com/?sitemap417.xml" "Mozilla/5.0 AppleWebKit/537.36 (KHTML, like Gecko; compatible; GPTBot/1.4; +https://openai.com/gptbot)"
180.242.129.178 - - [25/Aug/2026:22:51:30 +0000] "GET /wp-includes/SimplePie/nav.php HTTP/1.1" 403 319 "-" "python-httpx/0.28.1"
180.242.129.178 - - [25/Aug/2026:22:51:37 +0000] "GET /wp-admin/wp-head.php HTTP/1.1" 403 319 "-" "python-httpx/0.28.1"
180.242.129.178 - - [25/Aug/2026:22:51:43 +0000] "GET /ru.php HTTP/1.1" 403 319 "-" "python-httpx/0.28.1"
74.7.243.222 - - [25/Aug/2026:22:51:48 +0000] "GET /?shop/detail/Z25484426958.html HTTP/2.0" 403 307 "https://cellsonic.oxygenhealthsystems.com/?sitemap700.xml" "Mozilla/5.0 AppleWebKit/537.36 (KHTML, like Gecko; compatible; GPTBot/1.4; +https://openai.com/gptbot)"
180.242.129.178 - - [25/Aug/2026:22:51:50 +0000] "GET /wp-includes/class-wp-recovery-mode.php HTTP/1.1" 403 319 "-" "python-httpx/0.28.1"
180.242.129.178 - - [25/Aug/2026:22:51:56 +0000] "GET /wp-includes/fonts/wp/vHdLe.php HTTP/1.1" 403 319 "-" "python-httpx/0.28.1"
180.242.129.178 - - [25/Aug/2026:22:52:03 +0000] "GET /wp-includes/css/dist/commands/wp-login.php HTTP/1.1" 403 319 "-" "python-httpx/0.28.1"
74.7.243.222 - - [25/Aug/2026:22:52:10 +0000] "GET /?shop/detail/Z25466396234.html HTTP/2.0" 403 307 "https://cellsonic.oxygenhealthsystems.com/?sitemap666.xml" "Mozilla/5.0 AppleWebKit/537.36 (KHTML, like Gecko; compatible; GPTBot/1.4; +https://openai.com/gptbot)"
180.242.129.178 - - [25/Aug/2026:22:52:10 +0000] "GET /wp-admin/includes/class-bulk-theme-upgrader-skin.php HTTP/1.1" 403 319 "-" "python-httpx/0.28.1"
180.242.129.178 - - [25/Aug/2026:22:52:16 +0000] "GET /vendor/doctrine/inflector/lib/Doctrine/Inflector/Rules/French/alfa-rex.php HTTP/1.1" 403 319 "-" "python-httpx/0.28.1"
66.249.75.5 - - [25/Aug/2026:22:52:18 +0000] "GET /shop/detail/E2547822826.html HTTP/1.1" 403 319 "-" "Mozilla/5.0 (compatible; Googlebot/2.1; +http://www.google.com/bot.html)"
180.242.129.178 - - [25/Aug/2026:22:52:23 +0000] "GET /index/autoload_classmap.php HTTP/1.1" 403 319 "-" "python-httpx/0.28.1"
180.242.129.178 - - [25/Aug/2026:22:52:29 +0000] "GET /wp-includes/js/dist/script-modules/alfa-rex.php HTTP/1.1" 403 319 "-" "python-httpx/0.28.1"
74.7.243.222 - - [25/Aug/2026:22:52:31 +0000] "GET /?shop/detail/B25502006867.html HTTP/2.0" 403 307 "https://cellsonic.oxygenhealthsystems.com/?sitemap797.xml" "Mozilla/5.0 AppleWebKit/537.36 (KHTML, like Gecko; compatible; GPTBot/1.4; +https://openai.com/gptbot)"
66.249.75.4 - - [25/Aug/2026:22:52:31 +0000] "GET /shop/detail/M25481375413.html HTTP/1.1" 403 319 "-" "Mozilla/5.0 (Linux; Android 6.0.1; Nexus 5X Build/MMB29P) AppleWebKit/537.36 (KHTML, like Gecko) Chrome/151.0.7922.173 Mobile Safari/537.36 (compatible; Googlebot/2.1; +http://www.google.com/bot.html)"
180.242.129.178 - - [25/Aug/2026:22:52:36 +0000] "GET /wp-admin/includes/widgets.php HTTP/1.1" 403 319 "-" "python-httpx/0.28.1"
66.249.75.3 - - [25/Aug/2026:22:52:42 +0000] "GET /shop/detail/C2546254504.html HTTP/1.1" 403 319 "-" "Mozilla/5.0 (Linux; Android 6.0.1; Nexus 5X Build/MMB29P) AppleWebKit/537.36 (KHTML, like Gecko) Chrome/151.0.7922.173 Mobile Safari/537.36 (compatible; Googlebot/2.1; +http://www.google.com/bot.html)"
180.242.129.178 - - [25/Aug/2026:22:52:42 +0000] "GET /wp-admin/css/colors/coffee/haxor.php HTTP/1.1" 403 319 "-" "python-httpx/0.28.1"
180.242.129.178 - - [25/Aug/2026:22:52:49 +0000] "GET /Dz.php HTTP/1.1" 403 319 "-" "python-httpx/0.28.1"
74.7.243.222 - - [25/Aug/2026:22:52:52 +0000] "GET /?shop/detail/Z25502140071.html HTTP/2.0" 403 307 "https://cellsonic.oxygenhealthsystems.com/?sitemap792.xml" "Mozilla/5.0 AppleWebKit/537.36 (KHTML, like Gecko; compatible; GPTBot/1.4; +https://openai.com/gptbot)"
180.242.129.178 - - [25/Aug/2026:22:52:55 +0000] "GET /3index.php HTTP/1.1" 403 319 "-" "python-httpx/0.28.1"
180.242.129.178 - - [25/Aug/2026:22:53:03 +0000] "GET /wp-includes/css/dist/reusable-blocks/about.php HTTP/1.1" 403 319 "-" "python-httpx/0.28.1"
57.141.24.65 - - [25/Aug/2026:22:53:07 +0000] "GET / HTTP/2.0" 403 307 "-" "facebookexternalhit/1.1 (+http://www.facebook.com/externalhit_uatext.php)"
180.242.129.178 - - [25/Aug/2026:22:53:10 +0000] "GET /wp-admin/network/indexx.php HTTP/1.1" 403 319 "-" "python-httpx/0.28.1"
74.7.243.222 - - [25/Aug/2026:22:53:12 +0000] "GET /?shop/detail/Z25512699881.html HTTP/2.0" 403 307 "https://cellsonic.oxygenhealthsystems.com/?sitemap792.xml" "Mozilla/5.0 AppleWebKit/537.36 (KHTML, like Gecko; compatible; GPTBot/1.4; +https://openai.com/gptbot)"
180.242.129.178 - - [25/Aug/2026:22:53:16 +0000] "GET /wp-includes/sitemaps/providers/wp-login.php HTTP/1.1" 403 319 "-" "python-httpx/0.28.1"
180.242.129.178 - - [25/Aug/2026:22:53:23 +0000] "GET /wp-content/plugins/revslider/includes/external/page/index.php HTTP/1.1" 403 319 "-" "python-httpx/0.28.1"
180.242.129.178 - - [25/Aug/2026:22:53:30 +0000] "GET /wp-includes/js/tinymce/plugins/wpeditimage/wp-login.php HTTP/1.1" 403 319 "-" "python-httpx/0.28.1"
74.7.243.222 - - [25/Aug/2026:22:53:34 +0000] "GET /?shop/detail/A254997572191.html HTTP/2.0" 403 307 "https://cellsonic.oxygenhealthsystems.com/?sitemap326.xml" "Mozilla/5.0 AppleWebKit/537.36 (KHTML, like Gecko; compatible; GPTBot/1.4; +https://openai.com/gptbot)"
180.242.129.178 - - [25/Aug/2026:22:53:37 +0000] "GET /cgi-bin/index.php HTTP/1.1" 403 319 "-" "python-httpx/0.28.1"
180.242.129.178 - - [25/Aug/2026:22:53:43 +0000] "GET /wp-includes/theme-compat/about.php HTTP/1.1" 403 319 "-" "python-httpx/0.28.1"
66.249.75.3 - - [25/Aug/2026:22:53:45 +0000] "GET /shop/detail/W25502315757.html HTTP/1.1" 403 319 "-" "Mozilla/5.0 (Linux; Android 6.0.1; Nexus 5X Build/MMB29P) AppleWebKit/537.36 (KHTML, like Gecko) Chrome/151.0.7922.173 Mobile Safari/537.36 (compatible; Googlebot/2.1; +http://www.google.com/bot.html)"
180.242.129.178 - - [25/Aug/2026:22:53:50 +0000] "GET /xleet-shell.php HTTP/1.1" 403 319 "-" "python-httpx/0.28.1"
74.7.243.222 - - [25/Aug/2026:22:53:55 +0000] "GET /?shop/detail/A255044062088.html HTTP/2.0" 403 307 "https://cellsonic.oxygenhealthsystems.com/?sitemap809.xml" "Mozilla/5.0 AppleWebKit/537.36 (KHTML, like Gecko; compatible; GPTBot/1.4; +https://openai.com/gptbot)"
66.249.75.3 - - [25/Aug/2026:22:53:57 +0000] "GET /shop/detail/O2546469145.html HTTP/1.1" 403 319 "-" "Mozilla/5.0 (Linux; Android 6.0.1; Nexus 5X Build/MMB29P) AppleWebKit/537.36 (KHTML, like Gecko) Chrome/151.0.7922.173 Mobile Safari/537.36 (compatible; Googlebot/2.1; +http://www.google.com/bot.html)"
180.242.129.178 - - [25/Aug/2026:22:53:57 +0000] "GET /wp-admin/wp-wso.php HTTP/1.1" 403 319 "-" "python-httpx/0.28.1"
66.249.75.4 - - [25/Aug/2026:22:53:58 +0000] "GET /shop/detail/O2546469145.html HTTP/1.1" 403 319 "-" "Mozilla/5.0 (compatible; Googlebot/2.1; +http://www.google.com/bot.html)"
180.242.129.178 - - [25/Aug/2026:22:54:04 +0000] "GET /images/4.php HTTP/1.1" 403 319 "-" "python-httpx/0.28.1"
180.242.129.178 - - [25/Aug/2026:22:54:11 +0000] "GET /wp-class.php HTTP/1.1" 403 319 "-" "python-httpx/0.28.1"
74.7.243.222 - - [25/Aug/2026:22:54:17 +0000] "GET /?shop/detail/B25512720926.html HTTP/2.0" 403 307 "https://cellsonic.oxygenhealthsystems.com/?sitemap425.xml" "Mozilla/5.0 AppleWebKit/537.36 (KHTML, like Gecko; compatible; GPTBot/1.4; +https://openai.com/gptbot)"
180.242.129.178 - - [25/Aug/2026:22:54:18 +0000] "GET /image/alf.php HTTP/1.1" 403 319 "-" "python-httpx/0.28.1"
180.242.129.178 - - [25/Aug/2026:22:54:25 +0000] "GET /wp-content/plugins/hellopress/block-css.php?mode=upload HTTP/1.1" 403 319 "-" "python-httpx/0.28.1"
180.242.129.178 - - [25/Aug/2026:22:54:32 +0000] "GET /wp-includes/pomo/ftp_nb_fget.php HTTP/1.1" 403 319 "-" "python-httpx/0.28.1"
74.7.243.222 - - [25/Aug/2026:22:54:37 +0000] "GET /?shop/detail/D255180819502.html HTTP/2.0" 403 307 "https://cellsonic.oxygenhealthsystems.com/?sitemap837.xml" "Mozilla/5.0 AppleWebKit/537.36 (KHTML, like Gecko; compatible; GPTBot/1.4; +https://openai.com/gptbot)"
180.242.129.178 - - [25/Aug/2026:22:54:38 +0000] "GET /wp-admin/anone.php HTTP/1.1" 403 319 "-" "python-httpx/0.28.1"
180.242.129.178 - - [25/Aug/2026:22:54:45 +0000] "GET /vendor/bensampo/laravel-enum/alfa-rex.php HTTP/1.1" 403 319 "-" "python-httpx/0.28.1"
180.242.129.178 - - [25/Aug/2026:22:54:53 +0000] "GET /wp-includes/5.php HTTP/1.1" 403 319 "-" "python-httpx/0.28.1"
14.9.63.98 - - [25/Aug/2026:22:54:53 +0000] "GET /shop/detail/A25481271180.html HTTP/2.0" 403 307 "https://www.google.com/" "Mozilla/5.0 (Linux; Android 10; K) AppleWebKit/537.36 (KHTML, like Gecko) Chrome/151.0.0.0 Mobile Safari/537.36"
14.9.63.98 - - [25/Aug/2026:22:54:53 +0000] "GET /favicon.ico HTTP/2.0" 403 307 "https://cellsonic.oxygenhealthsystems.com/shop/detail/A25481271180.html" "Mozilla/5.0 (Linux; Android 10; K) AppleWebKit/537.36 (KHTML, like Gecko) Chrome/151.0.0.0 Mobile Safari/537.36"
74.7.243.222 - - [25/Aug/2026:22:54:58 +0000] "GET /?shop/detail/Z25494626756.html HTTP/2.0" 403 307 "https://cellsonic.oxygenhealthsystems.com/?sitemap907.xml" "Mozilla/5.0 AppleWebKit/537.36 (KHTML, like Gecko; compatible; GPTBot/1.4; +https://openai.com/gptbot)"
180.242.129.178 - - [25/Aug/2026:22:54:59 +0000] "GET /byp.php?p= HTTP/1.1" 403 319 "-" "python-httpx/0.28.1"
180.242.129.178 - - [25/Aug/2026:22:55:06 +0000] "GET /wp-commentin.php HTTP/1.1" 403 319 "-" "python-httpx/0.28.1"
66.249.75.5 - - [25/Aug/2026:22:55:10 +0000] "GET /shop/detail/P254695121.html HTTP/1.1" 403 319 "-" "Mozilla/5.0 (Linux; Android 6.0.1; Nexus 5X Build/MMB29P) AppleWebKit/537.36 (KHTML, like Gecko) Chrome/151.0.7922.173 Mobile Safari/537.36 (compatible; Googlebot/2.1; +http://www.google.com/bot.html)"
180.242.129.178 - - [25/Aug/2026:22:55:14 +0000] "GET /wp-includes/random_compat/plugins.php HTTP/1.1" 403 319 "-" "python-httpx/0.28.1"
74.7.243.222 - - [25/Aug/2026:22:55:18 +0000] "GET /?shop/detail/Z25508124101.html HTTP/2.0" 403 307 "https://cellsonic.oxygenhealthsystems.com/?sitemap320.xml" "Mozilla/5.0 AppleWebKit/537.36 (KHTML, like Gecko; compatible; GPTBot/1.4; +https://openai.com/gptbot)"
180.242.129.178 - - [25/Aug/2026:22:55:20 +0000] "GET /.well-known/acme-challenge/cloud.php/wp-content/themes/finley/min.php HTTP/1.1" 403 319 "-" "python-httpx/0.28.1"
180.242.129.178 - - [25/Aug/2026:22:55:27 +0000] "GET /wp-includes/css/dist/nux/wp-login.php HTTP/1.1" 403 319 "-" "python-httpx/0.28.1"
180.242.129.178 - - [25/Aug/2026:22:55:34 +0000] "GET /user_new.php HTTP/1.1" 403 319 "-" "python-httpx/0.28.1"
74.7.243.222 - - [25/Aug/2026:22:55:39 +0000] "GET /?shop/detail/B25518805266.html HTTP/2.0" 403 307 "https://cellsonic.oxygenhealthsystems.com/?sitemap582.xml" "Mozilla/5.0 AppleWebKit/537.36 (KHTML, like Gecko; compatible; GPTBot/1.4; +https://openai.com/gptbot)"
180.242.129.178 - - [25/Aug/2026:22:55:41 +0000] "GET /wp-includes/blocks/alfa-rex.php HTTP/1.1" 403 319 "-" "python-httpx/0.28.1"
180.242.129.178 - - [25/Aug/2026:22:55:47 +0000] "GET /css/license.php HTTP/1.1" 403 319 "-" "python-httpx/0.28.1"
180.242.129.178 - - [25/Aug/2026:22:55:54 +0000] "GET /r00t.php HTTP/1.1" 403 319 "-" "python-httpx/0.28.1"
74.7.243.222 - - [25/Aug/2026:22:55:59 +0000] "GET /?shop/detail/A25491842464.html HTTP/2.0" 403 307 "https://cellsonic.oxygenhealthsystems.com/?sitemap762.xml" "Mozilla/5.0 AppleWebKit/537.36 (KHTML, like Gecko; compatible; GPTBot/1.4; +https://openai.com/gptbot)"
57.141.18.6 - - [25/Aug/2026:22:56:00 +0000] "GET / HTTP/2.0" 403 307 "-" "facebookexternalhit/1.1 (+http://www.facebook.com/externalhit_uatext.php)"
180.242.129.178 - - [25/Aug/2026:22:56:01 +0000] "GET /wp-admin/maint/wp-sys.php?p= HTTP/1.1" 403 319 "-" "python-httpx/0.28.1"
66.249.75.3 - - [25/Aug/2026:22:56:08 +0000] "GET /shop/detail/C25512560458.html HTTP/1.1" 403 319 "-" "Mozilla/5.0 (Linux; Android 6.0.1; Nexus 5X Build/MMB29P) AppleWebKit/537.36 (KHTML, like Gecko) Chrome/151.0.7922.173 Mobile Safari/537.36 (compatible; Googlebot/2.1; +http://www.google.com/bot.html)"
180.242.129.178 - - [25/Aug/2026:22:56:08 +0000] "GET /wp-includes/cron.php HTTP/1.1" 403 319 "-" "python-httpx/0.28.1"
66.249.75.3 - - [25/Aug/2026:22:56:12 +0000] "GET /shop/detail/D25512737580.html HTTP/1.1" 403 319 "-" "Mozilla/5.0 (compatible; Googlebot/2.1; +http://www.google.com/bot.html)"
180.242.129.178 - - [25/Aug/2026:22:56:14 +0000] "GET /pda.php HTTP/1.1" 403 319 "-" "python-httpx/0.28.1"
66.249.75.3 - - [25/Aug/2026:22:56:17 +0000] "GET /shop/pg/1570266 HTTP/1.1" 403 319 "-" "Mozilla/5.0 (compatible; Googlebot/2.1; +http://www.google.com/bot.html)"
74.7.243.222 - - [25/Aug/2026:22:56:20 +0000] "GET /?shop/detail/Z25466342932.html HTTP/2.0" 403 307 "https://cellsonic.oxygenhealthsystems.com/?sitemap389.xml" "Mozilla/5.0 AppleWebKit/537.36 (KHTML, like Gecko; compatible; GPTBot/1.4; +https://openai.com/gptbot)"
180.242.129.178 - - [25/Aug/2026:22:56:21 +0000] "GET /wp-admin/nee.php HTTP/1.1" 403 319 "-" "python-httpx/0.28.1"
180.242.129.178 - - [25/Aug/2026:22:56:28 +0000] "GET /wp-admin/css/alfa-rex.php HTTP/1.1" 403 319 "-" "python-httpx/0.28.1"
180.242.129.178 - - [25/Aug/2026:22:56:36 +0000] "GET /vendor/egulias/email-validator/about.php HTTP/1.1" 403 319 "-" "python-httpx/0.28.1"
74.7.243.222 - - [25/Aug/2026:22:56:42 +0000] "GET /?shop/detail/B25512692339.html HTTP/2.0" 403 307 "https://cellsonic.oxygenhealthsystems.com/?sitemap425.xml" "Mozilla/5.0 AppleWebKit/537.36 (KHTML, like Gecko; compatible; GPTBot/1.4; +https://openai.com/gptbot)"
180.242.129.178 - - [25/Aug/2026:22:56:43 +0000] "GET /files/galeria.php HTTP/1.1" 403 319 "-" "python-httpx/0.28.1"
180.242.129.178 - - [25/Aug/2026:22:56:49 +0000] "GET /chosen/chosen.php HTTP/1.1" 403 319 "-" "python-httpx/0.28.1"
180.242.129.178 - - [25/Aug/2026:22:56:56 +0000] "GET /cache-compat.php HTTP/1.1" 403 319 "-" "python-httpx/0.28.1"
180.242.129.178 - - [25/Aug/2026:22:57:03 +0000] "GET /wp-includes/SimplePie/classwithtostring.php HTTP/1.1" 403 319 "-" "python-httpx/0.28.1"
74.7.243.222 - - [25/Aug/2026:22:57:04 +0000] "GET /?shop/detail/B25512617691.html HTTP/2.0" 403 307 "https://cellsonic.oxygenhealthsystems.com/?sitemap425.xml" "Mozilla/5.0 AppleWebKit/537.36 (KHTML, like Gecko; compatible; GPTBot/1.4; +https://openai.com/gptbot)"
180.242.129.178 - - [25/Aug/2026:22:57:09 +0000] "GET /vendor/composer/about.php HTTP/1.1" 403 319 "-" "python-httpx/0.28.1"
180.242.129.178 - - [25/Aug/2026:22:57:16 +0000] "GET /wp-content/themes/hideo/network.php HTTP/1.1" 403 319 "-" "python-httpx/0.28.1"
180.242.129.178 - - [25/Aug/2026:22:57:23 +0000] "GET /wp-includes/Requests/src/wp-login.php HTTP/1.1" 403 319 "-" "python-httpx/0.28.1"
74.7.243.222 - - [25/Aug/2026:22:57:24 +0000] "GET /?shop/detail/B25466453112.html HTTP/2.0" 403 307 "https://cellsonic.oxygenhealthsystems.com/?sitemap797.xml" "Mozilla/5.0 AppleWebKit/537.36 (KHTML, like Gecko; compatible; GPTBot/1.4; +https://openai.com/gptbot)"
66.249.75.3 - - [25/Aug/2026:22:57:26 +0000] "GET /shop/detail/N25512543657.html HTTP/1.1" 403 319 "-" "Mozilla/5.0 (Linux; Android 6.0.1; Nexus 5X Build/MMB29P) AppleWebKit/537.36 (KHTML, like Gecko) Chrome/151.0.7922.173 Mobile Safari/537.36 (compatible; Googlebot/2.1; +http://www.google.com/bot.html)"
180.242.129.178 - - [25/Aug/2026:22:57:31 +0000] "GET /xltavrat.php HTTP/1.1" 403 319 "-" "python-httpx/0.28.1"
180.242.129.178 - - [25/Aug/2026:22:57:38 +0000] "GET /wp-includes/Requests/src/Transport/alfa-rex.php HTTP/1.1" 403 319 "-" "python-httpx/0.28.1"
180.242.129.178 - - [25/Aug/2026:22:57:45 +0000] "GET /wp-admin/network/wp-footer.php HTTP/1.1" 403 319 "-" "python-httpx/0.28.1"
74.7.243.222 - - [25/Aug/2026:22:57:46 +0000] "GET /?shop/detail/B25494722682.html HTTP/2.0" 403 307 "https://cellsonic.oxygenhealthsystems.com/?sitemap425.xml" "Mozilla/5.0 AppleWebKit/537.36 (KHTML, like Gecko; compatible; GPTBot/1.4; +https://openai.com/gptbot)"
180.242.129.178 - - [25/Aug/2026:22:57:52 +0000] "GET /wp-includes/prv8.php HTTP/1.1" 403 319 "-" "python-httpx/0.28.1"
180.242.129.178 - - [25/Aug/2026:22:57:59 +0000] "GET /vendor/iankumu/mpesa/src/Utils/alfa-rex.php HTTP/1.1" 403 319 "-" "python-httpx/0.28.1"
