66.249.75.4 - - [25/Aug/2026:19:34:29 +0000] "GET /shop/detail/A2546401060.html HTTP/1.1" 403 319 "-" "Mozilla/5.0 (Linux; Android 6.0.1; Nexus 5X Build/MMB29P) AppleWebKit/537.36 (KHTML, like Gecko) Chrome/151.0.7922.137 Mobile Safari/537.36 (compatible; Googlebot/2.1; +http://www.google.com/bot.html)"
180.242.129.178 - - [25/Aug/2026:19:34:29 +0000] "GET /wp-includes/symlink.php HTTP/1.1" 403 319 "-" "python-httpx/0.28.1"
57.141.10.27 - - [25/Aug/2026:19:34:30 +0000] "GET / HTTP/2.0" 403 307 "-" "facebookexternalhit/1.1 (+http://www.facebook.com/externalhit_uatext.php)"
180.242.129.178 - - [25/Aug/2026:19:34:32 +0000] "GET /wp-includes/js/tinymce/plugins/directionality/alfa-rex.php HTTP/1.1" 403 319 "-" "python-httpx/0.28.1"
180.242.129.178 - - [25/Aug/2026:19:34:35 +0000] "GET /wp-includes/css/wp-login.php HTTP/1.1" 403 319 "-" "python-httpx/0.28.1"
74.7.243.222 - - [25/Aug/2026:19:34:36 +0000] "GET /?shop/detail/A25512622804.html HTTP/2.0" 403 307 "https://cellsonic.oxygenhealthsystems.com/?sitemap234.xml" "Mozilla/5.0 AppleWebKit/537.36 (KHTML, like Gecko; compatible; GPTBot/1.4; +https://openai.com/gptbot)"
66.249.75.3 - - [25/Aug/2026:19:34:37 +0000] "GET /product/200323158/ HTTP/1.1" 403 319 "-" "Mozilla/5.0 (Linux; Android 6.0.1; Nexus 5X Build/MMB29P) AppleWebKit/537.36 (KHTML, like Gecko) Chrome/151.0.7922.137 Mobile Safari/537.36 (compatible; Googlebot/2.1; +http://www.google.com/bot.html)"
180.242.129.178 - - [25/Aug/2026:19:34:38 +0000] "GET /chosen/indexx.php HTTP/1.1" 403 319 "-" "python-httpx/0.28.1"
180.242.129.178 - - [25/Aug/2026:19:34:41 +0000] "GET /wp-admin/includes/class-wp-site-icon.php HTTP/1.1" 403 319 "-" "python-httpx/0.28.1"
180.242.129.178 - - [25/Aug/2026:19:34:44 +0000] "GET /wp-includes/customize/killbot.php HTTP/1.1" 403 319 "-" "python-httpx/0.28.1"
66.249.75.3 - - [25/Aug/2026:19:34:45 +0000] "GET /shop/detail/F2547870571.html HTTP/1.1" 403 319 "-" "Mozilla/5.0 (Linux; Android 6.0.1; Nexus 5X Build/MMB29P) AppleWebKit/537.36 (KHTML, like Gecko) Chrome/151.0.7922.137 Mobile Safari/537.36 (compatible; Googlebot/2.1; +http://www.google.com/bot.html)"
180.242.129.178 - - [25/Aug/2026:19:34:47 +0000] "GET /images/l.php HTTP/1.1" 403 319 "-" "python-httpx/0.28.1"
180.242.129.178 - - [25/Aug/2026:19:34:50 +0000] "GET /wp-content/plugins/three-column-screen-layout/db.php HTTP/1.1" 403 319 "-" "python-httpx/0.28.1"
180.242.129.178 - - [25/Aug/2026:19:34:53 +0000] "GET /098.php HTTP/1.1" 403 319 "-" "python-httpx/0.28.1"
180.242.129.178 - - [25/Aug/2026:19:34:56 +0000] "GET /wp-content/t.php HTTP/1.1" 403 319 "-" "python-httpx/0.28.1"
74.7.243.222 - - [25/Aug/2026:19:34:58 +0000] "GET /?shop/detail/Z25508126028.html HTTP/2.0" 403 307 "https://cellsonic.oxygenhealthsystems.com/?sitemap612.xml" "Mozilla/5.0 AppleWebKit/537.36 (KHTML, like Gecko; compatible; GPTBot/1.4; +https://openai.com/gptbot)"
180.242.129.178 - - [25/Aug/2026:19:34:59 +0000] "GET /wp-content/plugins/wpcall-button/button-image.php HTTP/1.1" 403 319 "-" "python-httpx/0.28.1"
66.249.75.4 - - [25/Aug/2026:19:35:00 +0000] "GET /product/16326958/ HTTP/1.1" 403 319 "-" "Mozilla/5.0 (Linux; Android 6.0.1; Nexus 5X Build/MMB29P) AppleWebKit/537.36 (KHTML, like Gecko) Chrome/151.0.7922.137 Mobile Safari/537.36 (compatible; Googlebot/2.1; +http://www.google.com/bot.html)"
180.242.129.178 - - [25/Aug/2026:19:35:02 +0000] "GET /wp-includes/SimplePie/src/Gzdecode.php HTTP/1.1" 403 319 "-" "python-httpx/0.28.1"
180.242.129.178 - - [25/Aug/2026:19:35:05 +0000] "GET /wp-content/plugins/indexx.php HTTP/1.1" 403 319 "-" "python-httpx/0.28.1"
180.242.129.178 - - [25/Aug/2026:19:35:08 +0000] "GET /wp-includes/SimplePie/library/SimplePie/Decode/HTML/alfa-rex.php HTTP/1.1" 403 319 "-" "python-httpx/0.28.1"
66.249.75.3 - - [25/Aug/2026:19:35:10 +0000] "GET /shop/detail/M2547688771.html HTTP/1.1" 403 319 "-" "Mozilla/5.0 (Linux; Android 6.0.1; Nexus 5X Build/MMB29P) AppleWebKit/537.36 (KHTML, like Gecko) Chrome/151.0.7922.137 Mobile Safari/537.36 (compatible; Googlebot/2.1; +http://www.google.com/bot.html)"
180.242.129.178 - - [25/Aug/2026:19:35:11 +0000] "GET /wp-includes/pomo/block-css.php?mode=upload HTTP/1.1" 403 319 "-" "python-httpx/0.28.1"
180.242.129.178 - - [25/Aug/2026:19:35:14 +0000] "GET /images/wp.php HTTP/1.1" 403 319 "-" "python-httpx/0.28.1"
66.249.75.3 - - [25/Aug/2026:19:35:16 +0000] "GET /shop/detail/T25502206777.html HTTP/1.1" 403 319 "-" "Mozilla/5.0 (Linux; Android 6.0.1; Nexus 5X Build/MMB29P) AppleWebKit/537.36 (KHTML, like Gecko) Chrome/151.0.7922.137 Mobile Safari/537.36 (compatible; Googlebot/2.1; +http://www.google.com/bot.html)"
180.242.129.178 - - [25/Aug/2026:19:35:17 +0000] "GET /vendor/laminas/laminas-code/src/Generator/about.php HTTP/1.1" 403 319 "-" "python-httpx/0.28.1"
74.7.243.222 - - [25/Aug/2026:19:35:19 +0000] "GET /?shop/detail/D254985524800.html HTTP/2.0" 403 307 "https://cellsonic.oxygenhealthsystems.com/?sitemap837.xml" "Mozilla/5.0 AppleWebKit/537.36 (KHTML, like Gecko; compatible; GPTBot/1.4; +https://openai.com/gptbot)"
180.242.129.178 - - [25/Aug/2026:19:35:20 +0000] "GET /wp.php HTTP/1.1" 403 319 "-" "python-httpx/0.28.1"
180.242.129.178 - - [25/Aug/2026:19:35:23 +0000] "GET /new-index.php HTTP/1.1" 403 319 "-" "python-httpx/0.28.1"
180.242.129.178 - - [25/Aug/2026:19:35:26 +0000] "GET /shellx.php HTTP/1.1" 403 319 "-" "python-httpx/0.28.1"
180.242.129.178 - - [25/Aug/2026:19:35:29 +0000] "GET /vendor/laminas/laminas-code/src/Generator/alfa-rex.php HTTP/1.1" 403 319 "-" "python-httpx/0.28.1"
66.249.75.3 - - [25/Aug/2026:19:35:29 +0000] "GET /product/123789158/ HTTP/1.1" 403 319 "-" "Mozilla/5.0 (Linux; Android 6.0.1; Nexus 5X Build/MMB29P) AppleWebKit/537.36 (KHTML, like Gecko) Chrome/151.0.7922.137 Mobile Safari/537.36 (compatible; Googlebot/2.1; +http://www.google.com/bot.html)"
180.242.129.178 - - [25/Aug/2026:19:35:32 +0000] "GET /root.php HTTP/1.1" 403 319 "-" "python-httpx/0.28.1"
180.242.129.178 - - [25/Aug/2026:19:35:35 +0000] "GET /wp-includes/fonts/about.php HTTP/1.1" 403 319 "-" "python-httpx/0.28.1"
180.242.129.178 - - [25/Aug/2026:19:35:38 +0000] "GET /wp-admin/includes/xmrlpc.php?p= HTTP/1.1" 403 319 "-" "python-httpx/0.28.1"
74.7.243.222 - - [25/Aug/2026:19:35:40 +0000] "GET /?shop/detail/Z25505328403.html HTTP/2.0" 403 307 "https://cellsonic.oxygenhealthsystems.com/?sitemap907.xml" "Mozilla/5.0 AppleWebKit/537.36 (KHTML, like Gecko; compatible; GPTBot/1.4; +https://openai.com/gptbot)"
180.242.129.178 - - [25/Aug/2026:19:35:42 +0000] "GET /wp-admin/maint/function.php HTTP/1.1" 403 319 "-" "python-httpx/0.28.1"
180.242.129.178 - - [25/Aug/2026:19:35:45 +0000] "GET /file/rk2.php HTTP/1.1" 403 319 "-" "python-httpx/0.28.1"
66.249.75.3 - - [25/Aug/2026:19:35:46 +0000] "GET /shop/detail/U25491971208.html HTTP/1.1" 403 319 "-" "Mozilla/5.0 (Linux; Android 6.0.1; Nexus 5X Build/MMB29P) AppleWebKit/537.36 (KHTML, like Gecko) Chrome/151.0.7922.137 Mobile Safari/537.36 (compatible; Googlebot/2.1; +http://www.google.com/bot.html)"
180.242.129.178 - - [25/Aug/2026:19:35:48 +0000] "GET /wp-includes/js/tinymce/plugins/wptextpattern/alfa-rex.php HTTP/1.1" 403 319 "-" "python-httpx/0.28.1"
180.242.129.178 - - [25/Aug/2026:19:35:51 +0000] "GET /ss.php HTTP/1.1" 403 319 "-" "python-httpx/0.28.1"
180.242.129.178 - - [25/Aug/2026:19:35:54 +0000] "GET /wp-includes/css/dist/editor/about.php HTTP/1.1" 403 319 "-" "python-httpx/0.28.1"
66.249.75.3 - - [25/Aug/2026:19:35:54 +0000] "GET /shop/detail/F25512561188.html HTTP/1.1" 403 319 "-" "Mozilla/5.0 (Linux; Android 6.0.1; Nexus 5X Build/MMB29P) AppleWebKit/537.36 (KHTML, like Gecko) Chrome/151.0.7922.137 Mobile Safari/537.36 (compatible; Googlebot/2.1; +http://www.google.com/bot.html)"
180.242.129.178 - - [25/Aug/2026:19:35:57 +0000] "GET /wp-includes/error-protection.php HTTP/1.1" 403 319 "-" "python-httpx/0.28.1"
180.242.129.178 - - [25/Aug/2026:19:36:00 +0000] "GET /wp-includes/js/tinymce/skins/alfa-rex.php HTTP/1.1" 403 319 "-" "python-httpx/0.28.1"
74.7.243.222 - - [25/Aug/2026:19:36:02 +0000] "GET /?shop/detail/B25515659406.html HTTP/2.0" 403 307 "https://cellsonic.oxygenhealthsystems.com/?sitemap797.xml" "Mozilla/5.0 AppleWebKit/537.36 (KHTML, like Gecko; compatible; GPTBot/1.4; +https://openai.com/gptbot)"
180.242.129.178 - - [25/Aug/2026:19:36:03 +0000] "GET /wp-includes/SimplePie/indexx.php HTTP/1.1" 403 319 "-" "python-httpx/0.28.1"
180.242.129.178 - - [25/Aug/2026:19:36:06 +0000] "GET /wp-admin/includes/class-wp-importer.php HTTP/1.1" 403 319 "-" "python-httpx/0.28.1"
180.242.129.178 - - [25/Aug/2026:19:36:09 +0000] "GET /wp-admin/includes/admin-filters.php HTTP/1.1" 403 319 "-" "python-httpx/0.28.1"
180.242.129.178 - - [25/Aug/2026:19:36:12 +0000] "GET /client/sinchro-advisory/wp-sys.php?p= HTTP/1.1" 403 319 "-" "python-httpx/0.28.1"
180.242.129.178 - - [25/Aug/2026:19:36:15 +0000] "GET /leaf.php HTTP/1.1" 403 319 "-" "python-httpx/0.28.1"
180.242.129.178 - - [25/Aug/2026:19:36:18 +0000] "GET /vendor/dragonmantank/cron-expression/src/alfa-rex.php HTTP/1.1" 403 319 "-" "python-httpx/0.28.1"
66.249.75.5 - - [25/Aug/2026:19:36:19 +0000] "GET /shop/detail/A2546141328.html HTTP/1.1" 403 319 "-" "Mozilla/5.0 (Linux; Android 6.0.1; Nexus 5X Build/MMB29P) AppleWebKit/537.36 (KHTML, like Gecko) Chrome/151.0.7922.137 Mobile Safari/537.36 (compatible; Googlebot/2.1; +http://www.google.com/bot.html)"
180.242.129.178 - - [25/Aug/2026:19:36:22 +0000] "GET /jetpack.php HTTP/1.1" 403 319 "-" "python-httpx/0.28.1"
74.7.243.222 - - [25/Aug/2026:19:36:24 +0000] "GET /?shop/detail/Z25466150559.html HTTP/2.0" 403 307 "https://cellsonic.oxygenhealthsystems.com/?sitemap666.xml" "Mozilla/5.0 AppleWebKit/537.36 (KHTML, like Gecko; compatible; GPTBot/1.4; +https://openai.com/gptbot)"
180.242.129.178 - - [25/Aug/2026:19:36:24 +0000] "GET /class-wp-http-requests-hooks.php HTTP/1.1" 403 319 "-" "python-httpx/0.28.1"
180.242.129.178 - - [25/Aug/2026:19:36:27 +0000] "GET /wp-admin/css/colors/light/about.php HTTP/1.1" 403 319 "-" "python-httpx/0.28.1"
66.249.75.3 - - [25/Aug/2026:19:36:28 +0000] "GET /shop/detail/Q25481480426.html HTTP/1.1" 403 319 "-" "Mozilla/5.0 (Linux; Android 6.0.1; Nexus 5X Build/MMB29P) AppleWebKit/537.36 (KHTML, like Gecko) Chrome/151.0.7922.137 Mobile Safari/537.36 (compatible; Googlebot/2.1; +http://www.google.com/bot.html)"
180.242.129.178 - - [25/Aug/2026:19:36:30 +0000] "GET /vendor/brick/math/src/Exception/alfa-rex.php HTTP/1.1" 403 319 "-" "python-httpx/0.28.1"
180.242.129.178 - - [25/Aug/2026:19:36:33 +0000] "GET /wp-content/plugins/ioxi/alfa-ioxi.php HTTP/1.1" 403 319 "-" "python-httpx/0.28.1"
180.242.129.178 - - [25/Aug/2026:19:36:37 +0000] "GET /min.php HTTP/1.1" 403 319 "-" "python-httpx/0.28.1"
180.242.129.178 - - [25/Aug/2026:19:36:39 +0000] "GET /alfanew.PhP7 HTTP/1.1" 403 319 "-" "python-httpx/0.28.1"
57.141.22.45 - - [25/Aug/2026:19:36:40 +0000] "GET / HTTP/2.0" 403 307 "-" "facebookexternalhit/1.1 (+http://www.facebook.com/externalhit_uatext.php)"
180.242.129.178 - - [25/Aug/2026:19:36:43 +0000] "GET /ajaxfilemanager/rk2.php HTTP/1.1" 403 319 "-" "python-httpx/0.28.1"
74.7.243.222 - - [25/Aug/2026:19:36:45 +0000] "GET /?shop/detail/B25502403414.html HTTP/2.0" 403 307 "https://cellsonic.oxygenhealthsystems.com/?sitemap425.xml" "Mozilla/5.0 AppleWebKit/537.36 (KHTML, like Gecko; compatible; GPTBot/1.4; +https://openai.com/gptbot)"
180.242.129.178 - - [25/Aug/2026:19:36:46 +0000] "GET /4price.php HTTP/1.1" 403 319 "-" "python-httpx/0.28.1"
66.249.75.3 - - [25/Aug/2026:19:36:46 +0000] "GET /shop/detail/D25481076972.html HTTP/1.1" 403 319 "-" "Mozilla/5.0 (compatible; Googlebot/2.1; +http://www.google.com/bot.html)"
180.242.129.178 - - [25/Aug/2026:19:36:49 +0000] "GET /wp-admin/includes/404.php HTTP/1.1" 403 319 "-" "python-httpx/0.28.1"
180.242.129.178 - - [25/Aug/2026:19:36:52 +0000] "GET /wp-admin/js/index.php HTTP/1.1" 403 319 "-" "python-httpx/0.28.1"
66.249.75.3 - - [25/Aug/2026:19:36:52 +0000] "GET /shop/detail/W2547818490.html HTTP/1.1" 403 319 "-" "Mozilla/5.0 (Linux; Android 6.0.1; Nexus 5X Build/MMB29P) AppleWebKit/537.36 (KHTML, like Gecko) Chrome/151.0.7922.137 Mobile Safari/537.36 (compatible; Googlebot/2.1; +http://www.google.com/bot.html)"
180.242.129.178 - - [25/Aug/2026:19:36:55 +0000] "GET /sh3ll.php HTTP/1.1" 403 319 "-" "python-httpx/0.28.1"
180.242.129.178 - - [25/Aug/2026:19:36:58 +0000] "GET /email_v2/js/tiny_mce/plugins/ajaxfilemanager/wp-ver.php HTTP/1.1" 403 319 "-" "python-httpx/0.28.1"
180.242.129.178 - - [25/Aug/2026:19:37:01 +0000] "GET /wp-includes/customize/class-wp-customize-selective-refresh.php HTTP/1.1" 403 319 "-" "python-httpx/0.28.1"
180.242.129.178 - - [25/Aug/2026:19:37:04 +0000] "GET /wp-admin/css/colors/modern/QgRIsc.php HTTP/1.1" 403 319 "-" "python-httpx/0.28.1"
180.242.129.178 - - [25/Aug/2026:19:37:06 +0000] "GET /wp-includes/class-wp-comment.php HTTP/1.1" 403 319 "-" "python-httpx/0.28.1"
74.7.243.222 - - [25/Aug/2026:19:37:07 +0000] "GET /?shop/detail/A25518995008.html HTTP/2.0" 403 307 "https://cellsonic.oxygenhealthsystems.com/?sitemap762.xml" "Mozilla/5.0 AppleWebKit/537.36 (KHTML, like Gecko; compatible; GPTBot/1.4; +https://openai.com/gptbot)"
180.242.129.178 - - [25/Aug/2026:19:37:10 +0000] "GET /wp-admin/js/wp-login.php HTTP/1.1" 403 319 "-" "python-httpx/0.28.1"
180.242.129.178 - - [25/Aug/2026:19:37:13 +0000] "GET /docs/docs/index.php HTTP/1.1" 403 319 "-" "python-httpx/0.28.1"
180.242.129.178 - - [25/Aug/2026:19:37:17 +0000] "GET /wp-content/languages/themes/block-css.php?mode=upload HTTP/1.1" 403 319 "-" "python-httpx/0.28.1"
180.242.129.178 - - [25/Aug/2026:19:37:20 +0000] "GET /about/wp-class.php HTTP/1.1" 403 319 "-" "python-httpx/0.28.1"
180.242.129.178 - - [25/Aug/2026:19:37:23 +0000] "GET /wp-admin/css/likBxE.php HTTP/1.1" 403 319 "-" "python-httpx/0.28.1"
66.249.75.4 - - [25/Aug/2026:19:37:24 +0000] "GET /shop/detail/T2546388217.html HTTP/1.1" 403 319 "-" "Mozilla/5.0 (Linux; Android 6.0.1; Nexus 5X Build/MMB29P) AppleWebKit/537.36 (KHTML, like Gecko) Chrome/151.0.7922.137 Mobile Safari/537.36 (compatible; Googlebot/2.1; +http://www.google.com/bot.html)"
180.242.129.178 - - [25/Aug/2026:19:37:26 +0000] "GET /wp-includes/SimplePie/library/SimplePie/HTTP/wp-login.php HTTP/1.1" 403 319 "-" "python-httpx/0.28.1"
74.7.243.222 - - [25/Aug/2026:19:37:27 +0000] "GET /?shop/detail/A255029336062.html HTTP/2.0" 403 307 "https://cellsonic.oxygenhealthsystems.com/?sitemap967.xml" "Mozilla/5.0 AppleWebKit/537.36 (KHTML, like Gecko; compatible; GPTBot/1.4; +https://openai.com/gptbot)"
180.242.129.178 - - [25/Aug/2026:19:37:29 +0000] "GET /wp-includes/js/crop/wp-login.php HTTP/1.1" 403 319 "-" "python-httpx/0.28.1"
180.242.129.178 - - [25/Aug/2026:19:37:33 +0000] "GET /wp-includes/customize/class-wp-customize-color-control.php HTTP/1.1" 403 319 "-" "python-httpx/0.28.1"
180.242.129.178 - - [25/Aug/2026:19:37:36 +0000] "GET /wp-includes/pomo/zmFM.php HTTP/1.1" 403 319 "-" "python-httpx/0.28.1"
180.242.129.178 - - [25/Aug/2026:19:37:39 +0000] "GET /wp-admin/css/fw.php HTTP/1.1" 403 319 "-" "python-httpx/0.28.1"
180.242.129.178 - - [25/Aug/2026:19:37:42 +0000] "GET /wp-admin/user/autoload_classmap.php HTTP/1.1" 403 319 "-" "python-httpx/0.28.1"
66.249.75.3 - - [25/Aug/2026:19:37:43 +0000] "GET /shop/detail/Z2547986704.html HTTP/1.1" 403 319 "-" "Mozilla/5.0 (Linux; Android 6.0.1; Nexus 5X Build/MMB29P) AppleWebKit/537.36 (KHTML, like Gecko) Chrome/151.0.7922.137 Mobile Safari/537.36 (compatible; Googlebot/2.1; +http://www.google.com/bot.html)"
180.242.129.178 - - [25/Aug/2026:19:37:46 +0000] "GET /wp-admin/js/widgets/wp-ver.php HTTP/1.1" 403 319 "-" "python-httpx/0.28.1"
74.7.243.222 - - [25/Aug/2026:19:37:48 +0000] "GET /?shop/detail/D255186570050.html HTTP/2.0" 403 307 "https://cellsonic.oxygenhealthsystems.com/?sitemap837.xml" "Mozilla/5.0 AppleWebKit/537.36 (KHTML, like Gecko; compatible; GPTBot/1.4; +https://openai.com/gptbot)"
180.242.129.178 - - [25/Aug/2026:19:37:49 +0000] "GET /wp-admin/maint/wp_filemanager.php HTTP/1.1" 403 319 "-" "python-httpx/0.28.1"
180.242.129.178 - - [25/Aug/2026:19:37:52 +0000] "GET /wp-site.php HTTP/1.1" 403 319 "-" "python-httpx/0.28.1"
180.242.129.178 - - [25/Aug/2026:19:37:55 +0000] "GET /wp-admin/css/EvtYpY.php HTTP/1.1" 403 319 "-" "python-httpx/0.28.1"
180.242.129.178 - - [25/Aug/2026:19:37:58 +0000] "GET /wp-2019.php HTTP/1.1" 403 319 "-" "python-httpx/0.28.1"
103.166.187.185 - - [25/Aug/2026:19:38:00 +0000] "GET / HTTP/2.0" 403 307 "-" "Mozilla/5.0 (Windows NT 10.0; Win64; x64) AppleWebKit/537.36 (KHTML, like Gecko) Chrome/151.0.0.0 Safari/537.36"
103.166.187.185 - - [25/Aug/2026:19:38:00 +0000] "GET /favicon.ico HTTP/2.0" 403 307 "https://cellsonic.oxygenhealthsystems.com/" "Mozilla/5.0 (Windows NT 10.0; Win64; x64) AppleWebKit/537.36 (KHTML, like Gecko) Chrome/151.0.0.0 Safari/537.36"
180.242.129.178 - - [25/Aug/2026:19:38:01 +0000] "GET /plugins/ajaxfilemanager/wp-term.php HTTP/1.1" 403 319 "-" "python-httpx/0.28.1"
180.242.129.178 - - [25/Aug/2026:19:38:04 +0000] "GET /images/dbtoolkit_import.php HTTP/1.1" 403 319 "-" "python-httpx/0.28.1"
180.242.129.178 - - [25/Aug/2026:19:38:08 +0000] "GET /bb.php HTTP/1.1" 403 319 "-" "python-httpx/0.28.1"
74.7.243.222 - - [25/Aug/2026:19:38:08 +0000] "GET /?shop/detail/Z25497642759.html HTTP/2.0" 403 307 "https://cellsonic.oxygenhealthsystems.com/?sitemap666.xml" "Mozilla/5.0 AppleWebKit/537.36 (KHTML, like Gecko; compatible; GPTBot/1.4; +https://openai.com/gptbot)"
180.242.129.178 - - [25/Aug/2026:19:38:11 +0000] "GET /wp-includes/root.php HTTP/1.1" 403 319 "-" "python-httpx/0.28.1"
180.242.129.178 - - [25/Aug/2026:19:38:14 +0000] "GET /wp-includes/content.php HTTP/1.1" 403 319 "-" "python-httpx/0.28.1"
66.249.75.3 - - [25/Aug/2026:19:38:15 +0000] "GET /shop/detail/A2546215987.html HTTP/1.1" 403 319 "-" "Mozilla/5.0 (Linux; Android 6.0.1; Nexus 5X Build/MMB29P) AppleWebKit/537.36 (KHTML, like Gecko) Chrome/151.0.7922.137 Mobile Safari/537.36 (compatible; Googlebot/2.1; +http://www.google.com/bot.html)"
180.242.129.178 - - [25/Aug/2026:19:38:17 +0000] "GET /images/V3.php HTTP/1.1" 403 319 "-" "python-httpx/0.28.1"
66.249.75.3 - - [25/Aug/2026:19:38:18 +0000] "GET /shop/detail/P25481146481.html HTTP/1.1" 403 319 "-" "Mozilla/5.0 (compatible; Googlebot/2.1; +http://www.google.com/bot.html)"
180.242.129.178 - - [25/Aug/2026:19:38:20 +0000] "GET /wp-content/uploads/wp-22.php HTTP/1.1" 403 319 "-" "python-httpx/0.28.1"
180.242.129.178 - - [25/Aug/2026:19:38:23 +0000] "GET /vendor/fruitcake/about.php HTTP/1.1" 403 319 "-" "python-httpx/0.28.1"
180.242.129.178 - - [25/Aug/2026:19:38:26 +0000] "GET /wp-0.php HTTP/1.1" 403 319 "-" "python-httpx/0.28.1"
74.7.243.222 - - [25/Aug/2026:19:38:28 +0000] "GET /?shop/detail/Z25515644629.html HTTP/2.0" 403 307 "https://cellsonic.oxygenhealthsystems.com/?sitemap700.xml" "Mozilla/5.0 AppleWebKit/537.36 (KHTML, like Gecko; compatible; GPTBot/1.4; +https://openai.com/gptbot)"
180.242.129.178 - - [25/Aug/2026:19:38:29 +0000] "GET /image/z.php HTTP/1.1" 403 319 "-" "python-httpx/0.28.1"
66.249.75.4 - - [25/Aug/2026:19:38:31 +0000] "GET /product/42698658/ HTTP/1.1" 403 319 "-" "Mozilla/5.0 (Linux; Android 6.0.1; Nexus 5X Build/MMB29P) AppleWebKit/537.36 (KHTML, like Gecko) Chrome/151.0.7922.137 Mobile Safari/537.36 (compatible; Googlebot/2.1; +http://www.google.com/bot.html)"
180.242.129.178 - - [25/Aug/2026:19:38:32 +0000] "GET /wp-includes/rest-api/endpoints/class-wp-rest-navigation-fallback-controller.php HTTP/1.1" 403 319 "-" "python-httpx/0.28.1"
180.242.129.178 - - [25/Aug/2026:19:38:36 +0000] "GET /wp-includes/media-template.php HTTP/1.1" 403 319 "-" "python-httpx/0.28.1"
180.242.129.178 - - [25/Aug/2026:19:38:39 +0000] "GET /vendor/egulias/email-validator/src/Warning/about.php HTTP/1.1" 403 319 "-" "python-httpx/0.28.1"
180.242.129.178 - - [25/Aug/2026:19:38:42 +0000] "GET /wp-config.php HTTP/1.1" 403 319 "-" "python-httpx/0.28.1"
180.242.129.178 - - [25/Aug/2026:19:38:45 +0000] "GET /small.php HTTP/1.1" 403 319 "-" "python-httpx/0.28.1"
180.242.129.178 - - [25/Aug/2026:19:38:49 +0000] "GET /wp-includes/js/tinymce/plugins/wpautoresize/wp-login.php HTTP/1.1" 403 319 "-" "python-httpx/0.28.1"
74.7.243.222 - - [25/Aug/2026:19:38:49 +0000] "GET /?shop/detail/B25494500477.html HTTP/2.0" 403 307 "https://cellsonic.oxygenhealthsystems.com/?sitemap408.xml" "Mozilla/5.0 AppleWebKit/537.36 (KHTML, like Gecko; compatible; GPTBot/1.4; +https://openai.com/gptbot)"
66.249.75.3 - - [25/Aug/2026:19:38:50 +0000] "GET /shop/detail/G2547646880.html HTTP/1.1" 403 319 "-" "Mozilla/5.0 (Linux; Android 6.0.1; Nexus 5X Build/MMB29P) AppleWebKit/537.36 (KHTML, like Gecko) Chrome/151.0.7922.137 Mobile Safari/537.36 (compatible; Googlebot/2.1; +http://www.google.com/bot.html)"
180.242.129.178 - - [25/Aug/2026:19:38:52 +0000] "GET /wp-includes/SimplePie/library/SimplePie/File.php HTTP/1.1" 403 319 "-" "python-httpx/0.28.1"
180.242.129.178 - - [25/Aug/2026:19:38:56 +0000] "GET /wp-content/fw.php HTTP/1.1" 403 319 "-" "python-httpx/0.28.1"
180.242.129.178 - - [25/Aug/2026:19:38:59 +0000] "GET /wp-includes/mar.php HTTP/1.1" 403 319 "-" "python-httpx/0.28.1"
180.242.129.178 - - [25/Aug/2026:19:39:02 +0000] "GET /wp-includes/2.php HTTP/1.1" 403 319 "-" "python-httpx/0.28.1"
180.242.129.178 - - [25/Aug/2026:19:39:05 +0000] "GET /wp-content/languages/themes/chosen.php HTTP/1.1" 403 319 "-" "python-httpx/0.28.1"
180.242.129.178 - - [25/Aug/2026:19:39:08 +0000] "GET /wp-admin/css/a.php HTTP/1.1" 403 319 "-" "python-httpx/0.28.1"
74.7.243.222 - - [25/Aug/2026:19:39:10 +0000] "GET /?shop/detail/Z25515686214.html HTTP/2.0" 403 307 "https://cellsonic.oxygenhealthsystems.com/?sitemap907.xml" "Mozilla/5.0 AppleWebKit/537.36 (KHTML, like Gecko; compatible; GPTBot/1.4; +https://openai.com/gptbot)"
180.242.129.178 - - [25/Aug/2026:19:39:11 +0000] "GET /wp-includes/Requests/src/Exception/InvalidArgument.php HTTP/1.1" 403 319 "-" "python-httpx/0.28.1"
66.249.75.4 - - [25/Aug/2026:19:39:14 +0000] "GET /shop/detail/X25502424357.html HTTP/1.1" 403 319 "-" "Mozilla/5.0 (Linux; Android 6.0.1; Nexus 5X Build/MMB29P) AppleWebKit/537.36 (KHTML, like Gecko) Chrome/151.0.7922.137 Mobile Safari/537.36 (compatible; Googlebot/2.1; +http://www.google.com/bot.html)"
180.242.129.178 - - [25/Aug/2026:19:39:15 +0000] "GET /images HTTP/1.1" 403 319 "-" "python-httpx/0.28.1"
180.242.129.178 - - [25/Aug/2026:19:39:18 +0000] "GET /schallfuns.php HTTP/1.1" 403 319 "-" "python-httpx/0.28.1"
180.242.129.178 - - [25/Aug/2026:19:39:21 +0000] "GET /wp-includes/Requests/src/Transport/about.php HTTP/1.1" 403 319 "-" "python-httpx/0.28.1"
180.242.129.178 - - [25/Aug/2026:19:39:24 +0000] "GET /wp-includes/SimplePie/src/Credit.php HTTP/1.1" 403 319 "-" "python-httpx/0.28.1"
57.141.4.12 - - [25/Aug/2026:19:39:25 +0000] "GET / HTTP/2.0" 403 307 "-" "facebookexternalhit/1.1 (+http://www.facebook.com/externalhit_uatext.php)"
180.242.129.178 - - [25/Aug/2026:19:39:27 +0000] "GET /wp-content/plugins/xwp/up.php HTTP/1.1" 403 319 "-" "python-httpx/0.28.1"
180.242.129.178 - - [25/Aug/2026:19:39:31 +0000] "GET /wp-title.php HTTP/1.1" 403 319 "-" "python-httpx/0.28.1"
74.7.243.222 - - [25/Aug/2026:19:39:32 +0000] "GET /?shop/detail/A25494775993.html HTTP/2.0" 403 307 "https://cellsonic.oxygenhealthsystems.com/?sitemap234.xml" "Mozilla/5.0 AppleWebKit/537.36 (KHTML, like Gecko; compatible; GPTBot/1.4; +https://openai.com/gptbot)"
180.242.129.178 - - [25/Aug/2026:19:39:34 +0000] "GET /wp-includes/blocks/archives/2lRI.php HTTP/1.1" 403 319 "-" "python-httpx/0.28.1"
180.242.129.178 - - [25/Aug/2026:19:39:37 +0000] "GET /wg.php HTTP/1.1" 403 319 "-" "python-httpx/0.28.1"
180.242.129.178 - - [25/Aug/2026:19:39:40 +0000] "GET /wp-includes/SimplePie/src/XML/alfa-rex.php HTTP/1.1" 403 319 "-" "python-httpx/0.28.1"
180.242.129.178 - - [25/Aug/2026:19:39:44 +0000] "GET /wp-admin/maint/Chitoge.php HTTP/1.1" 403 319 "-" "python-httpx/0.28.1"
180.242.129.178 - - [25/Aug/2026:19:39:47 +0000] "GET /.well-known/pki-validation/nice.php?p= HTTP/1.1" 403 319 "-" "python-httpx/0.28.1"
180.242.129.178 - - [25/Aug/2026:19:39:50 +0000] "GET /911.php HTTP/1.1" 403 319 "-" "python-httpx/0.28.1"
180.242.129.178 - - [25/Aug/2026:19:39:52 +0000] "GET /tmp/uploads.php HTTP/1.1" 403 319 "-" "python-httpx/0.28.1"
74.7.243.222 - - [25/Aug/2026:19:39:53 +0000] "GET /?shop/detail/Z25487053557.html HTTP/2.0" 403 307 "https://cellsonic.oxygenhealthsystems.com/?sitemap947.xml" "Mozilla/5.0 AppleWebKit/537.36 (KHTML, like Gecko; compatible; GPTBot/1.4; +https://openai.com/gptbot)"
74.7.230.3 - - [25/Aug/2026:19:39:53 +0000] "GET /robots.txt HTTP/2.0" 403 307 "-" "Mozilla/5.0 (Macintosh; Intel Mac OS X 10_15_7) AppleWebKit/537.36 (KHTML, like Gecko) Chrome/131.0.0.0 Safari/537.36; compatible; OAI-SearchBot/1.4; robots.txt; +https://openai.com/searchbot"
180.242.129.178 - - [25/Aug/2026:19:39:55 +0000] "GET /wp-includes/i.php HTTP/1.1" 403 319 "-" "python-httpx/0.28.1"
180.242.129.178 - - [25/Aug/2026:19:39:58 +0000] "GET /wp-includes/SimplePie/killbot.php HTTP/1.1" 403 319 "-" "python-httpx/0.28.1"
180.242.129.178 - - [25/Aug/2026:19:40:01 +0000] "GET /wp-content/plugins/shell/about.php HTTP/1.1" 403 319 "-" "python-httpx/0.28.1"
180.242.129.178 - - [25/Aug/2026:19:40:04 +0000] "GET /cms/tiny_mce/plugins/ajaxfilemanager/wp-ver.php HTTP/1.1" 403 319 "-" "python-httpx/0.28.1"
180.242.129.178 - - [25/Aug/2026:19:40:08 +0000] "GET /phpmailer.lang-sv.php HTTP/1.1" 403 319 "-" "python-httpx/0.28.1"
180.242.129.178 - - [25/Aug/2026:19:40:11 +0000] "GET /file/block-css.php?mode=upload HTTP/1.1" 403 319 "-" "python-httpx/0.28.1"
74.7.243.222 - - [25/Aug/2026:19:40:15 +0000] "GET /?shop/detail/B25481475152.html HTTP/2.0" 403 307 "https://cellsonic.oxygenhealthsystems.com/?sitemap797.xml" "Mozilla/5.0 AppleWebKit/537.36 (KHTML, like Gecko; compatible; GPTBot/1.4; +https://openai.com/gptbot)"
180.242.129.178 - - [25/Aug/2026:19:40:15 +0000] "GET /images/ws.php HTTP/1.1" 403 319 "-" "python-httpx/0.28.1"
180.242.129.178 - - [25/Aug/2026:19:40:18 +0000] "GET /vendor/egulias/email-validator/src/Result/alfa-rex.php HTTP/1.1" 403 319 "-" "python-httpx/0.28.1"
180.242.129.178 - - [25/Aug/2026:19:40:21 +0000] "GET /wp-includes/SimplePie/class.api.php HTTP/1.1" 403 319 "-" "python-httpx/0.28.1"
180.242.129.178 - - [25/Aug/2026:19:40:24 +0000] "GET /wp-content/languages/themes/indexx.php HTTP/1.1" 403 319 "-" "python-httpx/0.28.1"
180.242.129.178 - - [25/Aug/2026:19:40:27 +0000] "GET /wp-admin/user/plugins.php HTTP/1.1" 403 319 "-" "python-httpx/0.28.1"
180.242.129.178 - - [25/Aug/2026:19:40:30 +0000] "GET /xz.php HTTP/1.1" 403 319 "-" "python-httpx/0.28.1"
180.242.129.178 - - [25/Aug/2026:19:40:33 +0000] "GET /wp-includes/js/admin-bar.js HTTP/1.1" 403 319 "-" "python-httpx/0.28.1"
180.242.129.178 - - [25/Aug/2026:19:40:36 +0000] "GET /imagesvuln.php HTTP/1.1" 403 319 "-" "python-httpx/0.28.1"
74.7.243.222 - - [25/Aug/2026:19:40:36 +0000] "GET /?shop/detail/Z25466355727.html HTTP/2.0" 403 307 "https://cellsonic.oxygenhealthsystems.com/?sitemap389.xml" "Mozilla/5.0 AppleWebKit/537.36 (KHTML, like Gecko; compatible; GPTBot/1.4; +https://openai.com/gptbot)"
66.249.75.5 - - [25/Aug/2026:19:40:37 +0000] "GET /shop/detail/Q254660522.html HTTP/1.1" 403 319 "-" "Mozilla/5.0 (Linux; Android 6.0.1; Nexus 5X Build/MMB29P) AppleWebKit/537.36 (KHTML, like Gecko) Chrome/151.0.7922.137 Mobile Safari/537.36 (compatible; Googlebot/2.1; +http://www.google.com/bot.html)"
180.242.129.178 - - [25/Aug/2026:19:40:39 +0000] "GET /wp-content/plugins/core/include.php HTTP/1.1" 403 319 "-" "python-httpx/0.28.1"
180.242.129.178 - - [25/Aug/2026:19:40:43 +0000] "GET /wp-del.php HTTP/1.1" 403 319 "-" "python-httpx/0.28.1"
180.242.129.178 - - [25/Aug/2026:19:40:46 +0000] "GET /wp-includes/class-wp-hook.php HTTP/1.1" 403 319 "-" "python-httpx/0.28.1"
180.242.129.178 - - [25/Aug/2026:19:40:49 +0000] "GET /wp-includes HTTP/1.1" 403 319 "-" "python-httpx/0.28.1"
180.242.129.178 - - [25/Aug/2026:19:40:52 +0000] "GET /wp-includes/Text/Diff/Engine/string.php HTTP/1.1" 403 319 "-" "python-httpx/0.28.1"
66.249.75.3 - - [25/Aug/2026:19:40:53 +0000] "GET /shop/detail/G25512570527.html HTTP/1.1" 403 319 "-" "Mozilla/5.0 (Linux; Android 6.0.1; Nexus 5X Build/MMB29P) AppleWebKit/537.36 (KHTML, like Gecko) Chrome/151.0.7922.137 Mobile Safari/537.36 (compatible; Googlebot/2.1; +http://www.google.com/bot.html)"
180.242.129.178 - - [25/Aug/2026:19:40:55 +0000] "GET /p-includes/PHPMailer//zmFM.php HTTP/1.1" 403 319 "-" "python-httpx/0.28.1"
74.7.243.222 - - [25/Aug/2026:19:40:58 +0000] "GET /?shop/detail/Z25518834131.html HTTP/2.0" 403 307 "https://cellsonic.oxygenhealthsystems.com/?sitemap907.xml" "Mozilla/5.0 AppleWebKit/537.36 (KHTML, like Gecko; compatible; GPTBot/1.4; +https://openai.com/gptbot)"
66.249.75.3 - - [25/Aug/2026:19:40:58 +0000] "GET /shop/detail/A25512884316.html HTTP/1.1" 403 319 "-" "Mozilla/5.0 (Linux; Android 6.0.1; Nexus 5X Build/MMB29P) AppleWebKit/537.36 (KHTML, like Gecko) Chrome/151.0.7922.137 Mobile Safari/537.36 (compatible; Googlebot/2.1; +http://www.google.com/bot.html)"
180.242.129.178 - - [25/Aug/2026:19:40:58 +0000] "GET /wp-admin/network/autoload_classmap.php HTTP/1.1" 403 319 "-" "python-httpx/0.28.1"
180.242.129.178 - - [25/Aug/2026:19:41:01 +0000] "GET /wp-admin/includes/class-wp-page-0MC1kr.php HTTP/1.1" 403 319 "-" "python-httpx/0.28.1"
180.242.129.178 - - [25/Aug/2026:19:41:05 +0000] "GET /41.php HTTP/1.1" 403 319 "-" "python-httpx/0.28.1"
180.242.129.178 - - [25/Aug/2026:19:41:08 +0000] "GET /wp-admin/networks.php HTTP/1.1" 403 319 "-" "python-httpx/0.28.1"
180.242.129.178 - - [25/Aug/2026:19:41:11 +0000] "GET /wp-includes/css/wp-config.php HTTP/1.1" 403 319 "-" "python-httpx/0.28.1"
57.141.16.55 - - [25/Aug/2026:19:41:11 +0000] "GET / HTTP/2.0" 403 307 "-" "facebookexternalhit/1.1 (+http://www.facebook.com/externalhit_uatext.php)"
180.242.129.178 - - [25/Aug/2026:19:41:14 +0000] "GET /image/bb.php HTTP/1.1" 403 319 "-" "python-httpx/0.28.1"
180.242.129.178 - - [25/Aug/2026:19:41:17 +0000] "GET /wp-includes/certificates/wp-class.php HTTP/1.1" 403 319 "-" "python-httpx/0.28.1"
74.7.243.222 - - [25/Aug/2026:19:41:19 +0000] "GET /?shop/detail/Z25491593513.html HTTP/2.0" 403 307 "https://cellsonic.oxygenhealthsystems.com/?sitemap666.xml" "Mozilla/5.0 AppleWebKit/537.36 (KHTML, like Gecko; compatible; GPTBot/1.4; +https://openai.com/gptbot)"
180.242.129.178 - - [25/Aug/2026:19:41:21 +0000] "GET /wp-admin/css/colors/blue/xmrlpc.php?p= HTTP/1.1" 403 319 "-" "python-httpx/0.28.1"
66.249.75.3 - - [25/Aug/2026:19:41:21 +0000] "GET /shop/detail/K25512948400.html HTTP/1.1" 403 319 "-" "Mozilla/5.0 (compatible; Googlebot/2.1; +http://www.google.com/bot.html)"
180.242.129.178 - - [25/Aug/2026:19:41:24 +0000] "GET /images/xl.php HTTP/1.1" 403 319 "-" "python-httpx/0.28.1"
180.242.129.178 - - [25/Aug/2026:19:41:27 +0000] "GET /images/3301.php HTTP/1.1" 403 319 "-" "python-httpx/0.28.1"
180.242.129.178 - - [25/Aug/2026:19:41:30 +0000] "GET /wp-includes/php-ai-client/src/Providers/Models/VideoGeneration/Contracts/asg3-1.php HTTP/1.1" 403 319 "-" "python-httpx/0.28.1"
180.242.129.178 - - [25/Aug/2026:19:41:33 +0000] "GET /vendor/laminas/laminas-code/src/Generator/TypeGenerator/about.php HTTP/1.1" 403 319 "-" "python-httpx/0.28.1"
180.242.129.178 - - [25/Aug/2026:19:41:36 +0000] "GET /wppadmin.php HTTP/1.1" 403 319 "-" "python-httpx/0.28.1"
180.242.129.178 - - [25/Aug/2026:19:41:38 +0000] "GET /wp-content/plugins/upspy/sllolx.php HTTP/1.1" 403 319 "-" "python-httpx/0.28.1"
74.7.243.222 - - [25/Aug/2026:19:41:40 +0000] "GET /?shop/detail/B25481428991.html HTTP/2.0" 403 307 "https://cellsonic.oxygenhealthsystems.com/?sitemap797.xml" "Mozilla/5.0 AppleWebKit/537.36 (KHTML, like Gecko; compatible; GPTBot/1.4; +https://openai.com/gptbot)"
180.242.129.178 - - [25/Aug/2026:19:41:41 +0000] "GET /wso-x569.php HTTP/1.1" 403 319 "-" "python-httpx/0.28.1"
180.242.129.178 - - [25/Aug/2026:19:41:45 +0000] "GET /alfashell.php HTTP/1.1" 403 319 "-" "python-httpx/0.28.1"
180.242.129.178 - - [25/Aug/2026:19:41:48 +0000] "GET /888.php HTTP/1.1" 403 319 "-" "python-httpx/0.28.1"
180.242.129.178 - - [25/Aug/2026:19:41:51 +0000] "GET /wp-includes/js/tinymce/skins/lightgray/fonts/about.php HTTP/1.1" 403 319 "-" "python-httpx/0.28.1"
66.249.75.3 - - [25/Aug/2026:19:41:51 +0000] "GET /shop/detail/N2546447339.html HTTP/1.1" 403 319 "-" "Mozilla/5.0 (compatible; Googlebot/2.1; +http://www.google.com/bot.html)"
180.242.129.178 - - [25/Aug/2026:19:41:54 +0000] "GET /about/function.php HTTP/1.1" 403 319 "-" "python-httpx/0.28.1"
180.242.129.178 - - [25/Aug/2026:19:41:57 +0000] "GET /ALFA_DATA/ALFA_DATA/alfacgiapi/ HTTP/1.1" 403 319 "-" "python-httpx/0.28.1"
180.242.129.178 - - [25/Aug/2026:19:42:00 +0000] "GET /wp-rewrite.php HTTP/1.1" 403 319 "-" "python-httpx/0.28.1"
74.7.243.222 - - [25/Aug/2026:19:42:01 +0000] "GET /?shop/detail/B25508035386.html HTTP/2.0" 403 307 "https://cellsonic.oxygenhealthsystems.com/?sitemap536.xml" "Mozilla/5.0 AppleWebKit/537.36 (KHTML, like Gecko; compatible; GPTBot/1.4; +https://openai.com/gptbot)"
180.242.129.178 - - [25/Aug/2026:19:42:03 +0000] "GET /vendor/dflydev/dot-access-data/src/Exception/about.php HTTP/1.1" 403 319 "-" "python-httpx/0.28.1"
180.242.129.178 - - [25/Aug/2026:19:42:07 +0000] "GET /wp-includes/block-editor.php HTTP/1.1" 403 319 "-" "python-httpx/0.28.1"
66.249.75.5 - - [25/Aug/2026:19:42:09 +0000] "GET /shop/detail/R2546330099.html HTTP/1.1" 403 319 "-" "Mozilla/5.0 (compatible; Googlebot/2.1; +http://www.google.com/bot.html)"
180.242.129.178 - - [25/Aug/2026:19:42:10 +0000] "GET /4.php HTTP/1.1" 403 319 "-" "python-httpx/0.28.1"
180.242.129.178 - - [25/Aug/2026:19:42:13 +0000] "GET /v3.php HTTP/1.1" 403 319 "-" "python-httpx/0.28.1"
180.242.129.178 - - [25/Aug/2026:19:42:16 +0000] "GET /wp-includes/css/bop.php?p= HTTP/1.1" 403 319 "-" "python-httpx/0.28.1"
180.242.129.178 - - [25/Aug/2026:19:42:19 +0000] "GET /tmp/cpn.php HTTP/1.1" 403 319 "-" "python-httpx/0.28.1"
180.242.129.178 - - [25/Aug/2026:19:42:22 +0000] "GET /wp-includes/customize/autoload_classmap.php HTTP/1.1" 403 319 "-" "python-httpx/0.28.1"
74.7.243.222 - - [25/Aug/2026:19:42:22 +0000] "GET /?shop/detail/B25515691639.html HTTP/2.0" 403 307 "https://cellsonic.oxygenhealthsystems.com/?sitemap425.xml" "Mozilla/5.0 AppleWebKit/537.36 (KHTML, like Gecko; compatible; GPTBot/1.4; +https://openai.com/gptbot)"
180.242.129.178 - - [25/Aug/2026:19:42:25 +0000] "GET /wp-admin/includes/user.php HTTP/1.1" 403 319 "-" "python-httpx/0.28.1"
180.242.129.178 - - [25/Aug/2026:19:42:28 +0000] "GET /wp-includes/js/tinymce/langs/wp-login.php HTTP/1.1" 403 319 "-" "python-httpx/0.28.1"
180.242.129.178 - - [25/Aug/2026:19:42:31 +0000] "GET /geju.php HTTP/1.1" 403 319 "-" "python-httpx/0.28.1"
180.242.129.178 - - [25/Aug/2026:19:42:34 +0000] "GET /wp-includes/k.php HTTP/1.1" 403 319 "-" "python-httpx/0.28.1"
180.242.129.178 - - [25/Aug/2026:19:42:38 +0000] "GET /wp-includes/js/dist/script-modules/about.php HTTP/1.1" 403 319 "-" "python-httpx/0.28.1"
180.242.129.178 - - [25/Aug/2026:19:42:41 +0000] "GET /wp-admin/403.php HTTP/1.1" 403 319 "-" "python-httpx/0.28.1"
74.7.243.222 - - [25/Aug/2026:19:42:44 +0000] "GET /?shop/detail/A255011085982.html HTTP/2.0" 403 307 "https://cellsonic.oxygenhealthsystems.com/?sitemap330.xml" "Mozilla/5.0 AppleWebKit/537.36 (KHTML, like Gecko; compatible; GPTBot/1.4; +https://openai.com/gptbot)"
180.242.129.178 - - [25/Aug/2026:19:42:44 +0000] "GET /vendor/composer/pcre/src/alfa-rex.php HTTP/1.1" 403 319 "-" "python-httpx/0.28.1"
180.242.129.178 - - [25/Aug/2026:19:42:47 +0000] "GET /wp-includes/js/dist/script-modules/block-library/about.php HTTP/1.1" 403 319 "-" "python-httpx/0.28.1"
180.242.129.178 - - [25/Aug/2026:19:42:50 +0000] "GET /wp-content/uploads/showupload.php HTTP/1.1" 403 319 "-" "python-httpx/0.28.1"
180.242.129.178 - - [25/Aug/2026:19:42:53 +0000] "GET /wp-includes/pomo/rk2.php HTTP/1.1" 403 319 "-" "python-httpx/0.28.1"
180.242.129.178 - - [25/Aug/2026:19:42:56 +0000] "GET /wp-admin/includes/class-wp-filesystem-ssh2.php HTTP/1.1" 403 319 "-" "python-httpx/0.28.1"
180.242.129.178 - - [25/Aug/2026:19:42:59 +0000] "GET /images/bay.php HTTP/1.1" 403 319 "-" "python-httpx/0.28.1"
180.242.129.178 - - [25/Aug/2026:19:43:02 +0000] "GET /wp-content/wp-configer.php HTTP/1.1" 403 319 "-" "python-httpx/0.28.1"
74.7.243.222 - - [25/Aug/2026:19:43:04 +0000] "GET /?shop/detail/Z25508243203.html HTTP/2.0" 403 307 "https://cellsonic.oxygenhealthsystems.com/?sitemap389.xml" "Mozilla/5.0 AppleWebKit/537.36 (KHTML, like Gecko; compatible; GPTBot/1.4; +https://openai.com/gptbot)"
180.242.129.178 - - [25/Aug/2026:19:43:06 +0000] "GET /images/lux.php HTTP/1.1" 403 319 "-" "python-httpx/0.28.1"
180.242.129.178 - - [25/Aug/2026:19:43:08 +0000] "GET /wp-includes/style-engine/class-wp-style-engine.php HTTP/1.1" 403 319 "-" "python-httpx/0.28.1"
180.242.129.178 - - [25/Aug/2026:19:43:12 +0000] "GET /vendor/iankumu/mpesa/src/certificates/about.php HTTP/1.1" 403 319 "-" "python-httpx/0.28.1"
180.242.129.178 - - [25/Aug/2026:19:43:15 +0000] "GET /wp-includes/js/tinymce/themes/about.php HTTP/1.1" 403 319 "-" "python-httpx/0.28.1"
180.242.129.178 - - [25/Aug/2026:19:43:18 +0000] "GET /wp-includes/wp-one.php HTTP/1.1" 403 319 "-" "python-httpx/0.28.1"
180.242.129.178 - - [25/Aug/2026:19:43:21 +0000] "GET /wp-admin/js/widgets/admin-ajax.php HTTP/1.1" 403 319 "-" "python-httpx/0.28.1"
74.7.243.222 - - [25/Aug/2026:19:43:24 +0000] "GET /?shop/detail/Z25497558215.html HTTP/2.0" 403 307 "https://cellsonic.oxygenhealthsystems.com/?sitemap947.xml" "Mozilla/5.0 AppleWebKit/537.36 (KHTML, like Gecko; compatible; GPTBot/1.4; +https://openai.com/gptbot)"
180.242.129.178 - - [25/Aug/2026:19:43:24 +0000] "GET /images/send.php HTTP/1.1" 403 319 "-" "python-httpx/0.28.1"
180.242.129.178 - - [25/Aug/2026:19:43:27 +0000] "GET /wp-includes/Text/Diff/Renderer/wp-login.php HTTP/1.1" 403 319 "-" "python-httpx/0.28.1"
180.242.129.178 - - [25/Aug/2026:19:43:30 +0000] "GET /wp-includes/script-loader.php HTTP/1.1" 403 319 "-" "python-httpx/0.28.1"
180.242.129.178 - - [25/Aug/2026:19:43:33 +0000] "GET /wp-includes/block-supports/border.php HTTP/1.1" 403 319 "-" "python-httpx/0.28.1"
180.242.129.178 - - [25/Aug/2026:19:43:36 +0000] "GET /ex0shell.php HTTP/1.1" 403 319 "-" "python-httpx/0.28.1"
180.242.129.178 - - [25/Aug/2026:19:43:39 +0000] "GET /wp-includes/customize/class-wp-customize-background-position-control.php HTTP/1.1" 403 319 "-" "python-httpx/0.28.1"
180.242.129.178 - - [25/Aug/2026:19:43:42 +0000] "GET /0byte.php HTTP/1.1" 403 319 "-" "python-httpx/0.28.1"
74.7.243.222 - - [25/Aug/2026:19:43:44 +0000] "GET /?shop/detail/Z25505417135.html HTTP/2.0" 403 307 "https://cellsonic.oxygenhealthsystems.com/?sitemap792.xml" "Mozilla/5.0 AppleWebKit/537.36 (KHTML, like Gecko; compatible; GPTBot/1.4; +https://openai.com/gptbot)"
180.242.129.178 - - [25/Aug/2026:19:43:45 +0000] "GET /wp-includes/customize/class-wp-customize-nav-menu-item-control.php HTTP/1.1" 403 319 "-" "python-httpx/0.28.1"
180.242.129.178 - - [25/Aug/2026:19:43:48 +0000] "GET /wp-admin/maint/wp-class.php HTTP/1.1" 403 319 "-" "python-httpx/0.28.1"
180.242.129.178 - - [25/Aug/2026:19:43:51 +0000] "GET /wp-content/languages/admin-ajax.php HTTP/1.1" 403 319 "-" "python-httpx/0.28.1"
180.242.129.178 - - [25/Aug/2026:19:43:55 +0000] "GET /msleaf.php7 HTTP/1.1" 403 319 "-" "python-httpx/0.28.1"
180.242.129.178 - - [25/Aug/2026:19:43:58 +0000] "GET /wp-includes/100.php HTTP/1.1" 403 319 "-" "python-httpx/0.28.1"
180.242.129.178 - - [25/Aug/2026:19:44:01 +0000] "GET /images/minimo.php HTTP/1.1" 403 319 "-" "python-httpx/0.28.1"
180.242.129.178 - - [25/Aug/2026:19:44:04 +0000] "GET /wp-admin/ajax-actions.php HTTP/1.1" 403 319 "-" "python-httpx/0.28.1"
74.7.243.222 - - [25/Aug/2026:19:44:06 +0000] "GET /?shop/detail/Z25497785592.html HTTP/2.0" 403 307 "https://cellsonic.oxygenhealthsystems.com/?sitemap389.xml" "Mozilla/5.0 AppleWebKit/537.36 (KHTML, like Gecko; compatible; GPTBot/1.4; +https://openai.com/gptbot)"
180.242.129.178 - - [25/Aug/2026:19:44:07 +0000] "GET /webshell.php HTTP/1.1" 403 319 "-" "python-httpx/0.28.1"
180.242.129.178 - - [25/Aug/2026:19:44:10 +0000] "GET /wp-admin/user/about.php HTTP/1.1" 403 319 "-" "python-httpx/0.28.1"
180.242.129.178 - - [25/Aug/2026:19:44:14 +0000] "GET /wp-content/alfa123.php HTTP/1.1" 403 319 "-" "python-httpx/0.28.1"
180.242.129.178 - - [25/Aug/2026:19:44:17 +0000] "GET /wp-includes/Text/Diff/Renderer/alfa-rex.php HTTP/1.1" 403 319 "-" "python-httpx/0.28.1"
180.242.129.178 - - [25/Aug/2026:19:44:20 +0000] "GET /wp-admin/send.php HTTP/1.1" 403 319 "-" "python-httpx/0.28.1"
66.249.75.3 - - [25/Aug/2026:19:44:21 +0000] "GET /shop/detail/E2547789683.html HTTP/1.1" 403 319 "-" "Mozilla/5.0 (Linux; Android 6.0.1; Nexus 5X Build/MMB29P) AppleWebKit/537.36 (KHTML, like Gecko) Chrome/151.0.7922.173 Mobile Safari/537.36 (compatible; Googlebot/2.1; +http://www.google.com/bot.html)"
180.242.129.178 - - [25/Aug/2026:19:44:23 +0000] "GET /wp-includes/sodium_compat/src/PHP52/alfa-rex.php HTTP/1.1" 403 319 "-" "python-httpx/0.28.1"
180.242.129.178 - - [25/Aug/2026:19:44:25 +0000] "GET /pler.php HTTP/1.1" 403 319 "-" "python-httpx/0.28.1"
74.7.243.222 - - [25/Aug/2026:19:44:26 +0000] "GET /?shop/detail/Z254715973757.html HTTP/2.0" 403 307 "https://cellsonic.oxygenhealthsystems.com/?sitemap612.xml" "Mozilla/5.0 AppleWebKit/537.36 (KHTML, like Gecko; compatible; GPTBot/1.4; +https://openai.com/gptbot)"
180.242.129.178 - - [25/Aug/2026:19:44:28 +0000] "GET /wp-admin/includes/ms-admin-filters.php HTTP/1.1" 403 319 "-" "python-httpx/0.28.1"
180.242.129.178 - - [25/Aug/2026:19:44:31 +0000] "GET /Alfashell.php HTTP/1.1" 403 319 "-" "python-httpx/0.28.1"
180.242.129.178 - - [25/Aug/2026:19:44:35 +0000] "GET /wp-includes/js/mediaelement/alfa-rex.php HTTP/1.1" 403 319 "-" "python-httpx/0.28.1"
180.242.129.178 - - [25/Aug/2026:19:44:38 +0000] "GET /wp-includes/ID3/module.tag.id3v2.php HTTP/1.1" 403 319 "-" "python-httpx/0.28.1"
180.242.129.178 - - [25/Aug/2026:19:44:41 +0000] "GET /wp-admin/css/colors/midnight/alfa-rex.php HTTP/1.1" 403 319 "-" "python-httpx/0.28.1"
180.242.129.178 - - [25/Aug/2026:19:44:44 +0000] "GET /wp-includes/theme-templates.php HTTP/1.1" 403 319 "-" "python-httpx/0.28.1"
180.242.129.178 - - [25/Aug/2026:19:44:48 +0000] "GET /million.php HTTP/1.1" 403 319 "-" "python-httpx/0.28.1"
74.7.243.222 - - [25/Aug/2026:19:44:48 +0000] "GET /?shop/detail/A254843228135.html HTTP/2.0" 403 307 "https://cellsonic.oxygenhealthsystems.com/?sitemap809.xml" "Mozilla/5.0 AppleWebKit/537.36 (KHTML, like Gecko; compatible; GPTBot/1.4; +https://openai.com/gptbot)"
180.242.129.178 - - [25/Aug/2026:19:44:51 +0000] "GET /classfuns.php HTTP/1.1" 403 319 "-" "python-httpx/0.28.1"
180.242.129.178 - - [25/Aug/2026:19:44:54 +0000] "GET /wp-includes/PHPMailer/Send.php HTTP/1.1" 403 319 "-" "python-httpx/0.28.1"
180.242.129.178 - - [25/Aug/2026:19:44:57 +0000] "GET /index/index.php HTTP/1.1" 403 319 "-" "python-httpx/0.28.1"
180.242.129.178 - - [25/Aug/2026:19:45:00 +0000] "GET /ak47shell.php HTTP/1.1" 403 319 "-" "python-httpx/0.28.1"
180.242.129.178 - - [25/Aug/2026:19:45:03 +0000] "GET /img/about.php HTTP/1.1" 403 319 "-" "python-httpx/0.28.1"
180.242.129.178 - - [25/Aug/2026:19:45:07 +0000] "GET /wp-content/fox.php HTTP/1.1" 403 319 "-" "python-httpx/0.28.1"
74.7.243.222 - - [25/Aug/2026:19:45:09 +0000] "GET /?shop/detail/A25463004560.html HTTP/2.0" 403 307 "https://cellsonic.oxygenhealthsystems.com/?sitemap166.xml" "Mozilla/5.0 AppleWebKit/537.36 (KHTML, like Gecko; compatible; GPTBot/1.4; +https://openai.com/gptbot)"
180.242.129.178 - - [25/Aug/2026:19:45:10 +0000] "GET /xinfo.php HTTP/1.1" 403 319 "-" "python-httpx/0.28.1"
180.242.129.178 - - [25/Aug/2026:19:45:13 +0000] "GET /wp-admin/user/023ws.php HTTP/1.1" 403 319 "-" "python-httpx/0.28.1"
180.242.129.178 - - [25/Aug/2026:19:45:16 +0000] "GET /jscript/tiny_mce/plugins/ajaxfilemanager/admin-ajax.php HTTP/1.1" 403 319 "-" "python-httpx/0.28.1"
180.242.129.178 - - [25/Aug/2026:19:45:19 +0000] "GET /vendor/dragonmantank/cron-expression/alfa-rex.php HTTP/1.1" 403 319 "-" "python-httpx/0.28.1"
180.242.129.178 - - [25/Aug/2026:19:45:22 +0000] "GET /wp-includes/sodium_compat/lib/alfa-rex.php HTTP/1.1" 403 319 "-" "python-httpx/0.28.1"
66.249.75.5 - - [25/Aug/2026:19:45:24 +0000] "GET /shop/detail/I25481332529.html HTTP/1.1" 403 319 "-" "Mozilla/5.0 (compatible; Googlebot/2.1; +http://www.google.com/bot.html)"
180.242.129.178 - - [25/Aug/2026:19:45:25 +0000] "GET /wp-includes/SimplePie/src/Decode/alfa-rex.php HTTP/1.1" 403 319 "-" "python-httpx/0.28.1"
180.242.129.178 - - [25/Aug/2026:19:45:28 +0000] "GET /image/alfa123.php HTTP/1.1" 403 319 "-" "python-httpx/0.28.1"
74.7.243.222 - - [25/Aug/2026:19:45:29 +0000] "GET /?shop/detail/B25515735464.html HTTP/2.0" 403 307 "https://cellsonic.oxygenhealthsystems.com/?sitemap425.xml" "Mozilla/5.0 AppleWebKit/537.36 (KHTML, like Gecko; compatible; GPTBot/1.4; +https://openai.com/gptbot)"
180.242.129.178 - - [25/Aug/2026:19:45:32 +0000] "GET /wp-admin/css/PXmpeIJJ.php HTTP/1.1" 403 319 "-" "python-httpx/0.28.1"
66.249.75.3 - - [25/Aug/2026:19:45:35 +0000] "GET /shop/detail/K2546422394.html HTTP/1.1" 403 319 "-" "Mozilla/5.0 (Linux; Android 6.0.1; Nexus 5X Build/MMB29P) AppleWebKit/537.36 (KHTML, like Gecko) Chrome/151.0.7922.173 Mobile Safari/537.36 (compatible; Googlebot/2.1; +http://www.google.com/bot.html)"
180.242.129.178 - - [25/Aug/2026:19:45:35 +0000] "GET /.well-known/radio.php HTTP/1.1" 403 319 "-" "python-httpx/0.28.1"
180.242.129.178 - - [25/Aug/2026:19:45:39 +0000] "GET /wp-admin/js/widgets/chosen.php HTTP/1.1" 403 319 "-" "python-httpx/0.28.1"
180.242.129.178 - - [25/Aug/2026:19:45:42 +0000] "GET /wp-content/plugins/TOPXOH/wDR.php HTTP/1.1" 403 319 "-" "python-httpx/0.28.1"
180.242.129.178 - - [25/Aug/2026:19:45:46 +0000] "GET /wp-includes/radio.php HTTP/1.1" 403 319 "-" "python-httpx/0.28.1"
180.242.129.178 - - [25/Aug/2026:19:45:49 +0000] "GET /wp-admin/css/colors/blue/blue.php?wall= HTTP/1.1" 403 319 "-" "python-httpx/0.28.1"
74.7.243.222 - - [25/Aug/2026:19:45:51 +0000] "GET /?shop/detail/A25505187583.html HTTP/2.0" 403 307 "https://cellsonic.oxygenhealthsystems.com/?sitemap166.xml" "Mozilla/5.0 AppleWebKit/537.36 (KHTML, like Gecko; compatible; GPTBot/1.4; +https://openai.com/gptbot)"
180.242.129.178 - - [25/Aug/2026:19:45:52 +0000] "GET /lowpr.php HTTP/1.1" 403 319 "-" "python-httpx/0.28.1"
66.249.75.3 - - [25/Aug/2026:19:45:53 +0000] "GET /shop/detail/L2547518645.html HTTP/1.1" 403 319 "-" "Mozilla/5.0 (Linux; Android 6.0.1; Nexus 5X Build/MMB29P) AppleWebKit/537.36 (KHTML, like Gecko) Chrome/151.0.7922.173 Mobile Safari/537.36 (compatible; Googlebot/2.1; +http://www.google.com/bot.html)"
66.249.75.5 - - [25/Aug/2026:19:45:55 +0000] "GET /shop/detail/O25481040734.html HTTP/1.1" 403 319 "-" "Mozilla/5.0 (Linux; Android 6.0.1; Nexus 5X Build/MMB29P) AppleWebKit/537.36 (KHTML, like Gecko) Chrome/151.0.7922.137 Mobile Safari/537.36 (compatible; Googlebot/2.1; +http://www.google.com/bot.html)"
180.242.129.178 - - [25/Aug/2026:19:45:55 +0000] "GET /includes.php HTTP/1.1" 403 319 "-" "python-httpx/0.28.1"
180.242.129.178 - - [25/Aug/2026:19:45:59 +0000] "GET /cms/tiny_mce/plugins/ajaxfilemanager/block-css.php?mode=upload HTTP/1.1" 403 319 "-" "python-httpx/0.28.1"
66.249.75.3 - - [25/Aug/2026:19:46:01 +0000] "GET /shop/detail/I25502087744.html HTTP/1.1" 403 319 "-" "Mozilla/5.0 (Linux; Android 6.0.1; Nexus 5X Build/MMB29P) AppleWebKit/537.36 (KHTML, like Gecko) Chrome/151.0.7922.173 Mobile Safari/537.36 (compatible; Googlebot/2.1; +http://www.google.com/bot.html)"
180.242.129.178 - - [25/Aug/2026:19:46:02 +0000] "GET /wp-includes/ID3/module.audio.dts.php HTTP/1.1" 403 319 "-" "python-httpx/0.28.1"
180.242.129.178 - - [25/Aug/2026:19:46:05 +0000] "GET /mano.php HTTP/1.1" 403 319 "-" "python-httpx/0.28.1"
180.242.129.178 - - [25/Aug/2026:19:46:09 +0000] "GET /wp-includes/class-wp-block-method.php HTTP/1.1" 403 319 "-" "python-httpx/0.28.1"
180.242.129.178 - - [25/Aug/2026:19:46:12 +0000] "GET /wp-admin/r57.php HTTP/1.1" 403 319 "-" "python-httpx/0.28.1"
74.7.243.222 - - [25/Aug/2026:19:46:13 +0000] "GET /?shop/detail/Z25466356934.html HTTP/2.0" 403 307 "https://cellsonic.oxygenhealthsystems.com/?sitemap700.xml" "Mozilla/5.0 AppleWebKit/537.36 (KHTML, like Gecko; compatible; GPTBot/1.4; +https://openai.com/gptbot)"
180.242.129.178 - - [25/Aug/2026:19:46:15 +0000] "GET /vendor/laminas/laminas-diactoros/src/Request/about.php HTTP/1.1" 403 319 "-" "python-httpx/0.28.1"
180.242.129.178 - - [25/Aug/2026:19:46:19 +0000] "GET /wp-includes/js/tinymce/plugins/link/wp-login.php HTTP/1.1" 403 319 "-" "python-httpx/0.28.1"
180.242.129.178 - - [25/Aug/2026:19:46:22 +0000] "GET /wp-includes/1.php HTTP/1.1" 403 319 "-" "python-httpx/0.28.1"
180.242.129.178 - - [25/Aug/2026:19:46:26 +0000] "GET /css/wp_project.php HTTP/1.1" 403 319 "-" "python-httpx/0.28.1"
180.242.129.178 - - [25/Aug/2026:19:46:28 +0000] "GET /.wp-cache.php HTTP/1.1" 403 319 "-" "python-httpx/0.28.1"
180.242.129.178 - - [25/Aug/2026:19:46:33 +0000] "GET /wp-admin/includes/export.php HTTP/1.1" 403 319 "-" "python-httpx/0.28.1"
74.7.243.222 - - [25/Aug/2026:19:46:33 +0000] "GET /?shop/detail/A25484029594.html HTTP/2.0" 403 307 "https://cellsonic.oxygenhealthsystems.com/?sitemap234.xml" "Mozilla/5.0 AppleWebKit/537.36 (KHTML, like Gecko; compatible; GPTBot/1.4; +https://openai.com/gptbot)"
180.242.129.178 - - [25/Aug/2026:19:46:36 +0000] "GET /vendor/laminas/laminas-code/src/Reflection/alfa-rex.php HTTP/1.1" 403 319 "-" "python-httpx/0.28.1"
180.242.129.178 - - [25/Aug/2026:19:46:39 +0000] "GET /wp-includes/class-wp-text-diff-renderer-inline.php HTTP/1.1" 403 319 "-" "python-httpx/0.28.1"
180.242.129.178 - - [25/Aug/2026:19:46:43 +0000] "GET /wp-content/xx.php HTTP/1.1" 403 319 "-" "python-httpx/0.28.1"
180.242.129.178 - - [25/Aug/2026:19:46:46 +0000] "GET /wp-includes/js/tinymce/skins/lightgray/wp-login.php HTTP/1.1" 403 319 "-" "python-httpx/0.28.1"
