66.249.75.3 - - [26/Aug/2026:01:42:12 +0000] "GET /shop/detail/I25491944081.html HTTP/1.1" 403 319 "-" "Mozilla/5.0 (Linux; Android 6.0.1; Nexus 5X Build/MMB29P) AppleWebKit/537.36 (KHTML, like Gecko) Chrome/151.0.7922.173 Mobile Safari/537.36 (compatible; Googlebot/2.1; +http://www.google.com/bot.html)"
66.249.75.3 - - [26/Aug/2026:01:42:13 +0000] "GET /shop/detail/E25502440765.html HTTP/1.1" 403 319 "-" "Mozilla/5.0 (Linux; Android 6.0.1; Nexus 5X Build/MMB29P) AppleWebKit/537.36 (KHTML, like Gecko) Chrome/151.0.7922.173 Mobile Safari/537.36 (compatible; Googlebot/2.1; +http://www.google.com/bot.html)"
66.249.75.3 - - [26/Aug/2026:01:42:14 +0000] "GET /shop/detail/V25502019608.html HTTP/1.1" 403 319 "-" "Mozilla/5.0 (Linux; Android 6.0.1; Nexus 5X Build/MMB29P) AppleWebKit/537.36 (KHTML, like Gecko) Chrome/151.0.7922.173 Mobile Safari/537.36 (compatible; Googlebot/2.1; +http://www.google.com/bot.html)"
180.242.129.178 - - [26/Aug/2026:01:42:18 +0000] "GET /wp-admin/leafmailer2.8.php HTTP/1.1" 403 319 "-" "python-httpx/0.28.1"
180.242.129.178 - - [26/Aug/2026:01:42:25 +0000] "GET /admin/function.php HTTP/1.1" 403 319 "-" "python-httpx/0.28.1"
74.7.243.222 - - [26/Aug/2026:01:42:27 +0000] "GET /?shop/detail/Z25494757141.html HTTP/2.0" 403 307 "https://cellsonic.oxygenhealthsystems.com/?sitemap700.xml" "Mozilla/5.0 AppleWebKit/537.36 (KHTML, like Gecko; compatible; GPTBot/1.4; +https://openai.com/gptbot)"
66.249.75.4 - - [26/Aug/2026:01:42:30 +0000] "GET /shop/detail/I25512670118.html HTTP/1.1" 403 319 "-" "Mozilla/5.0 (Linux; Android 6.0.1; Nexus 5X Build/MMB29P) AppleWebKit/537.36 (KHTML, like Gecko) Chrome/151.0.7922.173 Mobile Safari/537.36 (compatible; Googlebot/2.1; +http://www.google.com/bot.html)"
180.242.129.178 - - [26/Aug/2026:01:42:32 +0000] "GET /wp-admin/network/admin-ajax.php HTTP/1.1" 403 319 "-" "python-httpx/0.28.1"
180.242.129.178 - - [26/Aug/2026:01:42:39 +0000] "GET /wp-includes/rest-api/endpoints/class-wp-rest-themes-controller.php HTTP/1.1" 403 319 "-" "python-httpx/0.28.1"
180.242.129.178 - - [26/Aug/2026:01:42:46 +0000] "GET /wp-admin/user/chosen.php HTTP/1.1" 403 319 "-" "python-httpx/0.28.1"
74.7.243.222 - - [26/Aug/2026:01:42:49 +0000] "GET /?shop/detail/B25494661526.html HTTP/2.0" 403 307 "https://cellsonic.oxygenhealthsystems.com/?sitemap425.xml" "Mozilla/5.0 AppleWebKit/537.36 (KHTML, like Gecko; compatible; GPTBot/1.4; +https://openai.com/gptbot)"
66.249.75.3 - - [26/Aug/2026:01:42:50 +0000] "GET /shop/detail/P25502342308.html HTTP/1.1" 403 319 "-" "Mozilla/5.0 (Linux; Android 6.0.1; Nexus 5X Build/MMB29P) AppleWebKit/537.36 (KHTML, like Gecko) Chrome/151.0.7922.173 Mobile Safari/537.36 (compatible; Googlebot/2.1; +http://www.google.com/bot.html)"
66.249.75.3 - - [26/Aug/2026:01:42:51 +0000] "GET /shop/detail/G2546349506.html HTTP/1.1" 403 319 "-" "Mozilla/5.0 (Linux; Android 6.0.1; Nexus 5X Build/MMB29P) AppleWebKit/537.36 (KHTML, like Gecko) Chrome/151.0.7922.173 Mobile Safari/537.36 (compatible; Googlebot/2.1; +http://www.google.com/bot.html)"
180.242.129.178 - - [26/Aug/2026:01:42:53 +0000] "GET /wp-includes/SimplePie/src/Content/alfa-rex.php HTTP/1.1" 403 319 "-" "python-httpx/0.28.1"
66.249.75.3 - - [26/Aug/2026:01:42:55 +0000] "GET /shop/detail/E25512700888.html HTTP/1.1" 403 319 "-" "Mozilla/5.0 (Linux; Android 6.0.1; Nexus 5X Build/MMB29P) AppleWebKit/537.36 (KHTML, like Gecko) Chrome/151.0.7922.173 Mobile Safari/537.36 (compatible; Googlebot/2.1; +http://www.google.com/bot.html)"
66.249.75.3 - - [26/Aug/2026:01:42:56 +0000] "GET /shop/detail/I2547955872.html HTTP/1.1" 403 319 "-" "Mozilla/5.0 (Linux; Android 6.0.1; Nexus 5X Build/MMB29P) AppleWebKit/537.36 (KHTML, like Gecko) Chrome/151.0.7922.173 Mobile Safari/537.36 (compatible; Googlebot/2.1; +http://www.google.com/bot.html)"
66.249.75.3 - - [26/Aug/2026:01:42:57 +0000] "GET /shop/detail/A25502121763.html HTTP/1.1" 403 319 "-" "Mozilla/5.0 (Linux; Android 6.0.1; Nexus 5X Build/MMB29P) AppleWebKit/537.36 (KHTML, like Gecko) Chrome/151.0.7922.173 Mobile Safari/537.36 (compatible; Googlebot/2.1; +http://www.google.com/bot.html)"
180.242.129.178 - - [26/Aug/2026:01:43:01 +0000] "GET /.well-known/ HTTP/1.1" 403 319 "-" "python-httpx/0.28.1"
180.242.129.178 - - [26/Aug/2026:01:43:07 +0000] "GET /wp-admin/priv8.php HTTP/1.1" 403 319 "-" "python-httpx/0.28.1"
74.7.243.222 - - [26/Aug/2026:01:43:10 +0000] "GET /?shop/detail/B254775881242.html HTTP/2.0" 403 307 "https://cellsonic.oxygenhealthsystems.com/?sitemap273.xml" "Mozilla/5.0 AppleWebKit/537.36 (KHTML, like Gecko; compatible; GPTBot/1.4; +https://openai.com/gptbot)"
180.242.129.178 - - [26/Aug/2026:01:43:14 +0000] "GET /xleet.php HTTP/1.1" 403 319 "-" "python-httpx/0.28.1"
66.249.75.3 - - [26/Aug/2026:01:43:20 +0000] "GET /shop/detail/T25502095337.html HTTP/1.1" 403 319 "-" "Mozilla/5.0 (Linux; Android 6.0.1; Nexus 5X Build/MMB29P) AppleWebKit/537.36 (KHTML, like Gecko) Chrome/151.0.7922.173 Mobile Safari/537.36 (compatible; Googlebot/2.1; +http://www.google.com/bot.html)"
66.249.75.3 - - [26/Aug/2026:01:43:22 +0000] "GET /shop/detail/G25481010566.html HTTP/1.1" 403 319 "-" "Mozilla/5.0 (Linux; Android 6.0.1; Nexus 5X Build/MMB29P) AppleWebKit/537.36 (KHTML, like Gecko) Chrome/151.0.7922.173 Mobile Safari/537.36 (compatible; Googlebot/2.1; +http://www.google.com/bot.html)"
180.242.129.178 - - [26/Aug/2026:01:43:22 +0000] "GET /wp-includes/css/dist/preferences/wp-login.php HTTP/1.1" 403 319 "-" "python-httpx/0.28.1"
180.242.129.178 - - [26/Aug/2026:01:43:29 +0000] "GET /plugins/ajaxfilemanager/admin-ajax.php HTTP/1.1" 403 319 "-" "python-httpx/0.28.1"
66.249.75.3 - - [26/Aug/2026:01:43:31 +0000] "GET /shop/detail/H25512716475.html HTTP/1.1" 403 319 "-" "Mozilla/5.0 (Linux; Android 6.0.1; Nexus 5X Build/MMB29P) AppleWebKit/537.36 (KHTML, like Gecko) Chrome/151.0.7922.173 Mobile Safari/537.36 (compatible; Googlebot/2.1; +http://www.google.com/bot.html)"
66.249.75.3 - - [26/Aug/2026:01:43:32 +0000] "GET /shop/detail/W25481193433.html HTTP/1.1" 403 319 "-" "Mozilla/5.0 (Linux; Android 6.0.1; Nexus 5X Build/MMB29P) AppleWebKit/537.36 (KHTML, like Gecko) Chrome/151.0.7922.173 Mobile Safari/537.36 (compatible; Googlebot/2.1; +http://www.google.com/bot.html)"
74.7.243.222 - - [26/Aug/2026:01:43:32 +0000] "GET /?shop/detail/B25518683523.html HTTP/2.0" 403 307 "https://cellsonic.oxygenhealthsystems.com/?sitemap536.xml" "Mozilla/5.0 AppleWebKit/537.36 (KHTML, like Gecko; compatible; GPTBot/1.4; +https://openai.com/gptbot)"
180.242.129.178 - - [26/Aug/2026:01:43:37 +0000] "GET /wp-includes/widgets/class-wp-widget-tags.php HTTP/1.1" 403 319 "-" "python-httpx/0.28.1"
180.242.129.178 - - [26/Aug/2026:01:43:43 +0000] "GET /vendor/egulias/email-validator/alfa-rex.php HTTP/1.1" 403 319 "-" "python-httpx/0.28.1"
180.242.129.178 - - [26/Aug/2026:01:43:51 +0000] "GET /.fk.php HTTP/1.1" 403 319 "-" "python-httpx/0.28.1"
74.7.243.222 - - [26/Aug/2026:01:43:53 +0000] "GET /?shop/detail/A25479528584.html HTTP/2.0" 403 307 "https://cellsonic.oxygenhealthsystems.com/?sitemap234.xml" "Mozilla/5.0 AppleWebKit/537.36 (KHTML, like Gecko; compatible; GPTBot/1.4; +https://openai.com/gptbot)"
66.249.75.3 - - [26/Aug/2026:01:43:57 +0000] "GET /shop/detail/B254697755.html HTTP/1.1" 403 319 "-" "Mozilla/5.0 (Linux; Android 6.0.1; Nexus 5X Build/MMB29P) AppleWebKit/537.36 (KHTML, like Gecko) Chrome/151.0.7922.173 Mobile Safari/537.36 (compatible; Googlebot/2.1; +http://www.google.com/bot.html)"
180.242.129.178 - - [26/Aug/2026:01:43:57 +0000] "GET /vendor/filp/alfa-rex.php HTTP/1.1" 403 319 "-" "python-httpx/0.28.1"
180.242.129.178 - - [26/Aug/2026:01:44:05 +0000] "GET /delete3.php HTTP/1.1" 403 319 "-" "python-httpx/0.28.1"
180.242.129.178 - - [26/Aug/2026:01:44:11 +0000] "GET /vendor/iankumu/mpesa/config/alfa-rex.php HTTP/1.1" 403 319 "-" "python-httpx/0.28.1"
74.7.243.222 - - [26/Aug/2026:01:44:13 +0000] "GET /?shop/detail/B25502286776.html HTTP/2.0" 403 307 "https://cellsonic.oxygenhealthsystems.com/?sitemap425.xml" "Mozilla/5.0 AppleWebKit/537.36 (KHTML, like Gecko; compatible; GPTBot/1.4; +https://openai.com/gptbot)"
66.249.75.3 - - [26/Aug/2026:01:44:13 +0000] "GET /shop/detail/U25491618811.html HTTP/1.1" 403 319 "-" "Mozilla/5.0 (compatible; Googlebot/2.1; +http://www.google.com/bot.html)"
66.249.75.4 - - [26/Aug/2026:01:44:16 +0000] "GET /shop/detail/U25491618811.html HTTP/1.1" 403 319 "-" "Mozilla/5.0 (Linux; Android 6.0.1; Nexus 5X Build/MMB29P) AppleWebKit/537.36 (KHTML, like Gecko) Chrome/151.0.7922.173 Mobile Safari/537.36 (compatible; Googlebot/2.1; +http://www.google.com/bot.html)"
180.242.129.178 - - [26/Aug/2026:01:44:18 +0000] "GET /wp-content/777.php HTTP/1.1" 403 319 "-" "python-httpx/0.28.1"
66.249.75.4 - - [26/Aug/2026:01:44:24 +0000] "GET /shop/detail/E25502417335.html HTTP/1.1" 403 319 "-" "Mozilla/5.0 (Linux; Android 6.0.1; Nexus 5X Build/MMB29P) AppleWebKit/537.36 (KHTML, like Gecko) Chrome/151.0.7922.173 Mobile Safari/537.36 (compatible; Googlebot/2.1; +http://www.google.com/bot.html)"
180.242.129.178 - - [26/Aug/2026:01:44:25 +0000] "GET /vendor/dflydev/dot-access-data/src/Exception/alfa-rex.php HTTP/1.1" 403 319 "-" "python-httpx/0.28.1"
66.249.75.4 - - [26/Aug/2026:01:44:26 +0000] "GET /shop/detail/E25502486251.html HTTP/1.1" 403 319 "-" "Mozilla/5.0 (Linux; Android 6.0.1; Nexus 5X Build/MMB29P) AppleWebKit/537.36 (KHTML, like Gecko) Chrome/151.0.7922.173 Mobile Safari/537.36 (compatible; Googlebot/2.1; +http://www.google.com/bot.html)"
180.242.129.178 - - [26/Aug/2026:01:44:32 +0000] "GET /css/wp-ver.php HTTP/1.1" 403 319 "-" "python-httpx/0.28.1"
74.7.243.222 - - [26/Aug/2026:01:44:33 +0000] "GET /?shop/detail/A254742648786.html HTTP/2.0" 403 307 "https://cellsonic.oxygenhealthsystems.com/?sitemap809.xml" "Mozilla/5.0 AppleWebKit/537.36 (KHTML, like Gecko; compatible; GPTBot/1.4; +https://openai.com/gptbot)"
180.242.129.178 - - [26/Aug/2026:01:44:39 +0000] "GET /file/wp-term.php HTTP/1.1" 403 319 "-" "python-httpx/0.28.1"
180.242.129.178 - - [26/Aug/2026:01:44:47 +0000] "GET /wp-admin/js/widgets/dbtoolkit_import.php HTTP/1.1" 403 319 "-" "python-httpx/0.28.1"
66.249.75.3 - - [26/Aug/2026:01:44:48 +0000] "GET /shop/detail/Q25512506408.html HTTP/1.1" 403 319 "-" "Mozilla/5.0 (Linux; Android 6.0.1; Nexus 5X Build/MMB29P) AppleWebKit/537.36 (KHTML, like Gecko) Chrome/151.0.7922.173 Mobile Safari/537.36 (compatible; Googlebot/2.1; +http://www.google.com/bot.html)"
66.249.75.3 - - [26/Aug/2026:01:44:52 +0000] "GET /shop/detail/U25512585440.html HTTP/1.1" 403 319 "-" "Mozilla/5.0 (Linux; Android 6.0.1; Nexus 5X Build/MMB29P) AppleWebKit/537.36 (KHTML, like Gecko) Chrome/151.0.7922.173 Mobile Safari/537.36 (compatible; Googlebot/2.1; +http://www.google.com/bot.html)"
66.249.75.3 - - [26/Aug/2026:01:44:53 +0000] "GET /shop/detail/F25502119558.html HTTP/1.1" 403 319 "-" "Mozilla/5.0 (Linux; Android 6.0.1; Nexus 5X Build/MMB29P) AppleWebKit/537.36 (KHTML, like Gecko) Chrome/151.0.7922.173 Mobile Safari/537.36 (compatible; Googlebot/2.1; +http://www.google.com/bot.html)"
74.7.243.222 - - [26/Aug/2026:01:44:53 +0000] "GET /?shop/detail/B255114676245.html HTTP/2.0" 403 307 "https://cellsonic.oxygenhealthsystems.com/?sitemap485.xml" "Mozilla/5.0 AppleWebKit/537.36 (KHTML, like Gecko; compatible; GPTBot/1.4; +https://openai.com/gptbot)"
180.242.129.178 - - [26/Aug/2026:01:44:54 +0000] "GET /docs/docs/alfa-rex.php56 HTTP/1.1" 403 319 "-" "python-httpx/0.28.1"
180.242.129.178 - - [26/Aug/2026:01:45:02 +0000] "GET /wp-content/plugins/theme-configurator/mini.php HTTP/1.1" 403 319 "-" "python-httpx/0.28.1"
180.242.129.178 - - [26/Aug/2026:01:45:09 +0000] "GET /wp-includes/SimplePie/wp-class.php HTTP/1.1" 403 319 "-" "python-httpx/0.28.1"
66.249.75.3 - - [26/Aug/2026:01:45:13 +0000] "GET /shop/detail/A25491876381.html HTTP/1.1" 403 319 "-" "Mozilla/5.0 (Linux; Android 6.0.1; Nexus 5X Build/MMB29P) AppleWebKit/537.36 (KHTML, like Gecko) Chrome/151.0.7922.173 Mobile Safari/537.36 (compatible; Googlebot/2.1; +http://www.google.com/bot.html)"
74.7.243.222 - - [26/Aug/2026:01:45:15 +0000] "GET /?shop/detail/Z25466483588.html HTTP/2.0" 403 307 "https://cellsonic.oxygenhealthsystems.com/?sitemap389.xml" "Mozilla/5.0 AppleWebKit/537.36 (KHTML, like Gecko; compatible; GPTBot/1.4; +https://openai.com/gptbot)"
180.242.129.178 - - [26/Aug/2026:01:45:16 +0000] "GET /wp-admin/includes/class-wp-internal-pointers.php HTTP/1.1" 403 319 "-" "python-httpx/0.28.1"
66.249.75.3 - - [26/Aug/2026:01:45:22 +0000] "GET /shop/detail/T25502113655.html HTTP/1.1" 403 319 "-" "Mozilla/5.0 (Linux; Android 6.0.1; Nexus 5X Build/MMB29P) AppleWebKit/537.36 (KHTML, like Gecko) Chrome/151.0.7922.173 Mobile Safari/537.36 (compatible; Googlebot/2.1; +http://www.google.com/bot.html)"
180.242.129.178 - - [26/Aug/2026:01:45:23 +0000] "GET /vendor/egulias/email-validator/src/Validation/Extra/alfa-rex.php HTTP/1.1" 403 319 "-" "python-httpx/0.28.1"
180.242.129.178 - - [26/Aug/2026:01:45:31 +0000] "GET /wp-includes/sitemaps/providers/alfa-rex.php HTTP/1.1" 403 319 "-" "python-httpx/0.28.1"
74.7.243.222 - - [26/Aug/2026:01:45:36 +0000] "GET /?shop/detail/Z25494506429.html HTTP/2.0" 403 307 "https://cellsonic.oxygenhealthsystems.com/?sitemap417.xml" "Mozilla/5.0 AppleWebKit/537.36 (KHTML, like Gecko; compatible; GPTBot/1.4; +https://openai.com/gptbot)"
180.242.129.178 - - [26/Aug/2026:01:45:38 +0000] "GET /wp-admin/nasgor.php HTTP/1.1" 403 319 "-" "python-httpx/0.28.1"
180.242.129.178 - - [26/Aug/2026:01:45:45 +0000] "GET /alexus.php HTTP/1.1" 403 319 "-" "python-httpx/0.28.1"
66.249.75.3 - - [26/Aug/2026:01:45:49 +0000] "GET /shop/detail/L25481288174.html HTTP/1.1" 403 319 "-" "Mozilla/5.0 (Linux; Android 6.0.1; Nexus 5X Build/MMB29P) AppleWebKit/537.36 (KHTML, like Gecko) Chrome/151.0.7922.173 Mobile Safari/537.36 (compatible; Googlebot/2.1; +http://www.google.com/bot.html)"
66.249.75.3 - - [26/Aug/2026:01:45:50 +0000] "GET /shop/detail/I25512526080.html HTTP/1.1" 403 319 "-" "Mozilla/5.0 (Linux; Android 6.0.1; Nexus 5X Build/MMB29P) AppleWebKit/537.36 (KHTML, like Gecko) Chrome/151.0.7922.173 Mobile Safari/537.36 (compatible; Googlebot/2.1; +http://www.google.com/bot.html)"
180.242.129.178 - - [26/Aug/2026:01:45:51 +0000] "GET /vendor/bensampo/laravel-enum/src/Attributes/alfa-rex.php HTTP/1.1" 403 319 "-" "python-httpx/0.28.1"
74.7.243.222 - - [26/Aug/2026:01:45:56 +0000] "GET /?shop/detail/Z25512774021.html HTTP/2.0" 403 307 "https://cellsonic.oxygenhealthsystems.com/?sitemap792.xml" "Mozilla/5.0 AppleWebKit/537.36 (KHTML, like Gecko; compatible; GPTBot/1.4; +https://openai.com/gptbot)"
180.242.129.178 - - [26/Aug/2026:01:45:58 +0000] "GET /wp-admin/network/chosen.php HTTP/1.1" 403 319 "-" "python-httpx/0.28.1"
180.242.129.178 - - [26/Aug/2026:01:46:06 +0000] "GET /9.php HTTP/1.1" 403 319 "-" "python-httpx/0.28.1"
180.242.129.178 - - [26/Aug/2026:01:46:13 +0000] "GET /wp-includes/Requests/src/Exception/about.php HTTP/1.1" 403 319 "-" "python-httpx/0.28.1"
66.249.75.3 - - [26/Aug/2026:01:46:14 +0000] "GET /shop/detail/U25512665349.html HTTP/1.1" 403 319 "-" "Mozilla/5.0 (Linux; Android 6.0.1; Nexus 5X Build/MMB29P) AppleWebKit/537.36 (KHTML, like Gecko) Chrome/151.0.7922.173 Mobile Safari/537.36 (compatible; Googlebot/2.1; +http://www.google.com/bot.html)"
74.7.243.222 - - [26/Aug/2026:01:46:16 +0000] "GET /?shop/detail/Z25518836523.html HTTP/2.0" 403 307 "https://cellsonic.oxygenhealthsystems.com/?sitemap666.xml" "Mozilla/5.0 AppleWebKit/537.36 (KHTML, like Gecko; compatible; GPTBot/1.4; +https://openai.com/gptbot)"
180.242.129.178 - - [26/Aug/2026:01:46:20 +0000] "GET /wp-includes/block-patterns/about.php HTTP/1.1" 403 319 "-" "python-httpx/0.28.1"
66.249.75.4 - - [26/Aug/2026:01:46:22 +0000] "GET /shop/detail/I25512920461.html HTTP/1.1" 403 319 "-" "Mozilla/5.0 (compatible; Googlebot/2.1; +http://www.google.com/bot.html)"
66.249.75.4 - - [26/Aug/2026:01:46:24 +0000] "GET /shop/detail/J2547703786.html HTTP/1.1" 403 319 "-" "Mozilla/5.0 (Linux; Android 6.0.1; Nexus 5X Build/MMB29P) AppleWebKit/537.36 (KHTML, like Gecko) Chrome/151.0.7922.173 Mobile Safari/537.36 (compatible; Googlebot/2.1; +http://www.google.com/bot.html)"
180.242.129.178 - - [26/Aug/2026:01:46:27 +0000] "GET /wp-includes/mrjn.php HTTP/1.1" 403 319 "-" "python-httpx/0.28.1"
66.249.75.3 - - [26/Aug/2026:01:46:33 +0000] "GET /shop/detail/Z25491861340.html HTTP/1.1" 403 319 "-" "Mozilla/5.0 (Linux; Android 6.0.1; Nexus 5X Build/MMB29P) AppleWebKit/537.36 (KHTML, like Gecko) Chrome/151.0.7922.173 Mobile Safari/537.36 (compatible; Googlebot/2.1; +http://www.google.com/bot.html)"
180.242.129.178 - - [26/Aug/2026:01:46:34 +0000] "GET /wp-includes/sodium_compat/src/Core32/Poly1305/alfa-rex.php HTTP/1.1" 403 319 "-" "python-httpx/0.28.1"
74.7.243.222 - - [26/Aug/2026:01:46:38 +0000] "GET /?shop/detail/B255011093312.html HTTP/2.0" 403 307 "https://cellsonic.oxygenhealthsystems.com/?sitemap582.xml" "Mozilla/5.0 AppleWebKit/537.36 (KHTML, like Gecko; compatible; GPTBot/1.4; +https://openai.com/gptbot)"
66.249.75.3 - - [26/Aug/2026:01:46:39 +0000] "GET /shop/detail/I2547551421.html HTTP/1.1" 403 319 "-" "Mozilla/5.0 (Linux; Android 6.0.1; Nexus 5X Build/MMB29P) AppleWebKit/537.36 (KHTML, like Gecko) Chrome/151.0.7922.173 Mobile Safari/537.36 (compatible; Googlebot/2.1; +http://www.google.com/bot.html)"
180.242.129.178 - - [26/Aug/2026:01:46:41 +0000] "GET /wp-includes/wp-includes/fw.php HTTP/1.1" 403 319 "-" "python-httpx/0.28.1"
180.242.129.178 - - [26/Aug/2026:01:46:48 +0000] "GET /wp-incleudes/MuPlugin.php HTTP/1.1" 403 319 "-" "python-httpx/0.28.1"
66.249.75.3 - - [26/Aug/2026:01:46:49 +0000] "GET /shop/detail/H25491525354.html HTTP/1.1" 403 319 "-" "Mozilla/5.0 (Linux; Android 6.0.1; Nexus 5X Build/MMB29P) AppleWebKit/537.36 (KHTML, like Gecko) Chrome/151.0.7922.173 Mobile Safari/537.36 (compatible; Googlebot/2.1; +http://www.google.com/bot.html)"
180.242.129.178 - - [26/Aug/2026:01:46:55 +0000] "GET /wp-includes/rest-api/fields/cache/simple.php HTTP/1.1" 403 319 "-" "python-httpx/0.28.1"
66.249.75.3 - - [26/Aug/2026:01:46:58 +0000] "GET /shop/detail/T25491989247.html HTTP/1.1" 403 319 "-" "Mozilla/5.0 (Linux; Android 6.0.1; Nexus 5X Build/MMB29P) AppleWebKit/537.36 (KHTML, like Gecko) Chrome/151.0.7922.173 Mobile Safari/537.36 (compatible; Googlebot/2.1; +http://www.google.com/bot.html)"
74.7.243.222 - - [26/Aug/2026:01:46:58 +0000] "GET /?shop/detail/Z25502341104.html HTTP/2.0" 403 307 "https://cellsonic.oxygenhealthsystems.com/?sitemap666.xml" "Mozilla/5.0 AppleWebKit/537.36 (KHTML, like Gecko; compatible; GPTBot/1.4; +https://openai.com/gptbot)"
66.249.75.3 - - [26/Aug/2026:01:46:58 +0000] "GET /shop/detail/Z2547646998.html HTTP/1.1" 403 319 "-" "Mozilla/5.0 (compatible; Googlebot/2.1; +http://www.google.com/bot.html)"
66.249.75.3 - - [26/Aug/2026:01:47:00 +0000] "GET /shop/detail/D25512602002.html HTTP/1.1" 403 319 "-" "Mozilla/5.0 (Linux; Android 6.0.1; Nexus 5X Build/MMB29P) AppleWebKit/537.36 (KHTML, like Gecko) Chrome/151.0.7922.173 Mobile Safari/537.36 (compatible; Googlebot/2.1; +http://www.google.com/bot.html)"
180.242.129.178 - - [26/Aug/2026:01:47:01 +0000] "GET /wp-content/wp-wso.php HTTP/1.1" 403 319 "-" "python-httpx/0.28.1"
66.249.75.3 - - [26/Aug/2026:01:47:08 +0000] "GET /shop/detail/S25481005058.html HTTP/1.1" 403 319 "-" "Mozilla/5.0 (Linux; Android 6.0.1; Nexus 5X Build/MMB29P) AppleWebKit/537.36 (KHTML, like Gecko) Chrome/151.0.7922.173 Mobile Safari/537.36 (compatible; Googlebot/2.1; +http://www.google.com/bot.html)"
180.242.129.178 - - [26/Aug/2026:01:47:08 +0000] "GET /plugin-editor.php HTTP/1.1" 403 319 "-" "python-httpx/0.28.1"
66.249.75.3 - - [26/Aug/2026:01:47:11 +0000] "GET /shop/detail/F25512623803.html HTTP/1.1" 403 319 "-" "Mozilla/5.0 (Linux; Android 6.0.1; Nexus 5X Build/MMB29P) AppleWebKit/537.36 (KHTML, like Gecko) Chrome/151.0.7922.173 Mobile Safari/537.36 (compatible; Googlebot/2.1; +http://www.google.com/bot.html)"
57.141.12.63 - - [26/Aug/2026:01:47:13 +0000] "GET / HTTP/2.0" 403 307 "-" "facebookexternalhit/1.1 (+http://www.facebook.com/externalhit_uatext.php)"
180.242.129.178 - - [26/Aug/2026:01:47:15 +0000] "GET /wp-includes/style-engine/alfa-rex.php HTTP/1.1" 403 319 "-" "python-httpx/0.28.1"
66.249.75.3 - - [26/Aug/2026:01:47:19 +0000] "GET /shop/detail/Q25481049126.html HTTP/1.1" 403 319 "-" "Mozilla/5.0 (Linux; Android 6.0.1; Nexus 5X Build/MMB29P) AppleWebKit/537.36 (KHTML, like Gecko) Chrome/151.0.7922.173 Mobile Safari/537.36 (compatible; Googlebot/2.1; +http://www.google.com/bot.html)"
74.7.243.222 - - [26/Aug/2026:01:47:19 +0000] "GET /?shop/detail/Z25508126292.html HTTP/2.0" 403 307 "https://cellsonic.oxygenhealthsystems.com/?sitemap417.xml" "Mozilla/5.0 AppleWebKit/537.36 (KHTML, like Gecko; compatible; GPTBot/1.4; +https://openai.com/gptbot)"
66.249.75.3 - - [26/Aug/2026:01:47:20 +0000] "GET /shop/detail/H2547620290.html HTTP/1.1" 403 319 "-" "Mozilla/5.0 (Linux; Android 6.0.1; Nexus 5X Build/MMB29P) AppleWebKit/537.36 (KHTML, like Gecko) Chrome/151.0.7922.173 Mobile Safari/537.36 (compatible; Googlebot/2.1; +http://www.google.com/bot.html)"
180.242.129.178 - - [26/Aug/2026:01:47:22 +0000] "GET /wp-logout.php HTTP/1.1" 403 319 "-" "python-httpx/0.28.1"
66.249.75.3 - - [26/Aug/2026:01:47:25 +0000] "GET /shop/detail/T2546267382.html HTTP/1.1" 403 319 "-" "Mozilla/5.0 (Linux; Android 6.0.1; Nexus 5X Build/MMB29P) AppleWebKit/537.36 (KHTML, like Gecko) Chrome/151.0.7922.173 Mobile Safari/537.36 (compatible; Googlebot/2.1; +http://www.google.com/bot.html)"
66.249.75.3 - - [26/Aug/2026:01:47:25 +0000] "GET /shop/detail/Y25512747174.html HTTP/1.1" 403 319 "-" "Mozilla/5.0 (Linux; Android 6.0.1; Nexus 5X Build/MMB29P) AppleWebKit/537.36 (KHTML, like Gecko) Chrome/151.0.7922.173 Mobile Safari/537.36 (compatible; Googlebot/2.1; +http://www.google.com/bot.html)"
66.249.75.3 - - [26/Aug/2026:01:47:28 +0000] "GET /shop/detail/C2546413569.html HTTP/1.1" 403 319 "-" "Mozilla/5.0 (Linux; Android 6.0.1; Nexus 5X Build/MMB29P) AppleWebKit/537.36 (KHTML, like Gecko) Chrome/151.0.7922.173 Mobile Safari/537.36 (compatible; Googlebot/2.1; +http://www.google.com/bot.html)"
180.242.129.178 - - [26/Aug/2026:01:47:29 +0000] "GET /wp-includes/class-wp-dependency.php HTTP/1.1" 403 319 "-" "python-httpx/0.28.1"
66.249.75.3 - - [26/Aug/2026:01:47:31 +0000] "GET /shop/detail/E25502021520.html HTTP/1.1" 403 319 "-" "Mozilla/5.0 (Linux; Android 6.0.1; Nexus 5X Build/MMB29P) AppleWebKit/537.36 (KHTML, like Gecko) Chrome/151.0.7922.173 Mobile Safari/537.36 (compatible; Googlebot/2.1; +http://www.google.com/bot.html)"
66.249.75.3 - - [26/Aug/2026:01:47:33 +0000] "GET /shop/detail/L2547927696.html HTTP/1.1" 403 319 "-" "Mozilla/5.0 (Linux; Android 6.0.1; Nexus 5X Build/MMB29P) AppleWebKit/537.36 (KHTML, like Gecko) Chrome/151.0.7922.173 Mobile Safari/537.36 (compatible; Googlebot/2.1; +http://www.google.com/bot.html)"
180.242.129.178 - - [26/Aug/2026:01:47:36 +0000] "GET /wp-content/plugins/pomo.php HTTP/1.1" 403 319 "-" "python-httpx/0.28.1"
66.249.75.3 - - [26/Aug/2026:01:47:39 +0000] "GET /shop/detail/Q25481209321.html HTTP/1.1" 403 319 "-" "Mozilla/5.0 (Linux; Android 6.0.1; Nexus 5X Build/MMB29P) AppleWebKit/537.36 (KHTML, like Gecko) Chrome/151.0.7922.173 Mobile Safari/537.36 (compatible; Googlebot/2.1; +http://www.google.com/bot.html)"
74.7.243.222 - - [26/Aug/2026:01:47:39 +0000] "GET /?shop/detail/Z25518807112.html HTTP/2.0" 403 307 "https://cellsonic.oxygenhealthsystems.com/?sitemap320.xml" "Mozilla/5.0 AppleWebKit/537.36 (KHTML, like Gecko; compatible; GPTBot/1.4; +https://openai.com/gptbot)"
180.242.129.178 - - [26/Aug/2026:01:47:44 +0000] "GET /wp-content/plugins/instabuilder2/cache/up.php HTTP/1.1" 403 319 "-" "python-httpx/0.28.1"
66.249.75.3 - - [26/Aug/2026:01:47:48 +0000] "GET /shop/detail/R25512928678.html HTTP/1.1" 403 319 "-" "Mozilla/5.0 (Linux; Android 6.0.1; Nexus 5X Build/MMB29P) AppleWebKit/537.36 (KHTML, like Gecko) Chrome/151.0.7922.173 Mobile Safari/537.36 (compatible; Googlebot/2.1; +http://www.google.com/bot.html)"
66.249.75.3 - - [26/Aug/2026:01:47:50 +0000] "GET /shop/detail/B2546246386.html HTTP/1.1" 403 319 "-" "Mozilla/5.0 (Linux; Android 6.0.1; Nexus 5X Build/MMB29P) AppleWebKit/537.36 (KHTML, like Gecko) Chrome/151.0.7922.173 Mobile Safari/537.36 (compatible; Googlebot/2.1; +http://www.google.com/bot.html)"
180.242.129.178 - - [26/Aug/2026:01:47:50 +0000] "GET /wp-admin/45.php HTTP/1.1" 403 319 "-" "python-httpx/0.28.1"
66.249.75.3 - - [26/Aug/2026:01:47:52 +0000] "GET /shop/detail/S25502177746.html HTTP/1.1" 403 319 "-" "Mozilla/5.0 (Linux; Android 6.0.1; Nexus 5X Build/MMB29P) AppleWebKit/537.36 (KHTML, like Gecko) Chrome/151.0.7922.173 Mobile Safari/537.36 (compatible; Googlebot/2.1; +http://www.google.com/bot.html)"
66.249.75.3 - - [26/Aug/2026:01:47:56 +0000] "GET /shop/detail/W25481270332.html HTTP/1.1" 403 319 "-" "Mozilla/5.0 (Linux; Android 6.0.1; Nexus 5X Build/MMB29P) AppleWebKit/537.36 (KHTML, like Gecko) Chrome/151.0.7922.173 Mobile Safari/537.36 (compatible; Googlebot/2.1; +http://www.google.com/bot.html)"
66.249.75.3 - - [26/Aug/2026:01:47:57 +0000] "GET /shop/detail/B25502463387.html HTTP/1.1" 403 319 "-" "Mozilla/5.0 (Linux; Android 6.0.1; Nexus 5X Build/MMB29P) AppleWebKit/537.36 (KHTML, like Gecko) Chrome/151.0.7922.173 Mobile Safari/537.36 (compatible; Googlebot/2.1; +http://www.google.com/bot.html)"
180.242.129.178 - - [26/Aug/2026:01:47:58 +0000] "GET /wp-includes/Text/Diff/gethostbyname.php HTTP/1.1" 403 319 "-" "python-httpx/0.28.1"
66.249.75.3 - - [26/Aug/2026:01:47:58 +0000] "GET /shop/detail/Z2546228774.html HTTP/1.1" 403 319 "-" "Mozilla/5.0 (Linux; Android 6.0.1; Nexus 5X Build/MMB29P) AppleWebKit/537.36 (KHTML, like Gecko) Chrome/151.0.7922.173 Mobile Safari/537.36 (compatible; Googlebot/2.1; +http://www.google.com/bot.html)"
66.249.75.3 - - [26/Aug/2026:01:47:59 +0000] "GET /shop/detail/I25491860088.html HTTP/1.1" 403 319 "-" "Mozilla/5.0 (Linux; Android 6.0.1; Nexus 5X Build/MMB29P) AppleWebKit/537.36 (KHTML, like Gecko) Chrome/151.0.7922.173 Mobile Safari/537.36 (compatible; Googlebot/2.1; +http://www.google.com/bot.html)"
66.249.75.3 - - [26/Aug/2026:01:48:00 +0000] "GET /shop/detail/H25481284567.html HTTP/1.1" 403 319 "-" "Mozilla/5.0 (Linux; Android 6.0.1; Nexus 5X Build/MMB29P) AppleWebKit/537.36 (KHTML, like Gecko) Chrome/151.0.7922.173 Mobile Safari/537.36 (compatible; Googlebot/2.1; +http://www.google.com/bot.html)"
74.7.243.222 - - [26/Aug/2026:01:48:01 +0000] "GET /?shop/detail/Z25491920399.html HTTP/2.0" 403 307 "https://cellsonic.oxygenhealthsystems.com/?sitemap666.xml" "Mozilla/5.0 AppleWebKit/537.36 (KHTML, like Gecko; compatible; GPTBot/1.4; +https://openai.com/gptbot)"
66.249.75.3 - - [26/Aug/2026:01:48:04 +0000] "GET /shop/detail/Z25512544538.html HTTP/1.1" 403 319 "-" "Mozilla/5.0 (Linux; Android 6.0.1; Nexus 5X Build/MMB29P) AppleWebKit/537.36 (KHTML, like Gecko) Chrome/151.0.7922.173 Mobile Safari/537.36 (compatible; Googlebot/2.1; +http://www.google.com/bot.html)"
180.242.129.178 - - [26/Aug/2026:01:48:04 +0000] "GET /wp-content/10.php HTTP/1.1" 403 319 "-" "python-httpx/0.28.1"
66.249.75.3 - - [26/Aug/2026:01:48:07 +0000] "GET /shop/detail/O25502328121.html HTTP/1.1" 403 319 "-" "Mozilla/5.0 (Linux; Android 6.0.1; Nexus 5X Build/MMB29P) AppleWebKit/537.36 (KHTML, like Gecko) Chrome/151.0.7922.173 Mobile Safari/537.36 (compatible; Googlebot/2.1; +http://www.google.com/bot.html)"
66.249.75.3 - - [26/Aug/2026:01:48:11 +0000] "GET /shop/detail/U25512615568.html HTTP/1.1" 403 319 "-" "Mozilla/5.0 (Linux; Android 6.0.1; Nexus 5X Build/MMB29P) AppleWebKit/537.36 (KHTML, like Gecko) Chrome/151.0.7922.173 Mobile Safari/537.36 (compatible; Googlebot/2.1; +http://www.google.com/bot.html)"
180.242.129.178 - - [26/Aug/2026:01:48:11 +0000] "GET /wp-admin/maint HTTP/1.1" 403 319 "-" "python-httpx/0.28.1"
57.141.2.69 - - [26/Aug/2026:01:48:13 +0000] "GET / HTTP/2.0" 403 307 "-" "facebookexternalhit/1.1 (+http://www.facebook.com/externalhit_uatext.php)"
66.249.75.3 - - [26/Aug/2026:01:48:14 +0000] "GET /shop/detail/E25491751648.html HTTP/1.1" 403 319 "-" "Mozilla/5.0 (Linux; Android 6.0.1; Nexus 5X Build/MMB29P) AppleWebKit/537.36 (KHTML, like Gecko) Chrome/151.0.7922.173 Mobile Safari/537.36 (compatible; Googlebot/2.1; +http://www.google.com/bot.html)"
180.242.129.178 - - [26/Aug/2026:01:48:18 +0000] "GET /images/bop.php?p= HTTP/1.1" 403 319 "-" "python-httpx/0.28.1"
66.249.75.3 - - [26/Aug/2026:01:48:19 +0000] "GET /shop/detail/F2547640722.html HTTP/1.1" 403 319 "-" "Mozilla/5.0 (Linux; Android 6.0.1; Nexus 5X Build/MMB29P) AppleWebKit/537.36 (KHTML, like Gecko) Chrome/151.0.7922.173 Mobile Safari/537.36 (compatible; Googlebot/2.1; +http://www.google.com/bot.html)"
66.249.75.3 - - [26/Aug/2026:01:48:19 +0000] "GET /shop/detail/K25512755488.html HTTP/1.1" 403 319 "-" "Mozilla/5.0 (Linux; Android 6.0.1; Nexus 5X Build/MMB29P) AppleWebKit/537.36 (KHTML, like Gecko) Chrome/151.0.7922.173 Mobile Safari/537.36 (compatible; Googlebot/2.1; +http://www.google.com/bot.html)"
66.249.75.3 - - [26/Aug/2026:01:48:22 +0000] "GET /shop/detail/T2546102367.html HTTP/1.1" 403 319 "-" "Mozilla/5.0 (Linux; Android 6.0.1; Nexus 5X Build/MMB29P) AppleWebKit/537.36 (KHTML, like Gecko) Chrome/151.0.7922.173 Mobile Safari/537.36 (compatible; Googlebot/2.1; +http://www.google.com/bot.html)"
74.7.243.222 - - [26/Aug/2026:01:48:22 +0000] "GET /?shop/detail/A254928757484.html HTTP/2.0" 403 307 "https://cellsonic.oxygenhealthsystems.com/?sitemap967.xml" "Mozilla/5.0 AppleWebKit/537.36 (KHTML, like Gecko; compatible; GPTBot/1.4; +https://openai.com/gptbot)"
66.249.75.3 - - [26/Aug/2026:01:48:25 +0000] "GET /shop/detail/Q25491848876.html HTTP/1.1" 403 319 "-" "Mozilla/5.0 (Linux; Android 6.0.1; Nexus 5X Build/MMB29P) AppleWebKit/537.36 (KHTML, like Gecko) Chrome/151.0.7922.173 Mobile Safari/537.36 (compatible; Googlebot/2.1; +http://www.google.com/bot.html)"
180.242.129.178 - - [26/Aug/2026:01:48:25 +0000] "GET /wp-includes/rest-api/endpoints/class-wp-rest-menus-controller.php HTTP/1.1" 403 319 "-" "python-httpx/0.28.1"
66.249.75.3 - - [26/Aug/2026:01:48:26 +0000] "GET /shop/detail/I2546485213.html HTTP/1.1" 403 319 "-" "Mozilla/5.0 (Linux; Android 6.0.1; Nexus 5X Build/MMB29P) AppleWebKit/537.36 (KHTML, like Gecko) Chrome/151.0.7922.173 Mobile Safari/537.36 (compatible; Googlebot/2.1; +http://www.google.com/bot.html)"
66.249.75.3 - - [26/Aug/2026:01:48:29 +0000] "GET /shop/detail/K25491536245.html HTTP/1.1" 403 319 "-" "Mozilla/5.0 (Linux; Android 6.0.1; Nexus 5X Build/MMB29P) AppleWebKit/537.36 (KHTML, like Gecko) Chrome/151.0.7922.173 Mobile Safari/537.36 (compatible; Googlebot/2.1; +http://www.google.com/bot.html)"
66.249.75.3 - - [26/Aug/2026:01:48:29 +0000] "GET /shop/detail/I25512847937.html HTTP/1.1" 403 319 "-" "Mozilla/5.0 (Linux; Android 6.0.1; Nexus 5X Build/MMB29P) AppleWebKit/537.36 (KHTML, like Gecko) Chrome/151.0.7922.173 Mobile Safari/537.36 (compatible; Googlebot/2.1; +http://www.google.com/bot.html)"
66.249.75.3 - - [26/Aug/2026:01:48:30 +0000] "GET /shop/detail/I25481323680.html HTTP/1.1" 403 319 "-" "Mozilla/5.0 (Linux; Android 6.0.1; Nexus 5X Build/MMB29P) AppleWebKit/537.36 (KHTML, like Gecko) Chrome/151.0.7922.173 Mobile Safari/537.36 (compatible; Googlebot/2.1; +http://www.google.com/bot.html)"
66.249.75.3 - - [26/Aug/2026:01:48:31 +0000] "GET /shop/detail/G254641342.html HTTP/1.1" 403 319 "-" "Mozilla/5.0 (Linux; Android 6.0.1; Nexus 5X Build/MMB29P) AppleWebKit/537.36 (KHTML, like Gecko) Chrome/151.0.7922.173 Mobile Safari/537.36 (compatible; Googlebot/2.1; +http://www.google.com/bot.html)"
180.242.129.178 - - [26/Aug/2026:01:48:31 +0000] "GET /wp-content/plugins/html404/wso25.php HTTP/1.1" 403 319 "-" "python-httpx/0.28.1"
66.249.75.3 - - [26/Aug/2026:01:48:34 +0000] "GET /shop/detail/M254664195.html HTTP/1.1" 403 319 "-" "Mozilla/5.0 (Linux; Android 6.0.1; Nexus 5X Build/MMB29P) AppleWebKit/537.36 (KHTML, like Gecko) Chrome/151.0.7922.173 Mobile Safari/537.36 (compatible; Googlebot/2.1; +http://www.google.com/bot.html)"
66.249.75.3 - - [26/Aug/2026:01:48:34 +0000] "GET /shop/detail/E25491776315.html HTTP/1.1" 403 319 "-" "Mozilla/5.0 (Linux; Android 6.0.1; Nexus 5X Build/MMB29P) AppleWebKit/537.36 (KHTML, like Gecko) Chrome/151.0.7922.173 Mobile Safari/537.36 (compatible; Googlebot/2.1; +http://www.google.com/bot.html)"
66.249.75.3 - - [26/Aug/2026:01:48:36 +0000] "GET /shop/detail/E25481440097.html HTTP/1.1" 403 319 "-" "Mozilla/5.0 (Linux; Android 6.0.1; Nexus 5X Build/MMB29P) AppleWebKit/537.36 (KHTML, like Gecko) Chrome/151.0.7922.173 Mobile Safari/537.36 (compatible; Googlebot/2.1; +http://www.google.com/bot.html)"
66.249.75.3 - - [26/Aug/2026:01:48:38 +0000] "GET /shop/detail/X2546109483.html HTTP/1.1" 403 319 "-" "Mozilla/5.0 (Linux; Android 6.0.1; Nexus 5X Build/MMB29P) AppleWebKit/537.36 (KHTML, like Gecko) Chrome/151.0.7922.173 Mobile Safari/537.36 (compatible; Googlebot/2.1; +http://www.google.com/bot.html)"
180.242.129.178 - - [26/Aug/2026:01:48:39 +0000] "GET /wp-includes/class-requests.php HTTP/1.1" 403 319 "-" "python-httpx/0.28.1"
66.249.75.3 - - [26/Aug/2026:01:48:42 +0000] "GET /shop/detail/W2547576851.html HTTP/1.1" 403 319 "-" "Mozilla/5.0 (Linux; Android 6.0.1; Nexus 5X Build/MMB29P) AppleWebKit/537.36 (KHTML, like Gecko) Chrome/151.0.7922.173 Mobile Safari/537.36 (compatible; Googlebot/2.1; +http://www.google.com/bot.html)"
66.249.75.3 - - [26/Aug/2026:01:48:43 +0000] "GET /shop/detail/C2547632820.html HTTP/1.1" 403 319 "-" "Mozilla/5.0 (Linux; Android 6.0.1; Nexus 5X Build/MMB29P) AppleWebKit/537.36 (KHTML, like Gecko) Chrome/151.0.7922.173 Mobile Safari/537.36 (compatible; Googlebot/2.1; +http://www.google.com/bot.html)"
74.7.243.222 - - [26/Aug/2026:01:48:44 +0000] "GET /?shop/detail/Z25466364302.html HTTP/2.0" 403 307 "https://cellsonic.oxygenhealthsystems.com/?sitemap389.xml" "Mozilla/5.0 AppleWebKit/537.36 (KHTML, like Gecko; compatible; GPTBot/1.4; +https://openai.com/gptbot)"
180.242.129.178 - - [26/Aug/2026:01:48:46 +0000] "GET /vendor/iankumu/mpesa/src/Exceptions/alfa-rex.php HTTP/1.1" 403 319 "-" "python-httpx/0.28.1"
66.249.75.3 - - [26/Aug/2026:01:48:49 +0000] "GET /shop/detail/M25512692207.html HTTP/1.1" 403 319 "-" "Mozilla/5.0 (Linux; Android 6.0.1; Nexus 5X Build/MMB29P) AppleWebKit/537.36 (KHTML, like Gecko) Chrome/151.0.7922.173 Mobile Safari/537.36 (compatible; Googlebot/2.1; +http://www.google.com/bot.html)"
66.249.75.3 - - [26/Aug/2026:01:48:52 +0000] "GET /shop/detail/I25468499.html HTTP/1.1" 403 319 "-" "Mozilla/5.0 (Linux; Android 6.0.1; Nexus 5X Build/MMB29P) AppleWebKit/537.36 (KHTML, like Gecko) Chrome/151.0.7922.173 Mobile Safari/537.36 (compatible; Googlebot/2.1; +http://www.google.com/bot.html)"
180.242.129.178 - - [26/Aug/2026:01:48:53 +0000] "GET /wp-content/new.php HTTP/1.1" 403 319 "-" "python-httpx/0.28.1"
66.249.75.3 - - [26/Aug/2026:01:48:53 +0000] "GET /shop/detail/H25512799107.html HTTP/1.1" 403 319 "-" "Mozilla/5.0 (Linux; Android 6.0.1; Nexus 5X Build/MMB29P) AppleWebKit/537.36 (KHTML, like Gecko) Chrome/151.0.7922.173 Mobile Safari/537.36 (compatible; Googlebot/2.1; +http://www.google.com/bot.html)"
66.249.75.3 - - [26/Aug/2026:01:48:54 +0000] "GET /shop/detail/Z2546483104.html HTTP/1.1" 403 319 "-" "Mozilla/5.0 (Linux; Android 6.0.1; Nexus 5X Build/MMB29P) AppleWebKit/537.36 (KHTML, like Gecko) Chrome/151.0.7922.173 Mobile Safari/537.36 (compatible; Googlebot/2.1; +http://www.google.com/bot.html)"
66.249.75.3 - - [26/Aug/2026:01:48:56 +0000] "GET /product/230722258/ HTTP/1.1" 403 319 "-" "Mozilla/5.0 (Linux; Android 6.0.1; Nexus 5X Build/MMB29P) AppleWebKit/537.36 (KHTML, like Gecko) Chrome/151.0.7922.173 Mobile Safari/537.36 (compatible; Googlebot/2.1; +http://www.google.com/bot.html)"
180.242.129.178 - - [26/Aug/2026:01:48:59 +0000] "GET /simple-upload.php HTTP/1.1" 403 319 "-" "python-httpx/0.28.1"
74.7.243.222 - - [26/Aug/2026:01:49:05 +0000] "GET /?shop/detail/B254828357477.html HTTP/2.0" 403 307 "https://cellsonic.oxygenhealthsystems.com/?sitemap193.xml" "Mozilla/5.0 AppleWebKit/537.36 (KHTML, like Gecko; compatible; GPTBot/1.4; +https://openai.com/gptbot)"
180.242.129.178 - - [26/Aug/2026:01:49:06 +0000] "GET /image/q.php HTTP/1.1" 403 319 "-" "python-httpx/0.28.1"
66.249.75.5 - - [26/Aug/2026:01:49:07 +0000] "GET /shop/detail/A25491658575.html HTTP/1.1" 403 319 "-" "Mozilla/5.0 (Linux; Android 6.0.1; Nexus 5X Build/MMB29P) AppleWebKit/537.36 (KHTML, like Gecko) Chrome/151.0.7922.173 Mobile Safari/537.36 (compatible; Googlebot/2.1; +http://www.google.com/bot.html)"
66.249.75.4 - - [26/Aug/2026:01:49:09 +0000] "GET /shop/detail/U25502072466.html HTTP/1.1" 403 319 "-" "Mozilla/5.0 (Linux; Android 6.0.1; Nexus 5X Build/MMB29P) AppleWebKit/537.36 (KHTML, like Gecko) Chrome/151.0.7922.173 Mobile Safari/537.36 (compatible; Googlebot/2.1; +http://www.google.com/bot.html)"
66.249.75.3 - - [26/Aug/2026:01:49:10 +0000] "GET /shop/detail/H25491706931.html HTTP/1.1" 403 319 "-" "Mozilla/5.0 (Linux; Android 6.0.1; Nexus 5X Build/MMB29P) AppleWebKit/537.36 (KHTML, like Gecko) Chrome/151.0.7922.173 Mobile Safari/537.36 (compatible; Googlebot/2.1; +http://www.google.com/bot.html)"
180.242.129.178 - - [26/Aug/2026:01:49:13 +0000] "GET /wp-admin/css/crack_self_restore.php HTTP/1.1" 403 319 "-" "python-httpx/0.28.1"
66.249.75.4 - - [26/Aug/2026:01:49:14 +0000] "GET /shop/detail/E2547748571.html HTTP/1.1" 403 319 "-" "Mozilla/5.0 (Linux; Android 6.0.1; Nexus 5X Build/MMB29P) AppleWebKit/537.36 (KHTML, like Gecko) Chrome/151.0.7922.173 Mobile Safari/537.36 (compatible; Googlebot/2.1; +http://www.google.com/bot.html)"
66.249.75.3 - - [26/Aug/2026:01:49:18 +0000] "GET /shop/detail/W25491637273.html HTTP/1.1" 403 319 "-" "Mozilla/5.0 (Linux; Android 6.0.1; Nexus 5X Build/MMB29P) AppleWebKit/537.36 (KHTML, like Gecko) Chrome/151.0.7922.173 Mobile Safari/537.36 (compatible; Googlebot/2.1; +http://www.google.com/bot.html)"
180.242.129.178 - - [26/Aug/2026:01:49:20 +0000] "GET /wp-admin/js/widgets/Chitoge.php HTTP/1.1" 403 319 "-" "python-httpx/0.28.1"
66.249.75.3 - - [26/Aug/2026:01:49:21 +0000] "GET /shop/detail/G25481139448.html HTTP/1.1" 403 319 "-" "Mozilla/5.0 (Linux; Android 6.0.1; Nexus 5X Build/MMB29P) AppleWebKit/537.36 (KHTML, like Gecko) Chrome/151.0.7922.173 Mobile Safari/537.36 (compatible; Googlebot/2.1; +http://www.google.com/bot.html)"
66.249.75.3 - - [26/Aug/2026:01:49:21 +0000] "GET /shop/detail/M2547778650.html HTTP/1.1" 403 319 "-" "Mozilla/5.0 (Linux; Android 6.0.1; Nexus 5X Build/MMB29P) AppleWebKit/537.36 (KHTML, like Gecko) Chrome/151.0.7922.173 Mobile Safari/537.36 (compatible; Googlebot/2.1; +http://www.google.com/bot.html)"
66.249.75.3 - - [26/Aug/2026:01:49:23 +0000] "GET /shop/detail/G25491524653.html HTTP/1.1" 403 319 "-" "Mozilla/5.0 (Linux; Android 6.0.1; Nexus 5X Build/MMB29P) AppleWebKit/537.36 (KHTML, like Gecko) Chrome/151.0.7922.173 Mobile Safari/537.36 (compatible; Googlebot/2.1; +http://www.google.com/bot.html)"
180.242.129.178 - - [26/Aug/2026:01:49:26 +0000] "GET /wp-includes/Requests/src/Auth/wp-login.php HTTP/1.1" 403 319 "-" "python-httpx/0.28.1"
74.7.243.222 - - [26/Aug/2026:01:49:27 +0000] "GET /?shop/detail/Z25508110123.html HTTP/2.0" 403 307 "https://cellsonic.oxygenhealthsystems.com/?sitemap700.xml" "Mozilla/5.0 AppleWebKit/537.36 (KHTML, like Gecko; compatible; GPTBot/1.4; +https://openai.com/gptbot)"
66.249.75.3 - - [26/Aug/2026:01:49:28 +0000] "GET /shop/detail/E25481095833.html HTTP/1.1" 403 319 "-" "Mozilla/5.0 (Linux; Android 6.0.1; Nexus 5X Build/MMB29P) AppleWebKit/537.36 (KHTML, like Gecko) Chrome/151.0.7922.173 Mobile Safari/537.36 (compatible; Googlebot/2.1; +http://www.google.com/bot.html)"
66.249.75.3 - - [26/Aug/2026:01:49:29 +0000] "GET /product/50707558/ HTTP/1.1" 403 319 "-" "Mozilla/5.0 (Linux; Android 6.0.1; Nexus 5X Build/MMB29P) AppleWebKit/537.36 (KHTML, like Gecko) Chrome/151.0.7922.173 Mobile Safari/537.36 (compatible; Googlebot/2.1; +http://www.google.com/bot.html)"
180.242.129.178 - - [26/Aug/2026:01:49:33 +0000] "GET /wp-content/wp-class.php HTTP/1.1" 403 319 "-" "python-httpx/0.28.1"
66.249.75.3 - - [26/Aug/2026:01:49:33 +0000] "GET /shop/detail/K2546373890.html HTTP/1.1" 403 319 "-" "Mozilla/5.0 (Linux; Android 6.0.1; Nexus 5X Build/MMB29P) AppleWebKit/537.36 (KHTML, like Gecko) Chrome/151.0.7922.173 Mobile Safari/537.36 (compatible; Googlebot/2.1; +http://www.google.com/bot.html)"
66.249.75.3 - - [26/Aug/2026:01:49:34 +0000] "GET /shop/detail/V2547565361.html HTTP/1.1" 403 319 "-" "Mozilla/5.0 (Linux; Android 6.0.1; Nexus 5X Build/MMB29P) AppleWebKit/537.36 (KHTML, like Gecko) Chrome/151.0.7922.173 Mobile Safari/537.36 (compatible; Googlebot/2.1; +http://www.google.com/bot.html)"
66.249.75.3 - - [26/Aug/2026:01:49:39 +0000] "GET /shop/detail/B2546337621.html HTTP/1.1" 403 319 "-" "Mozilla/5.0 (Linux; Android 6.0.1; Nexus 5X Build/MMB29P) AppleWebKit/537.36 (KHTML, like Gecko) Chrome/151.0.7922.173 Mobile Safari/537.36 (compatible; Googlebot/2.1; +http://www.google.com/bot.html)"
180.242.129.178 - - [26/Aug/2026:01:49:40 +0000] "GET /wp-content/languages/wp-sys.php?p= HTTP/1.1" 403 319 "-" "python-httpx/0.28.1"
180.242.129.178 - - [26/Aug/2026:01:49:47 +0000] "GET /wp-content/languages/themes/index.php HTTP/1.1" 403 319 "-" "python-httpx/0.28.1"
66.249.75.3 - - [26/Aug/2026:01:49:48 +0000] "GET /shop/detail/H25502171839.html HTTP/1.1" 403 319 "-" "Mozilla/5.0 (Linux; Android 6.0.1; Nexus 5X Build/MMB29P) AppleWebKit/537.36 (KHTML, like Gecko) Chrome/151.0.7922.173 Mobile Safari/537.36 (compatible; Googlebot/2.1; +http://www.google.com/bot.html)"
74.7.243.222 - - [26/Aug/2026:01:49:49 +0000] "GET /?shop/detail/B255141611395.html HTTP/2.0" 403 307 "https://cellsonic.oxygenhealthsystems.com/?sitemap293.xml" "Mozilla/5.0 AppleWebKit/537.36 (KHTML, like Gecko; compatible; GPTBot/1.4; +https://openai.com/gptbot)"
66.249.75.3 - - [26/Aug/2026:01:49:52 +0000] "GET /shop/detail/I254623447.html HTTP/1.1" 403 319 "-" "Mozilla/5.0 (Linux; Android 6.0.1; Nexus 5X Build/MMB29P) AppleWebKit/537.36 (KHTML, like Gecko) Chrome/151.0.7922.173 Mobile Safari/537.36 (compatible; Googlebot/2.1; +http://www.google.com/bot.html)"
180.242.129.178 - - [26/Aug/2026:01:49:54 +0000] "GET /wp-includes/SimplePie/src/Source.php HTTP/1.1" 403 319 "-" "python-httpx/0.28.1"
66.249.75.3 - - [26/Aug/2026:01:49:57 +0000] "GET /shop/detail/F25512898037.html HTTP/1.1" 403 319 "-" "Mozilla/5.0 (Linux; Android 6.0.1; Nexus 5X Build/MMB29P) AppleWebKit/537.36 (KHTML, like Gecko) Chrome/151.0.7922.173 Mobile Safari/537.36 (compatible; Googlebot/2.1; +http://www.google.com/bot.html)"
66.249.75.3 - - [26/Aug/2026:01:49:58 +0000] "GET /shop/detail/Z25512812526.html HTTP/1.1" 403 319 "-" "Mozilla/5.0 (Linux; Android 6.0.1; Nexus 5X Build/MMB29P) AppleWebKit/537.36 (KHTML, like Gecko) Chrome/151.0.7922.173 Mobile Safari/537.36 (compatible; Googlebot/2.1; +http://www.google.com/bot.html)"
57.141.6.33 - - [26/Aug/2026:01:50:01 +0000] "GET / HTTP/2.0" 403 307 "-" "facebookexternalhit/1.1 (+http://www.facebook.com/externalhit_uatext.php)"
180.242.129.178 - - [26/Aug/2026:01:50:01 +0000] "GET /wp-admin/ok.php HTTP/1.1" 403 319 "-" "python-httpx/0.28.1"
180.242.129.178 - - [26/Aug/2026:01:50:07 +0000] "GET /wp-includes/SimplePie/library/SimplePie/XML/Declaration/Parser.php HTTP/1.1" 403 319 "-" "python-httpx/0.28.1"
74.7.243.222 - - [26/Aug/2026:01:50:09 +0000] "GET /?shop/detail/A25484404759.html HTTP/2.0" 403 307 "https://cellsonic.oxygenhealthsystems.com/?sitemap762.xml" "Mozilla/5.0 AppleWebKit/537.36 (KHTML, like Gecko; compatible; GPTBot/1.4; +https://openai.com/gptbot)"
66.249.75.5 - - [26/Aug/2026:01:50:14 +0000] "GET /shop/detail/X25491612499.html HTTP/1.1" 403 319 "-" "Mozilla/5.0 (Linux; Android 6.0.1; Nexus 5X Build/MMB29P) AppleWebKit/537.36 (KHTML, like Gecko) Chrome/151.0.7922.173 Mobile Safari/537.36 (compatible; Googlebot/2.1; +http://www.google.com/bot.html)"
180.242.129.178 - - [26/Aug/2026:01:50:15 +0000] "GET /uploads/upload-size.php HTTP/1.1" 403 319 "-" "python-httpx/0.28.1"
66.249.75.3 - - [26/Aug/2026:01:50:18 +0000] "GET /product/84420058/ HTTP/1.1" 403 319 "-" "Mozilla/5.0 (Linux; Android 6.0.1; Nexus 5X Build/MMB29P) AppleWebKit/537.36 (KHTML, like Gecko) Chrome/151.0.7922.173 Mobile Safari/537.36 (compatible; Googlebot/2.1; +http://www.google.com/bot.html)"
66.249.75.4 - - [26/Aug/2026:01:50:18 +0000] "GET /shop/detail/C25512646393.html HTTP/1.1" 403 319 "-" "Mozilla/5.0 (Linux; Android 6.0.1; Nexus 5X Build/MMB29P) AppleWebKit/537.36 (KHTML, like Gecko) Chrome/151.0.7922.173 Mobile Safari/537.36 (compatible; Googlebot/2.1; +http://www.google.com/bot.html)"
66.249.75.4 - - [26/Aug/2026:01:50:20 +0000] "GET /shop/detail/U2547631113.html HTTP/1.1" 403 319 "-" "Mozilla/5.0 (Linux; Android 6.0.1; Nexus 5X Build/MMB29P) AppleWebKit/537.36 (KHTML, like Gecko) Chrome/151.0.7922.173 Mobile Safari/537.36 (compatible; Googlebot/2.1; +http://www.google.com/bot.html)"
180.242.129.178 - - [26/Aug/2026:01:50:22 +0000] "GET /vendor/egulias/email-validator/src/Parser/about.php HTTP/1.1" 403 319 "-" "python-httpx/0.28.1"
66.249.75.3 - - [26/Aug/2026:01:50:23 +0000] "GET /shop/detail/B2546109728.html HTTP/1.1" 403 319 "-" "Mozilla/5.0 (Linux; Android 6.0.1; Nexus 5X Build/MMB29P) AppleWebKit/537.36 (KHTML, like Gecko) Chrome/151.0.7922.173 Mobile Safari/537.36 (compatible; Googlebot/2.1; +http://www.google.com/bot.html)"
66.249.75.3 - - [26/Aug/2026:01:50:24 +0000] "GET /shop/detail/U25491878393.html HTTP/1.1" 403 319 "-" "Mozilla/5.0 (Linux; Android 6.0.1; Nexus 5X Build/MMB29P) AppleWebKit/537.36 (KHTML, like Gecko) Chrome/151.0.7922.173 Mobile Safari/537.36 (compatible; Googlebot/2.1; +http://www.google.com/bot.html)"
66.249.75.3 - - [26/Aug/2026:01:50:25 +0000] "GET /shop/detail/W25491914324.html HTTP/1.1" 403 319 "-" "Mozilla/5.0 (Linux; Android 6.0.1; Nexus 5X Build/MMB29P) AppleWebKit/537.36 (KHTML, like Gecko) Chrome/151.0.7922.173 Mobile Safari/537.36 (compatible; Googlebot/2.1; +http://www.google.com/bot.html)"
66.249.75.3 - - [26/Aug/2026:01:50:27 +0000] "GET /shop/detail/H2546416608.html HTTP/1.1" 403 319 "-" "Mozilla/5.0 (Linux; Android 6.0.1; Nexus 5X Build/MMB29P) AppleWebKit/537.36 (KHTML, like Gecko) Chrome/151.0.7922.173 Mobile Safari/537.36 (compatible; Googlebot/2.1; +http://www.google.com/bot.html)"
180.242.129.178 - - [26/Aug/2026:01:50:28 +0000] "GET /blvck.php HTTP/1.1" 403 319 "-" "python-httpx/0.28.1"
74.7.243.222 - - [26/Aug/2026:01:50:31 +0000] "GET /?shop/detail/Z25469231122.html HTTP/2.0" 403 307 "https://cellsonic.oxygenhealthsystems.com/?sitemap947.xml" "Mozilla/5.0 AppleWebKit/537.36 (KHTML, like Gecko; compatible; GPTBot/1.4; +https://openai.com/gptbot)"
180.242.129.178 - - [26/Aug/2026:01:50:34 +0000] "GET /vendor/doctrine/lexer/alfa-rex.php HTTP/1.1" 403 319 "-" "python-httpx/0.28.1"
66.249.75.3 - - [26/Aug/2026:01:50:39 +0000] "GET /shop/detail/O25481357596.html HTTP/1.1" 403 319 "-" "Mozilla/5.0 (Linux; Android 6.0.1; Nexus 5X Build/MMB29P) AppleWebKit/537.36 (KHTML, like Gecko) Chrome/151.0.7922.173 Mobile Safari/537.36 (compatible; Googlebot/2.1; +http://www.google.com/bot.html)"
180.242.129.178 - - [26/Aug/2026:01:50:42 +0000] "GET /wp-admin/erin1.PhP7 HTTP/1.1" 403 319 "-" "python-httpx/0.28.1"
66.249.75.3 - - [26/Aug/2026:01:50:47 +0000] "GET /shop/detail/B25502196520.html HTTP/1.1" 403 319 "-" "Mozilla/5.0 (Linux; Android 6.0.1; Nexus 5X Build/MMB29P) AppleWebKit/537.36 (KHTML, like Gecko) Chrome/151.0.7922.173 Mobile Safari/537.36 (compatible; Googlebot/2.1; +http://www.google.com/bot.html)"
66.249.75.3 - - [26/Aug/2026:01:50:48 +0000] "GET /shop/detail/F2546454584.html HTTP/1.1" 403 319 "-" "Mozilla/5.0 (Linux; Android 6.0.1; Nexus 5X Build/MMB29P) AppleWebKit/537.36 (KHTML, like Gecko) Chrome/151.0.7922.173 Mobile Safari/537.36 (compatible; Googlebot/2.1; +http://www.google.com/bot.html)"
180.242.129.178 - - [26/Aug/2026:01:50:49 +0000] "GET /jscript/tiny_mce/plugins/ajaxfilemanager/ajaxfilemanager.php HTTP/1.1" 403 319 "-" "python-httpx/0.28.1"
66.249.75.3 - - [26/Aug/2026:01:50:50 +0000] "GET /shop/detail/K25481016156.html HTTP/1.1" 403 319 "-" "Mozilla/5.0 (Linux; Android 6.0.1; Nexus 5X Build/MMB29P) AppleWebKit/537.36 (KHTML, like Gecko) Chrome/151.0.7922.173 Mobile Safari/537.36 (compatible; Googlebot/2.1; +http://www.google.com/bot.html)"
74.7.243.222 - - [26/Aug/2026:01:50:51 +0000] "GET /?shop/detail/B25508172187.html HTTP/2.0" 403 307 "https://cellsonic.oxygenhealthsystems.com/?sitemap797.xml" "Mozilla/5.0 AppleWebKit/537.36 (KHTML, like Gecko; compatible; GPTBot/1.4; +https://openai.com/gptbot)"
180.242.129.178 - - [26/Aug/2026:01:50:55 +0000] "GET /images/stories/w.php HTTP/1.1" 403 319 "-" "python-httpx/0.28.1"
66.249.75.4 - - [26/Aug/2026:01:51:00 +0000] "GET /shop/detail/T2547910164.html HTTP/1.1" 403 319 "-" "Mozilla/5.0 (Linux; Android 6.0.1; Nexus 5X Build/MMB29P) AppleWebKit/537.36 (KHTML, like Gecko) Chrome/151.0.7922.173 Mobile Safari/537.36 (compatible; Googlebot/2.1; +http://www.google.com/bot.html)"
180.242.129.178 - - [26/Aug/2026:01:51:02 +0000] "GET /wp-content/plugins/akismet/Sym.php HTTP/1.1" 403 319 "-" "python-httpx/0.28.1"
66.249.75.4 - - [26/Aug/2026:01:51:05 +0000] "GET /shop/detail/T2547540252.html HTTP/1.1" 403 319 "-" "Mozilla/5.0 (compatible; Googlebot/2.1; +http://www.google.com/bot.html)"
66.249.75.3 - - [26/Aug/2026:01:51:07 +0000] "GET /shop/detail/X25502453514.html HTTP/1.1" 403 319 "-" "Mozilla/5.0 (Linux; Android 6.0.1; Nexus 5X Build/MMB29P) AppleWebKit/537.36 (KHTML, like Gecko) Chrome/151.0.7922.173 Mobile Safari/537.36 (compatible; Googlebot/2.1; +http://www.google.com/bot.html)"
180.242.129.178 - - [26/Aug/2026:01:51:09 +0000] "GET /wp-includes/l10n.php HTTP/1.1" 403 319 "-" "python-httpx/0.28.1"
74.7.243.222 - - [26/Aug/2026:01:51:12 +0000] "GET /?shop/detail/Z25518508277.html HTTP/2.0" 403 307 "https://cellsonic.oxygenhealthsystems.com/?sitemap612.xml" "Mozilla/5.0 AppleWebKit/537.36 (KHTML, like Gecko; compatible; GPTBot/1.4; +https://openai.com/gptbot)"
