74.7.243.222 - - [25/Aug/2026:21:44:21 +0000] "GET /?shop/detail/Z25505149665.html HTTP/2.0" 403 307 "https://cellsonic.oxygenhealthsystems.com/?sitemap792.xml" "Mozilla/5.0 AppleWebKit/537.36 (KHTML, like Gecko; compatible; GPTBot/1.4; +https://openai.com/gptbot)"
66.249.75.3 - - [25/Aug/2026:21:44:23 +0000] "GET /product/192326358/ HTTP/1.1" 403 319 "-" "Mozilla/5.0 (Linux; Android 6.0.1; Nexus 5X Build/MMB29P) AppleWebKit/537.36 (KHTML, like Gecko) Chrome/151.0.7922.173 Mobile Safari/537.36 (compatible; Googlebot/2.1; +http://www.google.com/bot.html)"
180.242.129.178 - - [25/Aug/2026:21:44:24 +0000] "GET /test.php HTTP/1.1" 403 319 "-" "python-httpx/0.28.1"
66.249.75.3 - - [25/Aug/2026:21:44:27 +0000] "GET /shop/detail/S25481371173.html HTTP/1.1" 403 319 "-" "Mozilla/5.0 (Linux; Android 6.0.1; Nexus 5X Build/MMB29P) AppleWebKit/537.36 (KHTML, like Gecko) Chrome/151.0.7922.173 Mobile Safari/537.36 (compatible; Googlebot/2.1; +http://www.google.com/bot.html)"
66.249.75.3 - - [25/Aug/2026:21:44:29 +0000] "GET /shop/detail/S25481371173.html HTTP/1.1" 403 319 "-" "Mozilla/5.0 (compatible; Googlebot/2.1; +http://www.google.com/bot.html)"
180.242.129.178 - - [25/Aug/2026:21:44:30 +0000] "GET /txets.php HTTP/1.1" 403 319 "-" "python-httpx/0.28.1"
180.242.129.178 - - [25/Aug/2026:21:44:37 +0000] "GET /utchiha_v5hB6Hai.php HTTP/1.1" 403 319 "-" "python-httpx/0.28.1"
74.7.243.222 - - [25/Aug/2026:21:44:41 +0000] "GET /?shop/detail/Z25512967535.html HTTP/2.0" 403 307 "https://cellsonic.oxygenhealthsystems.com/?sitemap417.xml" "Mozilla/5.0 AppleWebKit/537.36 (KHTML, like Gecko; compatible; GPTBot/1.4; +https://openai.com/gptbot)"
180.242.129.178 - - [25/Aug/2026:21:44:43 +0000] "GET /wp-site.json HTTP/1.1" 403 319 "-" "python-httpx/0.28.1"
180.242.129.178 - - [25/Aug/2026:21:44:49 +0000] "GET /wp-sx10.php HTTP/1.1" 403 319 "-" "python-httpx/0.28.1"
180.242.129.178 - - [25/Aug/2026:21:44:56 +0000] "GET /wp-sx9.php HTTP/1.1" 403 319 "-" "python-httpx/0.28.1"
66.249.75.3 - - [25/Aug/2026:21:44:58 +0000] "GET /product/14230958/ HTTP/1.1" 403 319 "-" "Mozilla/5.0 (Linux; Android 6.0.1; Nexus 5X Build/MMB29P) AppleWebKit/537.36 (KHTML, like Gecko) Chrome/151.0.7922.173 Mobile Safari/537.36 (compatible; Googlebot/2.1; +http://www.google.com/bot.html)"
180.242.129.178 - - [25/Aug/2026:21:45:02 +0000] "GET /0808.php HTTP/1.1" 403 319 "-" "python-httpx/0.28.1"
74.7.243.222 - - [25/Aug/2026:21:45:02 +0000] "GET /?shop/detail/A25508284110.html HTTP/2.0" 403 307 "https://cellsonic.oxygenhealthsystems.com/?sitemap166.xml" "Mozilla/5.0 AppleWebKit/537.36 (KHTML, like Gecko; compatible; GPTBot/1.4; +https://openai.com/gptbot)"
180.242.129.178 - - [25/Aug/2026:21:45:08 +0000] "GET /.well-known/acme-challenge/admin.php HTTP/1.1" 403 319 "-" "python-httpx/0.28.1"
180.242.129.178 - - [25/Aug/2026:21:45:15 +0000] "GET /cache/classes/privacy/privacy.php HTTP/1.1" 403 319 "-" "python-httpx/0.28.1"
180.242.129.178 - - [25/Aug/2026:21:45:21 +0000] "GET /vendor/phpmailer/phpmailer/get_oauth_token.php HTTP/1.1" 403 319 "-" "python-httpx/0.28.1"
74.7.243.222 - - [25/Aug/2026:21:45:24 +0000] "GET /?shop/detail/A254894219584.html HTTP/2.0" 403 307 "https://cellsonic.oxygenhealthsystems.com/?sitemap326.xml" "Mozilla/5.0 AppleWebKit/537.36 (KHTML, like Gecko; compatible; GPTBot/1.4; +https://openai.com/gptbot)"
180.242.129.178 - - [25/Aug/2026:21:45:27 +0000] "GET /wp-includes/js/dist/development/react-refresh-runtime.min.php HTTP/1.1" 403 319 "-" "python-httpx/0.28.1"
180.242.129.178 - - [25/Aug/2026:21:45:34 +0000] "GET /application/modules/adnan/views/contohan/form_query.php HTTP/1.1" 403 319 "-" "python-httpx/0.28.1"
66.249.75.3 - - [25/Aug/2026:21:45:38 +0000] "GET /shop/detail/T2546306146.html HTTP/1.1" 403 319 "-" "Mozilla/5.0 (Linux; Android 6.0.1; Nexus 5X Build/MMB29P) AppleWebKit/537.36 (KHTML, like Gecko) Chrome/151.0.7922.173 Mobile Safari/537.36 (compatible; Googlebot/2.1; +http://www.google.com/bot.html)"
180.242.129.178 - - [25/Aug/2026:21:45:40 +0000] "GET /images/about/about.php HTTP/1.1" 403 319 "-" "python-httpx/0.28.1"
74.7.243.222 - - [25/Aug/2026:21:45:45 +0000] "GET /?shop/detail/A255162994914.html HTTP/2.0" 403 307 "https://cellsonic.oxygenhealthsystems.com/?sitemap250.xml" "Mozilla/5.0 AppleWebKit/537.36 (KHTML, like Gecko; compatible; GPTBot/1.4; +https://openai.com/gptbot)"
180.242.129.178 - - [25/Aug/2026:21:45:47 +0000] "GET /css/lib/tabler/core/src/scss/ui/typo/qga2-1.php HTTP/1.1" 403 319 "-" "python-httpx/0.28.1"
180.242.129.178 - - [25/Aug/2026:21:45:54 +0000] "GET /wp-includes/abilities-api/class-wp-customize-background-position-conts.php HTTP/1.1" 403 319 "-" "python-httpx/0.28.1"
180.242.129.178 - - [25/Aug/2026:21:46:00 +0000] "GET /include/3_MARCH_3023.php HTTP/1.1" 403 319 "-" "python-httpx/0.28.1"
180.242.129.178 - - [25/Aug/2026:21:46:06 +0000] "GET /plugins/actionlog/inbound853227656122324119.php HTTP/1.1" 403 319 "-" "python-httpx/0.28.1"
74.7.243.222 - - [25/Aug/2026:21:46:06 +0000] "GET /?shop/detail/Z25466034500.html HTTP/2.0" 403 307 "https://cellsonic.oxygenhealthsystems.com/?sitemap792.xml" "Mozilla/5.0 AppleWebKit/537.36 (KHTML, like Gecko; compatible; GPTBot/1.4; +https://openai.com/gptbot)"
180.242.129.178 - - [25/Aug/2026:21:46:12 +0000] "GET /assets/fonts/summernote/request.filter.php HTTP/1.1" 403 319 "-" "python-httpx/0.28.1"
180.242.129.178 - - [25/Aug/2026:21:46:19 +0000] "GET /assets/common/js/wesley_so.php HTTP/1.1" 403 319 "-" "python-httpx/0.28.1"
180.242.129.178 - - [25/Aug/2026:21:46:26 +0000] "GET /au_1237b850.php HTTP/1.1" 403 319 "-" "python-httpx/0.28.1"
74.7.243.222 - - [25/Aug/2026:21:46:27 +0000] "GET /?shop/detail/Z25469456263.html HTTP/2.0" 403 307 "https://cellsonic.oxygenhealthsystems.com/?sitemap907.xml" "Mozilla/5.0 AppleWebKit/537.36 (KHTML, like Gecko; compatible; GPTBot/1.4; +https://openai.com/gptbot)"
74.7.230.3 - - [25/Aug/2026:21:46:27 +0000] "GET /robots.txt HTTP/2.0" 403 307 "-" "Mozilla/5.0 (Macintosh; Intel Mac OS X 10_15_7) AppleWebKit/537.36 (KHTML, like Gecko) Chrome/131.0.0.0 Safari/537.36; compatible; OAI-SearchBot/1.4; robots.txt; +https://openai.com/searchbot"
180.242.129.178 - - [25/Aug/2026:21:46:33 +0000] "GET /ah77.php HTTP/1.1" 403 319 "-" "python-httpx/0.28.1"
180.242.129.178 - - [25/Aug/2026:21:46:38 +0000] "GET /sym.php HTTP/1.1" 403 319 "-" "python-httpx/0.28.1"
180.242.129.178 - - [25/Aug/2026:21:46:45 +0000] "GET /wp-content/plugins/pwnd/pwnd.php HTTP/1.1" 403 319 "-" "python-httpx/0.28.1"
74.7.243.222 - - [25/Aug/2026:21:46:48 +0000] "GET /?shop/detail/A25466484233.html HTTP/2.0" 403 307 "https://cellsonic.oxygenhealthsystems.com/?sitemap762.xml" "Mozilla/5.0 AppleWebKit/537.36 (KHTML, like Gecko; compatible; GPTBot/1.4; +https://openai.com/gptbot)"
180.242.129.178 - - [25/Aug/2026:21:46:51 +0000] "GET /pros9.php HTTP/1.1" 403 319 "-" "python-httpx/0.28.1"
57.141.12.5 - - [25/Aug/2026:21:46:51 +0000] "GET / HTTP/2.0" 403 307 "-" "facebookexternalhit/1.1 (+http://www.facebook.com/externalhit_uatext.php)"
180.242.129.178 - - [25/Aug/2026:21:46:57 +0000] "GET /nt.php HTTP/1.1" 403 319 "-" "python-httpx/0.28.1"
180.242.129.178 - - [25/Aug/2026:21:47:04 +0000] "GET /xl9.php HTTP/1.1" 403 319 "-" "python-httpx/0.28.1"
66.249.75.5 - - [25/Aug/2026:21:47:07 +0000] "GET /shop/detail/D2546451277.html HTTP/1.1" 403 319 "-" "Mozilla/5.0 (Linux; Android 6.0.1; Nexus 5X Build/MMB29P) AppleWebKit/537.36 (KHTML, like Gecko) Chrome/151.0.7922.173 Mobile Safari/537.36 (compatible; Googlebot/2.1; +http://www.google.com/bot.html)"
74.7.243.222 - - [25/Aug/2026:21:47:09 +0000] "GET /?shop/detail/Z254813351423.html HTTP/2.0" 403 307 "https://cellsonic.oxygenhealthsystems.com/?sitemap389.xml" "Mozilla/5.0 AppleWebKit/537.36 (KHTML, like Gecko; compatible; GPTBot/1.4; +https://openai.com/gptbot)"
180.242.129.178 - - [25/Aug/2026:21:47:10 +0000] "GET /p4.php HTTP/1.1" 403 319 "-" "python-httpx/0.28.1"
180.242.129.178 - - [25/Aug/2026:21:47:16 +0000] "GET /red.php HTTP/1.1" 403 319 "-" "python-httpx/0.28.1"
180.242.129.178 - - [25/Aug/2026:21:47:23 +0000] "GET /wp-user.php HTTP/1.1" 403 319 "-" "python-httpx/0.28.1"
180.242.129.178 - - [25/Aug/2026:21:47:29 +0000] "GET /1.php HTTP/1.1" 403 319 "-" "python-httpx/0.28.1"
74.7.243.222 - - [25/Aug/2026:21:47:30 +0000] "GET /?shop/detail/Z254940779572.html HTTP/2.0" 403 307 "https://cellsonic.oxygenhealthsystems.com/?sitemap382.xml" "Mozilla/5.0 AppleWebKit/537.36 (KHTML, like Gecko; compatible; GPTBot/1.4; +https://openai.com/gptbot)"
180.242.129.178 - - [25/Aug/2026:21:47:35 +0000] "GET /l.php HTTP/1.1" 403 319 "-" "python-httpx/0.28.1"
180.242.129.178 - - [25/Aug/2026:21:47:41 +0000] "GET /manager.php HTTP/1.1" 403 319 "-" "python-httpx/0.28.1"
66.249.75.4 - - [25/Aug/2026:21:47:44 +0000] "GET /shop/detail/X2546333798.html HTTP/1.1" 403 319 "-" "Mozilla/5.0 (Linux; Android 6.0.1; Nexus 5X Build/MMB29P) AppleWebKit/537.36 (KHTML, like Gecko) Chrome/151.0.7922.173 Mobile Safari/537.36 (compatible; Googlebot/2.1; +http://www.google.com/bot.html)"
180.242.129.178 - - [25/Aug/2026:21:47:47 +0000] "GET /88.php HTTP/1.1" 403 319 "-" "python-httpx/0.28.1"
57.141.2.22 - - [25/Aug/2026:21:47:50 +0000] "GET / HTTP/2.0" 403 307 "-" "facebookexternalhit/1.1 (+http://www.facebook.com/externalhit_uatext.php)"
74.7.243.222 - - [25/Aug/2026:21:47:52 +0000] "GET /?shop/detail/B25515895097.html HTTP/2.0" 403 307 "https://cellsonic.oxygenhealthsystems.com/?sitemap425.xml" "Mozilla/5.0 AppleWebKit/537.36 (KHTML, like Gecko; compatible; GPTBot/1.4; +https://openai.com/gptbot)"
180.242.129.178 - - [25/Aug/2026:21:47:54 +0000] "GET /wp-content/themes/twentyfive/include.php HTTP/1.1" 403 319 "-" "python-httpx/0.28.1"
180.242.129.178 - - [25/Aug/2026:21:48:01 +0000] "GET /wp-admin/css/colors/coffee/gelay.php HTTP/1.1" 403 319 "-" "python-httpx/0.28.1"
180.242.129.178 - - [25/Aug/2026:21:48:07 +0000] "GET /vendor/bensampo/laravel-enum/sym404/about.php HTTP/1.1" 403 319 "-" "python-httpx/0.28.1"
180.242.129.178 - - [25/Aug/2026:21:48:13 +0000] "GET /wp-content/plugins/xichang/x.php HTTP/1.1" 403 319 "-" "python-httpx/0.28.1"
74.7.243.222 - - [25/Aug/2026:21:48:14 +0000] "GET /?shop/detail/B25515740506.html HTTP/2.0" 403 307 "https://cellsonic.oxygenhealthsystems.com/?sitemap797.xml" "Mozilla/5.0 AppleWebKit/537.36 (KHTML, like Gecko; compatible; GPTBot/1.4; +https://openai.com/gptbot)"
180.242.129.178 - - [25/Aug/2026:21:48:20 +0000] "GET /wp-admin/css/colors/coffee/lofter.php HTTP/1.1" 403 319 "-" "python-httpx/0.28.1"
180.242.129.178 - - [25/Aug/2026:21:48:26 +0000] "GET /wp-admin/css/colors/ectoplasm/alfa-rex.php HTTP/1.1" 403 319 "-" "python-httpx/0.28.1"
180.242.129.178 - - [25/Aug/2026:21:48:33 +0000] "GET /image/V5.php HTTP/1.1" 403 319 "-" "python-httpx/0.28.1"
74.7.243.222 - - [25/Aug/2026:21:48:34 +0000] "GET /?shop/detail/A254645399426.html HTTP/2.0" 403 307 "https://cellsonic.oxygenhealthsystems.com/?sitemap809.xml" "Mozilla/5.0 AppleWebKit/537.36 (KHTML, like Gecko; compatible; GPTBot/1.4; +https://openai.com/gptbot)"
180.242.129.178 - - [25/Aug/2026:21:48:39 +0000] "GET /images/crack_self_restore.php HTTP/1.1" 403 319 "-" "python-httpx/0.28.1"
180.242.129.178 - - [25/Aug/2026:21:48:45 +0000] "GET /vendor/bensampo/laravel-enum/src/Traits/about.php HTTP/1.1" 403 319 "-" "python-httpx/0.28.1"
180.242.129.178 - - [25/Aug/2026:21:48:51 +0000] "GET /wp-admin/includes/leafmailer.php HTTP/1.1" 403 319 "-" "python-httpx/0.28.1"
74.7.243.222 - - [25/Aug/2026:21:48:54 +0000] "GET /?shop/detail/B25518860120.html HTTP/2.0" 403 307 "https://cellsonic.oxygenhealthsystems.com/?sitemap485.xml" "Mozilla/5.0 AppleWebKit/537.36 (KHTML, like Gecko; compatible; GPTBot/1.4; +https://openai.com/gptbot)"
180.242.129.178 - - [25/Aug/2026:21:48:57 +0000] "GET /vendor/bin/about.php HTTP/1.1" 403 319 "-" "python-httpx/0.28.1"
180.242.129.178 - - [25/Aug/2026:21:49:03 +0000] "GET /wp-admin/js/widgets/wp-login.php HTTP/1.1" 403 319 "-" "python-httpx/0.28.1"
66.249.75.3 - - [25/Aug/2026:21:49:09 +0000] "GET /shop/detail/G25502018980.html HTTP/1.1" 403 319 "-" "Mozilla/5.0 (Linux; Android 6.0.1; Nexus 5X Build/MMB29P) AppleWebKit/537.36 (KHTML, like Gecko) Chrome/151.0.7922.173 Mobile Safari/537.36 (compatible; Googlebot/2.1; +http://www.google.com/bot.html)"
180.242.129.178 - - [25/Aug/2026:21:49:10 +0000] "GET /wp-includes/rest-api/search/wp-login.php HTTP/1.1" 403 319 "-" "python-httpx/0.28.1"
74.7.243.222 - - [25/Aug/2026:21:49:16 +0000] "GET /?shop/detail/A255092271791.html HTTP/2.0" 403 307 "https://cellsonic.oxygenhealthsystems.com/?sitemap326.xml" "Mozilla/5.0 AppleWebKit/537.36 (KHTML, like Gecko; compatible; GPTBot/1.4; +https://openai.com/gptbot)"
180.242.129.178 - - [25/Aug/2026:21:49:16 +0000] "GET /as/wp-sys.php?p= HTTP/1.1" 403 319 "-" "python-httpx/0.28.1"
180.242.129.178 - - [25/Aug/2026:21:49:22 +0000] "GET /rxr.php HTTP/1.1" 403 319 "-" "python-httpx/0.28.1"
66.249.75.4 - - [25/Aug/2026:21:49:23 +0000] "GET /shop/detail/K2547886318.html HTTP/1.1" 403 319 "-" "Mozilla/5.0 (Linux; Android 6.0.1; Nexus 5X Build/MMB29P) AppleWebKit/537.36 (KHTML, like Gecko) Chrome/151.0.7922.173 Mobile Safari/537.36 (compatible; Googlebot/2.1; +http://www.google.com/bot.html)"
180.242.129.178 - - [25/Aug/2026:21:49:28 +0000] "GET /wp-admin/includes/class-wp-filesystem-ftpext.php HTTP/1.1" 403 319 "-" "python-httpx/0.28.1"
180.242.129.178 - - [25/Aug/2026:21:49:34 +0000] "GET /wp-includes/plugin.php HTTP/1.1" 403 319 "-" "python-httpx/0.28.1"
74.7.243.222 - - [25/Aug/2026:21:49:37 +0000] "GET /?shop/detail/B25476533462.html HTTP/2.0" 403 307 "https://cellsonic.oxygenhealthsystems.com/?sitemap408.xml" "Mozilla/5.0 AppleWebKit/537.36 (KHTML, like Gecko; compatible; GPTBot/1.4; +https://openai.com/gptbot)"
57.141.6.70 - - [25/Aug/2026:21:49:38 +0000] "GET / HTTP/2.0" 403 307 "-" "facebookexternalhit/1.1 (+http://www.facebook.com/externalhit_uatext.php)"
180.242.129.178 - - [25/Aug/2026:21:49:41 +0000] "GET /wp-includes/g.php HTTP/1.1" 403 319 "-" "python-httpx/0.28.1"
180.242.129.178 - - [25/Aug/2026:21:49:48 +0000] "GET /wp-confirm.php HTTP/1.1" 403 319 "-" "python-httpx/0.28.1"
66.249.75.3 - - [25/Aug/2026:21:49:49 +0000] "GET /shop/detail/P25502275483.html HTTP/1.1" 403 319 "-" "Mozilla/5.0 (Linux; Android 6.0.1; Nexus 5X Build/MMB29P) AppleWebKit/537.36 (KHTML, like Gecko) Chrome/151.0.7922.173 Mobile Safari/537.36 (compatible; GoogleOther)"
180.242.129.178 - - [25/Aug/2026:21:49:54 +0000] "GET /wp-includes/js/tinymce/plugins/directionality/wp-login.php HTTP/1.1" 403 319 "-" "python-httpx/0.28.1"
74.7.243.222 - - [25/Aug/2026:21:49:58 +0000] "GET /?shop/detail/Z25466014045.html HTTP/2.0" 403 307 "https://cellsonic.oxygenhealthsystems.com/?sitemap792.xml" "Mozilla/5.0 AppleWebKit/537.36 (KHTML, like Gecko; compatible; GPTBot/1.4; +https://openai.com/gptbot)"
180.242.129.178 - - [25/Aug/2026:21:50:00 +0000] "GET /wp-includes/www.php HTTP/1.1" 403 319 "-" "python-httpx/0.28.1"
66.249.75.5 - - [25/Aug/2026:21:50:02 +0000] "GET /shop/detail/H25481273157.html HTTP/1.1" 403 319 "-" "Mozilla/5.0 (Linux; Android 6.0.1; Nexus 5X Build/MMB29P) AppleWebKit/537.36 (KHTML, like Gecko) Chrome/151.0.7922.173 Mobile Safari/537.36 (compatible; Googlebot/2.1; +http://www.google.com/bot.html)"
180.242.129.178 - - [25/Aug/2026:21:50:06 +0000] "GET /wp-admin/maint/wso.php HTTP/1.1" 403 319 "-" "python-httpx/0.28.1"
180.242.129.178 - - [25/Aug/2026:21:50:13 +0000] "GET /wp-includes/Requests/src/Exception/ArgumentCount.php HTTP/1.1" 403 319 "-" "python-httpx/0.28.1"
180.242.129.178 - - [25/Aug/2026:21:50:19 +0000] "GET /wp-admin/includes/license.php HTTP/1.1" 403 319 "-" "python-httpx/0.28.1"
74.7.243.222 - - [25/Aug/2026:21:50:20 +0000] "GET /?shop/detail/A25487421157.html HTTP/2.0" 403 307 "https://cellsonic.oxygenhealthsystems.com/?sitemap330.xml" "Mozilla/5.0 AppleWebKit/537.36 (KHTML, like Gecko; compatible; GPTBot/1.4; +https://openai.com/gptbot)"
180.242.129.178 - - [25/Aug/2026:21:50:26 +0000] "GET /wp-includes/bookmark.php HTTP/1.1" 403 319 "-" "python-httpx/0.28.1"
180.242.129.178 - - [25/Aug/2026:21:50:31 +0000] "GET /wp-content/plugins/core-plugin/include.php HTTP/1.1" 403 319 "-" "python-httpx/0.28.1"
66.249.75.4 - - [25/Aug/2026:21:50:36 +0000] "GET /shop/detail/Q25481491612.html HTTP/1.1" 403 319 "-" "Mozilla/5.0 (Linux; Android 6.0.1; Nexus 5X Build/MMB29P) AppleWebKit/537.36 (KHTML, like Gecko) Chrome/151.0.7922.173 Mobile Safari/537.36 (compatible; Googlebot/2.1; +http://www.google.com/bot.html)"
180.242.129.178 - - [25/Aug/2026:21:50:38 +0000] "GET /vendor/laminas/laminas-code/src/Exception/alfa-rex.php HTTP/1.1" 403 319 "-" "python-httpx/0.28.1"
74.7.243.222 - - [25/Aug/2026:21:50:40 +0000] "GET /?shop/detail/B254828099495.html HTTP/2.0" 403 307 "https://cellsonic.oxygenhealthsystems.com/?sitemap193.xml" "Mozilla/5.0 AppleWebKit/537.36 (KHTML, like Gecko; compatible; GPTBot/1.4; +https://openai.com/gptbot)"
66.249.75.3 - - [25/Aug/2026:21:50:44 +0000] "GET /shop/detail/F25502380989.html HTTP/1.1" 403 319 "-" "Mozilla/5.0 (compatible; Googlebot/2.1; +http://www.google.com/bot.html)"
180.242.129.178 - - [25/Aug/2026:21:50:44 +0000] "GET /tttt.php HTTP/1.1" 403 319 "-" "python-httpx/0.28.1"
66.249.75.3 - - [25/Aug/2026:21:50:44 +0000] "GET /shop/detail/G25491766296.html HTTP/1.1" 403 319 "-" "Mozilla/5.0 (Linux; Android 6.0.1; Nexus 5X Build/MMB29P) AppleWebKit/537.36 (KHTML, like Gecko) Chrome/151.0.7922.173 Mobile Safari/537.36 (compatible; Googlebot/2.1; +http://www.google.com/bot.html)"
180.242.129.178 - - [25/Aug/2026:21:50:51 +0000] "GET /wp-includes/class-wp-simplepie-file.php HTTP/1.1" 403 319 "-" "python-httpx/0.28.1"
180.242.129.178 - - [25/Aug/2026:21:50:57 +0000] "GET /wp-content/pluginsx/wordpress-importer/php-toolkit/DataLiberation/vendor-patched/symfony/polyfill-php80/Resources/stubs/yar2.php HTTP/1.1" 403 319 "-" "python-httpx/0.28.1"
74.7.243.222 - - [25/Aug/2026:21:51:01 +0000] "GET /?shop/detail/B25502279011.html HTTP/2.0" 403 307 "https://cellsonic.oxygenhealthsystems.com/?sitemap425.xml" "Mozilla/5.0 AppleWebKit/537.36 (KHTML, like Gecko; compatible; GPTBot/1.4; +https://openai.com/gptbot)"
180.242.129.178 - - [25/Aug/2026:21:51:04 +0000] "GET /wp-includes/IXR/class-IXR-value.php HTTP/1.1" 403 319 "-" "python-httpx/0.28.1"
180.242.129.178 - - [25/Aug/2026:21:51:10 +0000] "GET /wp-includes/SimplePie/library/SimplePie/Net/options.php HTTP/1.1" 403 319 "-" "python-httpx/0.28.1"
180.242.129.178 - - [25/Aug/2026:21:51:16 +0000] "GET /x7.php HTTP/1.1" 403 319 "-" "python-httpx/0.28.1"
66.249.75.3 - - [25/Aug/2026:21:51:19 +0000] "GET /shop/detail/A2547872435.html HTTP/1.1" 403 319 "-" "Mozilla/5.0 (compatible; Googlebot/2.1; +http://www.google.com/bot.html)"
74.7.243.222 - - [25/Aug/2026:21:51:22 +0000] "GET /?shop/detail/Z25473507403.html HTTP/2.0" 403 307 "https://cellsonic.oxygenhealthsystems.com/?sitemap700.xml" "Mozilla/5.0 AppleWebKit/537.36 (KHTML, like Gecko; compatible; GPTBot/1.4; +https://openai.com/gptbot)"
180.242.129.178 - - [25/Aug/2026:21:51:24 +0000] "GET /wp-includes/class-wp-recovery-mode-link-service.php HTTP/1.1" 403 319 "-" "python-httpx/0.28.1"
180.242.129.178 - - [25/Aug/2026:21:51:30 +0000] "GET /wp-includes/customize/class-wp-customize-nav-menu-setting.php HTTP/1.1" 403 319 "-" "python-httpx/0.28.1"
180.242.129.178 - - [25/Aug/2026:21:51:36 +0000] "GET /.well-known/pki-validation/atomlib.php HTTP/1.1" 403 319 "-" "python-httpx/0.28.1"
180.242.129.178 - - [25/Aug/2026:21:51:42 +0000] "GET /wp-content/themes/gaukingo/db.php HTTP/1.1" 403 319 "-" "python-httpx/0.28.1"
74.7.243.222 - - [25/Aug/2026:21:51:44 +0000] "GET /?shop/detail/A25466488114.html HTTP/2.0" 403 307 "https://cellsonic.oxygenhealthsystems.com/?sitemap330.xml" "Mozilla/5.0 AppleWebKit/537.36 (KHTML, like Gecko; compatible; GPTBot/1.4; +https://openai.com/gptbot)"
180.242.129.178 - - [25/Aug/2026:21:51:48 +0000] "GET /bless.php HTTP/1.1" 403 319 "-" "python-httpx/0.28.1"
180.242.129.178 - - [25/Aug/2026:21:51:54 +0000] "GET /index/wp_filemanager.php HTTP/1.1" 403 319 "-" "python-httpx/0.28.1"
180.242.129.178 - - [25/Aug/2026:21:52:01 +0000] "GET /wp-includes/SimplePie/admin-ajax.php HTTP/1.1" 403 319 "-" "python-httpx/0.28.1"
74.7.243.222 - - [25/Aug/2026:21:52:06 +0000] "GET /?shop/detail/A25508073009.html HTTP/2.0" 403 307 "https://cellsonic.oxygenhealthsystems.com/?sitemap762.xml" "Mozilla/5.0 AppleWebKit/537.36 (KHTML, like Gecko; compatible; GPTBot/1.4; +https://openai.com/gptbot)"
180.242.129.178 - - [25/Aug/2026:21:52:07 +0000] "GET /wp-includes/plugins/instabuilder2/cache/plugins/moon.php HTTP/1.1" 403 319 "-" "python-httpx/0.28.1"
180.242.129.178 - - [25/Aug/2026:21:52:14 +0000] "GET /wp-content/xleet.php HTTP/1.1" 403 319 "-" "python-httpx/0.28.1"
180.242.129.178 - - [25/Aug/2026:21:52:20 +0000] "GET /wp-admin/xl.php HTTP/1.1" 403 319 "-" "python-httpx/0.28.1"
74.7.243.222 - - [25/Aug/2026:21:52:26 +0000] "GET /?shop/detail/Z25515619249.html HTTP/2.0" 403 307 "https://cellsonic.oxygenhealthsystems.com/?sitemap417.xml" "Mozilla/5.0 AppleWebKit/537.36 (KHTML, like Gecko; compatible; GPTBot/1.4; +https://openai.com/gptbot)"
180.242.129.178 - - [25/Aug/2026:21:52:26 +0000] "GET /wp-content/plugins/zaen/includes/loadme.php HTTP/1.1" 403 319 "-" "python-httpx/0.28.1"
66.249.75.4 - - [25/Aug/2026:21:52:32 +0000] "GET /shop/detail/A25512574228.html HTTP/1.1" 403 319 "-" "Mozilla/5.0 (Linux; Android 6.0.1; Nexus 5X Build/MMB29P) AppleWebKit/537.36 (KHTML, like Gecko) Chrome/151.0.7922.173 Mobile Safari/537.36 (compatible; Googlebot/2.1; +http://www.google.com/bot.html)"
180.242.129.178 - - [25/Aug/2026:21:52:32 +0000] "GET /wp-includes/rest-api/endpoints/class-wp-rest-block-directory-controller.php HTTP/1.1" 403 319 "-" "python-httpx/0.28.1"
57.141.24.16 - - [25/Aug/2026:21:52:34 +0000] "GET / HTTP/2.0" 403 307 "-" "facebookexternalhit/1.1 (+http://www.facebook.com/externalhit_uatext.php)"
180.242.129.178 - - [25/Aug/2026:21:52:38 +0000] "GET /wp-includes/rest-api/endpoints/class-wp-rest-settings-controller.php HTTP/1.1" 403 319 "-" "python-httpx/0.28.1"
66.249.75.4 - - [25/Aug/2026:21:52:39 +0000] "GET /shop/detail/C2547950815.html HTTP/1.1" 403 319 "-" "Mozilla/5.0 (Linux; Android 6.0.1; Nexus 5X Build/MMB29P) AppleWebKit/537.36 (KHTML, like Gecko) Chrome/151.0.7922.173 Mobile Safari/537.36 (compatible; Googlebot/2.1; +http://www.google.com/bot.html)"
180.242.129.178 - - [25/Aug/2026:21:52:45 +0000] "GET /wp-content/plugins/hellopress/indexx.php HTTP/1.1" 403 319 "-" "python-httpx/0.28.1"
74.7.243.222 - - [25/Aug/2026:21:52:46 +0000] "GET /?shop/detail/D254882353943.html HTTP/2.0" 403 307 "https://cellsonic.oxygenhealthsystems.com/?sitemap837.xml" "Mozilla/5.0 AppleWebKit/537.36 (KHTML, like Gecko; compatible; GPTBot/1.4; +https://openai.com/gptbot)"
180.242.129.178 - - [25/Aug/2026:21:52:51 +0000] "GET /as/classwithtostring.php HTTP/1.1" 403 319 "-" "python-httpx/0.28.1"
180.242.129.178 - - [25/Aug/2026:21:52:58 +0000] "GET /wp-content/xxl.php HTTP/1.1" 403 319 "-" "python-httpx/0.28.1"
180.242.129.178 - - [25/Aug/2026:21:53:05 +0000] "GET /class.api.php HTTP/1.1" 403 319 "-" "python-httpx/0.28.1"
74.7.243.222 - - [25/Aug/2026:21:53:06 +0000] "GET /?shop/detail/Z25502471226.html HTTP/2.0" 403 307 "https://cellsonic.oxygenhealthsystems.com/?sitemap792.xml" "Mozilla/5.0 AppleWebKit/537.36 (KHTML, like Gecko; compatible; GPTBot/1.4; +https://openai.com/gptbot)"
180.242.129.178 - - [25/Aug/2026:21:53:11 +0000] "GET /wp-admin/includes/plugin-install.php HTTP/1.1" 403 319 "-" "python-httpx/0.28.1"
180.242.129.178 - - [25/Aug/2026:21:53:17 +0000] "GET /wp-includes/theme-previews.php HTTP/1.1" 403 319 "-" "python-httpx/0.28.1"
66.249.75.5 - - [25/Aug/2026:21:53:19 +0000] "GET /shop/detail/W25481291735.html HTTP/1.1" 403 319 "-" "Mozilla/5.0 (Linux; Android 6.0.1; Nexus 5X Build/MMB29P) AppleWebKit/537.36 (KHTML, like Gecko) Chrome/151.0.7922.173 Mobile Safari/537.36 (compatible; Googlebot/2.1; +http://www.google.com/bot.html)"
180.242.129.178 - - [25/Aug/2026:21:53:23 +0000] "GET /wp-includes/css/dist/block-directory/alfa-rex.php HTTP/1.1" 403 319 "-" "python-httpx/0.28.1"
74.7.243.222 - - [25/Aug/2026:21:53:27 +0000] "GET /?shop/detail/A25487182845.html HTTP/2.0" 403 307 "https://cellsonic.oxygenhealthsystems.com/?sitemap166.xml" "Mozilla/5.0 AppleWebKit/537.36 (KHTML, like Gecko; compatible; GPTBot/1.4; +https://openai.com/gptbot)"
180.242.129.178 - - [25/Aug/2026:21:53:30 +0000] "GET /Idx.php HTTP/1.1" 403 319 "-" "python-httpx/0.28.1"
180.242.129.178 - - [25/Aug/2026:21:53:36 +0000] "GET /wp-content/plugins/disqus-comment-system/ls.php HTTP/1.1" 403 319 "-" "python-httpx/0.28.1"
66.249.75.3 - - [25/Aug/2026:21:53:41 +0000] "GET /shop/detail/K25481167118.html HTTP/1.1" 403 319 "-" "Mozilla/5.0 (Linux; Android 6.0.1; Nexus 5X Build/MMB29P) AppleWebKit/537.36 (KHTML, like Gecko) Chrome/151.0.7922.173 Mobile Safari/537.36 (compatible; Googlebot/2.1; +http://www.google.com/bot.html)"
180.242.129.178 - - [25/Aug/2026:21:53:43 +0000] "GET /wp-adminincludesclass-wp-media-list-data.php HTTP/1.1" 403 319 "-" "python-httpx/0.28.1"
74.7.243.222 - - [25/Aug/2026:21:53:48 +0000] "GET /?shop/detail/Z25515720174.html HTTP/2.0" 403 307 "https://cellsonic.oxygenhealthsystems.com/?sitemap700.xml" "Mozilla/5.0 AppleWebKit/537.36 (KHTML, like Gecko; compatible; GPTBot/1.4; +https://openai.com/gptbot)"
180.242.129.178 - - [25/Aug/2026:21:53:50 +0000] "GET /wp-content/languages/themes/wp-term.php HTTP/1.1" 403 319 "-" "python-httpx/0.28.1"
66.249.75.3 - - [25/Aug/2026:21:53:51 +0000] "GET /shop/detail/G25481132677.html HTTP/1.1" 403 319 "-" "Mozilla/5.0 (Linux; Android 6.0.1; Nexus 5X Build/MMB29P) AppleWebKit/537.36 (KHTML, like Gecko) Chrome/151.0.7922.173 Mobile Safari/537.36 (compatible; Googlebot/2.1; +http://www.google.com/bot.html)"
180.242.129.178 - - [25/Aug/2026:21:53:56 +0000] "GET /wp-admin/V3.php HTTP/1.1" 403 319 "-" "python-httpx/0.28.1"
180.242.129.178 - - [25/Aug/2026:21:54:02 +0000] "GET /wp-info.php HTTP/1.1" 403 319 "-" "python-httpx/0.28.1"
74.7.243.222 - - [25/Aug/2026:21:54:09 +0000] "GET /?shop/detail/Z25484015024.html HTTP/2.0" 403 307 "https://cellsonic.oxygenhealthsystems.com/?sitemap417.xml" "Mozilla/5.0 AppleWebKit/537.36 (KHTML, like Gecko; compatible; GPTBot/1.4; +https://openai.com/gptbot)"
180.242.129.178 - - [25/Aug/2026:21:54:09 +0000] "GET /get.php HTTP/1.1" 403 319 "-" "python-httpx/0.28.1"
180.242.129.178 - - [25/Aug/2026:21:54:15 +0000] "GET /wp-admin/css/colors/coffee/sh3ll.php HTTP/1.1" 403 319 "-" "python-httpx/0.28.1"
180.242.129.178 - - [25/Aug/2026:21:54:22 +0000] "GET /vendor/filp/whoops/src/Whoops/Resources/js/alfa-rex.php HTTP/1.1" 403 319 "-" "python-httpx/0.28.1"
66.249.75.3 - - [25/Aug/2026:21:54:25 +0000] "GET /shop/detail/D2546312146.html HTTP/1.1" 403 319 "-" "Mozilla/5.0 (Linux; Android 6.0.1; Nexus 5X Build/MMB29P) AppleWebKit/537.36 (KHTML, like Gecko) Chrome/151.0.7922.173 Mobile Safari/537.36 (compatible; Googlebot/2.1; +http://www.google.com/bot.html)"
180.242.129.178 - - [25/Aug/2026:21:54:29 +0000] "GET /images/www.php HTTP/1.1" 403 319 "-" "python-httpx/0.28.1"
74.7.243.222 - - [25/Aug/2026:21:54:29 +0000] "GET /?shop/detail/Z255011088757.html HTTP/2.0" 403 307 "https://cellsonic.oxygenhealthsystems.com/?sitemap389.xml" "Mozilla/5.0 AppleWebKit/537.36 (KHTML, like Gecko; compatible; GPTBot/1.4; +https://openai.com/gptbot)"
66.249.75.4 - - [25/Aug/2026:21:54:33 +0000] "GET /shop/detail/N25491516177.html HTTP/1.1" 403 319 "-" "Mozilla/5.0 (compatible; Googlebot/2.1; +http://www.google.com/bot.html)"
180.242.129.178 - - [25/Aug/2026:21:54:35 +0000] "GET /wp-content/plugins/wordpresss3cll/wp-login.php HTTP/1.1" 403 319 "-" "python-httpx/0.28.1"
180.242.129.178 - - [25/Aug/2026:21:54:42 +0000] "GET /wp-includes/rest-api/admin-ajax.php HTTP/1.1" 403 319 "-" "python-httpx/0.28.1"
180.242.129.178 - - [25/Aug/2026:21:54:48 +0000] "GET /wp-admin/wp-confirm.php HTTP/1.1" 403 319 "-" "python-httpx/0.28.1"
74.7.243.222 - - [25/Aug/2026:21:54:49 +0000] "GET /?shop/detail/A255126808162.html HTTP/2.0" 403 307 "https://cellsonic.oxygenhealthsystems.com/?sitemap967.xml" "Mozilla/5.0 AppleWebKit/537.36 (KHTML, like Gecko; compatible; GPTBot/1.4; +https://openai.com/gptbot)"
180.242.129.178 - - [25/Aug/2026:21:54:55 +0000] "GET /wp-includes/nasgor.php HTTP/1.1" 403 319 "-" "python-httpx/0.28.1"
180.242.129.178 - - [25/Aug/2026:21:55:02 +0000] "GET /wp-content/languages/themes/wp_filemanager.php HTTP/1.1" 403 319 "-" "python-httpx/0.28.1"
180.242.129.178 - - [25/Aug/2026:21:55:08 +0000] "GET /post-new.php HTTP/1.1" 403 319 "-" "python-httpx/0.28.1"
74.7.243.222 - - [25/Aug/2026:21:55:10 +0000] "GET /?shop/detail/B25466112477.html HTTP/2.0" 403 307 "https://cellsonic.oxygenhealthsystems.com/?sitemap425.xml" "Mozilla/5.0 AppleWebKit/537.36 (KHTML, like Gecko; compatible; GPTBot/1.4; +https://openai.com/gptbot)"
180.242.129.178 - - [25/Aug/2026:21:55:15 +0000] "GET /wp-includes/class-wp-paused-extensions-storage.php HTTP/1.1" 403 319 "-" "python-httpx/0.28.1"
66.249.75.3 - - [25/Aug/2026:21:55:18 +0000] "GET /shop/detail/O25502484870.html HTTP/1.1" 403 319 "-" "Mozilla/5.0 (Linux; Android 6.0.1; Nexus 5X Build/MMB29P) AppleWebKit/537.36 (KHTML, like Gecko) Chrome/151.0.7922.173 Mobile Safari/537.36 (compatible; Googlebot/2.1; +http://www.google.com/bot.html)"
180.242.129.178 - - [25/Aug/2026:21:55:22 +0000] "GET /wp-admin/maint/wp-ver.php HTTP/1.1" 403 319 "-" "python-httpx/0.28.1"
57.141.18.119 - - [25/Aug/2026:21:55:25 +0000] "GET / HTTP/2.0" 403 307 "-" "facebookexternalhit/1.1 (+http://www.facebook.com/externalhit_uatext.php)"
180.242.129.178 - - [25/Aug/2026:21:55:28 +0000] "GET /wp-admin/css/colors/ocean/about.php HTTP/1.1" 403 319 "-" "python-httpx/0.28.1"
74.7.243.222 - - [25/Aug/2026:21:55:31 +0000] "GET /?shop/detail/B25497704767.html HTTP/2.0" 403 307 "https://cellsonic.oxygenhealthsystems.com/?sitemap425.xml" "Mozilla/5.0 AppleWebKit/537.36 (KHTML, like Gecko; compatible; GPTBot/1.4; +https://openai.com/gptbot)"
180.242.129.178 - - [25/Aug/2026:21:55:34 +0000] "GET /Priv.php HTTP/1.1" 403 319 "-" "python-httpx/0.28.1"
180.242.129.178 - - [25/Aug/2026:21:55:41 +0000] "GET /wp-includes/css/dist/block-library/about.php HTTP/1.1" 403 319 "-" "python-httpx/0.28.1"
180.242.129.178 - - [25/Aug/2026:21:55:47 +0000] "GET /unlockindex.php HTTP/1.1" 403 319 "-" "python-httpx/0.28.1"
74.7.243.222 - - [25/Aug/2026:21:55:52 +0000] "GET /?shop/detail/A255065231285.html HTTP/2.0" 403 307 "https://cellsonic.oxygenhealthsystems.com/?sitemap250.xml" "Mozilla/5.0 AppleWebKit/537.36 (KHTML, like Gecko; compatible; GPTBot/1.4; +https://openai.com/gptbot)"
180.242.129.178 - - [25/Aug/2026:21:55:53 +0000] "GET /index7.php HTTP/1.1" 403 319 "-" "python-httpx/0.28.1"
180.242.129.178 - - [25/Aug/2026:21:56:00 +0000] "GET /peler.php HTTP/1.1" 403 319 "-" "python-httpx/0.28.1"
180.242.129.178 - - [25/Aug/2026:21:56:06 +0000] "GET /vendor/doctrine/inflector/lib/Doctrine/Inflector/Rules/English/about.php HTTP/1.1" 403 319 "-" "python-httpx/0.28.1"
180.242.129.178 - - [25/Aug/2026:21:56:13 +0000] "GET /mailer2.8.php HTTP/1.1" 403 319 "-" "python-httpx/0.28.1"
66.249.75.4 - - [25/Aug/2026:21:56:13 +0000] "GET /shop/detail/H25481449799.html HTTP/1.1" 403 319 "-" "Mozilla/5.0 (Linux; Android 6.0.1; Nexus 5X Build/MMB29P) AppleWebKit/537.36 (KHTML, like Gecko) Chrome/151.0.7922.173 Mobile Safari/537.36 (compatible; Googlebot/2.1; +http://www.google.com/bot.html)"
74.7.243.222 - - [25/Aug/2026:21:56:14 +0000] "GET /?shop/detail/A25466453834.html HTTP/2.0" 403 307 "https://cellsonic.oxygenhealthsystems.com/?sitemap762.xml" "Mozilla/5.0 AppleWebKit/537.36 (KHTML, like Gecko; compatible; GPTBot/1.4; +https://openai.com/gptbot)"
180.242.129.178 - - [25/Aug/2026:21:56:19 +0000] "GET /wp-includes/dropdown.php HTTP/1.1" 403 319 "-" "python-httpx/0.28.1"
180.242.129.178 - - [25/Aug/2026:21:56:25 +0000] "GET /wp-includes/customize/class-wp-customize-nav-menu-item-setting.php HTTP/1.1" 403 319 "-" "python-httpx/0.28.1"
180.242.129.178 - - [25/Aug/2026:21:56:31 +0000] "GET /image/100.php HTTP/1.1" 403 319 "-" "python-httpx/0.28.1"
74.7.243.222 - - [25/Aug/2026:21:56:35 +0000] "GET /?shop/detail/A25494576274.html HTTP/2.0" 403 307 "https://cellsonic.oxygenhealthsystems.com/?sitemap234.xml" "Mozilla/5.0 AppleWebKit/537.36 (KHTML, like Gecko; compatible; GPTBot/1.4; +https://openai.com/gptbot)"
180.242.129.178 - - [25/Aug/2026:21:56:38 +0000] "GET /wp-includes/class-snoopy.php HTTP/1.1" 403 319 "-" "python-httpx/0.28.1"
66.249.75.3 - - [25/Aug/2026:21:56:39 +0000] "GET /shop/detail/Z2546366930.html HTTP/1.1" 403 319 "-" "Mozilla/5.0 (compatible; Googlebot/2.1; +http://www.google.com/bot.html)"
180.242.129.178 - - [25/Aug/2026:21:56:45 +0000] "GET /alexusmailer%202.0.php HTTP/1.1" 403 319 "-" "python-httpx/0.28.1"
180.242.129.178 - - [25/Aug/2026:21:56:52 +0000] "GET /wp-system.php HTTP/1.1" 403 319 "-" "python-httpx/0.28.1"
74.7.243.222 - - [25/Aug/2026:21:56:55 +0000] "GET /?shop/detail/B25487405528.html HTTP/2.0" 403 307 "https://cellsonic.oxygenhealthsystems.com/?sitemap536.xml" "Mozilla/5.0 AppleWebKit/537.36 (KHTML, like Gecko; compatible; GPTBot/1.4; +https://openai.com/gptbot)"
180.242.129.178 - - [25/Aug/2026:21:56:59 +0000] "GET /wp-admin/js/widgets/alfa-rex.php HTTP/1.1" 403 319 "-" "python-httpx/0.28.1"
180.242.129.178 - - [25/Aug/2026:21:57:05 +0000] "GET /wp-includes/js/dist/vendor/about.php HTTP/1.1" 403 319 "-" "python-httpx/0.28.1"
180.242.129.178 - - [25/Aug/2026:21:57:11 +0000] "GET /wp-content/plugins/ubh/con.php HTTP/1.1" 403 319 "-" "python-httpx/0.28.1"
66.249.75.4 - - [25/Aug/2026:21:57:11 +0000] "GET /shop/detail/B2547794107.html HTTP/1.1" 403 319 "-" "Mozilla/5.0 (Linux; Android 6.0.1; Nexus 5X Build/MMB29P) AppleWebKit/537.36 (KHTML, like Gecko) Chrome/151.0.7922.173 Mobile Safari/537.36 (compatible; Googlebot/2.1; +http://www.google.com/bot.html)"
74.7.243.222 - - [25/Aug/2026:21:57:16 +0000] "GET /?shop/detail/Z25469236212.html HTTP/2.0" 403 307 "https://cellsonic.oxygenhealthsystems.com/?sitemap320.xml" "Mozilla/5.0 AppleWebKit/537.36 (KHTML, like Gecko; compatible; GPTBot/1.4; +https://openai.com/gptbot)"
180.242.129.178 - - [25/Aug/2026:21:57:18 +0000] "GET /wp-includes/css/index.php HTTP/1.1" 403 319 "-" "python-httpx/0.28.1"
180.242.129.178 - - [25/Aug/2026:21:57:25 +0000] "GET /hacked.php HTTP/1.1" 403 319 "-" "python-httpx/0.28.1"
180.242.129.178 - - [25/Aug/2026:21:57:32 +0000] "GET /wp-includes/css/dist/commands/alfa-rex.php HTTP/1.1" 403 319 "-" "python-httpx/0.28.1"
74.7.243.222 - - [25/Aug/2026:21:57:36 +0000] "GET /?shop/detail/Z255150914920.html HTTP/2.0" 403 307 "https://cellsonic.oxygenhealthsystems.com/?sitemap182.xml" "Mozilla/5.0 AppleWebKit/537.36 (KHTML, like Gecko; compatible; GPTBot/1.4; +https://openai.com/gptbot)"
180.242.129.178 - - [25/Aug/2026:21:57:38 +0000] "GET /wp-content/languages/wp-term.php HTTP/1.1" 403 319 "-" "python-httpx/0.28.1"
180.242.129.178 - - [25/Aug/2026:21:57:45 +0000] "GET /.wp-back.phP HTTP/1.1" 403 319 "-" "python-httpx/0.28.1"
180.242.129.178 - - [25/Aug/2026:21:57:51 +0000] "GET /cgi-bin/xmrlpc.php?p= HTTP/1.1" 403 319 "-" "python-httpx/0.28.1"
180.242.129.178 - - [25/Aug/2026:21:57:57 +0000] "GET /wp-content/wp-confirm.php HTTP/1.1" 403 319 "-" "python-httpx/0.28.1"
74.7.243.222 - - [25/Aug/2026:21:57:58 +0000] "GET /?shop/detail/B25508135821.html HTTP/2.0" 403 307 "https://cellsonic.oxygenhealthsystems.com/?sitemap797.xml" "Mozilla/5.0 AppleWebKit/537.36 (KHTML, like Gecko; compatible; GPTBot/1.4; +https://openai.com/gptbot)"
180.242.129.178 - - [25/Aug/2026:21:58:04 +0000] "GET /wp-admin/network/nav.php HTTP/1.1" 403 319 "-" "python-httpx/0.28.1"
180.242.129.178 - - [25/Aug/2026:21:58:10 +0000] "GET /wp-includes/block-patterns/query-medium-posts.php HTTP/1.1" 403 319 "-" "python-httpx/0.28.1"
180.242.129.178 - - [25/Aug/2026:21:58:17 +0000] "GET /wp-includes/sitemaps/providers/about.php HTTP/1.1" 403 319 "-" "python-httpx/0.28.1"
74.7.243.222 - - [25/Aug/2026:21:58:19 +0000] "GET /?shop/detail/A25466284816.html HTTP/2.0" 403 307 "https://cellsonic.oxygenhealthsystems.com/?sitemap166.xml" "Mozilla/5.0 AppleWebKit/537.36 (KHTML, like Gecko; compatible; GPTBot/1.4; +https://openai.com/gptbot)"
57.141.8.40 - - [25/Aug/2026:21:58:20 +0000] "GET / HTTP/2.0" 403 307 "-" "facebookexternalhit/1.1 (+http://www.facebook.com/externalhit_uatext.php)"
180.242.129.178 - - [25/Aug/2026:21:58:24 +0000] "GET /wp-admin/g.php HTTP/1.1" 403 319 "-" "python-httpx/0.28.1"
180.242.129.178 - - [25/Aug/2026:21:58:30 +0000] "GET /wp-includes/IXR/mariju.php HTTP/1.1" 403 319 "-" "python-httpx/0.28.1"
66.249.75.5 - - [25/Aug/2026:21:58:34 +0000] "GET /shop/detail/D254634994.html HTTP/1.1" 403 319 "-" "Mozilla/5.0 (compatible; Googlebot/2.1; +http://www.google.com/bot.html)"
180.242.129.178 - - [25/Aug/2026:21:58:36 +0000] "GET /wp-includes/customize/class-wp-customize-new-menu-section.php HTTP/1.1" 403 319 "-" "python-httpx/0.28.1"
74.7.243.222 - - [25/Aug/2026:21:58:41 +0000] "GET /?shop/detail/Z25512650853.html HTTP/2.0" 403 307 "https://cellsonic.oxygenhealthsystems.com/?sitemap666.xml" "Mozilla/5.0 AppleWebKit/537.36 (KHTML, like Gecko; compatible; GPTBot/1.4; +https://openai.com/gptbot)"
180.242.129.178 - - [25/Aug/2026:21:58:43 +0000] "GET /mas.php HTTP/1.1" 403 319 "-" "python-httpx/0.28.1"
180.242.129.178 - - [25/Aug/2026:21:58:50 +0000] "GET /wp-content/k.php HTTP/1.1" 403 319 "-" "python-httpx/0.28.1"
180.242.129.178 - - [25/Aug/2026:21:58:56 +0000] "GET /wp-admin/js/widgets/wp-hoard.php HTTP/1.1" 403 319 "-" "python-httpx/0.28.1"
66.249.75.3 - - [25/Aug/2026:21:58:57 +0000] "GET /shop/detail/T254659035.html HTTP/1.1" 403 319 "-" "Mozilla/5.0 (Linux; Android 6.0.1; Nexus 5X Build/MMB29P) AppleWebKit/537.36 (KHTML, like Gecko) Chrome/151.0.7922.173 Mobile Safari/537.36 (compatible; Googlebot/2.1; +http://www.google.com/bot.html)"
180.242.129.178 - - [25/Aug/2026:21:59:02 +0000] "GET /wp-includes/customize/class-wp-customize-custom-css-setting.php HTTP/1.1" 403 319 "-" "python-httpx/0.28.1"
74.7.243.222 - - [25/Aug/2026:21:59:02 +0000] "GET /?shop/detail/A25502322614.html HTTP/2.0" 403 307 "https://cellsonic.oxygenhealthsystems.com/?sitemap762.xml" "Mozilla/5.0 AppleWebKit/537.36 (KHTML, like Gecko; compatible; GPTBot/1.4; +https://openai.com/gptbot)"
180.242.129.178 - - [25/Aug/2026:21:59:09 +0000] "GET /wp-admin/network/wp_error.php%20 HTTP/1.1" 403 319 "-" "python-httpx/0.28.1"
180.242.129.178 - - [25/Aug/2026:21:59:16 +0000] "GET /wp-admin HTTP/1.1" 403 319 "-" "python-httpx/0.28.1"
74.7.243.222 - - [25/Aug/2026:21:59:23 +0000] "GET /?shop/detail/Z25502091442.html HTTP/2.0" 403 307 "https://cellsonic.oxygenhealthsystems.com/?sitemap417.xml" "Mozilla/5.0 AppleWebKit/537.36 (KHTML, like Gecko; compatible; GPTBot/1.4; +https://openai.com/gptbot)"
180.242.129.178 - - [25/Aug/2026:21:59:23 +0000] "GET /wp-content/languages/wp-conflg.php HTTP/1.1" 403 319 "-" "python-httpx/0.28.1"
180.242.129.178 - - [25/Aug/2026:21:59:29 +0000] "GET /wp-includes/SimplePie/src/Rating.php HTTP/1.1" 403 319 "-" "python-httpx/0.28.1"
180.242.129.178 - - [25/Aug/2026:21:59:35 +0000] "GET /wp-includes/product.php HTTP/1.1" 403 319 "-" "python-httpx/0.28.1"
180.242.129.178 - - [25/Aug/2026:21:59:42 +0000] "GET /qindex.php HTTP/1.1" 403 319 "-" "python-httpx/0.28.1"
74.7.243.222 - - [25/Aug/2026:21:59:44 +0000] "GET /?shop/detail/A254633022604.html HTTP/2.0" 403 307 "https://cellsonic.oxygenhealthsystems.com/?sitemap144.xml" "Mozilla/5.0 AppleWebKit/537.36 (KHTML, like Gecko; compatible; GPTBot/1.4; +https://openai.com/gptbot)"
180.242.129.178 - - [25/Aug/2026:21:59:48 +0000] "GET /wp-includes/SimplePie/src/Cache/about.php HTTP/1.1" 403 319 "-" "python-httpx/0.28.1"
180.242.129.178 - - [25/Aug/2026:21:59:54 +0000] "GET /wp-content/plugins/akismet/tmp/admin.php HTTP/1.1" 403 319 "-" "python-httpx/0.28.1"
66.249.75.5 - - [25/Aug/2026:21:59:58 +0000] "GET /shop/detail/F2547770377.html HTTP/1.1" 403 319 "-" "Mozilla/5.0 (Linux; Android 6.0.1; Nexus 5X Build/MMB29P) AppleWebKit/537.36 (KHTML, like Gecko) Chrome/151.0.7922.173 Mobile Safari/537.36 (compatible; Googlebot/2.1; +http://www.google.com/bot.html)"
180.242.129.178 - - [25/Aug/2026:22:00:01 +0000] "GET /wp-admin/css/colors/blue/rk2.php HTTP/1.1" 403 319 "-" "python-httpx/0.28.1"
74.7.243.222 - - [25/Aug/2026:22:00:06 +0000] "GET /?shop/detail/A254669065675.html HTTP/2.0" 403 307 "https://cellsonic.oxygenhealthsystems.com/?sitemap250.xml" "Mozilla/5.0 AppleWebKit/537.36 (KHTML, like Gecko; compatible; GPTBot/1.4; +https://openai.com/gptbot)"
180.242.129.178 - - [25/Aug/2026:22:00:07 +0000] "GET /images/phpimage.php HTTP/1.1" 403 319 "-" "python-httpx/0.28.1"
180.242.129.178 - - [25/Aug/2026:22:00:14 +0000] "GET /uploads/owlmailer.php HTTP/1.1" 403 319 "-" "python-httpx/0.28.1"
180.242.129.178 - - [25/Aug/2026:22:00:20 +0000] "GET /wp-content/mu-plugins/db-safe-mode.php HTTP/1.1" 403 319 "-" "python-httpx/0.28.1"
180.242.129.178 - - [25/Aug/2026:22:00:26 +0000] "GET /vendor/doctrine/inflector/lib/Doctrine/Inflector/Rules/Turkish/alfa-rex.php HTTP/1.1" 403 319 "-" "python-httpx/0.28.1"
74.7.243.222 - - [25/Aug/2026:22:00:27 +0000] "GET /?shop/detail/A254813022882.html HTTP/2.0" 403 307 "https://cellsonic.oxygenhealthsystems.com/?sitemap280.xml" "Mozilla/5.0 AppleWebKit/537.36 (KHTML, like Gecko; compatible; GPTBot/1.4; +https://openai.com/gptbot)"
180.242.129.178 - - [25/Aug/2026:22:00:33 +0000] "GET /wp-includes/SimplePie/library/SimplePie/Content/Type/Sniffer.php HTTP/1.1" 403 319 "-" "python-httpx/0.28.1"
66.249.75.3 - - [25/Aug/2026:22:00:35 +0000] "GET /shop/detail/C25491656096.html HTTP/1.1" 403 319 "-" "Mozilla/5.0 (Linux; Android 6.0.1; Nexus 5X Build/MMB29P) AppleWebKit/537.36 (KHTML, like Gecko) Chrome/151.0.7922.173 Mobile Safari/537.36 (compatible; Googlebot/2.1; +http://www.google.com/bot.html)"
180.242.129.178 - - [25/Aug/2026:22:00:39 +0000] "GET /jindex.php HTTP/1.1" 403 319 "-" "python-httpx/0.28.1"
180.242.129.178 - - [25/Aug/2026:22:00:45 +0000] "GET /wp-admin/network/classwithtostring.php HTTP/1.1" 403 319 "-" "python-httpx/0.28.1"
74.7.243.222 - - [25/Aug/2026:22:00:48 +0000] "GET /?shop/detail/B25518572768.html HTTP/2.0" 403 307 "https://cellsonic.oxygenhealthsystems.com/?sitemap536.xml" "Mozilla/5.0 AppleWebKit/537.36 (KHTML, like Gecko; compatible; GPTBot/1.4; +https://openai.com/gptbot)"
66.249.75.3 - - [25/Aug/2026:22:00:48 +0000] "GET /shop/detail/U254663983.html HTTP/1.1" 403 319 "-" "Mozilla/5.0 (Linux; Android 6.0.1; Nexus 5X Build/MMB29P) AppleWebKit/537.36 (KHTML, like Gecko) Chrome/151.0.7922.173 Mobile Safari/537.36 (compatible; Googlebot/2.1; +http://www.google.com/bot.html)"
180.242.129.178 - - [25/Aug/2026:22:00:51 +0000] "GET /wp-includes/js/tinymce/plugins/compat3x/css/about.php HTTP/1.1" 403 319 "-" "python-httpx/0.28.1"
66.249.75.3 - - [25/Aug/2026:22:00:52 +0000] "GET /shop/detail/F2547669872.html HTTP/1.1" 403 319 "-" "Mozilla/5.0 (Linux; Android 6.0.1; Nexus 5X Build/MMB29P) AppleWebKit/537.36 (KHTML, like Gecko) Chrome/151.0.7922.173 Mobile Safari/537.36 (compatible; Googlebot/2.1; +http://www.google.com/bot.html)"
66.249.75.3 - - [25/Aug/2026:22:00:58 +0000] "GET /shop/detail/Y2547874278.html HTTP/1.1" 403 319 "-" "Mozilla/5.0 (compatible; Googlebot/2.1; +http://www.google.com/bot.html)"
180.242.129.178 - - [25/Aug/2026:22:00:58 +0000] "GET /vendor/filp/whoops/src/Whoops/Resources/views/about.php HTTP/1.1" 403 319 "-" "python-httpx/0.28.1"
180.242.129.178 - - [25/Aug/2026:22:01:04 +0000] "GET /ajaxfilemanager/admin-ajax.php HTTP/1.1" 403 319 "-" "python-httpx/0.28.1"
74.7.243.222 - - [25/Aug/2026:22:01:10 +0000] "GET /?shop/detail/A255032208873.html HTTP/2.0" 403 307 "https://cellsonic.oxygenhealthsystems.com/?sitemap144.xml" "Mozilla/5.0 AppleWebKit/537.36 (KHTML, like Gecko; compatible; GPTBot/1.4; +https://openai.com/gptbot)"
180.242.129.178 - - [25/Aug/2026:22:01:11 +0000] "GET /wp-includes/class-wp-locale.php HTTP/1.1" 403 319 "-" "python-httpx/0.28.1"
180.242.129.178 - - [25/Aug/2026:22:01:17 +0000] "GET /wp-includes/js/tinymce/plugins/charmap/about.php HTTP/1.1" 403 319 "-" "python-httpx/0.28.1"
57.141.0.58 - - [25/Aug/2026:22:01:18 +0000] "GET / HTTP/2.0" 403 307 "-" "facebookexternalhit/1.1 (+http://www.facebook.com/externalhit_uatext.php)"
180.242.129.178 - - [25/Aug/2026:22:01:23 +0000] "GET /wp-admin/js/widgets/nav.php HTTP/1.1" 403 319 "-" "python-httpx/0.28.1"
180.242.129.178 - - [25/Aug/2026:22:01:30 +0000] "GET /assets/kalervirus/go.php HTTP/1.1" 403 319 "-" "python-httpx/0.28.1"
74.7.243.222 - - [25/Aug/2026:22:01:30 +0000] "GET /?shop/detail/B25518624564.html HTTP/2.0" 403 307 "https://cellsonic.oxygenhealthsystems.com/?sitemap536.xml" "Mozilla/5.0 AppleWebKit/537.36 (KHTML, like Gecko; compatible; GPTBot/1.4; +https://openai.com/gptbot)"
180.242.129.178 - - [25/Aug/2026:22:01:36 +0000] "GET /vendor/dragonmantank/cron-expression/about.php HTTP/1.1" 403 319 "-" "python-httpx/0.28.1"
180.242.129.178 - - [25/Aug/2026:22:01:42 +0000] "GET /wp-includes/php-ai-client/src/Providers/Models/VideoGeneration/Contracts/asg3-2.php HTTP/1.1" 403 319 "-" "python-httpx/0.28.1"
180.242.129.178 - - [25/Aug/2026:22:01:49 +0000] "GET /wp-admin/inputs.php HTTP/1.1" 403 319 "-" "python-httpx/0.28.1"
74.7.243.222 - - [25/Aug/2026:22:01:52 +0000] "GET /?shop/detail/Z25491821599.html HTTP/2.0" 403 307 "https://cellsonic.oxygenhealthsystems.com/?sitemap417.xml" "Mozilla/5.0 AppleWebKit/537.36 (KHTML, like Gecko; compatible; GPTBot/1.4; +https://openai.com/gptbot)"
180.242.129.178 - - [25/Aug/2026:22:01:55 +0000] "GET /wp-content/uploads/wp-ver.php HTTP/1.1" 403 319 "-" "python-httpx/0.28.1"
66.249.75.3 - - [25/Aug/2026:22:01:58 +0000] "GET /shop/detail/L25502263691.html HTTP/1.1" 403 319 "-" "Mozilla/5.0 (Linux; Android 6.0.1; Nexus 5X Build/MMB29P) AppleWebKit/537.36 (KHTML, like Gecko) Chrome/151.0.7922.173 Mobile Safari/537.36 (compatible; Googlebot/2.1; +http://www.google.com/bot.html)"
66.249.75.4 - - [25/Aug/2026:22:02:02 +0000] "GET /shop/detail/P2547859075.html HTTP/1.1" 403 319 "-" "Mozilla/5.0 (Linux; Android 6.0.1; Nexus 5X Build/MMB29P) AppleWebKit/537.36 (KHTML, like Gecko) Chrome/151.0.7922.173 Mobile Safari/537.36 (compatible; Googlebot/2.1; +http://www.google.com/bot.html)"
180.242.129.178 - - [25/Aug/2026:22:02:02 +0000] "GET /wp-includes/SimplePie/src/alfa-rex.php HTTP/1.1" 403 319 "-" "python-httpx/0.28.1"
180.242.129.178 - - [25/Aug/2026:22:02:09 +0000] "GET /aaa.php HTTP/1.1" 403 319 "-" "python-httpx/0.28.1"
74.7.243.222 - - [25/Aug/2026:22:02:12 +0000] "GET /?shop/detail/A25466216100.html HTTP/2.0" 403 307 "https://cellsonic.oxygenhealthsystems.com/?sitemap166.xml" "Mozilla/5.0 AppleWebKit/537.36 (KHTML, like Gecko; compatible; GPTBot/1.4; +https://openai.com/gptbot)"
180.242.129.178 - - [25/Aug/2026:22:02:15 +0000] "GET /swm.php HTTP/1.1" 403 319 "-" "python-httpx/0.28.1"
180.242.129.178 - - [25/Aug/2026:22:02:21 +0000] "GET /images/imscjpg.php HTTP/1.1" 403 319 "-" "python-httpx/0.28.1"
66.249.75.3 - - [25/Aug/2026:22:02:23 +0000] "GET /shop/detail/O25481212446.html HTTP/1.1" 403 319 "-" "Mozilla/5.0 (Linux; Android 6.0.1; Nexus 5X Build/MMB29P) AppleWebKit/537.36 (KHTML, like Gecko) Chrome/151.0.7922.173 Mobile Safari/537.36 (compatible; Googlebot/2.1; +http://www.google.com/bot.html)"
180.242.129.178 - - [25/Aug/2026:22:02:27 +0000] "GET /wp-admin/css/colors/blue/colors.php HTTP/1.1" 403 319 "-" "python-httpx/0.28.1"
74.7.243.222 - - [25/Aug/2026:22:02:33 +0000] "GET /?shop/detail/B25494609059.html HTTP/2.0" 403 307 "https://cellsonic.oxygenhealthsystems.com/?sitemap408.xml" "Mozilla/5.0 AppleWebKit/537.36 (KHTML, like Gecko; compatible; GPTBot/1.4; +https://openai.com/gptbot)"
180.242.129.178 - - [25/Aug/2026:22:02:34 +0000] "GET /9index.php HTTP/1.1" 403 319 "-" "python-httpx/0.28.1"
180.242.129.178 - - [25/Aug/2026:22:02:40 +0000] "GET /wp-content/uploads/class_appfun.php HTTP/1.1" 403 319 "-" "python-httpx/0.28.1"
180.242.129.178 - - [25/Aug/2026:22:02:47 +0000] "GET /cpn.php HTTP/1.1" 403 319 "-" "python-httpx/0.28.1"
180.242.129.178 - - [25/Aug/2026:22:02:53 +0000] "GET /wp-admin/includes/class-wp-application-passwords-list-table.php HTTP/1.1" 403 319 "-" "python-httpx/0.28.1"
74.7.243.222 - - [25/Aug/2026:22:02:54 +0000] "GET /?shop/detail/Z25476645599.html HTTP/2.0" 403 307 "https://cellsonic.oxygenhealthsystems.com/?sitemap417.xml" "Mozilla/5.0 AppleWebKit/537.36 (KHTML, like Gecko; compatible; GPTBot/1.4; +https://openai.com/gptbot)"
180.242.129.178 - - [25/Aug/2026:22:03:00 +0000] "GET /wp-admin/x.php HTTP/1.1" 403 319 "-" "python-httpx/0.28.1"
180.242.129.178 - - [25/Aug/2026:22:03:06 +0000] "GET /wp-content/lf.php HTTP/1.1" 403 319 "-" "python-httpx/0.28.1"
180.242.129.178 - - [25/Aug/2026:22:03:12 +0000] "GET /wp-includes/class-wp-customize-section.php HTTP/1.1" 403 319 "-" "python-httpx/0.28.1"
74.7.243.222 - - [25/Aug/2026:22:03:14 +0000] "GET /?shop/detail/Z255141654623.html HTTP/2.0" 403 307 "https://cellsonic.oxygenhealthsystems.com/?sitemap382.xml" "Mozilla/5.0 AppleWebKit/537.36 (KHTML, like Gecko; compatible; GPTBot/1.4; +https://openai.com/gptbot)"
180.242.129.178 - - [25/Aug/2026:22:03:18 +0000] "GET /anone.php HTTP/1.1" 403 319 "-" "python-httpx/0.28.1"
66.249.75.4 - - [25/Aug/2026:22:03:20 +0000] "GET /shop/detail/E25491835683.html HTTP/1.1" 403 319 "-" "Mozilla/5.0 (Linux; Android 6.0.1; Nexus 5X Build/MMB29P) AppleWebKit/537.36 (KHTML, like Gecko) Chrome/151.0.7922.173 Mobile Safari/537.36 (compatible; Googlebot/2.1; +http://www.google.com/bot.html)"
66.249.75.4 - - [25/Aug/2026:22:03:20 +0000] "GET /shop/detail/E25491835683.html HTTP/1.1" 403 319 "-" "Mozilla/5.0 (compatible; Googlebot/2.1; +http://www.google.com/bot.html)"
180.242.129.178 - - [25/Aug/2026:22:03:25 +0000] "GET /wp-content/plugins/akismet/cpn.php HTTP/1.1" 403 319 "-" "python-httpx/0.28.1"
66.249.75.3 - - [25/Aug/2026:22:03:30 +0000] "GET /shop/detail/H25512572701.html HTTP/1.1" 403 319 "-" "Mozilla/5.0 (compatible; Googlebot/2.1; +http://www.google.com/bot.html)"
