74.7.227.54 - - [25/Aug/2026:12:47:04 +0000] "GET /buy.php?ranking/tone/cvqy8fxkvvbkrescp_4583.phtml HTTP/2.0" 500 0 "https://bioredlite.com/buy.php?ranking/characteristic/mjhu8sduekdcf4e3_1157.phtml" "Mozilla/5.0 AppleWebKit/537.36 (KHTML, like Gecko; compatible; GPTBot/1.4; +https://openai.com/gptbot)"
66.249.69.64 - - [25/Aug/2026:12:47:13 +0000] "GET /products.php?s=75340128249 HTTP/2.0" 500 0 "-" "Mozilla/5.0 (Linux; Android 6.0.1; Nexus 5X Build/MMB29P) AppleWebKit/537.36 (KHTML, like Gecko) Chrome/151.0.7922.137 Mobile Safari/537.36 (compatible; Googlebot/2.1; +http://www.google.com/bot.html)"
74.7.227.54 - - [25/Aug/2026:12:47:24 +0000] "GET /buy.php?ranking/soon/cvqy8fxkvvbkrescp_4583.phtml HTTP/2.0" 500 0 "https://bioredlite.com/buy.php?ranking/relief/cvqy8fxkvvbkrescp_4583.phtml" "Mozilla/5.0 AppleWebKit/537.36 (KHTML, like Gecko; compatible; GPTBot/1.4; +https://openai.com/gptbot)"
192.178.6.35 - - [25/Aug/2026:12:47:29 +0000] "GET /2024/11/best-online-casino-for-united-kingdom/ HTTP/2.0" 500 0 "-" "Mozilla/5.0 (Linux; Android 6.0.1; Nexus 5X Build/MMB29P) AppleWebKit/537.36 (KHTML, like Gecko) Chrome/151.0.7922.137 Mobile Safari/537.36 (compatible; Googlebot/2.1; +http://www.google.com/bot.html)"
74.7.227.54 - - [25/Aug/2026:12:47:46 +0000] "GET /buy.php?ranking/spending/xgs37pjv4iwelox_54.phtml HTTP/2.0" 500 0 "https://bioredlite.com/buy.php?ranking/overlook/npbrma37lztbivdymbqa_884.phtml" "Mozilla/5.0 AppleWebKit/537.36 (KHTML, like Gecko; compatible; GPTBot/1.4; +https://openai.com/gptbot)"
2a03:2880:f802:43:: - - [25/Aug/2026:12:47:48 +0000] "GET / HTTP/2.0" 500 0 "-" "facebookexternalhit/1.1 (+http://www.facebook.com/externalhit_uatext.php)"
74.7.227.54 - - [25/Aug/2026:12:48:07 +0000] "GET /buy.php?ranking/century/oue8waktujy0fpp_529.phtml HTTP/2.0" 500 0 "https://bioredlite.com/buy.php?ranking/increased/ntaz8nrqrftipv93w_493.phtml" "Mozilla/5.0 AppleWebKit/537.36 (KHTML, like Gecko; compatible; GPTBot/1.4; +https://openai.com/gptbot)"
66.249.69.70 - - [25/Aug/2026:12:48:14 +0000] "GET /detail.php?u=75420224073 HTTP/2.0" 500 0 "-" "Mozilla/5.0 (Linux; Android 6.0.1; Nexus 5X Build/MMB29P) AppleWebKit/537.36 (KHTML, like Gecko) Chrome/151.0.7922.137 Mobile Safari/537.36 (compatible; Googlebot/2.1; +http://www.google.com/bot.html)"
66.249.69.71 - - [25/Aug/2026:12:48:28 +0000] "GET /detail.php?q=43592222355 HTTP/2.0" 500 0 "-" "Mozilla/5.0 (Linux; Android 6.0.1; Nexus 5X Build/MMB29P) AppleWebKit/537.36 (KHTML, like Gecko) Chrome/151.0.7922.137 Mobile Safari/537.36 (compatible; Googlebot/2.1; +http://www.google.com/bot.html)"
74.7.227.54 - - [25/Aug/2026:12:48:29 +0000] "GET /buy.php?ranking/cheap/gfagv8relrizkzno_1865.phtml HTTP/2.0" 500 0 "https://bioredlite.com/buy.php?ranking/brilliant/gfagv8relrizkzno_1865.phtml" "Mozilla/5.0 AppleWebKit/537.36 (KHTML, like Gecko; compatible; GPTBot/1.4; +https://openai.com/gptbot)"
66.249.69.71 - - [25/Aug/2026:12:48:30 +0000] "GET /detail.php?b=25169278195 HTTP/2.0" 500 0 "-" "Mozilla/5.0 (Linux; Android 6.0.1; Nexus 5X Build/MMB29P) AppleWebKit/537.36 (KHTML, like Gecko) Chrome/151.0.7922.137 Mobile Safari/537.36 (compatible; Googlebot/2.1; +http://www.google.com/bot.html)"
66.249.69.70 - - [25/Aug/2026:12:48:37 +0000] "GET /detail.php?d=45295255749 HTTP/2.0" 500 0 "-" "Mozilla/5.0 (Linux; Android 6.0.1; Nexus 5X Build/MMB29P) AppleWebKit/537.36 (KHTML, like Gecko) Chrome/151.0.7922.137 Mobile Safari/537.36 (compatible; Googlebot/2.1; +http://www.google.com/bot.html)"
74.7.227.54 - - [25/Aug/2026:12:48:50 +0000] "GET /buy.php?ranking/pill/cvqy8fxkvvbkrescp_4583.phtml HTTP/2.0" 500 0 "https://bioredlite.com/buy.php?ranking/involve/ntaz8nrqrftipv93w_493.phtml" "Mozilla/5.0 AppleWebKit/537.36 (KHTML, like Gecko; compatible; GPTBot/1.4; +https://openai.com/gptbot)"
66.249.69.64 - - [25/Aug/2026:12:49:02 +0000] "GET /detail.php?q=43592261761 HTTP/2.0" 500 0 "-" "Mozilla/5.0 (Linux; Android 6.0.1; Nexus 5X Build/MMB29P) AppleWebKit/537.36 (KHTML, like Gecko) Chrome/151.0.7922.137 Mobile Safari/537.36 (compatible; Googlebot/2.1; +http://www.google.com/bot.html)"
66.249.69.64 - - [25/Aug/2026:12:49:02 +0000] "GET /products.php?e=35390227392 HTTP/2.0" 500 0 "-" "Mozilla/5.0 (Linux; Android 6.0.1; Nexus 5X Build/MMB29P) AppleWebKit/537.36 (KHTML, like Gecko) Chrome/151.0.7922.137 Mobile Safari/537.36 (compatible; Googlebot/2.1; +http://www.google.com/bot.html)"
66.249.69.70 - - [25/Aug/2026:12:49:11 +0000] "GET /detail.php?q=4359275779 HTTP/2.0" 500 0 "-" "Mozilla/5.0 (Linux; Android 6.0.1; Nexus 5X Build/MMB29P) AppleWebKit/537.36 (KHTML, like Gecko) Chrome/151.0.7922.137 Mobile Safari/537.36 (compatible; Googlebot/2.1; +http://www.google.com/bot.html)"
74.7.227.54 - - [25/Aug/2026:12:49:11 +0000] "GET /buy.php?ranking/ability/oue8waktujy0fpp_529.phtml HTTP/2.0" 500 0 "https://bioredlite.com/buy.php?ranking/gradually/oue8waktujy0fpp_529.phtml" "Mozilla/5.0 AppleWebKit/537.36 (KHTML, like Gecko; compatible; GPTBot/1.4; +https://openai.com/gptbot)"
74.7.227.54 - - [25/Aug/2026:12:49:31 +0000] "GET /buy.php?ranking/choose/hpml8dixybyvco0r_459.phtml HTTP/2.0" 500 0 "https://bioredlite.com/buy.php?ranking/difficulty/hpml8dixybyvco0r_459.phtml" "Mozilla/5.0 AppleWebKit/537.36 (KHTML, like Gecko; compatible; GPTBot/1.4; +https://openai.com/gptbot)"
66.249.69.70 - - [25/Aug/2026:12:49:33 +0000] "GET /detail.php?p=3974384422 HTTP/2.0" 500 0 "-" "Mozilla/5.0 (Linux; Android 6.0.1; Nexus 5X Build/MMB29P) AppleWebKit/537.36 (KHTML, like Gecko) Chrome/151.0.7922.137 Mobile Safari/537.36 (compatible; Googlebot/2.1; +http://www.google.com/bot.html)"
2a03:2880:f806:e:: - - [25/Aug/2026:12:49:41 +0000] "GET / HTTP/2.0" 500 0 "-" "facebookexternalhit/1.1 (+http://www.facebook.com/externalhit_uatext.php)"
66.249.69.70 - - [25/Aug/2026:12:49:42 +0000] "GET /detail.php?b=25169306267 HTTP/2.0" 500 0 "-" "Mozilla/5.0 (Linux; Android 6.0.1; Nexus 5X Build/MMB29P) AppleWebKit/537.36 (KHTML, like Gecko) Chrome/151.0.7922.137 Mobile Safari/537.36 (compatible; Googlebot/2.1; +http://www.google.com/bot.html)"
66.249.69.70 - - [25/Aug/2026:12:49:51 +0000] "GET /detail.php?t=6668378575 HTTP/2.0" 500 0 "-" "Mozilla/5.0 (Linux; Android 6.0.1; Nexus 5X Build/MMB29P) AppleWebKit/537.36 (KHTML, like Gecko) Chrome/151.0.7922.137 Mobile Safari/537.36 (compatible; Googlebot/2.1; +http://www.google.com/bot.html)"
74.7.227.54 - - [25/Aug/2026:12:49:53 +0000] "GET /buy.php?ranking/secular/rxe83nukhknjzye_820.phtml HTTP/2.0" 500 0 "https://bioredlite.com/buy.php?ranking/finish/kxker83qzvgnc2uubfn_532.phtml" "Mozilla/5.0 AppleWebKit/537.36 (KHTML, like Gecko; compatible; GPTBot/1.4; +https://openai.com/gptbot)"
66.249.69.70 - - [25/Aug/2026:12:50:14 +0000] "GET /detail.php?p=3974374289 HTTP/2.0" 500 0 "-" "Mozilla/5.0 (Linux; Android 6.0.1; Nexus 5X Build/MMB29P) AppleWebKit/537.36 (KHTML, like Gecko) Chrome/151.0.7922.137 Mobile Safari/537.36 (compatible; Googlebot/2.1; +http://www.google.com/bot.html)"
74.7.227.54 - - [25/Aug/2026:12:50:14 +0000] "GET /buy.php?ranking/rumor/hhspio8gsqdtpa9ie_535.phtml HTTP/2.0" 500 0 "https://bioredlite.com/buy.php?ranking/conservation/hhspio8gsqdtpa9ie_535.phtml" "Mozilla/5.0 AppleWebKit/537.36 (KHTML, like Gecko; compatible; GPTBot/1.4; +https://openai.com/gptbot)"
74.7.227.54 - - [25/Aug/2026:12:50:34 +0000] "GET /buy.php?ranking/weed/cvqy8fxkvvbkrescp_4583.phtml HTTP/2.0" 500 0 "https://bioredlite.com/buy.php?ranking/kind/mmx8cfscrbww29_207.phtml" "Mozilla/5.0 AppleWebKit/537.36 (KHTML, like Gecko; compatible; GPTBot/1.4; +https://openai.com/gptbot)"
66.249.69.71 - - [25/Aug/2026:12:50:36 +0000] "GET /detail.php?n=90467186336 HTTP/2.0" 500 0 "-" "Mozilla/5.0 (Linux; Android 6.0.1; Nexus 5X Build/MMB29P) AppleWebKit/537.36 (KHTML, like Gecko) Chrome/151.0.7922.137 Mobile Safari/537.36 (compatible; Googlebot/2.1; +http://www.google.com/bot.html)"
66.249.69.70 - - [25/Aug/2026:12:50:45 +0000] "GET /products.php?f=54241205286 HTTP/2.0" 500 0 "-" "Mozilla/5.0 (Linux; Android 6.0.1; Nexus 5X Build/MMB29P) AppleWebKit/537.36 (KHTML, like Gecko) Chrome/151.0.7922.137 Mobile Safari/537.36 (compatible; Googlebot/2.1; +http://www.google.com/bot.html)"
192.178.6.36 - - [25/Aug/2026:12:50:54 +0000] "GET /2024/11/the-best-online-casinos-for-uk-players/ HTTP/2.0" 500 0 "-" "Mozilla/5.0 (Linux; Android 6.0.1; Nexus 5X Build/MMB29P) AppleWebKit/537.36 (KHTML, like Gecko) Chrome/151.0.7922.137 Mobile Safari/537.36 (compatible; Googlebot/2.1; +http://www.google.com/bot.html)"
74.7.227.54 - - [25/Aug/2026:12:50:55 +0000] "GET /buy.php?ranking/wind/wnbzda8hoxpbreyng_4571.phtml HTTP/2.0" 500 0 "https://bioredlite.com/buy.php?ranking/constantly/qrht8thdoyubygjx7_183.phtml" "Mozilla/5.0 AppleWebKit/537.36 (KHTML, like Gecko; compatible; GPTBot/1.4; +https://openai.com/gptbot)"
66.249.69.64 - - [25/Aug/2026:12:51:04 +0000] "GET /products.php?s=11328124562 HTTP/2.0" 500 0 "-" "Mozilla/5.0 (Linux; Android 6.0.1; Nexus 5X Build/MMB29P) AppleWebKit/537.36 (KHTML, like Gecko) Chrome/151.0.7922.137 Mobile Safari/537.36 (compatible; Googlebot/2.1; +http://www.google.com/bot.html)"
74.7.227.54 - - [25/Aug/2026:12:51:17 +0000] "GET /buy.php?ranking/priest/suoo5dqyben5ftss_208.phtml HTTP/2.0" 500 0 "https://bioredlite.com/buy.php?ranking/responsible/pfs5khtogtz68z_132.phtml" "Mozilla/5.0 AppleWebKit/537.36 (KHTML, like Gecko; compatible; GPTBot/1.4; +https://openai.com/gptbot)"
74.7.227.54 - - [25/Aug/2026:12:52:08 +0000] "GET /buy.php?ranking/several/epj8enmivyfijh_1835.phtml HTTP/2.0" 500 170 "https://bioredlite.com/buy.php?ranking/senator/cvqy8fxkvvbkrescp_4583.phtml" "Mozilla/5.0 AppleWebKit/537.36 (KHTML, like Gecko; compatible; GPTBot/1.4; +https://openai.com/gptbot)"
74.7.227.54 - - [25/Aug/2026:12:53:00 +0000] "GET /buy.php?ranking/purse/gfagv8relrizkzno_1865.phtml HTTP/2.0" 500 170 "https://bioredlite.com/buy.php?ranking/minority/eqhsad8wzahtv2dwtju3_385.phtml" "Mozilla/5.0 AppleWebKit/537.36 (KHTML, like Gecko; compatible; GPTBot/1.4; +https://openai.com/gptbot)"
74.7.227.54 - - [25/Aug/2026:12:53:21 +0000] "GET /buy.php?ranking/wow/gczqmf8cpylkqqg8yip_211.phtml HTTP/2.0" 500 170 "https://bioredlite.com/buy.php?ranking/combine/gczqmf8cpylkqqg8yip_211.phtml" "Mozilla/5.0 AppleWebKit/537.36 (KHTML, like Gecko; compatible; GPTBot/1.4; +https://openai.com/gptbot)"
74.7.227.54 - - [25/Aug/2026:12:53:41 +0000] "GET /buy.php?ranking/regional/wxbj8viqxavkb_1885.phtml HTTP/2.0" 500 170 "https://bioredlite.com/buy.php?ranking/stupid/eqhsad8wzahtv2dwtju3_385.phtml" "Mozilla/5.0 AppleWebKit/537.36 (KHTML, like Gecko; compatible; GPTBot/1.4; +https://openai.com/gptbot)"
74.7.227.54 - - [25/Aug/2026:12:54:02 +0000] "GET /buy.php?ranking/uncle/gfagv8relrizkzno_1865.phtml HTTP/2.0" 500 170 "https://bioredlite.com/buy.php?ranking/worried/gfagv8relrizkzno_1865.phtml" "Mozilla/5.0 AppleWebKit/537.36 (KHTML, like Gecko; compatible; GPTBot/1.4; +https://openai.com/gptbot)"
74.7.227.54 - - [25/Aug/2026:12:54:23 +0000] "GET /buy.php?ranking/drive/hnfwto20usk3osemvt_25.phtml HTTP/2.0" 500 170 "https://bioredlite.com/buy.php?ranking/attendance/eqhsad8wzahtv2dwtju3_385.phtml" "Mozilla/5.0 AppleWebKit/537.36 (KHTML, like Gecko; compatible; GPTBot/1.4; +https://openai.com/gptbot)"
66.249.69.70 - - [25/Aug/2026:12:54:39 +0000] "GET /products.php?q=1678651828 HTTP/2.0" 500 572 "-" "Mozilla/5.0 (Linux; Android 6.0.1; Nexus 5X Build/MMB29P) AppleWebKit/537.36 (KHTML, like Gecko) Chrome/151.0.7922.137 Mobile Safari/537.36 (compatible; Googlebot/2.1; +http://www.google.com/bot.html)"
74.7.227.54 - - [25/Aug/2026:12:55:15 +0000] "GET /buy.php?ranking/fence/hhspio8gsqdtpa9ie_535.phtml HTTP/2.0" 500 170 "https://bioredlite.com/buy.php?ranking/blanket/hhspio8gsqdtpa9ie_535.phtml" "Mozilla/5.0 AppleWebKit/537.36 (KHTML, like Gecko; compatible; GPTBot/1.4; +https://openai.com/gptbot)"
74.7.227.54 - - [25/Aug/2026:12:55:37 +0000] "GET /buy.php?ranking/buddy/qcvemm1nbwbtyli3h_772.phtml HTTP/2.0" 500 170 "https://bioredlite.com/buy.php?ranking/nowhere/qcvemm1nbwbtyli3h_772.phtml" "Mozilla/5.0 AppleWebKit/537.36 (KHTML, like Gecko; compatible; GPTBot/1.4; +https://openai.com/gptbot)"
74.7.227.54 - - [25/Aug/2026:12:55:57 +0000] "GET /buy.php?ranking/promote/oue8waktujy0fpp_529.phtml HTTP/2.0" 500 170 "https://bioredlite.com/buy.php?ranking/invade/l8stivwhiddax_249.phtml" "Mozilla/5.0 AppleWebKit/537.36 (KHTML, like Gecko; compatible; GPTBot/1.4; +https://openai.com/gptbot)"
74.7.227.54 - - [25/Aug/2026:12:56:18 +0000] "GET /buy.php?ranking/surface/myb3dhihgmsfzn5_828.phtml HTTP/2.0" 500 170 "https://bioredlite.com/buy.php?ranking/landing/p8f212rvnrt_513.phtml" "Mozilla/5.0 AppleWebKit/537.36 (KHTML, like Gecko; compatible; GPTBot/1.4; +https://openai.com/gptbot)"
74.7.227.54 - - [25/Aug/2026:12:56:38 +0000] "GET /buy.php?ranking/latter/hpml8dixybyvco0r_459.phtml HTTP/2.0" 499 0 "https://bioredlite.com/buy.php?ranking/predator/hpml8dixybyvco0r_459.phtml" "Mozilla/5.0 AppleWebKit/537.36 (KHTML, like Gecko; compatible; GPTBot/1.4; +https://openai.com/gptbot)"
66.249.69.70 - - [25/Aug/2026:12:56:45 +0000] "GET /products.php?l=3677535871 HTTP/2.0" 499 0 "-" "Mozilla/5.0 (Linux; Android 6.0.1; Nexus 5X Build/MMB29P) AppleWebKit/537.36 (KHTML, like Gecko) Chrome/151.0.7922.137 Mobile Safari/537.36 (compatible; Googlebot/2.1; +http://www.google.com/bot.html)"
74.7.227.54 - - [25/Aug/2026:12:56:56 +0000] "GET /buy.php?ranking/fruit/qrht8thdoyubygjx7_183.phtml HTTP/2.0" 499 0 "https://bioredlite.com/buy.php?ranking/evolution/qrht8thdoyubygjx7_183.phtml" "Mozilla/5.0 AppleWebKit/537.36 (KHTML, like Gecko; compatible; GPTBot/1.4; +https://openai.com/gptbot)"
66.249.69.71 - - [25/Aug/2026:12:57:21 +0000] "GET /products.php?q=93720210111 HTTP/2.0" 499 0 "-" "Mozilla/5.0 (Linux; Android 6.0.1; Nexus 5X Build/MMB29P) AppleWebKit/537.36 (KHTML, like Gecko) Chrome/151.0.7922.137 Mobile Safari/537.36 (compatible; Googlebot/2.1; +http://www.google.com/bot.html)"
74.7.227.54 - - [25/Aug/2026:12:57:30 +0000] "GET /buy.php?ranking/urban/qrht8thdoyubygjx7_183.phtml HTTP/2.0" 499 0 "https://bioredlite.com/buy.php?ranking/continue/qrht8thdoyubygjx7_183.phtml" "Mozilla/5.0 AppleWebKit/537.36 (KHTML, like Gecko; compatible; GPTBot/1.4; +https://openai.com/gptbot)"
74.7.227.54 - - [25/Aug/2026:12:58:10 +0000] "GET /buy.php?ranking/standing/wxbj8viqxavkb_1885.phtml HTTP/2.0" 500 170 "https://bioredlite.com/buy.php?ranking/competitive/bbcqsa8pkdym21m1_165.phtml" "Mozilla/5.0 AppleWebKit/537.36 (KHTML, like Gecko; compatible; GPTBot/1.4; +https://openai.com/gptbot)"
74.7.227.54 - - [25/Aug/2026:12:58:31 +0000] "GET /buy.php?ranking/concerning/ov8ufhy27meje_95.phtml HTTP/2.0" 500 170 "https://bioredlite.com/buy.php?ranking/drawer/loblso8cthzlef5kq_1037.phtml" "Mozilla/5.0 AppleWebKit/537.36 (KHTML, like Gecko; compatible; GPTBot/1.4; +https://openai.com/gptbot)"
74.7.227.54 - - [25/Aug/2026:12:58:51 +0000] "GET /buy.php?ranking/form/wnbzda8hoxpbreyng_4571.phtml HTTP/2.0" 499 0 "https://bioredlite.com/buy.php?ranking/freely/wnbzda8hoxpbreyng_4571.phtml" "Mozilla/5.0 AppleWebKit/537.36 (KHTML, like Gecko; compatible; GPTBot/1.4; +https://openai.com/gptbot)"
2a03:2880:f806:b:: - - [25/Aug/2026:12:59:07 +0000] "GET /products.php?s=7534052833 HTTP/2.0" 499 0 "-" "Mozilla/5.0 (Macintosh; Intel Mac OS X 10_15_7) AppleWebKit/537.36 (KHTML, like Gecko) Chrome/145.0.0.0 Safari/537.36 (compatible; meta-externalagent/1.1 (+https://developers.facebook.com/docs/sharing/webmasters/crawler))"
2a03:2880:f806:30:: - - [25/Aug/2026:12:59:19 +0000] "GET /products.php?z=84265205215 HTTP/2.0" 499 0 "-" "Mozilla/5.0 (Macintosh; Intel Mac OS X 10_15_7) AppleWebKit/537.36 (KHTML, like Gecko) Chrome/145.0.0.0 Safari/537.36 (compatible; meta-externalagent/1.1 (+https://developers.facebook.com/docs/sharing/webmasters/crawler))"
74.7.227.54 - - [25/Aug/2026:12:59:19 +0000] "GET /buy.php?ranking/stick/gfagv8relrizkzno_1865.phtml HTTP/2.0" 499 0 "https://bioredlite.com/buy.php?ranking/museum/jiwoxr8vrttrdnxigmy_4545.phtml" "Mozilla/5.0 AppleWebKit/537.36 (KHTML, like Gecko; compatible; GPTBot/1.4; +https://openai.com/gptbot)"
66.249.69.65 - - [25/Aug/2026:12:59:23 +0000] "GET /products.php?s=75340152723 HTTP/2.0" 499 0 "-" "Mozilla/5.0 (Linux; Android 6.0.1; Nexus 5X Build/MMB29P) AppleWebKit/537.36 (KHTML, like Gecko) Chrome/151.0.7922.137 Mobile Safari/537.36 (compatible; Googlebot/2.1; +http://www.google.com/bot.html)"
74.7.227.54 - - [25/Aug/2026:12:59:48 +0000] "GET /buy.php?ranking/though/xqt5ksykuey9lxth_234.phtml HTTP/2.0" 499 0 "https://bioredlite.com/buy.php?ranking/regularly/wzzp5zzn5nkaad6q1_18.phtml" "Mozilla/5.0 AppleWebKit/537.36 (KHTML, like Gecko; compatible; GPTBot/1.4; +https://openai.com/gptbot)"
2a03:2880:f806:2c:: - - [25/Aug/2026:13:00:08 +0000] "GET /products.php?y=11152301070 HTTP/2.0" 499 0 "-" "Mozilla/5.0 (Macintosh; Intel Mac OS X 10_15_7) AppleWebKit/537.36 (KHTML, like Gecko) Chrome/145.0.0.0 Safari/537.36 (compatible; meta-externalagent/1.1 (+https://developers.facebook.com/docs/sharing/webmasters/crawler))"
74.7.227.54 - - [25/Aug/2026:13:01:02 +0000] "GET /buy.php?ranking/voter/gfagv8relrizkzno_1865.phtml HTTP/2.0" 499 0 "https://bioredlite.com/buy.php?ranking/attorney/gfagv8relrizkzno_1865.phtml" "Mozilla/5.0 AppleWebKit/537.36 (KHTML, like Gecko; compatible; GPTBot/1.4; +https://openai.com/gptbot)"
74.7.227.54 - - [25/Aug/2026:13:01:30 +0000] "GET /buy.php?ranking/drag/wnbzda8hoxpbreyng_4571.phtml HTTP/2.0" 499 0 "https://bioredlite.com/buy.php?ranking/separate/jiwoxr8vrttrdnxigmy_4545.phtml" "Mozilla/5.0 AppleWebKit/537.36 (KHTML, like Gecko; compatible; GPTBot/1.4; +https://openai.com/gptbot)"
66.249.69.67 - - [25/Aug/2026:13:01:30 +0000] "GET /products.php?y=11152172356 HTTP/2.0" 499 0 "-" "Mozilla/5.0 (Linux; Android 6.0.1; Nexus 5X Build/MMB29P) AppleWebKit/537.36 (KHTML, like Gecko) Chrome/151.0.7922.137 Mobile Safari/537.36 (compatible; Googlebot/2.1; +http://www.google.com/bot.html)"
204.12.208.18 - - [25/Aug/2026:13:01:42 +0000] "GET /wp-content/ime13628/index.php HTTP/2.0" 500 572 "https://bioredlite.com/wp-content/ime13628/index.php" "Mozilla/5.0 (Macintosh; Intel Mac OS X 10_6_8) AppleWebKit/535.1 (KHTML, like Gecko) Chrome/13.0.782.220 Safari/535.1"
204.12.208.18 - - [25/Aug/2026:13:01:42 +0000] "GET /wp-content/ime13628/index.php HTTP/2.0" 500 572 "https://bioredlite.com/wp-content/ime13628/index.php" "Mozilla/5.0 (Macintosh; Intel Mac OS X 10_7_2) AppleWebKit/535.2 (KHTML, like Gecko) Chrome/15.0.874.106 Safari/535.2"
74.7.227.54 - - [25/Aug/2026:13:02:03 +0000] "GET /buy.php?ranking/drawing/oue8waktujy0fpp_529.phtml HTTP/2.0" 499 0 "https://bioredlite.com/buy.php?ranking/natural/cvqy8fxkvvbkrescp_4583.phtml" "Mozilla/5.0 AppleWebKit/537.36 (KHTML, like Gecko; compatible; GPTBot/1.4; +https://openai.com/gptbot)"
2a03:2880:f806:1d:: - - [25/Aug/2026:13:02:07 +0000] "GET /products.php?e=35390230789 HTTP/2.0" 499 0 "-" "Mozilla/5.0 (Windows NT 10.0; Win64; x64) AppleWebKit/537.36 (KHTML, like Gecko) Chrome/145.0.0.0 Safari/537.36 (compatible; meta-externalagent/1.1 (+https://developers.facebook.com/docs/sharing/webmasters/crawler))"
74.7.227.54 - - [25/Aug/2026:13:02:32 +0000] "GET /buy.php?ranking/cream/gfagv8relrizkzno_1865.phtml HTTP/2.0" 499 0 "https://bioredlite.com/buy.php?ranking/package/gfagv8relrizkzno_1865.phtml" "Mozilla/5.0 AppleWebKit/537.36 (KHTML, like Gecko; compatible; GPTBot/1.4; +https://openai.com/gptbot)"
74.7.227.54 - - [25/Aug/2026:13:03:01 +0000] "GET /buy.php?ranking/solve/qrht8thdoyubygjx7_183.phtml HTTP/2.0" 499 0 "https://bioredlite.com/buy.php?ranking/teenage/ajkbam8zer1clftsvxt_4597.phtml" "Mozilla/5.0 AppleWebKit/537.36 (KHTML, like Gecko; compatible; GPTBot/1.4; +https://openai.com/gptbot)"
74.7.227.54 - - [25/Aug/2026:13:03:33 +0000] "GET /buy.php?ranking/lady/wnbzda8hoxpbreyng_4571.phtml HTTP/2.0" 499 0 "https://bioredlite.com/buy.php?ranking/mean/wnbzda8hoxpbreyng_4571.phtml" "Mozilla/5.0 AppleWebKit/537.36 (KHTML, like Gecko; compatible; GPTBot/1.4; +https://openai.com/gptbot)"
66.249.69.65 - - [25/Aug/2026:13:03:37 +0000] "GET /detail.php?u=75420659 HTTP/2.0" 499 0 "-" "Mozilla/5.0 (Linux; Android 6.0.1; Nexus 5X Build/MMB29P) AppleWebKit/537.36 (KHTML, like Gecko) Chrome/151.0.7922.137 Mobile Safari/537.36 (compatible; Googlebot/2.1; +http://www.google.com/bot.html)"
74.7.227.54 - - [25/Aug/2026:13:04:02 +0000] "GET /buy.php?ranking/civic/gfagv8relrizkzno_1865.phtml HTTP/2.0" 499 0 "https://bioredlite.com/buy.php?ranking/representative/gfagv8relrizkzno_1865.phtml" "Mozilla/5.0 AppleWebKit/537.36 (KHTML, like Gecko; compatible; GPTBot/1.4; +https://openai.com/gptbot)"
74.7.227.54 - - [25/Aug/2026:13:04:31 +0000] "GET /buy.php?ranking/fight/qrht8thdoyubygjx7_183.phtml HTTP/2.0" 499 0 "https://bioredlite.com/buy.php?ranking/execution/loblso8cthzlef5kq_1037.phtml" "Mozilla/5.0 AppleWebKit/537.36 (KHTML, like Gecko; compatible; GPTBot/1.4; +https://openai.com/gptbot)"
2a03:2880:f806:17:: - - [25/Aug/2026:13:04:35 +0000] "GET /products.php?l=36775138883 HTTP/2.0" 499 0 "-" "Mozilla/5.0 (Windows NT 10.0; Win64; x64; rv:147.0) Gecko/20100101 Firefox/147.0 (compatible; meta-externalagent/1.1 (+https://developers.facebook.com/docs/sharing/webmasters/crawler))"
2001:268:76af:1d69:8df:307f:7f94:6e4e - - [25/Aug/2026:13:04:39 +0000] "GET /products.php?q=9372024029 HTTP/2.0" 499 0 "https://www.google.com/" "Mozilla/5.0 (Macintosh; Intel Mac OS X 10_15_7) AppleWebKit/605.1.15 (KHTML, like Gecko) Version/26.3 Safari/605.1.15"
2001:268:76af:1d69:8df:307f:7f94:6e4e - - [25/Aug/2026:13:04:43 +0000] "GET /products.php?q=9372024029 HTTP/2.0" 499 0 "https://www.google.com/" "Mozilla/5.0 (Macintosh; Intel Mac OS X 10_15_7) AppleWebKit/605.1.15 (KHTML, like Gecko) Version/26.3 Safari/605.1.15"
74.7.227.54 - - [25/Aug/2026:13:05:03 +0000] "GET /buy.php?ranking/grave/hhspio8gsqdtpa9ie_535.phtml HTTP/2.0" 499 0 "https://bioredlite.com/buy.php?ranking/speculation/hhspio8gsqdtpa9ie_535.phtml" "Mozilla/5.0 AppleWebKit/537.36 (KHTML, like Gecko; compatible; GPTBot/1.4; +https://openai.com/gptbot)"
74.7.227.54 - - [25/Aug/2026:13:05:32 +0000] "GET /buy.php?ranking/nasty/gfagv8relrizkzno_1865.phtml HTTP/2.0" 499 0 "https://bioredlite.com/buy.php?ranking/challenge/gfagv8relrizkzno_1865.phtml" "Mozilla/5.0 AppleWebKit/537.36 (KHTML, like Gecko; compatible; GPTBot/1.4; +https://openai.com/gptbot)"
66.249.69.65 - - [25/Aug/2026:13:05:40 +0000] "GET /products.php?m=77128282389 HTTP/2.0" 499 0 "-" "Mozilla/5.0 (Linux; Android 6.0.1; Nexus 5X Build/MMB29P) AppleWebKit/537.36 (KHTML, like Gecko) Chrome/151.0.7922.137 Mobile Safari/537.36 (compatible; Googlebot/2.1; +http://www.google.com/bot.html)"
74.7.227.54 - - [25/Aug/2026:13:06:01 +0000] "GET /buy.php?ranking/boat/cvqy8fxkvvbkrescp_4583.phtml HTTP/2.0" 499 0 "https://bioredlite.com/buy.php?ranking/testimony/gczqmf8cpylkqqg8yip_211.phtml" "Mozilla/5.0 AppleWebKit/537.36 (KHTML, like Gecko; compatible; GPTBot/1.4; +https://openai.com/gptbot)"
74.7.227.54 - - [25/Aug/2026:13:06:34 +0000] "GET /buy.php?ranking/abortion/neeh8hjfcnflc_1929.phtml HTTP/2.0" 499 0 "https://bioredlite.com/buy.php?ranking/heel/eqhsad8wzahtv2dwtju3_385.phtml" "Mozilla/5.0 AppleWebKit/537.36 (KHTML, like Gecko; compatible; GPTBot/1.4; +https://openai.com/gptbot)"
2a03:2880:f80e:a:: - - [25/Aug/2026:13:06:54 +0000] "GET / HTTP/2.0" 499 0 "-" "facebookexternalhit/1.1 (+http://www.facebook.com/externalhit_uatext.php)"
74.7.227.54 - - [25/Aug/2026:13:07:02 +0000] "GET /buy.php?ranking/spring/hpml8dixybyvco0r_459.phtml HTTP/2.0" 499 0 "https://bioredlite.com/buy.php?ranking/counterpart/rylstf8wjq2miibw_4551.phtml" "Mozilla/5.0 AppleWebKit/537.36 (KHTML, like Gecko; compatible; GPTBot/1.4; +https://openai.com/gptbot)"
74.7.227.54 - - [25/Aug/2026:13:07:31 +0000] "GET /buy.php?ranking/fade/cvqy8fxkvvbkrescp_4583.phtml HTTP/2.0" 499 0 "https://bioredlite.com/buy.php?ranking/retreat/cvqy8fxkvvbkrescp_4583.phtml" "Mozilla/5.0 AppleWebKit/537.36 (KHTML, like Gecko; compatible; GPTBot/1.4; +https://openai.com/gptbot)"
74.7.227.54 - - [25/Aug/2026:13:07:38 +0000] "GET /buy.php?ranking/crawl/gfagv8relrizkzno_1865.phtml HTTP/2.0" 500 0 "https://bioredlite.com/buy.php?ranking/fruit/eqhsad8wzahtv2dwtju3_385.phtml" "Mozilla/5.0 AppleWebKit/537.36 (KHTML, like Gecko; compatible; GPTBot/1.4; +https://openai.com/gptbot)"
74.7.227.54 - - [25/Aug/2026:13:07:43 +0000] "GET /buy.php?ranking/shot/wnbzda8hoxpbreyng_4571.phtml HTTP/2.0" 500 0 "https://bioredlite.com/buy.php?ranking/exhaust/wnbzda8hoxpbreyng_4571.phtml" "Mozilla/5.0 AppleWebKit/537.36 (KHTML, like Gecko; compatible; GPTBot/1.4; +https://openai.com/gptbot)"
66.249.69.67 - - [25/Aug/2026:13:07:53 +0000] "GET /products.php?y=1115291637 HTTP/2.0" 500 0 "-" "Mozilla/5.0 (Linux; Android 6.0.1; Nexus 5X Build/MMB29P) AppleWebKit/537.36 (KHTML, like Gecko) Chrome/151.0.7922.137 Mobile Safari/537.36 (compatible; Googlebot/2.1; +http://www.google.com/bot.html)"
2001:268:76af:1d69:8df:307f:7f94:6e4e - - [25/Aug/2026:13:07:56 +0000] "GET /products.php?q=9372024029 HTTP/2.0" 500 0 "-" "Mozilla/5.0 (Macintosh; Intel Mac OS X 10_15_7) AppleWebKit/605.1.15 (KHTML, like Gecko) Version/26.3 Safari/605.1.15"
74.7.227.54 - - [25/Aug/2026:13:07:56 +0000] "GET /buy.php?ranking/mental/hpml8dixybyvco0r_459.phtml HTTP/2.0" 500 0 "https://bioredlite.com/buy.php?ranking/rose/jiwoxr8vrttrdnxigmy_4545.phtml" "Mozilla/5.0 AppleWebKit/537.36 (KHTML, like Gecko; compatible; GPTBot/1.4; +https://openai.com/gptbot)"
66.249.69.67 - - [25/Aug/2026:13:08:03 +0000] "GET /products.php?e=35390242070 HTTP/2.0" 500 0 "-" "Mozilla/5.0 (Linux; Android 6.0.1; Nexus 5X Build/MMB29P) AppleWebKit/537.36 (KHTML, like Gecko) Chrome/151.0.7922.137 Mobile Safari/537.36 (compatible; Googlebot/2.1; +http://www.google.com/bot.html)"
74.7.227.54 - - [25/Aug/2026:13:08:04 +0000] "GET /buy.php?ranking/founder/uvatk61jifebnxs_574.phtml HTTP/2.0" 499 0 "https://bioredlite.com/buy.php?ranking/traditional/uvatk61jifebnxs_574.phtml" "Mozilla/5.0 AppleWebKit/537.36 (KHTML, like Gecko; compatible; GPTBot/1.4; +https://openai.com/gptbot)"
74.7.227.54 - - [25/Aug/2026:13:08:05 +0000] "GET /buy.php?ranking/recently/mp31sdz0gzimxkz_30.phtml HTTP/2.0" 500 0 "https://bioredlite.com/buy.php?ranking/innovation/mp31sdz0gzimxkz_30.phtml" "Mozilla/5.0 AppleWebKit/537.36 (KHTML, like Gecko; compatible; GPTBot/1.4; +https://openai.com/gptbot)"
74.7.227.54 - - [25/Aug/2026:13:08:26 +0000] "GET /buy.php?ranking/mood/mnhnw1qbq2jfxsdquz_770.phtml HTTP/2.0" 500 0 "https://bioredlite.com/buy.php?ranking/greatly/mnhnw1qbq2jfxsdquz_770.phtml" "Mozilla/5.0 AppleWebKit/537.36 (KHTML, like Gecko; compatible; GPTBot/1.4; +https://openai.com/gptbot)"
2a03:2880:f806:b:: - - [25/Aug/2026:13:08:27 +0000] "GET /products.php?z=84265149475 HTTP/2.0" 500 0 "-" "Mozilla/5.0 (Windows NT 10.0; Win64; x64) AppleWebKit/537.36 (KHTML, like Gecko) Chrome/144.0.0.0 Safari/537.36 Edg/144.0.0.0 (compatible; meta-externalagent/1.1 (+https://developers.facebook.com/docs/sharing/webmasters/crawler))"
74.7.227.54 - - [25/Aug/2026:13:08:32 +0000] "GET /buy.php?ranking/monster/vzob8lamr2byimy_117.phtml HTTP/2.0" 499 0 "https://bioredlite.com/buy.php?ranking/tremendous/gpdokg8vrodch6ma_4547.phtml" "Mozilla/5.0 AppleWebKit/537.36 (KHTML, like Gecko; compatible; GPTBot/1.4; +https://openai.com/gptbot)"
2a03:2880:f806:5:: - - [25/Aug/2026:13:08:46 +0000] "GET /products.php?e=35390184817 HTTP/2.0" 500 0 "-" "Mozilla/5.0 (Windows NT 10.0; Win64; x64) AppleWebKit/537.36 (KHTML, like Gecko) Chrome/145.0.0.0 Safari/537.36 (compatible; meta-externalagent/1.1 (+https://developers.facebook.com/docs/sharing/webmasters/crawler))"
74.7.227.54 - - [25/Aug/2026:13:08:48 +0000] "GET /buy.php?ranking/online/hpml8dixybyvco0r_459.phtml HTTP/2.0" 500 0 "https://bioredlite.com/buy.php?ranking/park/hpml8dixybyvco0r_459.phtml" "Mozilla/5.0 AppleWebKit/537.36 (KHTML, like Gecko; compatible; GPTBot/1.4; +https://openai.com/gptbot)"
66.249.69.67 - - [25/Aug/2026:13:09:05 +0000] "GET /detail.php?q=4359235658 HTTP/2.0" 500 0 "-" "Mozilla/5.0 (Linux; Android 6.0.1; Nexus 5X Build/MMB29P) AppleWebKit/537.36 (KHTML, like Gecko) Chrome/151.0.7922.137 Mobile Safari/537.36 (compatible; Googlebot/2.1; +http://www.google.com/bot.html)"
74.7.227.54 - - [25/Aug/2026:13:09:09 +0000] "GET /buy.php?ranking/after/qrht8thdoyubygjx7_183.phtml HTTP/2.0" 500 0 "https://bioredlite.com/buy.php?ranking/partially/qrht8thdoyubygjx7_183.phtml" "Mozilla/5.0 AppleWebKit/537.36 (KHTML, like Gecko; compatible; GPTBot/1.4; +https://openai.com/gptbot)"
17.22.253.106 - - [25/Aug/2026:13:09:20 +0000] "GET /tag/hyperbaric-chamber/page/7/ HTTP/2.0" 500 0 "-" "Mozilla/5.0 (Macintosh; Intel Mac OS X 10_15_7) AppleWebKit/605.1.15 (KHTML, like Gecko) Version/17.4 Safari/605.1.15 (Applebot/0.1; +http://www.apple.com/go/applebot)"
74.7.227.54 - - [25/Aug/2026:13:09:30 +0000] "GET /buy.php?ranking/lower/qrht8thdoyubygjx7_183.phtml HTTP/2.0" 500 0 "https://bioredlite.com/buy.php?ranking/consumption/qrht8thdoyubygjx7_183.phtml" "Mozilla/5.0 AppleWebKit/537.36 (KHTML, like Gecko; compatible; GPTBot/1.4; +https://openai.com/gptbot)"
74.7.227.54 - - [25/Aug/2026:13:09:51 +0000] "GET /buy.php?ranking/cancel/hpml8dixybyvco0r_459.phtml HTTP/2.0" 500 0 "https://bioredlite.com/buy.php?ranking/resist/cvqy8fxkvvbkrescp_4583.phtml" "Mozilla/5.0 AppleWebKit/537.36 (KHTML, like Gecko; compatible; GPTBot/1.4; +https://openai.com/gptbot)"
192.178.6.33 - - [25/Aug/2026:13:09:59 +0000] "GET /?x=16715112977 HTTP/2.0" 500 0 "-" "Mozilla/5.0 (Linux; Android 6.0.1; Nexus 5X Build/MMB29P) AppleWebKit/537.36 (KHTML, like Gecko) Chrome/151.0.7922.137 Mobile Safari/537.36 (compatible; Googlebot/2.1; +http://www.google.com/bot.html)"
2a03:2880:f806:16:: - - [25/Aug/2026:13:10:00 +0000] "GET /products.php?f=54241201021 HTTP/2.0" 500 0 "-" "Mozilla/5.0 (Windows NT 10.0; Win64; x64) AppleWebKit/537.36 (KHTML, like Gecko) Chrome/145.0.0.0 Safari/537.36 (compatible; meta-externalagent/1.1 (+https://developers.facebook.com/docs/sharing/webmasters/crawler))"
74.7.227.54 - - [25/Aug/2026:13:10:12 +0000] "GET /buy.php?ranking/seek/wnbzda8hoxpbreyng_4571.phtml HTTP/2.0" 500 0 "https://bioredlite.com/buy.php?ranking/formal/gczqmf8cpylkqqg8yip_211.phtml" "Mozilla/5.0 AppleWebKit/537.36 (KHTML, like Gecko; compatible; GPTBot/1.4; +https://openai.com/gptbot)"
74.7.227.54 - - [25/Aug/2026:13:10:32 +0000] "GET /buy.php?ranking/check/gfagv8relrizkzno_1865.phtml HTTP/2.0" 500 0 "https://bioredlite.com/buy.php?ranking/processor/gfagv8relrizkzno_1865.phtml" "Mozilla/5.0 AppleWebKit/537.36 (KHTML, like Gecko; compatible; GPTBot/1.4; +https://openai.com/gptbot)"
66.249.69.70 - - [25/Aug/2026:13:10:44 +0000] "GET /products.php?y=11152104365 HTTP/2.0" 500 0 "-" "Mozilla/5.0 (Linux; Android 6.0.1; Nexus 5X Build/MMB29P) AppleWebKit/537.36 (KHTML, like Gecko) Chrome/151.0.7922.137 Mobile Safari/537.36 (compatible; Googlebot/2.1; +http://www.google.com/bot.html)"
2a03:2880:f806:13:: - - [25/Aug/2026:13:10:51 +0000] "GET /products.php?s=75340198591 HTTP/2.0" 500 0 "-" "Mozilla/5.0 (X11; Linux x86_64) AppleWebKit/537.36 (KHTML, like Gecko) Chrome/145.0.0.0 Safari/537.36 (compatible; meta-externalagent/1.1 (+https://developers.facebook.com/docs/sharing/webmasters/crawler))"
74.7.227.54 - - [25/Aug/2026:13:10:52 +0000] "GET /buy.php?ranking/snake/qrht8thdoyubygjx7_183.phtml HTTP/2.0" 500 0 "https://bioredlite.com/buy.php?ranking/actress/qrht8thdoyubygjx7_183.phtml" "Mozilla/5.0 AppleWebKit/537.36 (KHTML, like Gecko; compatible; GPTBot/1.4; +https://openai.com/gptbot)"
74.7.227.54 - - [25/Aug/2026:13:11:14 +0000] "GET /buy.php?ranking/aspect/hpml8dixybyvco0r_459.phtml HTTP/2.0" 500 0 "https://bioredlite.com/buy.php?ranking/fifteen/ntaz8nrqrftipv93w_493.phtml" "Mozilla/5.0 AppleWebKit/537.36 (KHTML, like Gecko; compatible; GPTBot/1.4; +https://openai.com/gptbot)"
192.178.6.33 - - [25/Aug/2026:13:11:23 +0000] "GET /prizes/231754216/ HTTP/2.0" 500 0 "-" "Mozilla/5.0 (Linux; Android 6.0.1; Nexus 5X Build/MMB29P) AppleWebKit/537.36 (KHTML, like Gecko) Chrome/151.0.7922.137 Mobile Safari/537.36 (compatible; Googlebot/2.1; +http://www.google.com/bot.html)"
74.7.227.54 - - [25/Aug/2026:13:11:34 +0000] "GET /buy.php?ranking/prison/wb9btgciyeofysw_6392.phtml HTTP/2.0" 500 0 "https://bioredlite.com/buy.php?ranking/preparation/ig9savlpdab1_7844.phtml" "Mozilla/5.0 AppleWebKit/537.36 (KHTML, like Gecko; compatible; GPTBot/1.4; +https://openai.com/gptbot)"
2a03:2880:f806:6:: - - [25/Aug/2026:13:11:54 +0000] "GET /products.php?f=54241197791 HTTP/2.0" 500 0 "-" "Mozilla/5.0 (Windows NT 10.0; Win64; x64) AppleWebKit/537.36 (KHTML, like Gecko) Chrome/145.0.0.0 Safari/537.36 (compatible; meta-externalagent/1.1 (+https://developers.facebook.com/docs/sharing/webmasters/crawler))"
74.7.227.54 - - [25/Aug/2026:13:11:56 +0000] "GET /buy.php?ranking/bell/ovstj4zqkera1piecw_203.phtml HTTP/2.0" 500 0 "https://bioredlite.com/buy.php?ranking/destruction/ovstj4zqkera1piecw_203.phtml" "Mozilla/5.0 AppleWebKit/537.36 (KHTML, like Gecko; compatible; GPTBot/1.4; +https://openai.com/gptbot)"
66.249.69.64 - - [25/Aug/2026:13:11:56 +0000] "GET /products.php?l=36775282904 HTTP/2.0" 500 0 "-" "Mozilla/5.0 (Linux; Android 6.0.1; Nexus 5X Build/MMB29P) AppleWebKit/537.36 (KHTML, like Gecko) Chrome/151.0.7922.137 Mobile Safari/537.36 (compatible; Googlebot/2.1; +http://www.google.com/bot.html)"
66.249.69.70 - - [25/Aug/2026:13:11:56 +0000] "GET /robots.txt HTTP/2.0" 304 0 "-" "Mozilla/5.0 (compatible; Googlebot/2.1; +http://www.google.com/bot.html)"
74.7.227.54 - - [25/Aug/2026:13:12:17 +0000] "GET /buy.php?ranking/shit/cvqy8fxkvvbkrescp_4583.phtml HTTP/2.0" 500 0 "https://bioredlite.com/buy.php?ranking/recently/cvqy8fxkvvbkrescp_4583.phtml" "Mozilla/5.0 AppleWebKit/537.36 (KHTML, like Gecko; compatible; GPTBot/1.4; +https://openai.com/gptbot)"
66.249.69.71 - - [25/Aug/2026:13:12:24 +0000] "GET /products.php?l=36775144423 HTTP/2.0" 500 0 "-" "Mozilla/5.0 (Linux; Android 6.0.1; Nexus 5X Build/MMB29P) AppleWebKit/537.36 (KHTML, like Gecko) Chrome/151.0.7922.137 Mobile Safari/537.36 (compatible; Googlebot/2.1; +http://www.google.com/bot.html)"
74.7.227.54 - - [25/Aug/2026:13:12:38 +0000] "GET /buy.php?ranking/pace/rivp49nfsgtbiovz1lk_32.phtml HTTP/2.0" 500 0 "https://bioredlite.com/buy.php?ranking/secular/flkdto49lgaamazyotzf_128.phtml" "Mozilla/5.0 AppleWebKit/537.36 (KHTML, like Gecko; compatible; GPTBot/1.4; +https://openai.com/gptbot)"
192.178.6.33 - - [25/Aug/2026:13:12:48 +0000] "GET /?x=1671588876 HTTP/2.0" 500 0 "-" "Mozilla/5.0 (Linux; Android 6.0.1; Nexus 5X Build/MMB29P) AppleWebKit/537.36 (KHTML, like Gecko) Chrome/151.0.7922.137 Mobile Safari/537.36 (compatible; Googlebot/2.1; +http://www.google.com/bot.html)"
74.7.227.54 - - [25/Aug/2026:13:13:00 +0000] "GET /buy.php?ranking/contest/epj8enmivyfijh_1835.phtml HTTP/2.0" 500 0 "https://bioredlite.com/buy.php?ranking/woman/ajkbam8zer1clftsvxt_4597.phtml" "Mozilla/5.0 AppleWebKit/537.36 (KHTML, like Gecko; compatible; GPTBot/1.4; +https://openai.com/gptbot)"
192.178.6.34 - - [25/Aug/2026:13:13:08 +0000] "GET /prizes/54166872 HTTP/2.0" 500 0 "-" "Mozilla/5.0 (Linux; Android 6.0.1; Nexus 5X Build/MMB29P) AppleWebKit/537.36 (KHTML, like Gecko) Chrome/151.0.7922.137 Mobile Safari/537.36 (compatible; Googlebot/2.1; +http://www.google.com/bot.html)"
74.7.227.54 - - [25/Aug/2026:13:13:21 +0000] "GET /buy.php?ranking/shoe/wnbzda8hoxpbreyng_4571.phtml HTTP/2.0" 500 0 "https://bioredlite.com/buy.php?ranking/transfer/wnbzda8hoxpbreyng_4571.phtml" "Mozilla/5.0 AppleWebKit/537.36 (KHTML, like Gecko; compatible; GPTBot/1.4; +https://openai.com/gptbot)"
192.178.6.32 - - [25/Aug/2026:13:13:25 +0000] "GET /?e=5827051011 HTTP/2.0" 500 0 "-" "Mozilla/5.0 (Linux; Android 6.0.1; Nexus 5X Build/MMB29P) AppleWebKit/537.36 (KHTML, like Gecko) Chrome/151.0.7922.137 Mobile Safari/537.36 (compatible; Googlebot/2.1; +http://www.google.com/bot.html)"
66.249.69.65 - - [25/Aug/2026:13:13:40 +0000] "GET /detail.php?d=45295155189 HTTP/2.0" 500 0 "-" "Mozilla/5.0 (Linux; Android 6.0.1; Nexus 5X Build/MMB29P) AppleWebKit/537.36 (KHTML, like Gecko) Chrome/151.0.7922.137 Mobile Safari/537.36 (compatible; Googlebot/2.1; +http://www.google.com/bot.html)"
74.7.227.54 - - [25/Aug/2026:13:13:42 +0000] "GET /buy.php?ranking/level/qrht8thdoyubygjx7_183.phtml HTTP/2.0" 500 0 "https://bioredlite.com/buy.php?ranking/servant/qrht8thdoyubygjx7_183.phtml" "Mozilla/5.0 AppleWebKit/537.36 (KHTML, like Gecko; compatible; GPTBot/1.4; +https://openai.com/gptbot)"
66.249.69.65 - - [25/Aug/2026:13:13:52 +0000] "GET /products.php?s=1132870913 HTTP/2.0" 500 0 "-" "Mozilla/5.0 (Linux; Android 6.0.1; Nexus 5X Build/MMB29P) AppleWebKit/537.36 (KHTML, like Gecko) Chrome/151.0.7922.137 Mobile Safari/537.36 (compatible; Googlebot/2.1; +http://www.google.com/bot.html)"
66.249.69.66 - - [25/Aug/2026:13:14:03 +0000] "GET /detail.php?q=4359280403 HTTP/2.0" 500 0 "-" "Mozilla/5.0 (Linux; Android 6.0.1; Nexus 5X Build/MMB29P) AppleWebKit/537.36 (KHTML, like Gecko) Chrome/151.0.7922.137 Mobile Safari/537.36 (compatible; Googlebot/2.1; +http://www.google.com/bot.html)"
74.7.227.54 - - [25/Aug/2026:13:14:03 +0000] "GET /buy.php?ranking/funding/oue8waktujy0fpp_529.phtml HTTP/2.0" 500 0 "https://bioredlite.com/buy.php?ranking/facilitate/oue8waktujy0fpp_529.phtml" "Mozilla/5.0 AppleWebKit/537.36 (KHTML, like Gecko; compatible; GPTBot/1.4; +https://openai.com/gptbot)"
192.178.6.32 - - [25/Aug/2026:13:14:12 +0000] "GET /?x=9518345883 HTTP/2.0" 500 0 "-" "Mozilla/5.0 (Linux; Android 6.0.1; Nexus 5X Build/MMB29P) AppleWebKit/537.36 (KHTML, like Gecko) Chrome/151.0.7922.137 Mobile Safari/537.36 (compatible; Googlebot/2.1; +http://www.google.com/bot.html)"
66.249.69.65 - - [25/Aug/2026:13:14:20 +0000] "GET /products.php?q=93720278015 HTTP/2.0" 500 0 "-" "Mozilla/5.0 (Linux; Android 6.0.1; Nexus 5X Build/MMB29P) AppleWebKit/537.36 (KHTML, like Gecko) Chrome/151.0.7922.137 Mobile Safari/537.36 (compatible; Googlebot/2.1; +http://www.google.com/bot.html)"
74.7.227.54 - - [25/Aug/2026:13:14:24 +0000] "GET /buy.php?ranking/history/oue8waktujy0fpp_529.phtml HTTP/2.0" 500 0 "https://bioredlite.com/buy.php?ranking/rib/oue8waktujy0fpp_529.phtml" "Mozilla/5.0 AppleWebKit/537.36 (KHTML, like Gecko; compatible; GPTBot/1.4; +https://openai.com/gptbot)"
66.249.69.65 - - [25/Aug/2026:13:14:27 +0000] "GET /products.php?e=3539076077 HTTP/2.0" 500 0 "-" "Mozilla/5.0 (Linux; Android 6.0.1; Nexus 5X Build/MMB29P) AppleWebKit/537.36 (KHTML, like Gecko) Chrome/151.0.7922.137 Mobile Safari/537.36 (compatible; Googlebot/2.1; +http://www.google.com/bot.html)"
66.249.69.65 - - [25/Aug/2026:13:14:32 +0000] "GET /products.php?l=3677549963 HTTP/2.0" 500 0 "-" "Mozilla/5.0 (Linux; Android 6.0.1; Nexus 5X Build/MMB29P) AppleWebKit/537.36 (KHTML, like Gecko) Chrome/151.0.7922.137 Mobile Safari/537.36 (compatible; Googlebot/2.1; +http://www.google.com/bot.html)"
66.249.69.65 - - [25/Aug/2026:13:14:37 +0000] "GET /products.php?e=35390113867 HTTP/2.0" 500 0 "-" "Mozilla/5.0 (Linux; Android 6.0.1; Nexus 5X Build/MMB29P) AppleWebKit/537.36 (KHTML, like Gecko) Chrome/151.0.7922.137 Mobile Safari/537.36 (compatible; Googlebot/2.1; +http://www.google.com/bot.html)"
192.178.6.33 - - [25/Aug/2026:13:14:41 +0000] "GET /prizes/238329044 HTTP/2.0" 500 0 "-" "Mozilla/5.0 (Linux; Android 6.0.1; Nexus 5X Build/MMB29P) AppleWebKit/537.36 (KHTML, like Gecko) Chrome/151.0.7922.137 Mobile Safari/537.36 (compatible; Googlebot/2.1; +http://www.google.com/bot.html)"
66.249.69.65 - - [25/Aug/2026:13:14:45 +0000] "GET /products.php?e=35390213457 HTTP/2.0" 500 0 "-" "Mozilla/5.0 (Linux; Android 6.0.1; Nexus 5X Build/MMB29P) AppleWebKit/537.36 (KHTML, like Gecko) Chrome/151.0.7922.137 Mobile Safari/537.36 (compatible; Googlebot/2.1; +http://www.google.com/bot.html)"
74.7.227.54 - - [25/Aug/2026:13:14:45 +0000] "GET /buy.php?ranking/wooden/shi3kgfxktqxmaz_6110.phtml HTTP/2.0" 500 0 "https://bioredlite.com/buy.php?ranking/assemble/shi3kgfxktqxmaz_6110.phtml" "Mozilla/5.0 AppleWebKit/537.36 (KHTML, like Gecko; compatible; GPTBot/1.4; +https://openai.com/gptbot)"
66.249.69.65 - - [25/Aug/2026:13:14:48 +0000] "GET /products.php?y=11152208112 HTTP/2.0" 500 0 "-" "Mozilla/5.0 (Linux; Android 6.0.1; Nexus 5X Build/MMB29P) AppleWebKit/537.36 (KHTML, like Gecko) Chrome/151.0.7922.137 Mobile Safari/537.36 (compatible; Googlebot/2.1; +http://www.google.com/bot.html)"
66.249.69.65 - - [25/Aug/2026:13:14:50 +0000] "GET /detail.php?u=75420258641 HTTP/2.0" 500 0 "-" "Mozilla/5.0 (Linux; Android 6.0.1; Nexus 5X Build/MMB29P) AppleWebKit/537.36 (KHTML, like Gecko) Chrome/151.0.7922.137 Mobile Safari/537.36 (compatible; Googlebot/2.1; +http://www.google.com/bot.html)"
66.249.69.65 - - [25/Aug/2026:13:14:52 +0000] "GET /products.php?s=7534044588 HTTP/2.0" 500 0 "-" "Mozilla/5.0 (Linux; Android 6.0.1; Nexus 5X Build/MMB29P) AppleWebKit/537.36 (KHTML, like Gecko) Chrome/151.0.7922.137 Mobile Safari/537.36 (compatible; Googlebot/2.1; +http://www.google.com/bot.html)"
66.249.69.65 - - [25/Aug/2026:13:14:54 +0000] "GET /products.php?f=5424162358 HTTP/2.0" 500 0 "-" "Mozilla/5.0 (Linux; Android 6.0.1; Nexus 5X Build/MMB29P) AppleWebKit/537.36 (KHTML, like Gecko) Chrome/151.0.7922.137 Mobile Safari/537.36 (compatible; Googlebot/2.1; +http://www.google.com/bot.html)"
74.7.227.54 - - [25/Aug/2026:13:15:06 +0000] "GET /buy.php?ranking/species/oue8waktujy0fpp_529.phtml HTTP/2.0" 500 0 "https://bioredlite.com/buy.php?ranking/incredible/pzqayo8umtgh7f2x2u_993.phtml" "Mozilla/5.0 AppleWebKit/537.36 (KHTML, like Gecko; compatible; GPTBot/1.4; +https://openai.com/gptbot)"
66.249.69.67 - - [25/Aug/2026:13:15:27 +0000] "GET /products.php?l=3677537214 HTTP/2.0" 500 0 "-" "Mozilla/5.0 (Linux; Android 6.0.1; Nexus 5X Build/MMB29P) AppleWebKit/537.36 (KHTML, like Gecko) Chrome/151.0.7922.137 Mobile Safari/537.36 (compatible; Googlebot/2.1; +http://www.google.com/bot.html)"
74.7.227.54 - - [25/Aug/2026:13:15:27 +0000] "GET /buy.php?ranking/suburb/hpml8dixybyvco0r_459.phtml HTTP/2.0" 500 0 "https://bioredlite.com/buy.php?ranking/moderate/qkjfzq8uyhwd2hgrp_1135.phtml" "Mozilla/5.0 AppleWebKit/537.36 (KHTML, like Gecko; compatible; GPTBot/1.4; +https://openai.com/gptbot)"
66.249.69.65 - - [25/Aug/2026:13:15:35 +0000] "GET /products.php?e=3539061107 HTTP/2.0" 500 0 "-" "Mozilla/5.0 (Linux; Android 6.0.1; Nexus 5X Build/MMB29P) AppleWebKit/537.36 (KHTML, like Gecko) Chrome/151.0.7922.137 Mobile Safari/537.36 (compatible; Googlebot/2.1; +http://www.google.com/bot.html)"
74.7.227.54 - - [25/Aug/2026:13:15:49 +0000] "GET /buy.php?ranking/armed/qrht8thdoyubygjx7_183.phtml HTTP/2.0" 500 0 "https://bioredlite.com/buy.php?ranking/anxiety/qrht8thdoyubygjx7_183.phtml" "Mozilla/5.0 AppleWebKit/537.36 (KHTML, like Gecko; compatible; GPTBot/1.4; +https://openai.com/gptbot)"
66.249.69.65 - - [25/Aug/2026:13:15:58 +0000] "GET /products.php?q=1678617036 HTTP/2.0" 500 0 "-" "Mozilla/5.0 (Linux; Android 6.0.1; Nexus 5X Build/MMB29P) AppleWebKit/537.36 (KHTML, like Gecko) Chrome/151.0.7922.137 Mobile Safari/537.36 (compatible; Googlebot/2.1; +http://www.google.com/bot.html)"
74.7.227.54 - - [25/Aug/2026:13:16:10 +0000] "GET /buy.php?ranking/pace/xqvti7xmnsyyxzun7r_612.phtml HTTP/2.0" 500 0 "https://bioredlite.com/buy.php?ranking/president/xqvti7xmnsyyxzun7r_612.phtml" "Mozilla/5.0 AppleWebKit/537.36 (KHTML, like Gecko; compatible; GPTBot/1.4; +https://openai.com/gptbot)"
66.249.69.66 - - [25/Aug/2026:13:16:20 +0000] "GET /products.php?f=5424112206 HTTP/2.0" 500 0 "-" "Mozilla/5.0 (Linux; Android 6.0.1; Nexus 5X Build/MMB29P) AppleWebKit/537.36 (KHTML, like Gecko) Chrome/151.0.7922.137 Mobile Safari/537.36 (compatible; Googlebot/2.1; +http://www.google.com/bot.html)"
66.249.69.66 - - [25/Aug/2026:13:16:29 +0000] "GET /products.php?q=93720210069 HTTP/2.0" 500 0 "-" "Mozilla/5.0 (Linux; Android 6.0.1; Nexus 5X Build/MMB29P) AppleWebKit/537.36 (KHTML, like Gecko) Chrome/151.0.7922.137 Mobile Safari/537.36 (compatible; Googlebot/2.1; +http://www.google.com/bot.html)"
74.7.227.54 - - [25/Aug/2026:13:16:30 +0000] "GET /buy.php?ranking/fascinating/dq8ojwl0bdw_155.phtml HTTP/2.0" 500 0 "https://bioredlite.com/buy.php?ranking/intensity/oue8waktujy0fpp_529.phtml" "Mozilla/5.0 AppleWebKit/537.36 (KHTML, like Gecko; compatible; GPTBot/1.4; +https://openai.com/gptbot)"
66.249.69.65 - - [25/Aug/2026:13:16:38 +0000] "GET /products.php?q=1678636398 HTTP/2.0" 500 0 "-" "Mozilla/5.0 (Linux; Android 6.0.1; Nexus 5X Build/MMB29P) AppleWebKit/537.36 (KHTML, like Gecko) Chrome/151.0.7922.137 Mobile Safari/537.36 (compatible; Googlebot/2.1; +http://www.google.com/bot.html)"
2a03:2880:f806:33:: - - [25/Aug/2026:13:16:43 +0000] "GET /products.php?z=8426566933 HTTP/2.0" 500 0 "-" "Mozilla/5.0 (Windows NT 10.0; Win64; x64) AppleWebKit/537.36 (KHTML, like Gecko) Chrome/145.0.0.0 Safari/537.36 (compatible; meta-externalagent/1.1 (+https://developers.facebook.com/docs/sharing/webmasters/crawler))"
66.249.69.65 - - [25/Aug/2026:13:16:47 +0000] "GET /products.php?e=3539036073 HTTP/2.0" 500 0 "-" "Mozilla/5.0 (Linux; Android 6.0.1; Nexus 5X Build/MMB29P) AppleWebKit/537.36 (KHTML, like Gecko) Chrome/151.0.7922.137 Mobile Safari/537.36 (compatible; Googlebot/2.1; +http://www.google.com/bot.html)"
74.7.227.54 - - [25/Aug/2026:13:16:52 +0000] "GET /buy.php?ranking/half/cvqy8fxkvvbkrescp_4583.phtml HTTP/2.0" 500 0 "https://bioredlite.com/buy.php?ranking/personality/ldvc8blzwejg2ssnk_1799.phtml" "Mozilla/5.0 AppleWebKit/537.36 (KHTML, like Gecko; compatible; GPTBot/1.4; +https://openai.com/gptbot)"
66.249.69.67 - - [25/Aug/2026:13:17:09 +0000] "GET /products.php?y=11152294179 HTTP/2.0" 500 0 "-" "Mozilla/5.0 (Linux; Android 6.0.1; Nexus 5X Build/MMB29P) AppleWebKit/537.36 (KHTML, like Gecko) Chrome/151.0.7922.137 Mobile Safari/537.36 (compatible; Googlebot/2.1; +http://www.google.com/bot.html)"
74.7.227.54 - - [25/Aug/2026:13:17:13 +0000] "GET /buy.php?ranking/entirely/wxbj8viqxavkb_1885.phtml HTTP/2.0" 500 0 "https://bioredlite.com/buy.php?ranking/presentation/vmmyxf8jjxr718ohht9_4575.phtml" "Mozilla/5.0 AppleWebKit/537.36 (KHTML, like Gecko; compatible; GPTBot/1.4; +https://openai.com/gptbot)"
66.249.69.66 - - [25/Aug/2026:13:17:19 +0000] "GET /products.php?y=11152288973 HTTP/2.0" 500 0 "-" "Mozilla/5.0 (Linux; Android 6.0.1; Nexus 5X Build/MMB29P) AppleWebKit/537.36 (KHTML, like Gecko) Chrome/151.0.7922.137 Mobile Safari/537.36 (compatible; Googlebot/2.1; +http://www.google.com/bot.html)"
74.7.227.54 - - [25/Aug/2026:13:17:35 +0000] "GET /buy.php?ranking/seal/cvqy8fxkvvbkrescp_4583.phtml HTTP/2.0" 500 0 "https://bioredlite.com/buy.php?ranking/successful/gczqmf8cpylkqqg8yip_211.phtml" "Mozilla/5.0 AppleWebKit/537.36 (KHTML, like Gecko; compatible; GPTBot/1.4; +https://openai.com/gptbot)"
2a03:2880:f806:7:: - - [25/Aug/2026:13:17:42 +0000] "GET /products.php?s=1132834535 HTTP/2.0" 500 0 "-" "Mozilla/5.0 (Windows NT 10.0; Win64; x64) AppleWebKit/537.36 (KHTML, like Gecko) Chrome/145.0.0.0 Safari/537.36 (compatible; meta-externalagent/1.1 (+https://developers.facebook.com/docs/sharing/webmasters/crawler))"
66.249.69.65 - - [25/Aug/2026:13:17:43 +0000] "GET /products.php?q=1678688224 HTTP/2.0" 500 0 "-" "Mozilla/5.0 (Linux; Android 6.0.1; Nexus 5X Build/MMB29P) AppleWebKit/537.36 (KHTML, like Gecko) Chrome/151.0.7922.137 Mobile Safari/537.36 (compatible; Googlebot/2.1; +http://www.google.com/bot.html)"
2a03:2880:f806:40:: - - [25/Aug/2026:13:17:47 +0000] "GET /products.php?s=75340268340 HTTP/2.0" 500 0 "-" "Mozilla/5.0 (Macintosh; Intel Mac OS X 10_15_7) AppleWebKit/537.36 (KHTML, like Gecko) Chrome/145.0.0.0 Safari/537.36 (compatible; meta-externalagent/1.1 (+https://developers.facebook.com/docs/sharing/webmasters/crawler))"
66.249.69.65 - - [25/Aug/2026:13:17:52 +0000] "GET /products.php?y=11152121264 HTTP/2.0" 500 0 "-" "Mozilla/5.0 (Linux; Android 6.0.1; Nexus 5X Build/MMB29P) AppleWebKit/537.36 (KHTML, like Gecko) Chrome/151.0.7922.137 Mobile Safari/537.36 (compatible; Googlebot/2.1; +http://www.google.com/bot.html)"
74.7.227.54 - - [25/Aug/2026:13:17:55 +0000] "GET /buy.php?ranking/enact/qrht8thdoyubygjx7_183.phtml HTTP/2.0" 500 0 "https://bioredlite.com/buy.php?ranking/genuine/qrht8thdoyubygjx7_183.phtml" "Mozilla/5.0 AppleWebKit/537.36 (KHTML, like Gecko; compatible; GPTBot/1.4; +https://openai.com/gptbot)"
66.249.69.65 - - [25/Aug/2026:13:18:04 +0000] "GET /products.php?l=36775199793 HTTP/2.0" 500 0 "-" "Mozilla/5.0 (Linux; Android 6.0.1; Nexus 5X Build/MMB29P) AppleWebKit/537.36 (KHTML, like Gecko) Chrome/151.0.7922.137 Mobile Safari/537.36 (compatible; Googlebot/2.1; +http://www.google.com/bot.html)"
74.7.227.54 - - [25/Aug/2026:13:18:17 +0000] "GET /buy.php?ranking/cute/cvqy8fxkvvbkrescp_4583.phtml HTTP/2.0" 500 0 "https://bioredlite.com/buy.php?ranking/jacket/loblso8cthzlef5kq_1037.phtml" "Mozilla/5.0 AppleWebKit/537.36 (KHTML, like Gecko; compatible; GPTBot/1.4; +https://openai.com/gptbot)"
66.249.69.65 - - [25/Aug/2026:13:18:24 +0000] "GET /products.php?l=36775169579 HTTP/2.0" 500 0 "-" "Mozilla/5.0 (Linux; Android 6.0.1; Nexus 5X Build/MMB29P) AppleWebKit/537.36 (KHTML, like Gecko) Chrome/151.0.7922.137 Mobile Safari/537.36 (compatible; Googlebot/2.1; +http://www.google.com/bot.html)"
66.249.69.65 - - [25/Aug/2026:13:18:30 +0000] "GET /detail.php?n=83577164945 HTTP/2.0" 500 0 "-" "Mozilla/5.0 (Linux; Android 6.0.1; Nexus 5X Build/MMB29P) AppleWebKit/537.36 (KHTML, like Gecko) Chrome/151.0.7922.137 Mobile Safari/537.36 (compatible; Googlebot/2.1; +http://www.google.com/bot.html)"
74.7.227.54 - - [25/Aug/2026:13:18:38 +0000] "GET /buy.php?ranking/secure/hpml8dixybyvco0r_459.phtml HTTP/2.0" 500 0 "https://bioredlite.com/buy.php?ranking/teen/jiwoxr8vrttrdnxigmy_4545.phtml" "Mozilla/5.0 AppleWebKit/537.36 (KHTML, like Gecko; compatible; GPTBot/1.4; +https://openai.com/gptbot)"
