74.7.227.54 - - [25/Aug/2026:17:28:05 +0000] "GET /buy.php?goods/259015608 HTTP/2.0" 500 0 "https://bioredlite.com/buy.php?detail/28702358408933" "Mozilla/5.0 AppleWebKit/537.36 (KHTML, like Gecko; compatible; GPTBot/1.4; +https://openai.com/gptbot)"
74.7.227.54 - - [25/Aug/2026:17:28:26 +0000] "GET /buy.php?goods/185026635 HTTP/2.0" 500 0 "https://bioredlite.com/buy.php?detail/18502779686855" "Mozilla/5.0 AppleWebKit/537.36 (KHTML, like Gecko; compatible; GPTBot/1.4; +https://openai.com/gptbot)"
2a03:2880:f806:3c:: - - [25/Aug/2026:17:28:30 +0000] "GET /products.php?s=11328180262 HTTP/2.0" 500 0 "-" "Mozilla/5.0 (Macintosh; Intel Mac OS X 10.15; rv:147.0) Gecko/20100101 Firefox/147.0 (compatible; meta-externalagent/1.1 (+https://developers.facebook.com/docs/sharing/webmasters/crawler))"
74.7.227.54 - - [25/Aug/2026:17:28:46 +0000] "GET /buy.php?goods/172025194 HTTP/2.0" 500 0 "https://bioredlite.com/buy.php?detail/09601302337236" "Mozilla/5.0 AppleWebKit/537.36 (KHTML, like Gecko; compatible; GPTBot/1.4; +https://openai.com/gptbot)"
192.178.6.36 - - [25/Aug/2026:17:29:01 +0000] "GET /?s=89068152576 HTTP/2.0" 500 0 "-" "Mozilla/5.0 (Linux; Android 6.0.1; Nexus 5X Build/MMB29P) AppleWebKit/537.36 (KHTML, like Gecko) Chrome/151.0.7922.137 Mobile Safari/537.36 (compatible; Googlebot/2.1; +http://www.google.com/bot.html)"
74.7.227.54 - - [25/Aug/2026:17:29:06 +0000] "GET /buy.php?goods/212036045 HTTP/2.0" 500 0 "https://bioredlite.com/buy.php?detail/08603342019351" "Mozilla/5.0 AppleWebKit/537.36 (KHTML, like Gecko; compatible; GPTBot/1.4; +https://openai.com/gptbot)"
74.7.227.54 - - [25/Aug/2026:17:29:28 +0000] "GET /buy.php?goods/293011566 HTTP/2.0" 500 0 "https://bioredlite.com/buy.php?detail/29301135109375" "Mozilla/5.0 AppleWebKit/537.36 (KHTML, like Gecko; compatible; GPTBot/1.4; +https://openai.com/gptbot)"
2a03:2880:f806:1:: - - [25/Aug/2026:17:29:37 +0000] "GET /products.php?f=54241222893 HTTP/2.0" 500 0 "-" "Mozilla/5.0 (Macintosh; Intel Mac OS X 10_15_7) AppleWebKit/537.36 (KHTML, like Gecko) Chrome/145.0.0.0 Safari/537.36 (compatible; meta-externalagent/1.1 (+https://developers.facebook.com/docs/sharing/webmasters/crawler))"
20.220.227.7 - - [25/Aug/2026:17:29:46 +0000] "GET /wp-content/plugins/hellopress/wp_filemanager.php HTTP/2.0" 500 0 "-" "-"
20.220.227.7 - - [25/Aug/2026:17:29:47 +0000] "GET /this_is_a_new_hello_world.php HTTP/2.0" 500 0 "-" "-"
20.220.227.7 - - [25/Aug/2026:17:29:47 +0000] "GET /secure.php HTTP/2.0" 500 0 "-" "-"
20.220.227.7 - - [25/Aug/2026:17:29:48 +0000] "GET /mac.php HTTP/2.0" 500 0 "-" "-"
20.220.227.7 - - [25/Aug/2026:17:29:48 +0000] "GET /cache.php HTTP/2.0" 500 0 "-" "-"
20.220.227.7 - - [25/Aug/2026:17:29:48 +0000] "GET /filemanager.php HTTP/2.0" 500 0 "-" "-"
74.7.227.54 - - [25/Aug/2026:17:29:49 +0000] "GET /buy.php?goods/162004289 HTTP/2.0" 500 0 "https://bioredlite.com/buy.php?detail/1750326290896" "Mozilla/5.0 AppleWebKit/537.36 (KHTML, like Gecko; compatible; GPTBot/1.4; +https://openai.com/gptbot)"
20.220.227.7 - - [25/Aug/2026:17:29:49 +0000] "GET /wp-content/admin.php HTTP/2.0" 500 0 "-" "-"
20.220.227.7 - - [25/Aug/2026:17:29:49 +0000] "GET /wp-mail.php HTTP/2.0" 500 0 "-" "-"
20.220.227.7 - - [25/Aug/2026:17:29:50 +0000] "GET /socket.php HTTP/2.0" 500 0 "-" "-"
20.220.227.7 - - [25/Aug/2026:17:29:51 +0000] "GET /one.php HTTP/2.0" 500 0 "-" "-"
20.220.227.7 - - [25/Aug/2026:17:29:51 +0000] "GET /khgdl.php HTTP/2.0" 500 0 "-" "-"
20.220.227.7 - - [25/Aug/2026:17:29:52 +0000] "GET /a5.php HTTP/2.0" 500 0 "-" "-"
20.220.227.7 - - [25/Aug/2026:17:29:52 +0000] "GET /pi.php HTTP/2.0" 500 0 "-" "-"
20.220.227.7 - - [25/Aug/2026:17:29:52 +0000] "GET /byug.php HTTP/2.0" 500 0 "-" "-"
20.220.227.7 - - [25/Aug/2026:17:29:53 +0000] "GET /pinfo.php HTTP/2.0" 500 0 "-" "-"
20.220.227.7 - - [25/Aug/2026:17:29:53 +0000] "GET //485.php HTTP/2.0" 500 0 "-" "-"
20.220.227.7 - - [25/Aug/2026:17:29:53 +0000] "GET /nano.php HTTP/2.0" 500 0 "-" "-"
20.220.227.7 - - [25/Aug/2026:17:29:54 +0000] "GET /orange3.php HTTP/2.0" 500 0 "-" "-"
20.220.227.7 - - [25/Aug/2026:17:29:55 +0000] "GET /cong.php HTTP/2.0" 500 0 "-" "-"
52.71.203.206 - - [25/Aug/2026:17:29:55 +0000] "GET /2024/03/dream-haven/ HTTP/2.0" 500 0 "-" "Mozilla/5.0 AppleWebKit/537.36 (KHTML, like Gecko; compatible; Amazonbot/0.1; +https://developer.amazon.com/support/amazonbot) Chrome/119.0.6045.214 Safari/537.36"
192.178.6.36 - - [25/Aug/2026:17:30:02 +0000] "GET /prizes/258369670 HTTP/2.0" 500 0 "-" "Mozilla/5.0 (Linux; Android 6.0.1; Nexus 5X Build/MMB29P) AppleWebKit/537.36 (KHTML, like Gecko) Chrome/151.0.7922.137 Mobile Safari/537.36 (compatible; Googlebot/2.1; +http://www.google.com/bot.html)"
192.178.6.36 - - [25/Aug/2026:17:30:02 +0000] "GET /prizes/277560044 HTTP/2.0" 500 0 "-" "Mozilla/5.0 (Linux; Android 6.0.1; Nexus 5X Build/MMB29P) AppleWebKit/537.36 (KHTML, like Gecko) Chrome/151.0.7922.137 Mobile Safari/537.36 (compatible; Googlebot/2.1; +http://www.google.com/bot.html)"
192.178.6.35 - - [25/Aug/2026:17:30:03 +0000] "GET /?c=7745659295 HTTP/2.0" 500 0 "-" "Mozilla/5.0 (Linux; Android 6.0.1; Nexus 5X Build/MMB29P) AppleWebKit/537.36 (KHTML, like Gecko) Chrome/151.0.7922.137 Mobile Safari/537.36 (compatible; Googlebot/2.1; +http://www.google.com/bot.html)"
20.220.227.7 - - [25/Aug/2026:17:30:06 +0000] "GET /style.php HTTP/2.0" 500 0 "-" "-"
20.220.227.7 - - [25/Aug/2026:17:30:07 +0000] "GET /file13.php HTTP/2.0" 500 0 "-" "-"
20.220.227.7 - - [25/Aug/2026:17:30:07 +0000] "GET //coffee.php HTTP/2.0" 500 0 "-" "-"
20.220.227.7 - - [25/Aug/2026:17:30:08 +0000] "GET //erty.php HTTP/2.0" 500 0 "-" "-"
20.220.227.7 - - [25/Aug/2026:17:30:08 +0000] "GET /ff1.php HTTP/2.0" 500 0 "-" "-"
20.220.227.7 - - [25/Aug/2026:17:30:09 +0000] "GET /gaza.php HTTP/2.0" 500 0 "-" "-"
20.220.227.7 - - [25/Aug/2026:17:30:09 +0000] "GET /ccea.php HTTP/2.0" 500 0 "-" "-"
74.7.227.54 - - [25/Aug/2026:17:30:09 +0000] "GET /buy.php?goods/054039917 HTTP/2.0" 500 0 "https://bioredlite.com/buy.php?detail/20300147166000" "Mozilla/5.0 AppleWebKit/537.36 (KHTML, like Gecko; compatible; GPTBot/1.4; +https://openai.com/gptbot)"
20.220.227.7 - - [25/Aug/2026:17:30:09 +0000] "GET /cah.php HTTP/2.0" 500 0 "-" "-"
20.220.227.7 - - [25/Aug/2026:17:30:10 +0000] "GET /aaf.php HTTP/2.0" 500 0 "-" "-"
20.220.227.7 - - [25/Aug/2026:17:30:10 +0000] "GET /aa1.php HTTP/2.0" 500 0 "-" "-"
20.220.227.7 - - [25/Aug/2026:17:30:10 +0000] "GET /asas.php HTTP/2.0" 500 0 "-" "-"
20.220.227.7 - - [25/Aug/2026:17:30:11 +0000] "GET /sid4.php HTTP/2.0" 500 0 "-" "-"
20.220.227.7 - - [25/Aug/2026:17:30:11 +0000] "GET /a2.php HTTP/2.0" 500 0 "-" "-"
20.220.227.7 - - [25/Aug/2026:17:30:11 +0000] "GET //55.php HTTP/2.0" 500 0 "-" "-"
20.220.227.7 - - [25/Aug/2026:17:30:12 +0000] "GET /last.php HTTP/2.0" 500 0 "-" "-"
20.220.227.7 - - [25/Aug/2026:17:30:12 +0000] "GET /pusher.php HTTP/2.0" 500 0 "-" "-"
20.220.227.7 - - [25/Aug/2026:17:30:12 +0000] "GET /hunter.php HTTP/2.0" 500 0 "-" "-"
20.220.227.7 - - [25/Aug/2026:17:30:13 +0000] "GET /samll.php HTTP/2.0" 500 0 "-" "-"
20.220.227.7 - - [25/Aug/2026:17:30:13 +0000] "GET /bless3.php HTTP/2.0" 500 0 "-" "-"
20.220.227.7 - - [25/Aug/2026:17:30:13 +0000] "GET /red.php HTTP/2.0" 500 0 "-" "-"
20.220.227.7 - - [25/Aug/2026:17:30:14 +0000] "GET /ans.php HTTP/2.0" 500 0 "-" "-"
20.220.227.7 - - [25/Aug/2026:17:30:14 +0000] "GET /k2.php HTTP/2.0" 500 0 "-" "-"
20.220.227.7 - - [25/Aug/2026:17:30:15 +0000] "GET /inc.php HTTP/2.0" 500 0 "-" "-"
20.220.227.7 - - [25/Aug/2026:17:30:16 +0000] "GET /file52.php HTTP/2.0" 500 0 "-" "-"
20.220.227.7 - - [25/Aug/2026:17:30:16 +0000] "GET //aa.php HTTP/2.0" 500 0 "-" "-"
20.220.227.7 - - [25/Aug/2026:17:30:17 +0000] "GET /sd.php HTTP/2.0" 500 0 "-" "-"
20.220.227.7 - - [25/Aug/2026:17:30:18 +0000] "GET /ot.php HTTP/2.0" 500 0 "-" "-"
20.220.227.7 - - [25/Aug/2026:17:30:18 +0000] "GET /201.php HTTP/2.0" 500 0 "-" "-"
20.220.227.7 - - [25/Aug/2026:17:30:19 +0000] "GET /op.php HTTP/2.0" 500 0 "-" "-"
20.220.227.7 - - [25/Aug/2026:17:30:19 +0000] "GET /suu.php HTTP/2.0" 500 0 "-" "-"
20.220.227.7 - - [25/Aug/2026:17:30:20 +0000] "GET /a1.php HTTP/2.0" 500 0 "-" "-"
20.220.227.7 - - [25/Aug/2026:17:30:21 +0000] "GET /5index.php HTTP/2.0" 500 0 "-" "-"
20.220.227.7 - - [25/Aug/2026:17:30:22 +0000] "GET /asasx.php HTTP/2.0" 500 0 "-" "-"
20.220.227.7 - - [25/Aug/2026:17:30:22 +0000] "GET /contact.php HTTP/2.0" 500 0 "-" "-"
20.220.227.7 - - [25/Aug/2026:17:30:22 +0000] "GET /700.php HTTP/2.0" 500 0 "-" "-"
20.220.227.7 - - [25/Aug/2026:17:30:23 +0000] "GET /niett.php HTTP/2.0" 500 0 "-" "-"
20.220.227.7 - - [25/Aug/2026:17:30:23 +0000] "GET /pbck.php HTTP/2.0" 500 0 "-" "-"
20.220.227.7 - - [25/Aug/2026:17:30:23 +0000] "GET /fde.php HTTP/2.0" 500 0 "-" "-"
20.220.227.7 - - [25/Aug/2026:17:30:24 +0000] "GET /class629.php HTTP/2.0" 500 0 "-" "-"
20.220.227.7 - - [25/Aug/2026:17:30:24 +0000] "GET /sa.php HTTP/2.0" 500 0 "-" "-"
20.220.227.7 - - [25/Aug/2026:17:30:25 +0000] "GET /alpa.php HTTP/2.0" 500 0 "-" "-"
20.220.227.7 - - [25/Aug/2026:17:30:25 +0000] "GET /kao.php HTTP/2.0" 500 0 "-" "-"
20.220.227.7 - - [25/Aug/2026:17:30:26 +0000] "GET /100.php HTTP/2.0" 500 0 "-" "-"
20.220.227.7 - - [25/Aug/2026:17:30:26 +0000] "GET //desah.php HTTP/2.0" 500 0 "-" "-"
20.220.227.7 - - [25/Aug/2026:17:30:27 +0000] "GET //zaza.php HTTP/2.0" 500 0 "-" "-"
20.220.227.7 - - [25/Aug/2026:17:30:28 +0000] "GET /fffm.php HTTP/2.0" 500 0 "-" "-"
20.220.227.7 - - [25/Aug/2026:17:30:29 +0000] "GET /file12.php HTTP/2.0" 500 0 "-" "-"
20.220.227.7 - - [25/Aug/2026:17:30:30 +0000] "GET /AAAA.php HTTP/2.0" 500 0 "-" "-"
74.7.227.54 - - [25/Aug/2026:17:30:30 +0000] "GET /buy.php?goods/128041658 HTTP/2.0" 500 0 "https://bioredlite.com/buy.php?detail/01700641127824" "Mozilla/5.0 AppleWebKit/537.36 (KHTML, like Gecko; compatible; GPTBot/1.4; +https://openai.com/gptbot)"
20.220.227.7 - - [25/Aug/2026:17:30:31 +0000] "GET /ioxi002.PhP HTTP/2.0" 500 0 "-" "-"
20.220.227.7 - - [25/Aug/2026:17:30:31 +0000] "GET /shl.php HTTP/2.0" 500 0 "-" "-"
20.220.227.7 - - [25/Aug/2026:17:30:32 +0000] "GET /file32.php HTTP/2.0" 500 0 "-" "-"
20.220.227.7 - - [25/Aug/2026:17:30:32 +0000] "GET /bbn.php HTTP/2.0" 500 0 "-" "-"
20.220.227.7 - - [25/Aug/2026:17:30:32 +0000] "GET /file18.php HTTP/2.0" 500 0 "-" "-"
20.220.227.7 - - [25/Aug/2026:17:30:33 +0000] "GET /bless11.php HTTP/2.0" 500 0 "-" "-"
20.220.227.7 - - [25/Aug/2026:17:30:34 +0000] "GET /cfile.php HTTP/2.0" 500 0 "-" "-"
20.220.227.7 - - [25/Aug/2026:17:30:34 +0000] "GET /qa.php HTTP/2.0" 500 0 "-" "-"
20.220.227.7 - - [25/Aug/2026:17:30:35 +0000] "GET /finny.php HTTP/2.0" 500 0 "-" "-"
20.220.227.7 - - [25/Aug/2026:17:30:35 +0000] "GET /panel.php HTTP/2.0" 500 0 "-" "-"
20.220.227.7 - - [25/Aug/2026:17:30:35 +0000] "GET /bless8.php HTTP/2.0" 500 0 "-" "-"
20.220.227.7 - - [25/Aug/2026:17:30:36 +0000] "GET /bfdnl.php HTTP/2.0" 500 0 "-" "-"
20.220.227.7 - - [25/Aug/2026:17:30:36 +0000] "GET /kbfr.php HTTP/2.0" 500 0 "-" "-"
20.220.227.7 - - [25/Aug/2026:17:30:37 +0000] "GET /discord.php HTTP/2.0" 500 0 "-" "-"
20.220.227.7 - - [25/Aug/2026:17:30:38 +0000] "GET /map.php HTTP/2.0" 500 0 "-" "-"
20.220.227.7 - - [25/Aug/2026:17:30:39 +0000] "GET /aa2.php HTTP/2.0" 500 0 "-" "-"
20.220.227.7 - - [25/Aug/2026:17:30:39 +0000] "GET /300.php HTTP/2.0" 500 0 "-" "-"
20.220.227.7 - - [25/Aug/2026:17:30:39 +0000] "GET /pl.php HTTP/2.0" 500 0 "-" "-"
20.220.227.7 - - [25/Aug/2026:17:30:40 +0000] "GET //ip.php HTTP/2.0" 500 0 "-" "-"
20.220.227.7 - - [25/Aug/2026:17:30:41 +0000] "GET /sx.php HTTP/2.0" 500 0 "-" "-"
20.220.227.7 - - [25/Aug/2026:17:30:41 +0000] "GET /core.php HTTP/2.0" 500 0 "-" "-"
20.220.227.7 - - [25/Aug/2026:17:30:43 +0000] "GET /002.php HTTP/2.0" 500 0 "-" "-"
74.7.227.54 - - [25/Aug/2026:17:30:51 +0000] "GET /buy.php?goods/183014709 HTTP/2.0" 500 0 "https://bioredlite.com/buy.php?detail/09000898437185" "Mozilla/5.0 AppleWebKit/537.36 (KHTML, like Gecko; compatible; GPTBot/1.4; +https://openai.com/gptbot)"
192.178.6.34 - - [25/Aug/2026:17:31:05 +0000] "GET /?n=70135160518 HTTP/2.0" 500 0 "-" "Mozilla/5.0 (Linux; Android 6.0.1; Nexus 5X Build/MMB29P) AppleWebKit/537.36 (KHTML, like Gecko) Chrome/151.0.7922.137 Mobile Safari/537.36 (compatible; Googlebot/2.1; +http://www.google.com/bot.html)"
74.7.227.54 - - [25/Aug/2026:17:31:12 +0000] "GET /buy.php?goods/133028461 HTTP/2.0" 500 0 "https://bioredlite.com/buy.php?detail/13304304413282" "Mozilla/5.0 AppleWebKit/537.36 (KHTML, like Gecko; compatible; GPTBot/1.4; +https://openai.com/gptbot)"
192.178.6.33 - - [25/Aug/2026:17:31:18 +0000] "GET /?n=7013581902 HTTP/2.0" 500 0 "-" "Mozilla/5.0 (Linux; Android 6.0.1; Nexus 5X Build/MMB29P) AppleWebKit/537.36 (KHTML, like Gecko) Chrome/151.0.7922.137 Mobile Safari/537.36 (compatible; Googlebot/2.1; +http://www.google.com/bot.html)"
2a03:2880:f814:29:: - - [25/Aug/2026:17:31:24 +0000] "GET / HTTP/2.0" 500 0 "-" "facebookexternalhit/1.1 (+http://www.facebook.com/externalhit_uatext.php)"
23.21.175.228 - - [25/Aug/2026:17:31:31 +0000] "GET /2024/06/oxyflow-hyperbaric-chamber-4/ HTTP/2.0" 500 0 "-" "Mozilla/5.0 AppleWebKit/537.36 (KHTML, like Gecko; compatible; Amazonbot/0.1; +https://developer.amazon.com/support/amazonbot) Chrome/119.0.6045.214 Safari/537.36"
74.7.227.54 - - [25/Aug/2026:17:31:34 +0000] "GET /buy.php?goods/294029763 HTTP/2.0" 500 0 "https://bioredlite.com/buy.php?detail/20904312372138" "Mozilla/5.0 AppleWebKit/537.36 (KHTML, like Gecko; compatible; GPTBot/1.4; +https://openai.com/gptbot)"
2a09:bac1:b00:518::19c:29a - - [25/Aug/2026:17:31:35 +0000] "GET /wp-login.php HTTP/2.0" 403 166 "-" "Mozilla/5.0 (Windows NT 11.0; Win64; x64) AppleWebKit/537.36 (KHTML, like Gecko) Chrome/125.0.0.0 Safari/537.36 Edg/125.0.0.0"
66.249.69.64 - - [25/Aug/2026:17:31:49 +0000] "GET /products.php?y=1115257906 HTTP/2.0" 500 0 "-" "Mozilla/5.0 (Linux; Android 6.0.1; Nexus 5X Build/MMB29P) AppleWebKit/537.36 (KHTML, like Gecko) Chrome/151.0.7922.137 Mobile Safari/537.36 (compatible; Googlebot/2.1; +http://www.google.com/bot.html)"
192.178.6.32 - - [25/Aug/2026:17:31:50 +0000] "GET /prizes/46219650 HTTP/2.0" 500 0 "-" "Mozilla/5.0 (Linux; Android 6.0.1; Nexus 5X Build/MMB29P) AppleWebKit/537.36 (KHTML, like Gecko) Chrome/151.0.7922.137 Mobile Safari/537.36 (compatible; Googlebot/2.1; +http://www.google.com/bot.html)"
74.7.227.54 - - [25/Aug/2026:17:31:54 +0000] "GET /buy.php?goods/183018562 HTTP/2.0" 500 0 "https://bioredlite.com/buy.php?detail/18301415500305" "Mozilla/5.0 AppleWebKit/537.36 (KHTML, like Gecko; compatible; GPTBot/1.4; +https://openai.com/gptbot)"
74.7.227.54 - - [25/Aug/2026:17:32:14 +0000] "GET /buy.php?goods/237025147 HTTP/2.0" 500 0 "https://bioredlite.com/buy.php?detail/23702486876293" "Mozilla/5.0 AppleWebKit/537.36 (KHTML, like Gecko; compatible; GPTBot/1.4; +https://openai.com/gptbot)"
192.178.6.32 - - [25/Aug/2026:17:32:20 +0000] "GET /?x=16715137782 HTTP/2.0" 500 0 "-" "Mozilla/5.0 (Linux; Android 6.0.1; Nexus 5X Build/MMB29P) AppleWebKit/537.36 (KHTML, like Gecko) Chrome/151.0.7922.137 Mobile Safari/537.36 (compatible; Googlebot/2.1; +http://www.google.com/bot.html)"
66.249.69.64 - - [25/Aug/2026:17:32:21 +0000] "GET /detail.php?t=66683194112 HTTP/2.0" 500 0 "-" "Mozilla/5.0 (Linux; Android 6.0.1; Nexus 5X Build/MMB29P) AppleWebKit/537.36 (KHTML, like Gecko) Chrome/151.0.7922.137 Mobile Safari/537.36 (compatible; Googlebot/2.1; +http://www.google.com/bot.html)"
192.178.6.33 - - [25/Aug/2026:17:32:22 +0000] "GET /?x=95183183816 HTTP/2.0" 500 0 "-" "Mozilla/5.0 (Linux; Android 6.0.1; Nexus 5X Build/MMB29P) AppleWebKit/537.36 (KHTML, like Gecko) Chrome/151.0.7922.137 Mobile Safari/537.36 (compatible; Googlebot/2.1; +http://www.google.com/bot.html)"
74.7.227.54 - - [25/Aug/2026:17:32:35 +0000] "GET /buy.php?goods/138022439 HTTP/2.0" 500 0 "https://bioredlite.com/buy.php?detail/15602028368345" "Mozilla/5.0 AppleWebKit/537.36 (KHTML, like Gecko; compatible; GPTBot/1.4; +https://openai.com/gptbot)"
66.249.69.71 - - [25/Aug/2026:17:32:38 +0000] "GET /products.php?s=1132880901 HTTP/2.0" 500 0 "-" "Mozilla/5.0 (Linux; Android 6.0.1; Nexus 5X Build/MMB29P) AppleWebKit/537.36 (KHTML, like Gecko) Chrome/151.0.7922.137 Mobile Safari/537.36 (compatible; Googlebot/2.1; +http://www.google.com/bot.html)"
66.249.69.71 - - [25/Aug/2026:17:32:41 +0000] "GET /products.php?s=11328108501 HTTP/2.0" 500 0 "-" "Mozilla/5.0 (Linux; Android 6.0.1; Nexus 5X Build/MMB29P) AppleWebKit/537.36 (KHTML, like Gecko) Chrome/151.0.7922.137 Mobile Safari/537.36 (compatible; Googlebot/2.1; +http://www.google.com/bot.html)"
34.224.132.215 - - [25/Aug/2026:17:32:51 +0000] "GET /2023/11/unlocking-wellness/ HTTP/2.0" 500 0 "-" "Mozilla/5.0 AppleWebKit/537.36 (KHTML, like Gecko; compatible; Amazonbot/0.1; +https://developer.amazon.com/support/amazonbot) Chrome/119.0.6045.214 Safari/537.36"
74.7.227.54 - - [25/Aug/2026:17:32:57 +0000] "GET /buy.php?goods/216032486 HTTP/2.0" 500 0 "https://bioredlite.com/buy.php?detail/21603248622986" "Mozilla/5.0 AppleWebKit/537.36 (KHTML, like Gecko; compatible; GPTBot/1.4; +https://openai.com/gptbot)"
74.7.227.54 - - [25/Aug/2026:17:33:18 +0000] "GET /buy.php?goods/125026539 HTTP/2.0" 500 0 "https://bioredlite.com/buy.php?detail/12502244990640" "Mozilla/5.0 AppleWebKit/537.36 (KHTML, like Gecko; compatible; GPTBot/1.4; +https://openai.com/gptbot)"
66.249.69.70 - - [25/Aug/2026:17:33:37 +0000] "GET /products.php?e=3539043134 HTTP/2.0" 500 0 "-" "Mozilla/5.0 (Linux; Android 6.0.1; Nexus 5X Build/MMB29P) AppleWebKit/537.36 (KHTML, like Gecko) Chrome/151.0.7922.137 Mobile Safari/537.36 (compatible; Googlebot/2.1; +http://www.google.com/bot.html)"
74.7.227.54 - - [25/Aug/2026:17:33:39 +0000] "GET /buy.php?goods/197038209 HTTP/2.0" 500 0 "https://bioredlite.com/buy.php?jp/177019558.html" "Mozilla/5.0 AppleWebKit/537.36 (KHTML, like Gecko; compatible; GPTBot/1.4; +https://openai.com/gptbot)"
2a03:2880:f80a:21:: - - [25/Aug/2026:17:33:42 +0000] "GET / HTTP/2.0" 500 0 "-" "facebookexternalhit/1.1 (+http://www.facebook.com/externalhit_uatext.php)"
74.7.227.54 - - [25/Aug/2026:17:34:00 +0000] "GET /buy.php?goods/266045479 HTTP/2.0" 500 0 "https://bioredlite.com/buy.php?detail/25600326052033" "Mozilla/5.0 AppleWebKit/537.36 (KHTML, like Gecko; compatible; GPTBot/1.4; +https://openai.com/gptbot)"
2a03:2880:f806:4:: - - [25/Aug/2026:17:34:12 +0000] "GET /products.php?s=7534090535 HTTP/2.0" 500 0 "-" "Mozilla/5.0 (Macintosh; Intel Mac OS X 10_15_7) AppleWebKit/537.36 (KHTML, like Gecko) Chrome/145.0.0.0 Safari/537.36 (compatible; meta-externalagent/1.1 (+https://developers.facebook.com/docs/sharing/webmasters/crawler))"
74.7.227.54 - - [25/Aug/2026:17:34:20 +0000] "GET /buy.php?goods/026014487 HTTP/2.0" 500 0 "https://bioredlite.com/buy.php?detail/12703669276880" "Mozilla/5.0 AppleWebKit/537.36 (KHTML, like Gecko; compatible; GPTBot/1.4; +https://openai.com/gptbot)"
66.249.69.70 - - [25/Aug/2026:17:34:33 +0000] "GET /products.php?q=93720213960 HTTP/2.0" 500 0 "-" "Mozilla/5.0 (Linux; Android 6.0.1; Nexus 5X Build/MMB29P) AppleWebKit/537.36 (KHTML, like Gecko) Chrome/151.0.7922.137 Mobile Safari/537.36 (compatible; Googlebot/2.1; +http://www.google.com/bot.html)"
74.7.227.54 - - [25/Aug/2026:17:34:40 +0000] "GET /buy.php?goods/136013978 HTTP/2.0" 500 0 "https://bioredlite.com/buy.php?jp/136016427.html" "Mozilla/5.0 AppleWebKit/537.36 (KHTML, like Gecko; compatible; GPTBot/1.4; +https://openai.com/gptbot)"
74.7.227.54 - - [25/Aug/2026:17:35:02 +0000] "GET /buy.php?goods/235030718 HTTP/2.0" 500 0 "https://bioredlite.com/buy.php?detail/15600513111840" "Mozilla/5.0 AppleWebKit/537.36 (KHTML, like Gecko; compatible; GPTBot/1.4; +https://openai.com/gptbot)"
74.7.227.54 - - [25/Aug/2026:17:35:23 +0000] "GET /buy.php?goods/193009286 HTTP/2.0" 500 0 "https://bioredlite.com/buy.php?detail/19301419597298" "Mozilla/5.0 AppleWebKit/537.36 (KHTML, like Gecko; compatible; GPTBot/1.4; +https://openai.com/gptbot)"
74.7.227.54 - - [25/Aug/2026:17:35:44 +0000] "GET /buy.php?goods/219028857 HTTP/2.0" 500 0 "https://bioredlite.com/buy.php?detail/21903103874431" "Mozilla/5.0 AppleWebKit/537.36 (KHTML, like Gecko; compatible; GPTBot/1.4; +https://openai.com/gptbot)"
192.178.6.34 - - [25/Aug/2026:17:35:59 +0000] "GET /?v=9104783639 HTTP/2.0" 500 0 "-" "Mozilla/5.0 (Linux; Android 6.0.1; Nexus 5X Build/MMB29P) AppleWebKit/537.36 (KHTML, like Gecko) Chrome/151.0.7922.137 Mobile Safari/537.36 (compatible; Googlebot/2.1; +http://www.google.com/bot.html)"
74.7.227.54 - - [25/Aug/2026:17:36:05 +0000] "GET /buy.php?goods/281027984 HTTP/2.0" 500 0 "https://bioredlite.com/buy.php?jp/121034795.html" "Mozilla/5.0 AppleWebKit/537.36 (KHTML, like Gecko; compatible; GPTBot/1.4; +https://openai.com/gptbot)"
74.7.227.54 - - [25/Aug/2026:17:36:26 +0000] "GET /buy.php?goods/046039255 HTTP/2.0" 500 0 "https://bioredlite.com/buy.php?detail/22102552139094" "Mozilla/5.0 AppleWebKit/537.36 (KHTML, like Gecko; compatible; GPTBot/1.4; +https://openai.com/gptbot)"
172.191.149.99 - - [25/Aug/2026:17:36:27 +0000] "GET /wp-content/plugins/hellopress/wp_filemanager.php HTTP/2.0" 500 0 "-" "-"
172.191.149.99 - - [25/Aug/2026:17:36:27 +0000] "GET /this_is_a_new_hello_world.php HTTP/2.0" 500 0 "-" "-"
172.191.149.99 - - [25/Aug/2026:17:36:27 +0000] "GET /vpn.php HTTP/2.0" 500 0 "-" "-"
172.191.149.99 - - [25/Aug/2026:17:36:27 +0000] "GET /aaa.php HTTP/2.0" 500 0 "-" "-"
172.191.149.99 - - [25/Aug/2026:17:36:27 +0000] "GET ///admin.php HTTP/2.0" 500 0 "-" "-"
172.191.149.99 - - [25/Aug/2026:17:36:27 +0000] "GET /file52.php HTTP/2.0" 500 0 "-" "-"
172.191.149.99 - - [25/Aug/2026:17:36:27 +0000] "GET /11.php HTTP/2.0" 500 0 "-" "-"
172.191.149.99 - - [25/Aug/2026:17:36:27 +0000] "GET /fling.php HTTP/2.0" 500 0 "-" "-"
172.191.149.99 - - [25/Aug/2026:17:36:28 +0000] "GET /w.php HTTP/2.0" 500 0 "-" "-"
172.191.149.99 - - [25/Aug/2026:17:36:28 +0000] "GET /kir.php HTTP/2.0" 500 0 "-" "-"
172.191.149.99 - - [25/Aug/2026:17:36:28 +0000] "GET /media.php HTTP/2.0" 500 0 "-" "-"
172.191.149.99 - - [25/Aug/2026:17:36:28 +0000] "GET /simple.php HTTP/2.0" 500 0 "-" "-"
172.191.149.99 - - [25/Aug/2026:17:36:28 +0000] "GET /222.php HTTP/2.0" 500 0 "-" "-"
172.191.149.99 - - [25/Aug/2026:17:36:28 +0000] "GET /a3ampzmbipnkpxeqhqpsanCdefault.php HTTP/2.0" 500 0 "-" "-"
172.191.149.99 - - [25/Aug/2026:17:36:28 +0000] "GET //adminfuns.php HTTP/2.0" 500 0 "-" "-"
172.191.149.99 - - [25/Aug/2026:17:36:28 +0000] "GET /1.php HTTP/2.0" 500 0 "-" "-"
172.191.149.99 - - [25/Aug/2026:17:36:28 +0000] "GET /adminfuns.php HTTP/2.0" 500 0 "-" "-"
172.191.149.99 - - [25/Aug/2026:17:36:28 +0000] "GET /chosen.php HTTP/2.0" 500 0 "-" "-"
172.191.149.99 - - [25/Aug/2026:17:36:29 +0000] "GET /about.php HTTP/2.0" 500 0 "-" "-"
172.191.149.99 - - [25/Aug/2026:17:36:29 +0000] "GET /3PJcpMFsD8B.php HTTP/2.0" 500 0 "-" "-"
172.191.149.99 - - [25/Aug/2026:17:36:29 +0000] "GET /8.php HTTP/2.0" 500 0 "-" "-"
172.191.149.99 - - [25/Aug/2026:17:36:29 +0000] "GET /File.php HTTP/2.0" 500 0 "-" "-"
172.191.149.99 - - [25/Aug/2026:17:36:29 +0000] "GET /ops.php HTTP/2.0" 500 0 "-" "-"
2a03:2880:f818:4:: - - [25/Aug/2026:17:36:29 +0000] "GET / HTTP/2.0" 500 0 "-" "facebookexternalhit/1.1 (+http://www.facebook.com/externalhit_uatext.php)"
172.191.149.99 - - [25/Aug/2026:17:36:29 +0000] "GET /sky.php HTTP/2.0" 500 0 "-" "-"
192.178.6.37 - - [25/Aug/2026:17:36:29 +0000] "GET /?n=7013580336 HTTP/2.0" 500 0 "-" "Mozilla/5.0 (Linux; Android 6.0.1; Nexus 5X Build/MMB29P) AppleWebKit/537.36 (KHTML, like Gecko) Chrome/151.0.7922.137 Mobile Safari/537.36 (compatible; Googlebot/2.1; +http://www.google.com/bot.html)"
172.191.149.99 - - [25/Aug/2026:17:36:29 +0000] "GET /k.php HTTP/2.0" 500 0 "-" "-"
172.191.149.99 - - [25/Aug/2026:17:36:29 +0000] "GET /images.php HTTP/2.0" 500 0 "-" "-"
172.191.149.99 - - [25/Aug/2026:17:36:29 +0000] "GET /robots.php HTTP/2.0" 500 0 "-" "-"
172.191.149.99 - - [25/Aug/2026:17:36:30 +0000] "GET /nofile.php HTTP/2.0" 500 0 "-" "-"
172.191.149.99 - - [25/Aug/2026:17:36:30 +0000] "GET /system_log.php HTTP/2.0" 500 0 "-" "-"
172.191.149.99 - - [25/Aug/2026:17:36:30 +0000] "GET /cabs.php HTTP/2.0" 500 0 "-" "-"
172.191.149.99 - - [25/Aug/2026:17:36:30 +0000] "GET /site.php HTTP/2.0" 500 0 "-" "-"
172.191.149.99 - - [25/Aug/2026:17:36:30 +0000] "GET /ass.php HTTP/2.0" 500 0 "-" "-"
172.191.149.99 - - [25/Aug/2026:17:36:30 +0000] "GET /a.php HTTP/2.0" 500 0 "-" "-"
172.191.149.99 - - [25/Aug/2026:17:36:30 +0000] "GET /ccc.php HTTP/2.0" 500 0 "-" "-"
172.191.149.99 - - [25/Aug/2026:17:36:30 +0000] "GET /wp-mails.php HTTP/2.0" 500 0 "-" "-"
172.191.149.99 - - [25/Aug/2026:17:36:30 +0000] "GET /dyt8mjxc3yofbkoriukvgjaCdefault.php HTTP/2.0" 500 0 "-" "-"
172.191.149.99 - - [25/Aug/2026:17:36:30 +0000] "GET /coffexium.php HTTP/2.0" 500 0 "-" "-"
172.191.149.99 - - [25/Aug/2026:17:36:31 +0000] "GET /new.php HTTP/2.0" 500 0 "-" "-"
172.191.149.99 - - [25/Aug/2026:17:36:31 +0000] "GET /BDKR28WP.php HTTP/2.0" 500 0 "-" "-"
172.191.149.99 - - [25/Aug/2026:17:36:31 +0000] "GET /inputs.php HTTP/2.0" 500 0 "-" "-"
172.191.149.99 - - [25/Aug/2026:17:36:31 +0000] "GET //edit.php HTTP/2.0" 500 0 "-" "-"
172.191.149.99 - - [25/Aug/2026:17:36:31 +0000] "GET /in.php HTTP/2.0" 500 0 "-" "-"
172.191.149.99 - - [25/Aug/2026:17:36:31 +0000] "GET /zoo1.php HTTP/2.0" 500 0 "-" "-"
172.191.149.99 - - [25/Aug/2026:17:36:31 +0000] "GET /sm.php HTTP/2.0" 500 0 "-" "-"
172.191.149.99 - - [25/Aug/2026:17:36:31 +0000] "GET /admin.php HTTP/2.0" 500 0 "-" "-"
172.191.149.99 - - [25/Aug/2026:17:36:31 +0000] "GET /wp.php HTTP/2.0" 500 0 "-" "-"
172.191.149.99 - - [25/Aug/2026:17:36:31 +0000] "GET /reviall.php HTTP/2.0" 500 0 "-" "-"
172.191.149.99 - - [25/Aug/2026:17:36:31 +0000] "GET /4PJcpMFsD8B.php HTTP/2.0" 500 0 "-" "-"
172.191.149.99 - - [25/Aug/2026:17:36:32 +0000] "GET /domvf.php HTTP/2.0" 500 0 "-" "-"
172.191.149.99 - - [25/Aug/2026:17:36:32 +0000] "GET /mac.php HTTP/2.0" 500 0 "-" "-"
172.191.149.99 - - [25/Aug/2026:17:36:32 +0000] "GET /100.php HTTP/2.0" 500 0 "-" "-"
172.191.149.99 - - [25/Aug/2026:17:36:32 +0000] "GET /classwithtostring.php HTTP/2.0" 500 0 "-" "-"
172.191.149.99 - - [25/Aug/2026:17:36:32 +0000] "GET /ms-edit.php HTTP/2.0" 500 0 "-" "-"
172.191.149.99 - - [25/Aug/2026:17:36:32 +0000] "GET /xiugai.php HTTP/2.0" 500 0 "-" "-"
172.191.149.99 - - [25/Aug/2026:17:36:32 +0000] "GET /dex.php HTTP/2.0" 500 0 "-" "-"
172.191.149.99 - - [25/Aug/2026:17:36:32 +0000] "GET //abcd.php HTTP/2.0" 500 0 "-" "-"
172.191.149.99 - - [25/Aug/2026:17:36:32 +0000] "GET /red.php HTTP/2.0" 500 0 "-" "-"
172.191.149.99 - - [25/Aug/2026:17:36:32 +0000] "GET /yj09.php HTTP/2.0" 500 0 "-" "-"
172.191.149.99 - - [25/Aug/2026:17:36:33 +0000] "GET /7.php HTTP/2.0" 500 0 "-" "-"
172.191.149.99 - - [25/Aug/2026:17:36:33 +0000] "GET /wp-content/options.php HTTP/2.0" 500 0 "-" "-"
172.191.149.99 - - [25/Aug/2026:17:36:33 +0000] "GET /txets.php HTTP/2.0" 500 0 "-" "-"
172.191.149.99 - - [25/Aug/2026:17:36:33 +0000] "GET /wp-content/index.php HTTP/2.0" 500 0 "-" "-"
172.191.149.99 - - [25/Aug/2026:17:36:33 +0000] "GET /wp-content/cong.php HTTP/2.0" 500 0 "-" "-"
172.191.149.99 - - [25/Aug/2026:17:36:33 +0000] "GET /wp-admin/setup-config.php HTTP/2.0" 500 0 "-" "-"
172.191.149.99 - - [25/Aug/2026:17:36:33 +0000] "GET /wp-css.php HTTP/2.0" 500 0 "-" "-"
172.191.149.99 - - [25/Aug/2026:17:36:33 +0000] "GET /df.php HTTP/2.0" 500 0 "-" "-"
172.191.149.99 - - [25/Aug/2026:17:36:33 +0000] "GET /wp-admin/privacy.php HTTP/2.0" 500 0 "-" "-"
172.191.149.99 - - [25/Aug/2026:17:36:33 +0000] "GET /kerang.php HTTP/2.0" 500 0 "-" "-"
172.191.149.99 - - [25/Aug/2026:17:36:34 +0000] "GET /css.php HTTP/2.0" 500 0 "-" "-"
172.191.149.99 - - [25/Aug/2026:17:36:34 +0000] "GET /wpxml.php HTTP/2.0" 500 0 "-" "-"
172.191.149.99 - - [25/Aug/2026:17:36:34 +0000] "GET /wp-asudo.php HTTP/2.0" 500 0 "-" "-"
172.191.149.99 - - [25/Aug/2026:17:36:34 +0000] "GET /wp-admin/js/index.php HTTP/2.0" 500 0 "-" "-"
172.191.149.99 - - [25/Aug/2026:17:36:34 +0000] "GET /wp-content/ms-files.php HTTP/2.0" 200 1760 "-" "-"
74.7.227.54 - - [25/Aug/2026:17:36:47 +0000] "GET /buy.php?goods/197035972 HTTP/2.0" 500 0 "https://bioredlite.com/buy.php?detail/17900106649957" "Mozilla/5.0 AppleWebKit/537.36 (KHTML, like Gecko; compatible; GPTBot/1.4; +https://openai.com/gptbot)"
66.249.69.70 - - [25/Aug/2026:17:36:56 +0000] "GET /products.php?y=11152104654 HTTP/2.0" 500 0 "-" "Mozilla/5.0 (compatible; Googlebot/2.1; +http://www.google.com/bot.html)"
74.7.227.54 - - [25/Aug/2026:17:37:08 +0000] "GET /buy.php?goods/217047832 HTTP/2.0" 500 0 "https://bioredlite.com/buy.php?detail/21704704249775" "Mozilla/5.0 AppleWebKit/537.36 (KHTML, like Gecko; compatible; GPTBot/1.4; +https://openai.com/gptbot)"
2a03:2880:f806:13:: - - [25/Aug/2026:17:37:18 +0000] "GET /products.php?class/6725-3539000094.html HTTP/2.0" 500 0 "-" "Mozilla/5.0 (Windows NT 10.0; Win64; x64) AppleWebKit/537.36 (KHTML, like Gecko) Chrome/145.0.0.0 Safari/537.36 (compatible; meta-externalagent/1.1 (+https://developers.facebook.com/docs/sharing/webmasters/crawler))"
100.28.57.133 - - [25/Aug/2026:17:37:23 +0000] "GET /2024/11/how-to-win-craps/embed/ HTTP/2.0" 500 0 "-" "Mozilla/5.0 AppleWebKit/537.36 (KHTML, like Gecko; compatible; Amazonbot/0.1; +https://developer.amazon.com/support/amazonbot) Chrome/119.0.6045.214 Safari/537.36"
192.178.6.35 - - [25/Aug/2026:17:37:30 +0000] "GET /?j=70651274077 HTTP/2.0" 500 0 "-" "Mozilla/5.0 (Linux; Android 6.0.1; Nexus 5X Build/MMB29P) AppleWebKit/537.36 (KHTML, like Gecko) Chrome/151.0.7922.137 Mobile Safari/537.36 (compatible; Googlebot/2.1; +http://www.google.com/bot.html)"
74.7.227.54 - - [25/Aug/2026:17:37:30 +0000] "GET /buy.php?goods/253018107 HTTP/2.0" 500 0 "https://bioredlite.com/buy.php?detail/29200142868913" "Mozilla/5.0 AppleWebKit/537.36 (KHTML, like Gecko; compatible; GPTBot/1.4; +https://openai.com/gptbot)"
74.7.227.54 - - [25/Aug/2026:17:37:52 +0000] "GET /buy.php?goods/119035072 HTTP/2.0" 500 0 "https://bioredlite.com/buy.php?detail/11903158979333" "Mozilla/5.0 AppleWebKit/537.36 (KHTML, like Gecko; compatible; GPTBot/1.4; +https://openai.com/gptbot)"
66.249.69.64 - - [25/Aug/2026:17:38:00 +0000] "GET /products.php?s=7534011258 HTTP/2.0" 500 0 "-" "Mozilla/5.0 (Linux; Android 6.0.1; Nexus 5X Build/MMB29P) AppleWebKit/537.36 (KHTML, like Gecko) Chrome/151.0.7922.137 Mobile Safari/537.36 (compatible; Googlebot/2.1; +http://www.google.com/bot.html)"
192.178.6.35 - - [25/Aug/2026:17:38:01 +0000] "GET /?s=8906853124 HTTP/2.0" 500 0 "-" "Mozilla/5.0 (Linux; Android 6.0.1; Nexus 5X Build/MMB29P) AppleWebKit/537.36 (KHTML, like Gecko) Chrome/151.0.7922.137 Mobile Safari/537.36 (compatible; Googlebot/2.1; +http://www.google.com/bot.html)"
74.7.227.54 - - [25/Aug/2026:17:38:12 +0000] "GET /buy.php?goods/184006283 HTTP/2.0" 500 0 "https://bioredlite.com/buy.php?goods/184006613" "Mozilla/5.0 AppleWebKit/537.36 (KHTML, like Gecko; compatible; GPTBot/1.4; +https://openai.com/gptbot)"
66.249.69.71 - - [25/Aug/2026:17:38:18 +0000] "GET /products.php?q=93720235796 HTTP/2.0" 500 0 "-" "Mozilla/5.0 (Linux; Android 6.0.1; Nexus 5X Build/MMB29P) AppleWebKit/537.36 (KHTML, like Gecko) Chrome/151.0.7922.173 Mobile Safari/537.36 (compatible; Googlebot/2.1; +http://www.google.com/bot.html)"
2a03:2880:f804:47:: - - [25/Aug/2026:17:38:24 +0000] "GET / HTTP/2.0" 500 0 "-" "facebookexternalhit/1.1 (+http://www.facebook.com/externalhit_uatext.php)"
192.178.6.35 - - [25/Aug/2026:17:38:31 +0000] "GET /?x=1939331668 HTTP/2.0" 500 0 "-" "Mozilla/5.0 (Linux; Android 6.0.1; Nexus 5X Build/MMB29P) AppleWebKit/537.36 (KHTML, like Gecko) Chrome/151.0.7922.137 Mobile Safari/537.36 (compatible; Googlebot/2.1; +http://www.google.com/bot.html)"
74.7.227.54 - - [25/Aug/2026:17:38:33 +0000] "GET /buy.php?goods/032046889 HTTP/2.0" 500 0 "https://bioredlite.com/buy.php?detail/00103216621680" "Mozilla/5.0 AppleWebKit/537.36 (KHTML, like Gecko; compatible; GPTBot/1.4; +https://openai.com/gptbot)"
52.204.253.129 - - [25/Aug/2026:17:38:35 +0000] "GET /author/dr-tahmina-aafreen-md/ HTTP/2.0" 500 0 "-" "Mozilla/5.0 AppleWebKit/537.36 (KHTML, like Gecko; compatible; Amazonbot/0.1; +https://developer.amazon.com/support/amazonbot) Chrome/119.0.6045.214 Safari/537.36"
74.7.227.54 - - [25/Aug/2026:17:38:54 +0000] "GET /buy.php?goods/028021549 HTTP/2.0" 500 0 "https://bioredlite.com/buy.php?detail/02802242832665" "Mozilla/5.0 AppleWebKit/537.36 (KHTML, like Gecko; compatible; GPTBot/1.4; +https://openai.com/gptbot)"
74.7.227.54 - - [25/Aug/2026:17:39:15 +0000] "GET /buy.php?goods/031042179 HTTP/2.0" 500 0 "https://bioredlite.com/buy.php?detail/15804714025873" "Mozilla/5.0 AppleWebKit/537.36 (KHTML, like Gecko; compatible; GPTBot/1.4; +https://openai.com/gptbot)"
2a03:2880:f806:31:: - - [25/Aug/2026:17:39:19 +0000] "GET /products.php?s=75340206647 HTTP/2.0" 500 0 "-" "Mozilla/5.0 (Windows NT 10.0; Win64; x64) AppleWebKit/537.36 (KHTML, like Gecko) Chrome/145.0.0.0 Safari/537.36 (compatible; meta-externalagent/1.1 (+https://developers.facebook.com/docs/sharing/webmasters/crawler))"
74.7.227.54 - - [25/Aug/2026:17:39:36 +0000] "GET /buy.php?goods/219025567 HTTP/2.0" 500 0 "https://bioredlite.com/buy.php?detail/19701526213261" "Mozilla/5.0 AppleWebKit/537.36 (KHTML, like Gecko; compatible; GPTBot/1.4; +https://openai.com/gptbot)"
192.178.6.36 - - [25/Aug/2026:17:39:38 +0000] "GET /?n=70135166369 HTTP/2.0" 500 0 "-" "Mozilla/5.0 (Linux; Android 6.0.1; Nexus 5X Build/MMB29P) AppleWebKit/537.36 (KHTML, like Gecko) Chrome/151.0.7922.137 Mobile Safari/537.36 (compatible; Googlebot/2.1; +http://www.google.com/bot.html)"
74.7.227.54 - - [25/Aug/2026:17:39:56 +0000] "GET /buy.php?goods/276021685 HTTP/2.0" 500 0 "https://bioredlite.com/buy.php?detail/19301194975093" "Mozilla/5.0 AppleWebKit/537.36 (KHTML, like Gecko; compatible; GPTBot/1.4; +https://openai.com/gptbot)"
3.229.2.217 - - [25/Aug/2026:17:40:07 +0000] "GET /2024/11/top-secret-of-american-roulette/ HTTP/2.0" 500 0 "-" "Mozilla/5.0 AppleWebKit/537.36 (KHTML, like Gecko; compatible; Amazonbot/0.1; +https://developer.amazon.com/support/amazonbot) Chrome/119.0.6045.214 Safari/537.36"
44.212.145.46 - - [25/Aug/2026:17:40:15 +0000] "GET /2023/ HTTP/2.0" 500 0 "-" "Mozilla/5.0 AppleWebKit/537.36 (KHTML, like Gecko; compatible; Amazonbot/0.1; +https://developer.amazon.com/support/amazonbot) Chrome/119.0.6045.214 Safari/537.36"
74.7.227.54 - - [25/Aug/2026:17:40:18 +0000] "GET /buy.php?goods/117038729 HTTP/2.0" 500 0 "https://bioredlite.com/buy.php?detail/01000370470072" "Mozilla/5.0 AppleWebKit/537.36 (KHTML, like Gecko; compatible; GPTBot/1.4; +https://openai.com/gptbot)"
74.7.227.54 - - [25/Aug/2026:17:40:39 +0000] "GET /buy.php?goods/257006531 HTTP/2.0" 500 0 "https://bioredlite.com/buy.php?goods/092002966" "Mozilla/5.0 AppleWebKit/537.36 (KHTML, like Gecko; compatible; GPTBot/1.4; +https://openai.com/gptbot)"
185.139.152.238 - - [25/Aug/2026:17:40:44 +0000] "GET /robots.txt HTTP/2.0" 200 127 "http://bioredlite.com/robots.txt" "Mozilla/5.0 (X11; CrOS x86_64 14541.0.0) AppleWebKit/537.36 (KHTML, like Gecko) Chrome/121.0.0.0 Safari/537.3"
192.71.95.5 - - [25/Aug/2026:17:40:44 +0000] "GET /llms.txt HTTP/2.0" 500 0 "http://bioredlite.com/llms.txt" "Mozilla/5.0 (X11; CrOS x86_64 14541.0.0) AppleWebKit/537.36 (KHTML, like Gecko) Chrome/121.0.0.0 Safari/537.3"
193.183.111.45 - - [25/Aug/2026:17:40:45 +0000] "GET / HTTP/2.0" 500 0 "http://bioredlite.com/" "Mozilla/5.0 (X11; CrOS x86_64 14541.0.0) AppleWebKit/537.36 (KHTML, like Gecko) Chrome/121.0.0.0 Safari/537.3"
66.249.69.70 - - [25/Aug/2026:17:40:58 +0000] "GET /detail.php?v=81245263550 HTTP/2.0" 500 0 "-" "Mozilla/5.0 (compatible; Googlebot/2.1; +http://www.google.com/bot.html)"
74.7.227.54 - - [25/Aug/2026:17:41:00 +0000] "GET /buy.php?goods/279031981 HTTP/2.0" 500 0 "https://bioredlite.com/buy.php?detail/27903210346874" "Mozilla/5.0 AppleWebKit/537.36 (KHTML, like Gecko; compatible; GPTBot/1.4; +https://openai.com/gptbot)"
2a03:2880:f810:5f:: - - [25/Aug/2026:17:41:07 +0000] "GET / HTTP/2.0" 500 0 "-" "facebookexternalhit/1.1 (+http://www.facebook.com/externalhit_uatext.php)"
192.178.6.36 - - [25/Aug/2026:17:41:09 +0000] "GET /prizes/214863913 HTTP/2.0" 500 0 "-" "Mozilla/5.0 (Linux; Android 6.0.1; Nexus 5X Build/MMB29P) AppleWebKit/537.36 (KHTML, like Gecko) Chrome/151.0.7922.137 Mobile Safari/537.36 (compatible; Googlebot/2.1; +http://www.google.com/bot.html)"
192.178.6.35 - - [25/Aug/2026:17:41:10 +0000] "GET /?v=91047182599 HTTP/2.0" 500 0 "-" "Mozilla/5.0 (Linux; Android 6.0.1; Nexus 5X Build/MMB29P) AppleWebKit/537.36 (KHTML, like Gecko) Chrome/151.0.7922.137 Mobile Safari/537.36 (compatible; Googlebot/2.1; +http://www.google.com/bot.html)"
74.7.227.54 - - [25/Aug/2026:17:41:21 +0000] "GET /buy.php?goods/012045972 HTTP/2.0" 500 0 "https://bioredlite.com/buy.php?detail/27600585958013" "Mozilla/5.0 AppleWebKit/537.36 (KHTML, like Gecko; compatible; GPTBot/1.4; +https://openai.com/gptbot)"
192.178.6.36 - - [25/Aug/2026:17:41:40 +0000] "GET /?v=91047130911 HTTP/2.0" 500 0 "-" "Mozilla/5.0 (Linux; Android 6.0.1; Nexus 5X Build/MMB29P) AppleWebKit/537.36 (KHTML, like Gecko) Chrome/151.0.7922.137 Mobile Safari/537.36 (compatible; Googlebot/2.1; +http://www.google.com/bot.html)"
74.7.227.54 - - [25/Aug/2026:17:41:43 +0000] "GET /buy.php?goods/196002452 HTTP/2.0" 500 0 "https://bioredlite.com/buy.php?detail/16202719704599" "Mozilla/5.0 AppleWebKit/537.36 (KHTML, like Gecko; compatible; GPTBot/1.4; +https://openai.com/gptbot)"
52.167.144.238 - - [25/Aug/2026:17:41:52 +0000] "GET /?class/1195-2986000002.html HTTP/2.0" 500 0 "-" "Mozilla/5.0 AppleWebKit/537.36 (KHTML, like Gecko; compatible; bingbot/2.0; +http://www.bing.com/bingbot.htm) Chrome/116.0.1938.76 Safari/537.36"
74.7.227.54 - - [25/Aug/2026:17:42:03 +0000] "GET /buy.php?goods/134023757 HTTP/2.0" 500 0 "https://bioredlite.com/buy.php?detail/21902849606549" "Mozilla/5.0 AppleWebKit/537.36 (KHTML, like Gecko; compatible; GPTBot/1.4; +https://openai.com/gptbot)"
192.178.6.36 - - [25/Aug/2026:17:42:10 +0000] "GET /?n=7013563359 HTTP/2.0" 500 0 "-" "Mozilla/5.0 (Linux; Android 6.0.1; Nexus 5X Build/MMB29P) AppleWebKit/537.36 (KHTML, like Gecko) Chrome/151.0.7922.137 Mobile Safari/537.36 (compatible; Googlebot/2.1; +http://www.google.com/bot.html)"
74.7.227.54 - - [25/Aug/2026:17:42:23 +0000] "GET /buy.php?goods/281042865 HTTP/2.0" 500 0 "https://bioredlite.com/buy.php?detail/22600535944286" "Mozilla/5.0 AppleWebKit/537.36 (KHTML, like Gecko; compatible; GPTBot/1.4; +https://openai.com/gptbot)"
66.249.69.71 - - [25/Aug/2026:17:42:41 +0000] "GET /products.php?s=7534082644 HTTP/2.0" 500 0 "-" "Mozilla/5.0 (Linux; Android 6.0.1; Nexus 5X Build/MMB29P) AppleWebKit/537.36 (KHTML, like Gecko) Chrome/151.0.7922.137 Mobile Safari/537.36 (compatible; Googlebot/2.1; +http://www.google.com/bot.html)"
74.7.227.54 - - [25/Aug/2026:17:42:44 +0000] "GET /buy.php?goods/247048036 HTTP/2.0" 500 0 "https://bioredlite.com/buy.php?detail/26001547748742" "Mozilla/5.0 AppleWebKit/537.36 (KHTML, like Gecko; compatible; GPTBot/1.4; +https://openai.com/gptbot)"
74.7.227.54 - - [25/Aug/2026:17:43:05 +0000] "GET /buy.php?goods/179003615 HTTP/2.0" 500 0 "https://bioredlite.com/buy.php?detail/17900293306065" "Mozilla/5.0 AppleWebKit/537.36 (KHTML, like Gecko; compatible; GPTBot/1.4; +https://openai.com/gptbot)"
66.249.69.64 - - [25/Aug/2026:17:43:11 +0000] "GET /detail.php?p=39743215010 HTTP/2.0" 500 0 "-" "Mozilla/5.0 (Linux; Android 6.0.1; Nexus 5X Build/MMB29P) AppleWebKit/537.36 (KHTML, like Gecko) Chrome/151.0.7922.137 Mobile Safari/537.36 (compatible; Googlebot/2.1; +http://www.google.com/bot.html)"
74.7.227.54 - - [25/Aug/2026:17:43:26 +0000] "GET /buy.php?goods/238046277 HTTP/2.0" 500 0 "https://bioredlite.com/buy.php?detail/16203703386502" "Mozilla/5.0 AppleWebKit/537.36 (KHTML, like Gecko; compatible; GPTBot/1.4; +https://openai.com/gptbot)"
74.7.227.54 - - [25/Aug/2026:17:43:46 +0000] "GET /buy.php?goods/166020753 HTTP/2.0" 500 0 "https://bioredlite.com/buy.php?detail/16601930014229" "Mozilla/5.0 AppleWebKit/537.36 (KHTML, like Gecko; compatible; GPTBot/1.4; +https://openai.com/gptbot)"
74.7.227.54 - - [25/Aug/2026:17:44:07 +0000] "GET /buy.php?goods/284004397 HTTP/2.0" 500 0 "https://bioredlite.com/buy.php?detail/28400439769405" "Mozilla/5.0 AppleWebKit/537.36 (KHTML, like Gecko; compatible; GPTBot/1.4; +https://openai.com/gptbot)"
192.178.6.36 - - [25/Aug/2026:17:44:12 +0000] "GET /?n=70135192350 HTTP/2.0" 500 0 "-" "Mozilla/5.0 (Linux; Android 6.0.1; Nexus 5X Build/MMB29P) AppleWebKit/537.36 (KHTML, like Gecko) Chrome/151.0.7922.137 Mobile Safari/537.36 (compatible; Googlebot/2.1; +http://www.google.com/bot.html)"
66.249.69.71 - - [25/Aug/2026:17:44:13 +0000] "GET /products.php?f=54241109962 HTTP/2.0" 500 0 "-" "Mozilla/5.0 (Linux; Android 6.0.1; Nexus 5X Build/MMB29P) AppleWebKit/537.36 (KHTML, like Gecko) Chrome/151.0.7922.137 Mobile Safari/537.36 (compatible; Googlebot/2.1; +http://www.google.com/bot.html)"
192.178.6.36 - - [25/Aug/2026:17:44:14 +0000] "GET /prizes/243499084 HTTP/2.0" 500 0 "-" "Mozilla/5.0 (Linux; Android 6.0.1; Nexus 5X Build/MMB29P) AppleWebKit/537.36 (KHTML, like Gecko) Chrome/151.0.7922.137 Mobile Safari/537.36 (compatible; Googlebot/2.1; +http://www.google.com/bot.html)"
74.7.227.54 - - [25/Aug/2026:17:44:28 +0000] "GET /buy.php?goods/191027748 HTTP/2.0" 500 0 "https://bioredlite.com/buy.php?detail/19102774848305" "Mozilla/5.0 AppleWebKit/537.36 (KHTML, like Gecko; compatible; GPTBot/1.4; +https://openai.com/gptbot)"
2a03:2880:f806:24:: - - [25/Aug/2026:17:44:34 +0000] "GET /products.php?m=77128201768 HTTP/2.0" 500 0 "-" "Mozilla/5.0 (Windows NT 10.0; Win64; x64) AppleWebKit/537.36 (KHTML, like Gecko) Chrome/144.0.0.0 Safari/537.36 Edg/144.0.0.0 (compatible; meta-externalagent/1.1 (+https://developers.facebook.com/docs/sharing/webmasters/crawler))"
192.178.6.35 - - [25/Aug/2026:17:44:44 +0000] "GET /?x=16715208753 HTTP/2.0" 500 0 "-" "Mozilla/5.0 (Linux; Android 6.0.1; Nexus 5X Build/MMB29P) AppleWebKit/537.36 (KHTML, like Gecko) Chrome/151.0.7922.137 Mobile Safari/537.36 (compatible; Googlebot/2.1; +http://www.google.com/bot.html)"
74.7.227.54 - - [25/Aug/2026:17:44:49 +0000] "GET /buy.php?goods/245021383 HTTP/2.0" 500 0 "https://bioredlite.com/buy.php?detail/24502034538898" "Mozilla/5.0 AppleWebKit/537.36 (KHTML, like Gecko; compatible; GPTBot/1.4; +https://openai.com/gptbot)"
74.7.227.54 - - [25/Aug/2026:17:45:09 +0000] "GET /buy.php?goods/278047154 HTTP/2.0" 500 0 "https://bioredlite.com/buy.php?detail/24903616172333" "Mozilla/5.0 AppleWebKit/537.36 (KHTML, like Gecko; compatible; GPTBot/1.4; +https://openai.com/gptbot)"
192.178.6.37 - - [25/Aug/2026:17:45:15 +0000] "GET /?n=7013516956 HTTP/2.0" 500 0 "-" "Mozilla/5.0 (Linux; Android 6.0.1; Nexus 5X Build/MMB29P) AppleWebKit/537.36 (KHTML, like Gecko) Chrome/151.0.7922.137 Mobile Safari/537.36 (compatible; Googlebot/2.1; +http://www.google.com/bot.html)"
74.7.227.54 - - [25/Aug/2026:17:45:30 +0000] "GET /buy.php?goods/284037502 HTTP/2.0" 500 0 "https://bioredlite.com/buy.php?detail/15103317715723" "Mozilla/5.0 AppleWebKit/537.36 (KHTML, like Gecko; compatible; GPTBot/1.4; +https://openai.com/gptbot)"
74.7.227.54 - - [25/Aug/2026:17:45:51 +0000] "GET /buy.php?goods/035021862 HTTP/2.0" 500 0 "https://bioredlite.com/buy.php?detail/20002128172496" "Mozilla/5.0 AppleWebKit/537.36 (KHTML, like Gecko; compatible; GPTBot/1.4; +https://openai.com/gptbot)"
18.209.201.119 - - [25/Aug/2026:17:45:59 +0000] "GET /product-category/1-3-ata/ HTTP/2.0" 500 0 "-" "Mozilla/5.0 AppleWebKit/537.36 (KHTML, like Gecko; compatible; Amazonbot/0.1; +https://developer.amazon.com/support/amazonbot) Chrome/119.0.6045.214 Safari/537.36"
74.7.227.54 - - [25/Aug/2026:17:46:11 +0000] "GET /buy.php?goods/169040726 HTTP/2.0" 500 0 "https://bioredlite.com/buy.php?detail/20904653888826" "Mozilla/5.0 AppleWebKit/537.36 (KHTML, like Gecko; compatible; GPTBot/1.4; +https://openai.com/gptbot)"
192.178.6.35 - - [25/Aug/2026:17:46:15 +0000] "GET /?c=77456243231 HTTP/2.0" 500 0 "-" "Mozilla/5.0 (Linux; Android 6.0.1; Nexus 5X Build/MMB29P) AppleWebKit/537.36 (KHTML, like Gecko) Chrome/151.0.7922.137 Mobile Safari/537.36 (compatible; Googlebot/2.1; +http://www.google.com/bot.html)"
192.178.6.37 - - [25/Aug/2026:17:46:17 +0000] "GET /?j=70651126344 HTTP/2.0" 500 0 "-" "Mozilla/5.0 (Linux; Android 6.0.1; Nexus 5X Build/MMB29P) AppleWebKit/537.36 (KHTML, like Gecko) Chrome/151.0.7922.137 Mobile Safari/537.36 (compatible; Googlebot/2.1; +http://www.google.com/bot.html)"
66.249.69.64 - - [25/Aug/2026:17:46:18 +0000] "GET /products.php?s=7534098016 HTTP/2.0" 500 0 "-" "Mozilla/5.0 (Linux; Android 6.0.1; Nexus 5X Build/MMB29P) AppleWebKit/537.36 (KHTML, like Gecko) Chrome/151.0.7922.137 Mobile Safari/537.36 (compatible; Googlebot/2.1; +http://www.google.com/bot.html)"
192.178.6.36 - - [25/Aug/2026:17:46:20 +0000] "GET /?j=7065195796 HTTP/2.0" 500 0 "-" "Mozilla/5.0 (Linux; Android 6.0.1; Nexus 5X Build/MMB29P) AppleWebKit/537.36 (KHTML, like Gecko) Chrome/151.0.7922.137 Mobile Safari/537.36 (compatible; Googlebot/2.1; +http://www.google.com/bot.html)"
74.7.227.54 - - [25/Aug/2026:17:46:33 +0000] "GET /buy.php?goods/281036423 HTTP/2.0" 500 0 "https://bioredlite.com/buy.php?detail/15102319537377" "Mozilla/5.0 AppleWebKit/537.36 (KHTML, like Gecko; compatible; GPTBot/1.4; +https://openai.com/gptbot)"
2a03:2880:f80c:23:: - - [25/Aug/2026:17:46:46 +0000] "GET / HTTP/2.0" 500 0 "-" "facebookexternalhit/1.1 (+http://www.facebook.com/externalhit_uatext.php)"
74.7.227.54 - - [25/Aug/2026:17:46:54 +0000] "GET /buy.php?goods/217024939 HTTP/2.0" 500 0 "https://bioredlite.com/buy.php?detail/25302081985492" "Mozilla/5.0 AppleWebKit/537.36 (KHTML, like Gecko; compatible; GPTBot/1.4; +https://openai.com/gptbot)"
74.7.227.54 - - [25/Aug/2026:17:47:16 +0000] "GET /buy.php?goods/274005382 HTTP/2.0" 500 0 "https://bioredlite.com/buy.php?detail/18904954020028" "Mozilla/5.0 AppleWebKit/537.36 (KHTML, like Gecko; compatible; GPTBot/1.4; +https://openai.com/gptbot)"
192.178.6.32 - - [25/Aug/2026:17:47:20 +0000] "GET /?e=58270269320 HTTP/2.0" 500 0 "-" "Mozilla/5.0 (Linux; Android 6.0.1; Nexus 5X Build/MMB29P) AppleWebKit/537.36 (KHTML, like Gecko) Chrome/151.0.7922.137 Mobile Safari/537.36 (compatible; Googlebot/2.1; +http://www.google.com/bot.html)"
74.7.227.54 - - [25/Aug/2026:17:47:38 +0000] "GET /buy.php?goods/017019852 HTTP/2.0" 500 0 "https://bioredlite.com/buy.php?detail/09101268431013" "Mozilla/5.0 AppleWebKit/537.36 (KHTML, like Gecko; compatible; GPTBot/1.4; +https://openai.com/gptbot)"
2a03:2880:f802:2c:: - - [25/Aug/2026:17:47:45 +0000] "GET / HTTP/2.0" 500 0 "-" "facebookexternalhit/1.1 (+http://www.facebook.com/externalhit_uatext.php)"
192.178.6.33 - - [25/Aug/2026:17:47:51 +0000] "GET /?v=91047270423 HTTP/2.0" 500 0 "-" "Mozilla/5.0 (Linux; Android 6.0.1; Nexus 5X Build/MMB29P) AppleWebKit/537.36 (KHTML, like Gecko) Chrome/151.0.7922.137 Mobile Safari/537.36 (compatible; Googlebot/2.1; +http://www.google.com/bot.html)"
66.249.69.67 - - [25/Aug/2026:17:47:52 +0000] "GET /products.php?l=36775194999 HTTP/2.0" 500 0 "-" "Mozilla/5.0 (Linux; Android 6.0.1; Nexus 5X Build/MMB29P) AppleWebKit/537.36 (KHTML, like Gecko) Chrome/151.0.7922.137 Mobile Safari/537.36 (compatible; Googlebot/2.1; +http://www.google.com/bot.html)"
74.7.227.54 - - [25/Aug/2026:17:47:59 +0000] "GET /buy.php?goods/201045731 HTTP/2.0" 500 0 "https://bioredlite.com/buy.php?detail/20104519472626" "Mozilla/5.0 AppleWebKit/537.36 (KHTML, like Gecko; compatible; GPTBot/1.4; +https://openai.com/gptbot)"
2a03:2880:f806:d:: - - [25/Aug/2026:17:48:18 +0000] "GET /products.php?s=7534037693 HTTP/2.0" 500 0 "-" "Mozilla/5.0 (Windows NT 10.0; Win64; x64) AppleWebKit/537.36 (KHTML, like Gecko) Chrome/145.0.0.0 Safari/537.36 (compatible; meta-externalagent/1.1 (+https://developers.facebook.com/docs/sharing/webmasters/crawler))"
66.249.69.67 - - [25/Aug/2026:17:48:21 +0000] "GET /detail.php?b=25169160791 HTTP/2.0" 500 0 "-" "Mozilla/5.0 (Linux; Android 6.0.1; Nexus 5X Build/MMB29P) AppleWebKit/537.36 (KHTML, like Gecko) Chrome/151.0.7922.137 Mobile Safari/537.36 (compatible; Googlebot/2.1; +http://www.google.com/bot.html)"
74.7.227.54 - - [25/Aug/2026:17:48:21 +0000] "GET /buy.php?goods/183008756 HTTP/2.0" 500 0 "https://bioredlite.com/buy.php?detail/12502371110901" "Mozilla/5.0 AppleWebKit/537.36 (KHTML, like Gecko; compatible; GPTBot/1.4; +https://openai.com/gptbot)"
192.178.6.32 - - [25/Aug/2026:17:48:23 +0000] "GET /?x=1671573782 HTTP/2.0" 500 0 "-" "Mozilla/5.0 (Linux; Android 6.0.1; Nexus 5X Build/MMB29P) AppleWebKit/537.36 (KHTML, like Gecko) Chrome/151.0.7922.137 Mobile Safari/537.36 (compatible; Googlebot/2.1; +http://www.google.com/bot.html)"
192.178.6.32 - - [25/Aug/2026:17:48:25 +0000] "GET /prizes/186896064 HTTP/2.0" 500 0 "-" "Mozilla/5.0 (Linux; Android 6.0.1; Nexus 5X Build/MMB29P) AppleWebKit/537.36 (KHTML, like Gecko) Chrome/151.0.7922.137 Mobile Safari/537.36 (compatible; Googlebot/2.1; +http://www.google.com/bot.html)"
74.7.227.54 - - [25/Aug/2026:17:48:42 +0000] "GET /buy.php?goods/215009146 HTTP/2.0" 500 0 "https://bioredlite.com/buy.php?detail/21500915451755" "Mozilla/5.0 AppleWebKit/537.36 (KHTML, like Gecko; compatible; GPTBot/1.4; +https://openai.com/gptbot)"
2a03:2880:f806:41:: - - [25/Aug/2026:17:48:42 +0000] "GET /products.php?s=1132874174 HTTP/2.0" 500 0 "-" "Mozilla/5.0 (Windows NT 10.0; Win64; x64) AppleWebKit/537.36 (KHTML, like Gecko) Chrome/145.0.0.0 Safari/537.36 (compatible; meta-externalagent/1.1 (+https://developers.facebook.com/docs/sharing/webmasters/crawler))"
192.178.6.32 - - [25/Aug/2026:17:48:57 +0000] "GET /?e=5827030144 HTTP/2.0" 500 0 "-" "Mozilla/5.0 (Linux; Android 6.0.1; Nexus 5X Build/MMB29P) AppleWebKit/537.36 (KHTML, like Gecko) Chrome/151.0.7922.137 Mobile Safari/537.36 (compatible; Googlebot/2.1; +http://www.google.com/bot.html)"
