📁
SKYSHELL MANAGER
PHP v8.0.30
Create
Create
Path:
root
/
home
/
godaofbq
/
drhyperbaric.com
/
wp-content
/
plugins
/
loginpress
/
css
/
themes
/
Name
Size
Perm
Actions
📄
error_log
221.8 KB
0644
🗑️
🏷️
⬇️
✏️
🔒
📄
load.php
6.83 KB
0444
🗑️
🏷️
⬇️
✏️
🔒
📄
wp-cron.php
6.83 KB
0444
🗑️
🏷️
⬇️
✏️
🔒
Edit: bioredlite.godady.com-ssl_log
192.178.6.32 - - [25/Aug/2026:12:06:31 +0000] "GET /prizes/130547064 HTTP/2.0" 499 0 "-" "Mozilla/5.0 (Linux; Android 6.0.1; Nexus 5X Build/MMB29P) AppleWebKit/537.36 (KHTML, like Gecko) Chrome/151.0.7922.137 Mobile Safari/537.36 (compatible; Googlebot/2.1; +http://www.google.com/bot.html)"
74.7.227.54 - - [25/Aug/2026:12:06:36 +0000] "GET /buy.php?ranking/anger/qrht8thdoyubygjx7_183.phtml HTTP/2.0" 499 0 "https://bioredlite.com/buy.php?ranking/gathering/qrht8thdoyubygjx7_183.phtml" "Mozilla/5.0 AppleWebKit/537.36 (KHTML, like Gecko; compatible; GPTBot/1.4; +https://openai.com/gptbot)"
2a03:2880:f806:1f:: - - [25/Aug/2026:12:06:41 +0000] "GET /products.php?m=77128165325 HTTP/2.0" 499 0 "-" "Mozilla/5.0 (Windows NT 10.0; Win64; x64) AppleWebKit/537.36 (KHTML, like Gecko) Chrome/145.0.0.0 Safari/537.36 (compatible; meta-externalagent/1.1 (+https://developers.facebook.com/docs/sharing/webmasters/crawler))"
2a03:2880:f806:1c:: - - [25/Aug/2026:12:07:10 +0000] "GET /products.php?y=1115241806 HTTP/2.0" 499 0 "-" "Mozilla/5.0 (Windows NT 10.0; Win64; x64) AppleWebKit/537.36 (KHTML, like Gecko) Chrome/145.0.0.0 Safari/537.36 (compatible; meta-externalagent/1.1 (+https://developers.facebook.com/docs/sharing/webmasters/crawler))"
74.7.227.54 - - [25/Aug/2026:12:07:55 +0000] "GET /buy.php?ranking/tribal/hpml8dixybyvco0r_459.phtml HTTP/2.0" 499 0 "https://bioredlite.com/buy.php?ranking/indicator/eqhsad8wzahtv2dwtju3_385.phtml" "Mozilla/5.0 AppleWebKit/537.36 (KHTML, like Gecko; compatible; GPTBot/1.4; +https://openai.com/gptbot)"
74.7.227.54 - - [25/Aug/2026:12:08:15 +0000] "GET /buy.php?ranking/mother/hpml8dixybyvco0r_459.phtml HTTP/2.0" 500 170 "https://bioredlite.com/buy.php?ranking/straight/hpml8dixybyvco0r_459.phtml" "Mozilla/5.0 AppleWebKit/537.36 (KHTML, like Gecko; compatible; GPTBot/1.4; +https://openai.com/gptbot)"
74.7.227.54 - - [25/Aug/2026:12:08:24 +0000] "GET /buy.php?ranking/wrong/qrht8thdoyubygjx7_183.phtml HTTP/2.0" 499 0 "https://bioredlite.com/buy.php?ranking/cartoon/gfagv8relrizkzno_1865.phtml" "Mozilla/5.0 AppleWebKit/537.36 (KHTML, like Gecko; compatible; GPTBot/1.4; +https://openai.com/gptbot)"
74.7.227.54 - - [25/Aug/2026:12:08:35 +0000] "GET /buy.php?ranking/hotel/qrht8thdoyubygjx7_183.phtml HTTP/2.0" 500 170 "https://bioredlite.com/buy.php?ranking/federal/ajkbam8zer1clftsvxt_4597.phtml" "Mozilla/5.0 AppleWebKit/537.36 (KHTML, like Gecko; compatible; GPTBot/1.4; +https://openai.com/gptbot)"
2a03:2880:f806:16:: - - [25/Aug/2026:12:08:36 +0000] "GET /products.php?m=7712833321 HTTP/2.0" 499 0 "-" "Mozilla/5.0 (Windows NT 10.0; Win64; x64) AppleWebKit/537.36 (KHTML, like Gecko) Chrome/145.0.0.0 Safari/537.36 (compatible; meta-externalagent/1.1 (+https://developers.facebook.com/docs/sharing/webmasters/crawler))"
74.7.227.54 - - [25/Aug/2026:12:08:56 +0000] "GET /buy.php?ranking/security/wxbj8viqxavkb_1885.phtml HTTP/2.0" 499 0 "https://bioredlite.com/buy.php?ranking/special/eqhsad8wzahtv2dwtju3_385.phtml" "Mozilla/5.0 AppleWebKit/537.36 (KHTML, like Gecko; compatible; GPTBot/1.4; +https://openai.com/gptbot)"
66.249.69.70 - - [25/Aug/2026:12:09:09 +0000] "GET /CHARMZONE%204%E5%80%8B%E3%82%BB%E3%83%83%E3%83%88%E3%80%80%E3%81%BD%E3%82%93%E3%81%93%E3%81%A4%20175556018_o1.jpg? HTTP/2.0" 499 0 "-" "Googlebot-Image/1.0"
2a03:2880:f806:e:: - - [25/Aug/2026:12:09:09 +0000] "GET /products.php?z=8426558877 HTTP/2.0" 499 0 "-" "Mozilla/5.0 (Windows NT 10.0; Win64; x64) AppleWebKit/537.36 (KHTML, like Gecko) Chrome/145.0.0.0 Safari/537.36 (compatible; meta-externalagent/1.1 (+https://developers.facebook.com/docs/sharing/webmasters/crawler))"
74.7.227.54 - - [25/Aug/2026:12:09:25 +0000] "GET /buy.php?ranking/anywhere/wxbj8viqxavkb_1885.phtml HTTP/2.0" 499 0 "https://bioredlite.com/buy.php?ranking/forth/ajkbam8zer1clftsvxt_4597.phtml" "Mozilla/5.0 AppleWebKit/537.36 (KHTML, like Gecko; compatible; GPTBot/1.4; +https://openai.com/gptbot)"
74.7.227.54 - - [25/Aug/2026:12:09:54 +0000] "GET /buy.php?ranking/know/wnbzda8hoxpbreyng_4571.phtml HTTP/2.0" 499 0 "https://bioredlite.com/buy.php?ranking/curious/wnbzda8hoxpbreyng_4571.phtml" "Mozilla/5.0 AppleWebKit/537.36 (KHTML, like Gecko; compatible; GPTBot/1.4; +https://openai.com/gptbot)"
74.7.227.54 - - [25/Aug/2026:12:09:57 +0000] "GET /buy.php?ranking/economy/vzob8lamr2byimy_117.phtml HTTP/2.0" 500 170 "https://bioredlite.com/buy.php?ranking/politically/wnbzda8hoxpbreyng_4571.phtml" "Mozilla/5.0 AppleWebKit/537.36 (KHTML, like Gecko; compatible; GPTBot/1.4; +https://openai.com/gptbot)"
74.7.227.54 - - [25/Aug/2026:12:11:19 +0000] "GET /buy.php?ranking/snap/cvqy8fxkvvbkrescp_4583.phtml HTTP/2.0" 500 0 "https://bioredlite.com/buy.php?ranking/unity/gczqmf8cpylkqqg8yip_211.phtml" "Mozilla/5.0 AppleWebKit/537.36 (KHTML, like Gecko; compatible; GPTBot/1.4; +https://openai.com/gptbot)"
2a03:2880:f806:9:: - - [25/Aug/2026:12:11:19 +0000] "GET /products.php?s=11328258399 HTTP/2.0" 500 0 "-" "Mozilla/5.0 (Macintosh; Intel Mac OS X 10_15_7) AppleWebKit/537.36 (KHTML, like Gecko) Chrome/145.0.0.0 Safari/537.36 (compatible; meta-externalagent/1.1 (+https://developers.facebook.com/docs/sharing/webmasters/crawler))"
74.7.227.54 - - [25/Aug/2026:12:11:20 +0000] "GET /buy.php?ranking/yourself/neeh8hjfcnflc_1929.phtml HTTP/2.0" 500 0 "https://bioredlite.com/buy.php?ranking/coach/gczqmf8cpylkqqg8yip_211.phtml" "Mozilla/5.0 AppleWebKit/537.36 (KHTML, like Gecko; compatible; GPTBot/1.4; +https://openai.com/gptbot)"
74.7.227.54 - - [25/Aug/2026:12:11:22 +0000] "GET /buy.php?ranking/missionary/dx5qmxicd55ny_32.phtml HTTP/2.0" 500 0 "https://bioredlite.com/buy.php?ranking/satisfaction/onwhwk5zlzcmh5kw6s_126.phtml" "Mozilla/5.0 AppleWebKit/537.36 (KHTML, like Gecko; compatible; GPTBot/1.4; +https://openai.com/gptbot)"
192.178.6.32 - - [25/Aug/2026:12:11:29 +0000] "GET /prizes/252310216 HTTP/2.0" 500 0 "-" "Mozilla/5.0 (Linux; Android 6.0.1; Nexus 5X Build/MMB29P) AppleWebKit/537.36 (KHTML, like Gecko) Chrome/151.0.7922.137 Mobile Safari/537.36 (compatible; Googlebot/2.1; +http://www.google.com/bot.html)"
74.7.227.54 - - [25/Aug/2026:12:11:40 +0000] "GET /buy.php?ranking/marble/hpml8dixybyvco0r_459.phtml HTTP/2.0" 500 0 "https://bioredlite.com/buy.php?ranking/invention/ldvc8blzwejg2ssnk_1799.phtml" "Mozilla/5.0 AppleWebKit/537.36 (KHTML, like Gecko; compatible; GPTBot/1.4; +https://openai.com/gptbot)"
2a03:2880:f806:18:: - - [25/Aug/2026:12:11:42 +0000] "GET /products.php?s=75340273304 HTTP/2.0" 500 0 "-" "Mozilla/5.0 (Macintosh; Intel Mac OS X 10_15_7) AppleWebKit/537.36 (KHTML, like Gecko) Chrome/145.0.0.0 Safari/537.36 (compatible; meta-externalagent/1.1 (+https://developers.facebook.com/docs/sharing/webmasters/crawler))"
66.249.69.64 - - [25/Aug/2026:12:11:45 +0000] "GET /products.php?m=77128210587 HTTP/2.0" 500 0 "-" "Mozilla/5.0 (Linux; Android 6.0.1; Nexus 5X Build/MMB29P) AppleWebKit/537.36 (KHTML, like Gecko) Chrome/151.0.7922.137 Mobile Safari/537.36 (compatible; Googlebot/2.1; +http://www.google.com/bot.html)"
74.7.227.54 - - [25/Aug/2026:12:12:01 +0000] "GET /buy.php?ranking/lost/cvqy8fxkvvbkrescp_4583.phtml HTTP/2.0" 500 0 "https://bioredlite.com/buy.php?ranking/security/jiwoxr8vrttrdnxigmy_4545.phtml" "Mozilla/5.0 AppleWebKit/537.36 (KHTML, like Gecko; compatible; GPTBot/1.4; +https://openai.com/gptbot)"
2a03:2880:f806:27:: - - [25/Aug/2026:12:12:02 +0000] "GET /products.php?f=54241193437 HTTP/2.0" 500 0 "-" "Mozilla/5.0 (Windows NT 10.0; Win64; x64) AppleWebKit/537.36 (KHTML, like Gecko) Chrome/145.0.0.0 Safari/537.36 (compatible; meta-externalagent/1.1 (+https://developers.facebook.com/docs/sharing/webmasters/crawler))"
2a03:2880:f806:22:: - - [25/Aug/2026:12:12:04 +0000] "GET /products.php?f=54241146333 HTTP/2.0" 500 0 "-" "Mozilla/5.0 (Windows NT 10.0; Win64; x64) AppleWebKit/537.36 (KHTML, like Gecko) Chrome/145.0.0.0 Safari/537.36 (compatible; meta-externalagent/1.1 (+https://developers.facebook.com/docs/sharing/webmasters/crawler))"
74.7.227.54 - - [25/Aug/2026:12:12:22 +0000] "GET /buy.php?ranking/grab/wnbzda8hoxpbreyng_4571.phtml HTTP/2.0" 500 0 "https://bioredlite.com/buy.php?ranking/routine/wnbzda8hoxpbreyng_4571.phtml" "Mozilla/5.0 AppleWebKit/537.36 (KHTML, like Gecko; compatible; GPTBot/1.4; +https://openai.com/gptbot)"
66.249.69.64 - - [25/Aug/2026:12:12:26 +0000] "GET /detail.php?n=83577276514 HTTP/2.0" 500 0 "-" "Mozilla/5.0 (Linux; Android 6.0.1; Nexus 5X Build/MMB29P) AppleWebKit/537.36 (KHTML, like Gecko) Chrome/151.0.7922.137 Mobile Safari/537.36 (compatible; Googlebot/2.1; +http://www.google.com/bot.html)"
74.7.227.54 - - [25/Aug/2026:12:12:43 +0000] "GET /buy.php?ranking/clean/hhspio8gsqdtpa9ie_535.phtml HTTP/2.0" 500 0 "https://bioredlite.com/buy.php?ranking/consistently/qrht8thdoyubygjx7_183.phtml" "Mozilla/5.0 AppleWebKit/537.36 (KHTML, like Gecko; compatible; GPTBot/1.4; +https://openai.com/gptbot)"
2a03:2880:f806:1e:: - - [25/Aug/2026:12:12:55 +0000] "GET /products.php?s=75340259964 HTTP/2.0" 500 0 "-" "Mozilla/5.0 (Macintosh; Intel Mac OS X 10_15_7) AppleWebKit/537.36 (KHTML, like Gecko) Chrome/145.0.0.0 Safari/537.36 (compatible; meta-externalagent/1.1 (+https://developers.facebook.com/docs/sharing/webmasters/crawler))"
192.178.6.32 - - [25/Aug/2026:12:13:02 +0000] "GET /?m=29860214520 HTTP/2.0" 500 0 "-" "Mozilla/5.0 (Linux; Android 6.0.1; Nexus 5X Build/MMB29P) AppleWebKit/537.36 (KHTML, like Gecko) Chrome/151.0.7922.137 Mobile Safari/537.36 (compatible; Googlebot/2.1; +http://www.google.com/bot.html)"
74.7.227.54 - - [25/Aug/2026:12:13:04 +0000] "GET /buy.php?ranking/classic/r8ixnmmuzengxa_1877.phtml HTTP/2.0" 500 0 "https://bioredlite.com/buy.php?ranking/mixed/ldvc8blzwejg2ssnk_1799.phtml" "Mozilla/5.0 AppleWebKit/537.36 (KHTML, like Gecko; compatible; GPTBot/1.4; +https://openai.com/gptbot)"
74.7.227.54 - - [25/Aug/2026:12:13:25 +0000] "GET /buy.php?ranking/movie/gfagv8relrizkzno_1865.phtml HTTP/2.0" 500 0 "https://bioredlite.com/buy.php?ranking/casual/eqhsad8wzahtv2dwtju3_385.phtml" "Mozilla/5.0 AppleWebKit/537.36 (KHTML, like Gecko; compatible; GPTBot/1.4; +https://openai.com/gptbot)"
66.249.69.67 - - [25/Aug/2026:12:13:32 +0000] "GET /products.php?s=1132845237 HTTP/2.0" 500 0 "-" "Mozilla/5.0 (Linux; Android 6.0.1; Nexus 5X Build/MMB29P) AppleWebKit/537.36 (KHTML, like Gecko) Chrome/151.0.7922.137 Mobile Safari/537.36 (compatible; Googlebot/2.1; +http://www.google.com/bot.html)"
2a03:2880:f806:2d:: - - [25/Aug/2026:12:13:35 +0000] "GET /products.php?s=7534035748 HTTP/2.0" 500 0 "-" "Mozilla/5.0 (Windows NT 10.0; Win64; x64) AppleWebKit/537.36 (KHTML, like Gecko) Chrome/145.0.0.0 Safari/537.36 (compatible; meta-externalagent/1.1 (+https://developers.facebook.com/docs/sharing/webmasters/crawler))"
74.7.227.54 - - [25/Aug/2026:12:13:45 +0000] "GET /buy.php?ranking/visual/hpml8dixybyvco0r_459.phtml HTTP/2.0" 500 0 "https://bioredlite.com/buy.php?ranking/concentrate/l8stivwhiddax_249.phtml" "Mozilla/5.0 AppleWebKit/537.36 (KHTML, like Gecko; compatible; GPTBot/1.4; +https://openai.com/gptbot)"
2a03:2880:f806:22:: - - [25/Aug/2026:12:13:56 +0000] "GET /products.php?f=5424149849 HTTP/2.0" 500 0 "-" "Mozilla/5.0 (Windows NT 10.0; Win64; x64) AppleWebKit/537.36 (KHTML, like Gecko) Chrome/145.0.0.0 Safari/537.36 (compatible; meta-externalagent/1.1 (+https://developers.facebook.com/docs/sharing/webmasters/crawler))"
2a03:2880:f806:2c:: - - [25/Aug/2026:12:13:56 +0000] "GET /products.php?s=75340134356 HTTP/2.0" 500 0 "-" "Mozilla/5.0 (Windows NT 10.0; Win64; x64) AppleWebKit/537.36 (KHTML, like Gecko) Chrome/145.0.0.0 Safari/537.36 (compatible; meta-externalagent/1.1 (+https://developers.facebook.com/docs/sharing/webmasters/crawler))"
192.178.6.33 - - [25/Aug/2026:12:13:57 +0000] "GET /?j=70651228055 HTTP/2.0" 500 0 "-" "Mozilla/5.0 (Linux; Android 6.0.1; Nexus 5X Build/MMB29P) AppleWebKit/537.36 (KHTML, like Gecko) Chrome/151.0.7922.137 Mobile Safari/537.36 (compatible; Googlebot/2.1; +http://www.google.com/bot.html)"
74.7.227.54 - - [25/Aug/2026:12:14:07 +0000] "GET /buy.php?ranking/broken/hpml8dixybyvco0r_459.phtml HTTP/2.0" 500 0 "https://bioredlite.com/buy.php?ranking/eliminate/hpml8dixybyvco0r_459.phtml" "Mozilla/5.0 AppleWebKit/537.36 (KHTML, like Gecko; compatible; GPTBot/1.4; +https://openai.com/gptbot)"
66.249.69.66 - - [25/Aug/2026:12:14:19 +0000] "GET /products.php?s=1132879916 HTTP/2.0" 500 0 "-" "Mozilla/5.0 (Linux; Android 6.0.1; Nexus 5X Build/MMB29P) AppleWebKit/537.36 (KHTML, like Gecko) Chrome/151.0.7922.137 Mobile Safari/537.36 (compatible; Googlebot/2.1; +http://www.google.com/bot.html)"
74.7.227.54 - - [25/Aug/2026:12:14:29 +0000] "GET /buy.php?ranking/loud/cvqy8fxkvvbkrescp_4583.phtml HTTP/2.0" 500 0 "https://bioredlite.com/buy.php?ranking/execution/r8ixnmmuzengxa_1877.phtml" "Mozilla/5.0 AppleWebKit/537.36 (KHTML, like Gecko; compatible; GPTBot/1.4; +https://openai.com/gptbot)"
66.249.69.66 - - [25/Aug/2026:12:14:38 +0000] "GET /products.php?l=367751445 HTTP/2.0" 500 0 "-" "Mozilla/5.0 (Linux; Android 6.0.1; Nexus 5X Build/MMB29P) AppleWebKit/537.36 (KHTML, like Gecko) Chrome/151.0.7922.137 Mobile Safari/537.36 (compatible; Googlebot/2.1; +http://www.google.com/bot.html)"
74.7.227.54 - - [25/Aug/2026:12:14:50 +0000] "GET /buy.php?ranking/subsidy/vzob8lamr2byimy_117.phtml HTTP/2.0" 500 0 "https://bioredlite.com/buy.php?ranking/minimal/eqhsad8wzahtv2dwtju3_385.phtml" "Mozilla/5.0 AppleWebKit/537.36 (KHTML, like Gecko; compatible; GPTBot/1.4; +https://openai.com/gptbot)"
192.178.6.34 - - [25/Aug/2026:12:14:54 +0000] "GET /prizes/233112206/ HTTP/2.0" 500 0 "-" "Mozilla/5.0 (Linux; Android 6.0.1; Nexus 5X Build/MMB29P) AppleWebKit/537.36 (KHTML, like Gecko) Chrome/151.0.7922.137 Mobile Safari/537.36 (compatible; Googlebot/2.1; +http://www.google.com/bot.html)"
66.249.69.67 - - [25/Aug/2026:12:15:07 +0000] "GET /products.php?m=77128126273 HTTP/2.0" 500 0 "-" "Mozilla/5.0 (Linux; Android 6.0.1; Nexus 5X Build/MMB29P) AppleWebKit/537.36 (KHTML, like Gecko) Chrome/151.0.7922.137 Mobile Safari/537.36 (compatible; Googlebot/2.1; +http://www.google.com/bot.html)"
74.7.227.54 - - [25/Aug/2026:12:15:11 +0000] "GET /buy.php?ranking/boot/wnbzda8hoxpbreyng_4571.phtml HTTP/2.0" 500 0 "https://bioredlite.com/buy.php?ranking/transfer/wnbzda8hoxpbreyng_4571.phtml" "Mozilla/5.0 AppleWebKit/537.36 (KHTML, like Gecko; compatible; GPTBot/1.4; +https://openai.com/gptbot)"
66.249.69.65 - - [25/Aug/2026:12:15:19 +0000] "GET /products.php?f=542412625 HTTP/2.0" 500 0 "-" "Mozilla/5.0 (Linux; Android 6.0.1; Nexus 5X Build/MMB29P) AppleWebKit/537.36 (KHTML, like Gecko) Chrome/151.0.7922.137 Mobile Safari/537.36 (compatible; Googlebot/2.1; +http://www.google.com/bot.html)"
192.178.6.33 - - [25/Aug/2026:12:15:29 +0000] "GET /?m=2986094264 HTTP/2.0" 500 0 "-" "Mozilla/5.0 (Linux; Android 6.0.1; Nexus 5X Build/MMB29P) AppleWebKit/537.36 (KHTML, like Gecko) Chrome/151.0.7922.137 Mobile Safari/537.36 (compatible; Googlebot/2.1; +http://www.google.com/bot.html)"
74.7.227.54 - - [25/Aug/2026:12:15:32 +0000] "GET /buy.php?ranking/come/cvqy8fxkvvbkrescp_4583.phtml HTTP/2.0" 500 0 "https://bioredlite.com/buy.php?ranking/earnings/cvqy8fxkvvbkrescp_4583.phtml" "Mozilla/5.0 AppleWebKit/537.36 (KHTML, like Gecko; compatible; GPTBot/1.4; +https://openai.com/gptbot)"
192.178.6.32 - - [25/Aug/2026:12:15:37 +0000] "GET /?x=1671586243 HTTP/2.0" 500 0 "-" "Mozilla/5.0 (Linux; Android 6.0.1; Nexus 5X Build/MMB29P) AppleWebKit/537.36 (KHTML, like Gecko) Chrome/151.0.7922.137 Mobile Safari/537.36 (compatible; Googlebot/2.1; +http://www.google.com/bot.html)"
66.249.69.65 - - [25/Aug/2026:12:15:45 +0000] "GET /products.php?m=7712873166 HTTP/2.0" 500 0 "-" "Mozilla/5.0 (Linux; Android 6.0.1; Nexus 5X Build/MMB29P) AppleWebKit/537.36 (KHTML, like Gecko) Chrome/151.0.7922.137 Mobile Safari/537.36 (compatible; Googlebot/2.1; +http://www.google.com/bot.html)"
66.249.69.65 - - [25/Aug/2026:12:15:51 +0000] "GET /products.php?m=77128139159 HTTP/2.0" 500 0 "-" "Mozilla/5.0 (Linux; Android 6.0.1; Nexus 5X Build/MMB29P) AppleWebKit/537.36 (KHTML, like Gecko) Chrome/151.0.7922.137 Mobile Safari/537.36 (compatible; Googlebot/2.1; +http://www.google.com/bot.html)"
74.7.227.54 - - [25/Aug/2026:12:15:54 +0000] "GET /buy.php?ranking/fail/wnbzda8hoxpbreyng_4571.phtml HTTP/2.0" 500 0 "https://bioredlite.com/buy.php?ranking/bathroom/wnbzda8hoxpbreyng_4571.phtml" "Mozilla/5.0 AppleWebKit/537.36 (KHTML, like Gecko; compatible; GPTBot/1.4; +https://openai.com/gptbot)"
192.178.6.33 - - [25/Aug/2026:12:15:56 +0000] "GET /?e=58270236425 HTTP/2.0" 500 0 "-" "Mozilla/5.0 (Linux; Android 6.0.1; Nexus 5X Build/MMB29P) AppleWebKit/537.36 (KHTML, like Gecko) Chrome/151.0.7922.137 Mobile Safari/537.36 (compatible; Googlebot/2.1; +http://www.google.com/bot.html)"
192.178.6.33 - - [25/Aug/2026:12:16:01 +0000] "GET /?x=1671514235 HTTP/2.0" 500 0 "-" "Mozilla/5.0 (Linux; Android 6.0.1; Nexus 5X Build/MMB29P) AppleWebKit/537.36 (KHTML, like Gecko) Chrome/151.0.7922.137 Mobile Safari/537.36 (compatible; Googlebot/2.1; +http://www.google.com/bot.html)"
192.178.6.33 - - [25/Aug/2026:12:16:04 +0000] "GET /prizes/313910478/ HTTP/2.0" 500 0 "-" "Mozilla/5.0 (Linux; Android 6.0.1; Nexus 5X Build/MMB29P) AppleWebKit/537.36 (KHTML, like Gecko) Chrome/151.0.7922.137 Mobile Safari/537.36 (compatible; Googlebot/2.1; +http://www.google.com/bot.html)"
66.249.69.65 - - [25/Aug/2026:12:16:08 +0000] "GET /products.php?f=54241192730 HTTP/2.0" 500 0 "-" "Mozilla/5.0 (Linux; Android 6.0.1; Nexus 5X Build/MMB29P) AppleWebKit/537.36 (KHTML, like Gecko) Chrome/151.0.7922.137 Mobile Safari/537.36 (compatible; Googlebot/2.1; +http://www.google.com/bot.html)"
192.178.6.33 - - [25/Aug/2026:12:16:11 +0000] "GET /prizes/69476448/ HTTP/2.0" 500 0 "-" "Mozilla/5.0 (Linux; Android 6.0.1; Nexus 5X Build/MMB29P) AppleWebKit/537.36 (KHTML, like Gecko) Chrome/151.0.7922.137 Mobile Safari/537.36 (compatible; Googlebot/2.1; +http://www.google.com/bot.html)"
66.249.69.66 - - [25/Aug/2026:12:16:13 +0000] "GET /products.php?f=5424175094 HTTP/2.0" 500 0 "-" "Mozilla/5.0 (Linux; Android 6.0.1; Nexus 5X Build/MMB29P) AppleWebKit/537.36 (KHTML, like Gecko) Chrome/151.0.7922.137 Mobile Safari/537.36 (compatible; Googlebot/2.1; +http://www.google.com/bot.html)"
74.7.227.54 - - [25/Aug/2026:12:16:15 +0000] "GET /buy.php?ranking/crazy/gfagv8relrizkzno_1865.phtml HTTP/2.0" 500 0 "https://bioredlite.com/buy.php?ranking/republic/gfagv8relrizkzno_1865.phtml" "Mozilla/5.0 AppleWebKit/537.36 (KHTML, like Gecko; compatible; GPTBot/1.4; +https://openai.com/gptbot)"
192.178.6.32 - - [25/Aug/2026:12:16:15 +0000] "GET /?j=7065126866 HTTP/2.0" 500 0 "-" "Mozilla/5.0 (Linux; Android 6.0.1; Nexus 5X Build/MMB29P) AppleWebKit/537.36 (KHTML, like Gecko) Chrome/151.0.7922.137 Mobile Safari/537.36 (compatible; Googlebot/2.1; +http://www.google.com/bot.html)"
192.178.6.32 - - [25/Aug/2026:12:16:17 +0000] "GET /?x=16715168104 HTTP/2.0" 500 0 "-" "Mozilla/5.0 (Linux; Android 6.0.1; Nexus 5X Build/MMB29P) AppleWebKit/537.36 (KHTML, like Gecko) Chrome/151.0.7922.137 Mobile Safari/537.36 (compatible; Googlebot/2.1; +http://www.google.com/bot.html)"
66.249.69.65 - - [25/Aug/2026:12:16:19 +0000] "GET /products.php?y=11152166435 HTTP/2.0" 500 0 "-" "Mozilla/5.0 (Linux; Android 6.0.1; Nexus 5X Build/MMB29P) AppleWebKit/537.36 (KHTML, like Gecko) Chrome/151.0.7922.137 Mobile Safari/537.36 (compatible; Googlebot/2.1; +http://www.google.com/bot.html)"
192.178.6.32 - - [25/Aug/2026:12:16:21 +0000] "GET /prizes/222279913 HTTP/2.0" 500 0 "-" "Mozilla/5.0 (Linux; Android 6.0.1; Nexus 5X Build/MMB29P) AppleWebKit/537.36 (KHTML, like Gecko) Chrome/151.0.7922.137 Mobile Safari/537.36 (compatible; Googlebot/2.1; +http://www.google.com/bot.html)"
192.178.6.32 - - [25/Aug/2026:12:16:23 +0000] "GET /prizes/51481620 HTTP/2.0" 500 0 "-" "Mozilla/5.0 (Linux; Android 6.0.1; Nexus 5X Build/MMB29P) AppleWebKit/537.36 (KHTML, like Gecko) Chrome/151.0.7922.137 Mobile Safari/537.36 (compatible; Googlebot/2.1; +http://www.google.com/bot.html)"
192.178.6.32 - - [25/Aug/2026:12:16:25 +0000] "GET /?x=167155487 HTTP/2.0" 500 0 "-" "Mozilla/5.0 (Linux; Android 6.0.1; Nexus 5X Build/MMB29P) AppleWebKit/537.36 (KHTML, like Gecko) Chrome/151.0.7922.137 Mobile Safari/537.36 (compatible; Googlebot/2.1; +http://www.google.com/bot.html)"
54.84.93.8 - - [25/Aug/2026:12:16:26 +0000] "GET /wp-content/plugins/essential-blocks/?C=D;O%3DA HTTP/2.0" 200 477 "-" "Mozilla/5.0 AppleWebKit/537.36 (KHTML, like Gecko; compatible; Amazonbot/0.1; +https://developer.amazon.com/support/amazonbot) Chrome/119.0.6045.214 Safari/537.36"
192.178.6.32 - - [25/Aug/2026:12:16:27 +0000] "GET /?p=4744 HTTP/2.0" 500 0 "-" "Mozilla/5.0 (Linux; Android 6.0.1; Nexus 5X Build/MMB29P) AppleWebKit/537.36 (KHTML, like Gecko) Chrome/151.0.7922.137 Mobile Safari/537.36 (compatible; Googlebot/2.1; +http://www.google.com/bot.html)"
66.249.69.65 - - [25/Aug/2026:12:16:29 +0000] "GET /products.php?f=5424195192 HTTP/2.0" 500 0 "-" "Mozilla/5.0 (Linux; Android 6.0.1; Nexus 5X Build/MMB29P) AppleWebKit/537.36 (KHTML, like Gecko) Chrome/151.0.7922.137 Mobile Safari/537.36 (compatible; Googlebot/2.1; +http://www.google.com/bot.html)"
66.249.69.65 - - [25/Aug/2026:12:16:36 +0000] "GET /products.php?q=93720280705 HTTP/2.0" 500 0 "-" "Mozilla/5.0 (Linux; Android 6.0.1; Nexus 5X Build/MMB29P) AppleWebKit/537.36 (KHTML, like Gecko) Chrome/151.0.7922.137 Mobile Safari/537.36 (compatible; Googlebot/2.1; +http://www.google.com/bot.html)"
74.7.227.54 - - [25/Aug/2026:12:16:36 +0000] "GET /buy.php?ranking/abuse/qrht8thdoyubygjx7_183.phtml HTTP/2.0" 500 0 "https://bioredlite.com/buy.php?ranking/nervous/dygx8zupctgs8idhl_4613.phtml" "Mozilla/5.0 AppleWebKit/537.36 (KHTML, like Gecko; compatible; GPTBot/1.4; +https://openai.com/gptbot)"
74.7.227.54 - - [25/Aug/2026:12:16:57 +0000] "GET /buy.php?ranking/separate/wxbj8viqxavkb_1885.phtml HTTP/2.0" 500 0 "https://bioredlite.com/buy.php?ranking/electricity/wxbj8viqxavkb_1885.phtml" "Mozilla/5.0 AppleWebKit/537.36 (KHTML, like Gecko; compatible; GPTBot/1.4; +https://openai.com/gptbot)"
66.249.69.65 - - [25/Aug/2026:12:16:58 +0000] "GET /products.php?e=35390105940 HTTP/2.0" 500 0 "-" "Mozilla/5.0 (Linux; Android 6.0.1; Nexus 5X Build/MMB29P) AppleWebKit/537.36 (KHTML, like Gecko) Chrome/151.0.7922.137 Mobile Safari/537.36 (compatible; Googlebot/2.1; +http://www.google.com/bot.html)"
2a03:2880:f806:4:: - - [25/Aug/2026:12:16:58 +0000] "GET /products.php?z=84265147339 HTTP/2.0" 500 0 "-" "Mozilla/5.0 (Windows NT 10.0; Win64; x64) AppleWebKit/537.36 (KHTML, like Gecko) Chrome/145.0.0.0 Safari/537.36 (compatible; meta-externalagent/1.1 (+https://developers.facebook.com/docs/sharing/webmasters/crawler))"
66.249.69.65 - - [25/Aug/2026:12:17:07 +0000] "GET /products.php?m=77128156385 HTTP/2.0" 500 0 "-" "Mozilla/5.0 (Linux; Android 6.0.1; Nexus 5X Build/MMB29P) AppleWebKit/537.36 (KHTML, like Gecko) Chrome/151.0.7922.137 Mobile Safari/537.36 (compatible; Googlebot/2.1; +http://www.google.com/bot.html)"
2a03:2880:f806:1f:: - - [25/Aug/2026:12:17:14 +0000] "GET /products.php?l=3677553707 HTTP/2.0" 500 0 "-" "Mozilla/5.0 (Windows NT 10.0; Win64; x64) AppleWebKit/537.36 (KHTML, like Gecko) Chrome/145.0.0.0 Safari/537.36 (compatible; meta-externalagent/1.1 (+https://developers.facebook.com/docs/sharing/webmasters/crawler))"
74.7.227.54 - - [25/Aug/2026:12:17:18 +0000] "GET /buy.php?ranking/arrest/hpml8dixybyvco0r_459.phtml HTTP/2.0" 500 0 "https://bioredlite.com/buy.php?ranking/replacement/gpdokg8vrodch6ma_4547.phtml" "Mozilla/5.0 AppleWebKit/537.36 (KHTML, like Gecko; compatible; GPTBot/1.4; +https://openai.com/gptbot)"
2a03:2880:f806:32:: - - [25/Aug/2026:12:17:30 +0000] "GET /products.php?f=54241271670 HTTP/2.0" 500 0 "-" "Mozilla/5.0 (Windows NT 10.0; Win64; x64) AppleWebKit/537.36 (KHTML, like Gecko) Chrome/145.0.0.0 Safari/537.36 (compatible; meta-externalagent/1.1 (+https://developers.facebook.com/docs/sharing/webmasters/crawler))"
66.249.69.65 - - [25/Aug/2026:12:17:33 +0000] "GET /products.php?q=1678611558 HTTP/2.0" 500 0 "-" "Mozilla/5.0 (Linux; Android 6.0.1; Nexus 5X Build/MMB29P) AppleWebKit/537.36 (KHTML, like Gecko) Chrome/151.0.7922.137 Mobile Safari/537.36 (compatible; Googlebot/2.1; +http://www.google.com/bot.html)"
2a03:2880:f806:30:: - - [25/Aug/2026:12:17:37 +0000] "GET /products.php?s=75340255797 HTTP/2.0" 500 0 "-" "Mozilla/5.0 (Windows NT 10.0; Win64; x64) AppleWebKit/537.36 (KHTML, like Gecko) Chrome/145.0.0.0 Safari/537.36 (compatible; meta-externalagent/1.1 (+https://developers.facebook.com/docs/sharing/webmasters/crawler))"
74.7.227.54 - - [25/Aug/2026:12:17:38 +0000] "GET /buy.php?ranking/status/hpml8dixybyvco0r_459.phtml HTTP/2.0" 500 0 "https://bioredlite.com/buy.php?ranking/practice/hpml8dixybyvco0r_459.phtml" "Mozilla/5.0 AppleWebKit/537.36 (KHTML, like Gecko; compatible; GPTBot/1.4; +https://openai.com/gptbot)"
66.249.69.65 - - [25/Aug/2026:12:17:55 +0000] "GET /products.php?z=84265279106 HTTP/2.0" 500 0 "-" "Mozilla/5.0 (Linux; Android 6.0.1; Nexus 5X Build/MMB29P) AppleWebKit/537.36 (KHTML, like Gecko) Chrome/151.0.7922.137 Mobile Safari/537.36 (compatible; Googlebot/2.1; +http://www.google.com/bot.html)"
74.7.227.54 - - [25/Aug/2026:12:17:59 +0000] "GET /buy.php?ranking/juice/qrht8thdoyubygjx7_183.phtml HTTP/2.0" 500 0 "https://bioredlite.com/buy.php?ranking/nerve/jiwoxr8vrttrdnxigmy_4545.phtml" "Mozilla/5.0 AppleWebKit/537.36 (KHTML, like Gecko; compatible; GPTBot/1.4; +https://openai.com/gptbot)"
66.249.69.65 - - [25/Aug/2026:12:18:04 +0000] "GET /products.php?f=5424182958 HTTP/2.0" 500 0 "-" "Mozilla/5.0 (Linux; Android 6.0.1; Nexus 5X Build/MMB29P) AppleWebKit/537.36 (KHTML, like Gecko) Chrome/151.0.7922.137 Mobile Safari/537.36 (compatible; Googlebot/2.1; +http://www.google.com/bot.html)"
74.7.227.54 - - [25/Aug/2026:12:18:21 +0000] "GET /buy.php?ranking/severely/neeh8hjfcnflc_1929.phtml HTTP/2.0" 500 0 "https://bioredlite.com/buy.php?ranking/chocolate/jiwoxr8vrttrdnxigmy_4545.phtml" "Mozilla/5.0 AppleWebKit/537.36 (KHTML, like Gecko; compatible; GPTBot/1.4; +https://openai.com/gptbot)"
192.178.6.32 - - [25/Aug/2026:12:18:27 +0000] "GET /?x=9518376978 HTTP/2.0" 500 0 "-" "Mozilla/5.0 (Linux; Android 6.0.1; Nexus 5X Build/MMB29P) AppleWebKit/537.36 (KHTML, like Gecko) Chrome/151.0.7922.137 Mobile Safari/537.36 (compatible; Googlebot/2.1; +http://www.google.com/bot.html)"
2a03:2880:f806:23:: - - [25/Aug/2026:12:18:32 +0000] "GET /products.php?z=84265224823 HTTP/2.0" 500 0 "-" "Mozilla/5.0 (Windows NT 10.0; Win64; x64) AppleWebKit/537.36 (KHTML, like Gecko) Chrome/145.0.0.0 Safari/537.36 (compatible; meta-externalagent/1.1 (+https://developers.facebook.com/docs/sharing/webmasters/crawler))"
74.7.227.54 - - [25/Aug/2026:12:18:41 +0000] "GET /buy.php?ranking/bend/wnbzda8hoxpbreyng_4571.phtml HTTP/2.0" 500 0 "https://bioredlite.com/buy.php?ranking/attraction/kdco8lsqbekw3p6br_1035.phtml" "Mozilla/5.0 AppleWebKit/537.36 (KHTML, like Gecko; compatible; GPTBot/1.4; +https://openai.com/gptbot)"
74.7.227.54 - - [25/Aug/2026:12:19:02 +0000] "GET /buy.php?ranking/widespread/ov8ufhy27meje_95.phtml HTTP/2.0" 500 0 "https://bioredlite.com/buy.php?ranking/statistical/qkjfzq8uyhwd2hgrp_1135.phtml" "Mozilla/5.0 AppleWebKit/537.36 (KHTML, like Gecko; compatible; GPTBot/1.4; +https://openai.com/gptbot)"
2a03:2880:f806:2c:: - - [25/Aug/2026:12:19:02 +0000] "GET /products.php?s=11328227874 HTTP/2.0" 500 0 "-" "Mozilla/5.0 (Windows NT 10.0; Win64; x64) AppleWebKit/537.36 (KHTML, like Gecko) Chrome/145.0.0.0 Safari/537.36 (compatible; meta-externalagent/1.1 (+https://developers.facebook.com/docs/sharing/webmasters/crawler))"
192.178.6.34 - - [25/Aug/2026:12:19:17 +0000] "GET /?x=1939310620 HTTP/2.0" 500 0 "-" "Mozilla/5.0 (Linux; Android 6.0.1; Nexus 5X Build/MMB29P) AppleWebKit/537.36 (KHTML, like Gecko) Chrome/151.0.7922.137 Mobile Safari/537.36 (compatible; Googlebot/2.1; +http://www.google.com/bot.html)"
74.7.227.54 - - [25/Aug/2026:12:19:22 +0000] "GET /buy.php?ranking/roll/cvqy8fxkvvbkrescp_4583.phtml HTTP/2.0" 500 0 "https://bioredlite.com/buy.php?ranking/contractor/cvqy8fxkvvbkrescp_4583.phtml" "Mozilla/5.0 AppleWebKit/537.36 (KHTML, like Gecko; compatible; GPTBot/1.4; +https://openai.com/gptbot)"
66.249.69.65 - - [25/Aug/2026:12:19:26 +0000] "GET /products.php?s=7534064112 HTTP/2.0" 500 0 "-" "Mozilla/5.0 (Linux; Android 6.0.1; Nexus 5X Build/MMB29P) AppleWebKit/537.36 (KHTML, like Gecko) Chrome/151.0.7922.137 Mobile Safari/537.36 (compatible; Googlebot/2.1; +http://www.google.com/bot.html)"
74.7.227.54 - - [25/Aug/2026:12:19:43 +0000] "GET /buy.php?ranking/black/hhspio8gsqdtpa9ie_535.phtml HTTP/2.0" 500 0 "https://bioredlite.com/buy.php?ranking/demonstration/ov8ufhy27meje_95.phtml" "Mozilla/5.0 AppleWebKit/537.36 (KHTML, like Gecko; compatible; GPTBot/1.4; +https://openai.com/gptbot)"
66.249.69.66 - - [25/Aug/2026:12:19:49 +0000] "GET /products.php?l=36775266790 HTTP/2.0" 500 0 "-" "Mozilla/5.0 (Linux; Android 6.0.1; Nexus 5X Build/MMB29P) AppleWebKit/537.36 (KHTML, like Gecko) Chrome/151.0.7922.137 Mobile Safari/537.36 (compatible; Googlebot/2.1; +http://www.google.com/bot.html)"
74.7.227.54 - - [25/Aug/2026:12:20:04 +0000] "GET /buy.php?ranking/we/jiwoxr8vrttrdnxigmy_4545.phtml HTTP/2.0" 500 0 "https://bioredlite.com/buy.php?ranking/mandate/jiwoxr8vrttrdnxigmy_4545.phtml" "Mozilla/5.0 AppleWebKit/537.36 (KHTML, like Gecko; compatible; GPTBot/1.4; +https://openai.com/gptbot)"
2a03:2880:f806:e:: - - [25/Aug/2026:12:20:06 +0000] "GET /products.php?z=84265268068 HTTP/2.0" 500 0 "-" "Mozilla/5.0 (Windows NT 10.0; Win64; x64) AppleWebKit/537.36 (KHTML, like Gecko) Chrome/145.0.0.0 Safari/537.36 (compatible; meta-externalagent/1.1 (+https://developers.facebook.com/docs/sharing/webmasters/crawler))"
66.249.69.67 - - [25/Aug/2026:12:20:17 +0000] "GET /detail.php?v=8124547689 HTTP/2.0" 500 0 "-" "Mozilla/5.0 (Linux; Android 6.0.1; Nexus 5X Build/MMB29P) AppleWebKit/537.36 (KHTML, like Gecko) Chrome/151.0.7922.137 Mobile Safari/537.36 (compatible; Googlebot/2.1; +http://www.google.com/bot.html)"
74.7.227.54 - - [25/Aug/2026:12:20:26 +0000] "GET /buy.php?ranking/concentrate/s8hqrhwamr_4559.phtml HTTP/2.0" 500 0 "https://bioredlite.com/buy.php?ranking/prescription/gpdokg8vrodch6ma_4547.phtml" "Mozilla/5.0 AppleWebKit/537.36 (KHTML, like Gecko; compatible; GPTBot/1.4; +https://openai.com/gptbot)"
192.178.6.32 - - [25/Aug/2026:12:20:31 +0000] "GET /?m=29860147516 HTTP/2.0" 500 0 "-" "Mozilla/5.0 (Linux; Android 6.0.1; Nexus 5X Build/MMB29P) AppleWebKit/537.36 (KHTML, like Gecko) Chrome/151.0.7922.137 Mobile Safari/537.36 (compatible; Googlebot/2.1; +http://www.google.com/bot.html)"
66.249.69.66 - - [25/Aug/2026:12:20:32 +0000] "GET /products.php?q=93720174286 HTTP/2.0" 500 0 "-" "Mozilla/5.0 (Linux; Android 6.0.1; Nexus 5X Build/MMB29P) AppleWebKit/537.36 (KHTML, like Gecko) Chrome/151.0.7922.137 Mobile Safari/537.36 (compatible; Googlebot/2.1; +http://www.google.com/bot.html)"
74.7.227.54 - - [25/Aug/2026:12:20:47 +0000] "GET /buy.php?ranking/twist/gfagv8relrizkzno_1865.phtml HTTP/2.0" 500 0 "https://bioredlite.com/buy.php?ranking/presumably/gfagv8relrizkzno_1865.phtml" "Mozilla/5.0 AppleWebKit/537.36 (KHTML, like Gecko; compatible; GPTBot/1.4; +https://openai.com/gptbot)"
2a03:2880:f806:3e:: - - [25/Aug/2026:12:21:05 +0000] "GET /products.php?z=84265121336 HTTP/2.0" 500 0 "-" "Mozilla/5.0 (Macintosh; Intel Mac OS X 10.15; rv:147.0) Gecko/20100101 Firefox/147.0 (compatible; meta-externalagent/1.1 (+https://developers.facebook.com/docs/sharing/webmasters/crawler))"
66.249.69.67 - - [25/Aug/2026:12:21:07 +0000] "GET /products.php?q=1678622310 HTTP/2.0" 500 0 "-" "Mozilla/5.0 (Linux; Android 6.0.1; Nexus 5X Build/MMB29P) AppleWebKit/537.36 (KHTML, like Gecko) Chrome/151.0.7922.137 Mobile Safari/537.36 (compatible; Googlebot/2.1; +http://www.google.com/bot.html)"
74.7.227.54 - - [25/Aug/2026:12:21:08 +0000] "GET /buy.php?ranking/noise/qrht8thdoyubygjx7_183.phtml HTTP/2.0" 500 0 "https://bioredlite.com/buy.php?ranking/totally/cvqy8fxkvvbkrescp_4583.phtml" "Mozilla/5.0 AppleWebKit/537.36 (KHTML, like Gecko; compatible; GPTBot/1.4; +https://openai.com/gptbot)"
66.249.69.66 - - [25/Aug/2026:12:21:16 +0000] "GET /products.php?e=35390201928 HTTP/2.0" 500 0 "-" "Mozilla/5.0 (Linux; Android 6.0.1; Nexus 5X Build/MMB29P) AppleWebKit/537.36 (KHTML, like Gecko) Chrome/151.0.7922.137 Mobile Safari/537.36 (compatible; Googlebot/2.1; +http://www.google.com/bot.html)"
66.249.69.65 - - [25/Aug/2026:12:21:22 +0000] "GET /detail.php?q=43592174737 HTTP/2.0" 500 0 "-" "Mozilla/5.0 (Linux; Android 6.0.1; Nexus 5X Build/MMB29P) AppleWebKit/537.36 (KHTML, like Gecko) Chrome/151.0.7922.137 Mobile Safari/537.36 (compatible; Googlebot/2.1; +http://www.google.com/bot.html)"
74.7.227.54 - - [25/Aug/2026:12:21:28 +0000] "GET /buy.php?ranking/pad/yzmdt5xvypjyhghdsa_1028.phtml HTTP/2.0" 500 0 "https://bioredlite.com/buy.php?ranking/youth/wxihhz5reqqbkm3hthof_1224.phtml" "Mozilla/5.0 AppleWebKit/537.36 (KHTML, like Gecko; compatible; GPTBot/1.4; +https://openai.com/gptbot)"
66.249.69.65 - - [25/Aug/2026:12:21:38 +0000] "GET /products.php?y=11152297575 HTTP/2.0" 500 0 "-" "Mozilla/5.0 (Linux; Android 6.0.1; Nexus 5X Build/MMB29P) AppleWebKit/537.36 (KHTML, like Gecko) Chrome/151.0.7922.137 Mobile Safari/537.36 (compatible; Googlebot/2.1; +http://www.google.com/bot.html)"
2a03:2880:f806:1a:: - - [25/Aug/2026:12:21:41 +0000] "GET /products.php?m=77128126303 HTTP/2.0" 500 0 "-" "Mozilla/5.0 (Windows NT 10.0; Win64; x64) AppleWebKit/537.36 (KHTML, like Gecko) Chrome/145.0.0.0 Safari/537.36 (compatible; meta-externalagent/1.1 (+https://developers.facebook.com/docs/sharing/webmasters/crawler))"
74.7.227.54 - - [25/Aug/2026:12:21:49 +0000] "GET /buy.php?ranking/plane/gfagv8relrizkzno_1865.phtml HTTP/2.0" 500 0 "https://bioredlite.com/buy.php?ranking/residence/gfagv8relrizkzno_1865.phtml" "Mozilla/5.0 AppleWebKit/537.36 (KHTML, like Gecko; compatible; GPTBot/1.4; +https://openai.com/gptbot)"
74.7.227.54 - - [25/Aug/2026:12:22:09 +0000] "GET /buy.php?ranking/log/yzmdt5xvypjyhghdsa_1028.phtml HTTP/2.0" 500 0 "https://bioredlite.com/buy.php?ranking/trace/yzmdt5xvypjyhghdsa_1028.phtml" "Mozilla/5.0 AppleWebKit/537.36 (KHTML, like Gecko; compatible; GPTBot/1.4; +https://openai.com/gptbot)"
66.249.69.65 - - [25/Aug/2026:12:22:29 +0000] "GET /products.php?s=75340171324 HTTP/2.0" 500 0 "-" "Mozilla/5.0 (Linux; Android 6.0.1; Nexus 5X Build/MMB29P) AppleWebKit/537.36 (KHTML, like Gecko) Chrome/151.0.7922.137 Mobile Safari/537.36 (compatible; Googlebot/2.1; +http://www.google.com/bot.html)"
66.249.69.65 - - [25/Aug/2026:12:22:29 +0000] "GET /products.php?q=1678625789 HTTP/2.0" 500 0 "-" "Mozilla/5.0 (Linux; Android 6.0.1; Nexus 5X Build/MMB29P) AppleWebKit/537.36 (KHTML, like Gecko) Chrome/151.0.7922.137 Mobile Safari/537.36 (compatible; Googlebot/2.1; +http://www.google.com/bot.html)"
74.7.227.54 - - [25/Aug/2026:12:22:30 +0000] "GET /buy.php?ranking/classify/neeh8hjfcnflc_1929.phtml HTTP/2.0" 500 0 "https://bioredlite.com/buy.php?ranking/lightning/eqhsad8wzahtv2dwtju3_385.phtml" "Mozilla/5.0 AppleWebKit/537.36 (KHTML, like Gecko; compatible; GPTBot/1.4; +https://openai.com/gptbot)"
66.249.69.65 - - [25/Aug/2026:12:22:37 +0000] "GET /products.php?s=75340258183 HTTP/2.0" 500 0 "-" "Mozilla/5.0 (Linux; Android 6.0.1; Nexus 5X Build/MMB29P) AppleWebKit/537.36 (KHTML, like Gecko) Chrome/151.0.7922.137 Mobile Safari/537.36 (compatible; Googlebot/2.1; +http://www.google.com/bot.html)"
2a03:2880:f806:34:: - - [25/Aug/2026:12:22:39 +0000] "GET /products.php?s=11328244848 HTTP/2.0" 500 0 "-" "Mozilla/5.0 (Windows NT 10.0; Win64; x64) AppleWebKit/537.36 (KHTML, like Gecko) Chrome/145.0.0.0 Safari/537.36 (compatible; meta-externalagent/1.1 (+https://developers.facebook.com/docs/sharing/webmasters/crawler))"
2a03:2880:f806:b:: - - [25/Aug/2026:12:22:41 +0000] "GET /products.php?m=7712849091 HTTP/2.0" 500 0 "-" "Mozilla/5.0 (Windows NT 10.0; Win64; x64) AppleWebKit/537.36 (KHTML, like Gecko) Chrome/145.0.0.0 Safari/537.36 (compatible; meta-externalagent/1.1 (+https://developers.facebook.com/docs/sharing/webmasters/crawler))"
66.249.69.65 - - [25/Aug/2026:12:22:46 +0000] "GET /products.php?y=11152126750 HTTP/2.0" 500 0 "-" "Mozilla/5.0 (Linux; Android 6.0.1; Nexus 5X Build/MMB29P) AppleWebKit/537.36 (KHTML, like Gecko) Chrome/151.0.7922.137 Mobile Safari/537.36 (compatible; Googlebot/2.1; +http://www.google.com/bot.html)"
74.7.227.54 - - [25/Aug/2026:12:22:50 +0000] "GET /buy.php?ranking/army/cvqy8fxkvvbkrescp_4583.phtml HTTP/2.0" 500 0 "https://bioredlite.com/buy.php?ranking/musical/qrht8thdoyubygjx7_183.phtml" "Mozilla/5.0 AppleWebKit/537.36 (KHTML, like Gecko; compatible; GPTBot/1.4; +https://openai.com/gptbot)"
66.249.69.65 - - [25/Aug/2026:12:22:55 +0000] "GET /products.php?l=3677537938 HTTP/2.0" 500 0 "-" "Mozilla/5.0 (Linux; Android 6.0.1; Nexus 5X Build/MMB29P) AppleWebKit/537.36 (KHTML, like Gecko) Chrome/151.0.7922.137 Mobile Safari/537.36 (compatible; Googlebot/2.1; +http://www.google.com/bot.html)"
74.7.227.54 - - [25/Aug/2026:12:23:10 +0000] "GET /buy.php?ranking/dynamic/oue8waktujy0fpp_529.phtml HTTP/2.0" 500 0 "https://bioredlite.com/buy.php?ranking/analysis/oue8waktujy0fpp_529.phtml" "Mozilla/5.0 AppleWebKit/537.36 (KHTML, like Gecko; compatible; GPTBot/1.4; +https://openai.com/gptbot)"
66.249.69.67 - - [25/Aug/2026:12:23:18 +0000] "GET /products.php?y=1115287679 HTTP/2.0" 500 0 "-" "Mozilla/5.0 (Linux; Android 6.0.1; Nexus 5X Build/MMB29P) AppleWebKit/537.36 (KHTML, like Gecko) Chrome/151.0.7922.137 Mobile Safari/537.36 (compatible; Googlebot/2.1; +http://www.google.com/bot.html)"
192.178.6.32 - - [25/Aug/2026:12:23:19 +0000] "GET /?v=9104777343 HTTP/2.0" 500 0 "-" "Mozilla/5.0 (Linux; Android 6.0.1; Nexus 5X Build/MMB29P) AppleWebKit/537.36 (KHTML, like Gecko) Chrome/151.0.7922.137 Mobile Safari/537.36 (compatible; Googlebot/2.1; +http://www.google.com/bot.html)"
192.178.6.32 - - [25/Aug/2026:12:23:20 +0000] "GET /?s=890688524 HTTP/2.0" 500 0 "-" "Mozilla/5.0 (Linux; Android 6.0.1; Nexus 5X Build/MMB29P) AppleWebKit/537.36 (KHTML, like Gecko) Chrome/151.0.7922.137 Mobile Safari/537.36 (compatible; Googlebot/2.1; +http://www.google.com/bot.html)"
66.249.69.65 - - [25/Aug/2026:12:23:27 +0000] "GET /products.php?e=35390152999 HTTP/2.0" 500 0 "-" "Mozilla/5.0 (Linux; Android 6.0.1; Nexus 5X Build/MMB29P) AppleWebKit/537.36 (KHTML, like Gecko) Chrome/151.0.7922.137 Mobile Safari/537.36 (compatible; Googlebot/2.1; +http://www.google.com/bot.html)"
74.7.227.54 - - [25/Aug/2026:12:23:31 +0000] "GET /buy.php?ranking/site/wnbzda8hoxpbreyng_4571.phtml HTTP/2.0" 500 0 "https://bioredlite.com/buy.php?ranking/regulation/ozrnvp8srd2px2izj_4537.phtml" "Mozilla/5.0 AppleWebKit/537.36 (KHTML, like Gecko; compatible; GPTBot/1.4; +https://openai.com/gptbot)"
102.0.25.180 - - [25/Aug/2026:12:23:34 +0000] "GET / HTTP/2.0" 500 0 "https://bioredlite.com/" "Mozilla/5.0 (X11; Linux x86_64) AppleWebKit/537.36 (KHTML, like Gecko) Chrome/128.0.6613.85 Safari/537.36"
66.249.69.65 - - [25/Aug/2026:12:23:36 +0000] "GET /products.php?q=16786254747 HTTP/2.0" 500 0 "-" "Mozilla/5.0 (Linux; Android 6.0.1; Nexus 5X Build/MMB29P) AppleWebKit/537.36 (KHTML, like Gecko) Chrome/151.0.7922.137 Mobile Safari/537.36 (compatible; Googlebot/2.1; +http://www.google.com/bot.html)"
74.7.227.54 - - [25/Aug/2026:12:23:53 +0000] "GET /buy.php?ranking/no/jiwoxr8vrttrdnxigmy_4545.phtml HTTP/2.0" 500 0 "https://bioredlite.com/buy.php?ranking/expedition/jiwoxr8vrttrdnxigmy_4545.phtml" "Mozilla/5.0 AppleWebKit/537.36 (KHTML, like Gecko; compatible; GPTBot/1.4; +https://openai.com/gptbot)"
74.7.227.54 - - [25/Aug/2026:12:24:13 +0000] "GET /buy.php?ranking/buck/mnhnw1qbq2jfxsdquz_770.phtml HTTP/2.0" 500 0 "https://bioredlite.com/buy.php?ranking/submit/mnhnw1qbq2jfxsdquz_770.phtml" "Mozilla/5.0 AppleWebKit/537.36 (KHTML, like Gecko; compatible; GPTBot/1.4; +https://openai.com/gptbot)"
40.77.167.29 - - [25/Aug/2026:12:24:25 +0000] "GET /2024/02/hyperbaric-therapies/ HTTP/2.0" 500 0 "-" "Mozilla/5.0 AppleWebKit/537.36 (KHTML, like Gecko; compatible; bingbot/2.0; +http://www.bing.com/bingbot.htm) Chrome/116.0.1938.76 Safari/537.36"
66.249.69.66 - - [25/Aug/2026:12:24:26 +0000] "GET /products.php?z=8426513525 HTTP/2.0" 500 0 "-" "Mozilla/5.0 (Linux; Android 6.0.1; Nexus 5X Build/MMB29P) AppleWebKit/537.36 (KHTML, like Gecko) Chrome/151.0.7922.137 Mobile Safari/537.36 (compatible; Googlebot/2.1; +http://www.google.com/bot.html)"
192.178.6.37 - - [25/Aug/2026:12:24:27 +0000] "GET /?m=29860118412 HTTP/2.0" 500 0 "-" "Mozilla/5.0 (Linux; Android 6.0.1; Nexus 5X Build/MMB29P) AppleWebKit/537.36 (KHTML, like Gecko) Chrome/151.0.7922.137 Mobile Safari/537.36 (compatible; Googlebot/2.1; +http://www.google.com/bot.html)"
74.7.227.54 - - [25/Aug/2026:12:24:34 +0000] "GET /buy.php?ranking/chin/wnbzda8hoxpbreyng_4571.phtml HTTP/2.0" 500 0 "https://bioredlite.com/buy.php?ranking/terrorist/wnbzda8hoxpbreyng_4571.phtml" "Mozilla/5.0 AppleWebKit/537.36 (KHTML, like Gecko; compatible; GPTBot/1.4; +https://openai.com/gptbot)"
66.249.69.65 - - [25/Aug/2026:12:24:35 +0000] "GET /products.php?m=77128198070 HTTP/2.0" 500 0 "-" "Mozilla/5.0 (Linux; Android 6.0.1; Nexus 5X Build/MMB29P) AppleWebKit/537.36 (KHTML, like Gecko) Chrome/151.0.7922.137 Mobile Safari/537.36 (compatible; Googlebot/2.1; +http://www.google.com/bot.html)"
74.7.227.54 - - [25/Aug/2026:12:24:56 +0000] "GET /buy.php?ranking/cause/hhspio8gsqdtpa9ie_535.phtml HTTP/2.0" 500 0 "https://bioredlite.com/buy.php?ranking/currency/hhspio8gsqdtpa9ie_535.phtml" "Mozilla/5.0 AppleWebKit/537.36 (KHTML, like Gecko; compatible; GPTBot/1.4; +https://openai.com/gptbot)"
192.178.6.35 - - [25/Aug/2026:12:24:58 +0000] "GET /?v=91047227775 HTTP/2.0" 500 0 "-" "Mozilla/5.0 (Linux; Android 6.0.1; Nexus 5X Build/MMB29P) AppleWebKit/537.36 (KHTML, like Gecko) Chrome/151.0.7922.137 Mobile Safari/537.36 (compatible; Googlebot/2.1; +http://www.google.com/bot.html)"
66.249.69.67 - - [25/Aug/2026:12:25:12 +0000] "GET /products.php?y=1115270023 HTTP/2.0" 500 0 "-" "Mozilla/5.0 (Linux; Android 6.0.1; Nexus 5X Build/MMB29P) AppleWebKit/537.36 (KHTML, like Gecko) Chrome/151.0.7922.137 Mobile Safari/537.36 (compatible; Googlebot/2.1; +http://www.google.com/bot.html)"
192.178.6.35 - - [25/Aug/2026:12:25:13 +0000] "GET /prizes/178141761/ HTTP/2.0" 500 0 "-" "Mozilla/5.0 (Linux; Android 6.0.1; Nexus 5X Build/MMB29P) AppleWebKit/537.36 (KHTML, like Gecko) Chrome/151.0.7922.137 Mobile Safari/537.36 (compatible; Googlebot/2.1; +http://www.google.com/bot.html)"
74.7.227.54 - - [25/Aug/2026:12:25:16 +0000] "GET /buy.php?ranking/lost/wnbzda8hoxpbreyng_4571.phtml HTTP/2.0" 500 0 "https://bioredlite.com/buy.php?ranking/lot/sa8rdbmwuj1_4531.phtml" "Mozilla/5.0 AppleWebKit/537.36 (KHTML, like Gecko; compatible; GPTBot/1.4; +https://openai.com/gptbot)"
40.77.167.29 - - [25/Aug/2026:12:25:17 +0000] "GET /2024/03/unlocking-beauty/ HTTP/2.0" 500 0 "-" "Mozilla/5.0 AppleWebKit/537.36 (KHTML, like Gecko; compatible; bingbot/2.0; +http://www.bing.com/bingbot.htm) Chrome/116.0.1938.76 Safari/537.36"
66.249.69.65 - - [25/Aug/2026:12:25:21 +0000] "GET /products.php?m=77128182311 HTTP/2.0" 500 0 "-" "Mozilla/5.0 (Linux; Android 6.0.1; Nexus 5X Build/MMB29P) AppleWebKit/537.36 (KHTML, like Gecko) Chrome/151.0.7922.137 Mobile Safari/537.36 (compatible; Googlebot/2.1; +http://www.google.com/bot.html)"
74.7.227.54 - - [25/Aug/2026:12:25:37 +0000] "GET /buy.php?ranking/aware/ynybt68uitcfpitjz_733.phtml HTTP/2.0" 500 0 "https://bioredlite.com/buy.php?ranking/two-thirds/cvqy8fxkvvbkrescp_4583.phtml" "Mozilla/5.0 AppleWebKit/537.36 (KHTML, like Gecko; compatible; GPTBot/1.4; +https://openai.com/gptbot)"
66.249.69.65 - - [25/Aug/2026:12:25:53 +0000] "GET /products.php?m=771282633 HTTP/2.0" 500 0 "-" "Mozilla/5.0 (Linux; Android 6.0.1; Nexus 5X Build/MMB29P) AppleWebKit/537.36 (KHTML, like Gecko) Chrome/151.0.7922.137 Mobile Safari/537.36 (compatible; Googlebot/2.1; +http://www.google.com/bot.html)"
74.7.227.54 - - [25/Aug/2026:12:25:59 +0000] "GET /buy.php?ranking/room/wnbzda8hoxpbreyng_4571.phtml HTTP/2.0" 500 0 "https://bioredlite.com/buy.php?ranking/intellectual/wnbzda8hoxpbreyng_4571.phtml" "Mozilla/5.0 AppleWebKit/537.36 (KHTML, like Gecko; compatible; GPTBot/1.4; +https://openai.com/gptbot)"
192.178.6.35 - - [25/Aug/2026:12:26:07 +0000] "GET /prizes/59113953 HTTP/2.0" 500 0 "-" "Mozilla/5.0 (Linux; Android 6.0.1; Nexus 5X Build/MMB29P) AppleWebKit/537.36 (KHTML, like Gecko) Chrome/151.0.7922.137 Mobile Safari/537.36 (compatible; Googlebot/2.1; +http://www.google.com/bot.html)"
192.178.6.37 - - [25/Aug/2026:12:26:08 +0000] "GET /prizes/256762731 HTTP/2.0" 500 0 "-" "Mozilla/5.0 (Linux; Android 6.0.1; Nexus 5X Build/MMB29P) AppleWebKit/537.36 (KHTML, like Gecko) Chrome/151.0.7922.137 Mobile Safari/537.36 (compatible; Googlebot/2.1; +http://www.google.com/bot.html)"
74.7.227.54 - - [25/Aug/2026:12:26:19 +0000] "GET /buy.php?ranking/wrist/qrht8thdoyubygjx7_183.phtml HTTP/2.0" 500 0 "https://bioredlite.com/buy.php?ranking/helicopter/qrht8thdoyubygjx7_183.phtml" "Mozilla/5.0 AppleWebKit/537.36 (KHTML, like Gecko; compatible; GPTBot/1.4; +https://openai.com/gptbot)"
192.178.6.36 - - [25/Aug/2026:12:26:36 +0000] "GET /prizes/279922105 HTTP/2.0" 500 0 "-" "Mozilla/5.0 (Linux; Android 6.0.1; Nexus 5X Build/MMB29P) AppleWebKit/537.36 (KHTML, like Gecko) Chrome/151.0.7922.137 Mobile Safari/537.36 (compatible; Googlebot/2.1; +http://www.google.com/bot.html)"
66.249.69.65 - - [25/Aug/2026:12:26:37 +0000] "GET /products.php?y=1115291275 HTTP/2.0" 500 0 "-" "Mozilla/5.0 (Linux; Android 6.0.1; Nexus 5X Build/MMB29P) AppleWebKit/537.36 (KHTML, like Gecko) Chrome/151.0.7922.137 Mobile Safari/537.36 (compatible; Googlebot/2.1; +http://www.google.com/bot.html)"
74.7.227.54 - - [25/Aug/2026:12:26:40 +0000] "GET /buy.php?ranking/preference/ov8ufhy27meje_95.phtml HTTP/2.0" 500 0 "https://bioredlite.com/buy.php?ranking/cheese/arxxj8uww7hd6x3v_241.phtml" "Mozilla/5.0 AppleWebKit/537.36 (KHTML, like Gecko; compatible; GPTBot/1.4; +https://openai.com/gptbot)"
66.249.69.66 - - [25/Aug/2026:12:26:44 +0000] "GET /detail.php?n=90467241689 HTTP/2.0" 500 0 "-" "Mozilla/5.0 (Linux; Android 6.0.1; Nexus 5X Build/MMB29P) AppleWebKit/537.36 (KHTML, like Gecko) Chrome/151.0.7922.137 Mobile Safari/537.36 (compatible; Googlebot/2.1; +http://www.google.com/bot.html)"
192.178.6.35 - - [25/Aug/2026:12:26:58 +0000] "GET /prizes/277052660 HTTP/2.0" 500 0 "-" "Mozilla/5.0 (Linux; Android 6.0.1; Nexus 5X Build/MMB29P) AppleWebKit/537.36 (KHTML, like Gecko) Chrome/151.0.7922.137 Mobile Safari/537.36 (compatible; Googlebot/2.1; +http://www.google.com/bot.html)"
74.7.227.54 - - [25/Aug/2026:12:27:01 +0000] "GET /buy.php?ranking/farmer/hpml8dixybyvco0r_459.phtml HTTP/2.0" 500 0 "https://bioredlite.com/buy.php?ranking/spokesman/clea8tobgc3uotdx_71.phtml" "Mozilla/5.0 AppleWebKit/537.36 (KHTML, like Gecko; compatible; GPTBot/1.4; +https://openai.com/gptbot)"
66.249.69.67 - - [25/Aug/2026:12:27:05 +0000] "GET /products.php?m=77128241167 HTTP/2.0" 500 0 "-" "Mozilla/5.0 (Linux; Android 6.0.1; Nexus 5X Build/MMB29P) AppleWebKit/537.36 (KHTML, like Gecko) Chrome/151.0.7922.137 Mobile Safari/537.36 (compatible; Googlebot/2.1; +http://www.google.com/bot.html)"
192.178.6.36 - - [25/Aug/2026:12:27:07 +0000] "GET /prizes/266279004 HTTP/2.0" 500 0 "-" "Mozilla/5.0 (Linux; Android 6.0.1; Nexus 5X Build/MMB29P) AppleWebKit/537.36 (KHTML, like Gecko) Chrome/151.0.7922.137 Mobile Safari/537.36 (compatible; Googlebot/2.1; +http://www.google.com/bot.html)"
2a03:2880:f806:3d:: - - [25/Aug/2026:12:27:15 +0000] "GET /products.php?l=36775161907 HTTP/2.0" 500 0 "-" "Mozilla/5.0 (Macintosh; Intel Mac OS X 10_15_7) AppleWebKit/537.36 (KHTML, like Gecko) Chrome/145.0.0.0 Safari/537.36 (compatible; meta-externalagent/1.1 (+https://developers.facebook.com/docs/sharing/webmasters/crawler))"
74.7.227.54 - - [25/Aug/2026:12:27:22 +0000] "GET /buy.php?ranking/seal/wnbzda8hoxpbreyng_4571.phtml HTTP/2.0" 500 0 "https://bioredlite.com/buy.php?ranking/colonial/wnbzda8hoxpbreyng_4571.phtml" "Mozilla/5.0 AppleWebKit/537.36 (KHTML, like Gecko; compatible; GPTBot/1.4; +https://openai.com/gptbot)"
17.246.15.172 - - [25/Aug/2026:12:27:30 +0000] "GET /robots.txt HTTP/2.0" 304 0 "-" "Mozilla/5.0 (Macintosh; Intel Mac OS X 10_15_7) AppleWebKit/605.1.15 (KHTML, like Gecko) Version/17.4 Safari/605.1.15 (Applebot/0.1; +http://www.apple.com/go/applebot)"
192.178.6.36 - - [25/Aug/2026:12:27:31 +0000] "GET /prizes/269746468 HTTP/2.0" 500 0 "-" "Mozilla/5.0 (Linux; Android 6.0.1; Nexus 5X Build/MMB29P) AppleWebKit/537.36 (KHTML, like Gecko) Chrome/151.0.7922.137 Mobile Safari/537.36 (compatible; Googlebot/2.1; +http://www.google.com/bot.html)"
17.246.15.172 - - [25/Aug/2026:12:27:39 +0000] "GET /tag/hyperbaric-chamber-accessories/page/9/ HTTP/2.0" 500 0 "-" "Mozilla/5.0 (Macintosh; Intel Mac OS X 10_15_7) AppleWebKit/605.1.15 (KHTML, like Gecko) Version/17.4 Safari/605.1.15 (Applebot/0.1; +http://www.apple.com/go/applebot)"
74.7.227.54 - - [25/Aug/2026:12:27:43 +0000] "GET /buy.php?ranking/prize/qrht8thdoyubygjx7_183.phtml HTTP/2.0" 500 0 "https://bioredlite.com/buy.php?ranking/policy/qrht8thdoyubygjx7_183.phtml" "Mozilla/5.0 AppleWebKit/537.36 (KHTML, like Gecko; compatible; GPTBot/1.4; +https://openai.com/gptbot)"
192.178.6.35 - - [25/Aug/2026:12:27:54 +0000] "GET /prizes/133832852 HTTP/2.0" 500 0 "-" "Mozilla/5.0 (Linux; Android 6.0.1; Nexus 5X Build/MMB29P) AppleWebKit/537.36 (KHTML, like Gecko) Chrome/151.0.7922.137 Mobile Safari/537.36 (compatible; Googlebot/2.1; +http://www.google.com/bot.html)"
