192.178.6.35 - - [25/Aug/2026:15:25:16 +0000] "GET /prizes/297775165 HTTP/2.0" 500 0 "-" "Mozilla/5.0 (Linux; Android 6.0.1; Nexus 5X Build/MMB29P) AppleWebKit/537.36 (KHTML, like Gecko) Chrome/151.0.7922.137 Mobile Safari/537.36 (compatible; Googlebot/2.1; +http://www.google.com/bot.html)"
66.249.69.71 - - [25/Aug/2026:15:25:16 +0000] "GET /detail.php?t=93567156885 HTTP/2.0" 500 0 "-" "Mozilla/5.0 (Linux; Android 6.0.1; Nexus 5X Build/MMB29P) AppleWebKit/537.36 (KHTML, like Gecko) Chrome/151.0.7922.137 Mobile Safari/537.36 (compatible; Googlebot/2.1; +http://www.google.com/bot.html)"
66.249.69.70 - - [25/Aug/2026:15:25:17 +0000] "GET /products.php?s=7534059239 HTTP/2.0" 500 0 "-" "Mozilla/5.0 (Linux; Android 6.0.1; Nexus 5X Build/MMB29P) AppleWebKit/537.36 (KHTML, like Gecko) Chrome/151.0.7922.137 Mobile Safari/537.36 (compatible; Googlebot/2.1; +http://www.google.com/bot.html)"
74.7.227.54 - - [25/Aug/2026:15:25:32 +0000] "GET /buy.php?goods/054019877 HTTP/2.0" 500 0 "https://bioredlite.com/buy.php?detail/21204328445484" "Mozilla/5.0 AppleWebKit/537.36 (KHTML, like Gecko; compatible; GPTBot/1.4; +https://openai.com/gptbot)"
74.7.227.54 - - [25/Aug/2026:15:25:53 +0000] "GET /buy.php?goods/279019632 HTTP/2.0" 500 0 "https://bioredlite.com/buy.php?detail/19501518753181" "Mozilla/5.0 AppleWebKit/537.36 (KHTML, like Gecko; compatible; GPTBot/1.4; +https://openai.com/gptbot)"
74.7.227.54 - - [25/Aug/2026:15:26:13 +0000] "GET /buy.php?goods/137039402 HTTP/2.0" 500 0 "https://bioredlite.com/buy.php?detail/21901257177030" "Mozilla/5.0 AppleWebKit/537.36 (KHTML, like Gecko; compatible; GPTBot/1.4; +https://openai.com/gptbot)"
66.249.69.64 - - [25/Aug/2026:15:26:18 +0000] "GET /products.php?s=75340132146 HTTP/2.0" 500 0 "-" "Mozilla/5.0 (Linux; Android 6.0.1; Nexus 5X Build/MMB29P) AppleWebKit/537.36 (KHTML, like Gecko) Chrome/151.0.7922.137 Mobile Safari/537.36 (compatible; Googlebot/2.1; +http://www.google.com/bot.html)"
66.249.69.70 - - [25/Aug/2026:15:26:18 +0000] "GET /detail.php?q=43592128929 HTTP/2.0" 500 0 "-" "Mozilla/5.0 (Linux; Android 6.0.1; Nexus 5X Build/MMB29P) AppleWebKit/537.36 (KHTML, like Gecko) Chrome/151.0.7922.137 Mobile Safari/537.36 (compatible; Googlebot/2.1; +http://www.google.com/bot.html)"
74.7.227.54 - - [25/Aug/2026:15:26:34 +0000] "GET /buy.php?goods/263012385 HTTP/2.0" 500 0 "https://bioredlite.com/buy.php?detail/26502616302459" "Mozilla/5.0 AppleWebKit/537.36 (KHTML, like Gecko; compatible; GPTBot/1.4; +https://openai.com/gptbot)"
74.7.227.54 - - [25/Aug/2026:15:26:55 +0000] "GET /buy.php?goods/087014226 HTTP/2.0" 500 0 "https://bioredlite.com/buy.php?detail/08700714231918" "Mozilla/5.0 AppleWebKit/537.36 (KHTML, like Gecko; compatible; GPTBot/1.4; +https://openai.com/gptbot)"
66.249.69.70 - - [25/Aug/2026:15:27:04 +0000] "GET /detail.php?n=83577267122 HTTP/2.0" 500 0 "-" "Mozilla/5.0 (Linux; Android 6.0.1; Nexus 5X Build/MMB29P) AppleWebKit/537.36 (KHTML, like Gecko) Chrome/151.0.7922.137 Mobile Safari/537.36 (compatible; Googlebot/2.1; +http://www.google.com/bot.html)"
74.7.227.54 - - [25/Aug/2026:15:27:16 +0000] "GET /buy.php?goods/283009187 HTTP/2.0" 500 0 "https://bioredlite.com/buy.php?detail/12001865864121" "Mozilla/5.0 AppleWebKit/537.36 (KHTML, like Gecko; compatible; GPTBot/1.4; +https://openai.com/gptbot)"
74.7.227.54 - - [25/Aug/2026:15:27:37 +0000] "GET /buy.php?goods/044032961 HTTP/2.0" 500 0 "https://bioredlite.com/buy.php?detail/03501220485690" "Mozilla/5.0 AppleWebKit/537.36 (KHTML, like Gecko; compatible; GPTBot/1.4; +https://openai.com/gptbot)"
74.7.227.54 - - [25/Aug/2026:15:27:58 +0000] "GET /buy.php?goods/127037680 HTTP/2.0" 500 0 "https://bioredlite.com/buy.php?detail/12703772729679" "Mozilla/5.0 AppleWebKit/537.36 (KHTML, like Gecko; compatible; GPTBot/1.4; +https://openai.com/gptbot)"
74.7.227.54 - - [25/Aug/2026:15:28:19 +0000] "GET /buy.php?goods/196022807 HTTP/2.0" 500 0 "https://bioredlite.com/buy.php?detail/25400599777699" "Mozilla/5.0 AppleWebKit/537.36 (KHTML, like Gecko; compatible; GPTBot/1.4; +https://openai.com/gptbot)"
66.249.69.65 - - [25/Aug/2026:15:28:30 +0000] "GET /detail.php?n=8357760768 HTTP/2.0" 500 0 "-" "Mozilla/5.0 (Linux; Android 6.0.1; Nexus 5X Build/MMB29P) AppleWebKit/537.36 (KHTML, like Gecko) Chrome/151.0.7922.137 Mobile Safari/537.36 (compatible; Googlebot/2.1; +http://www.google.com/bot.html)"
74.7.227.54 - - [25/Aug/2026:15:28:40 +0000] "GET /buy.php?goods/065036891 HTTP/2.0" 500 0 "https://bioredlite.com/buy.php?detail/14301415500402" "Mozilla/5.0 AppleWebKit/537.36 (KHTML, like Gecko; compatible; GPTBot/1.4; +https://openai.com/gptbot)"
204.12.208.18 - - [25/Aug/2026:15:29:00 +0000] "GET /wp-content/ime13628/index.php HTTP/2.0" 200 26 "https://bioredlite.com/wp-content/ime13628/index.php" "Opera/9.80 (Windows NT 6.1; U; ja) Presto/2.10.229 Version/11.60"
66.249.69.65 - - [25/Aug/2026:15:29:00 +0000] "GET /detail.php?d=4529582946 HTTP/2.0" 500 0 "-" "Mozilla/5.0 (Linux; Android 6.0.1; Nexus 5X Build/MMB29P) AppleWebKit/537.36 (KHTML, like Gecko) Chrome/151.0.7922.137 Mobile Safari/537.36 (compatible; Googlebot/2.1; +http://www.google.com/bot.html)"
74.7.227.54 - - [25/Aug/2026:15:29:00 +0000] "GET /buy.php?goods/124015478 HTTP/2.0" 500 0 "https://bioredlite.com/buy.php?detail/25103989753810" "Mozilla/5.0 AppleWebKit/537.36 (KHTML, like Gecko; compatible; GPTBot/1.4; +https://openai.com/gptbot)"
66.249.69.66 - - [25/Aug/2026:15:29:01 +0000] "GET /products.php?s=75340141469 HTTP/2.0" 500 0 "-" "Mozilla/5.0 (Linux; Android 6.0.1; Nexus 5X Build/MMB29P) AppleWebKit/537.36 (KHTML, like Gecko) Chrome/151.0.7922.137 Mobile Safari/537.36 (compatible; Googlebot/2.1; +http://www.google.com/bot.html)"
74.7.227.54 - - [25/Aug/2026:15:29:21 +0000] "GET /buy.php?goods/144022689 HTTP/2.0" 500 0 "https://bioredlite.com/buy.php?detail/28802997665664" "Mozilla/5.0 AppleWebKit/537.36 (KHTML, like Gecko; compatible; GPTBot/1.4; +https://openai.com/gptbot)"
74.7.227.54 - - [25/Aug/2026:15:29:42 +0000] "GET /buy.php?goods/195048031 HTTP/2.0" 500 0 "https://bioredlite.com/buy.php?detail/19504931468018" "Mozilla/5.0 AppleWebKit/537.36 (KHTML, like Gecko; compatible; GPTBot/1.4; +https://openai.com/gptbot)"
74.7.227.54 - - [25/Aug/2026:15:30:02 +0000] "GET /buy.php?goods/244036997 HTTP/2.0" 500 0 "https://bioredlite.com/buy.php?detail/08700437718477" "Mozilla/5.0 AppleWebKit/537.36 (KHTML, like Gecko; compatible; GPTBot/1.4; +https://openai.com/gptbot)"
204.12.208.18 - - [25/Aug/2026:15:30:07 +0000] "GET /wp-content/ime13628/index.php HTTP/2.0" 200 0 "https://bioredlite.com/wp-content/ime13628/index.php" "Mozilla/4.0 (compatible; MSIE 8.0; Windows NT 5.1; Trident/4.0; EasyBits GO v1.0; InfoPath.1; .NET CLR 2.0.50727; .NET CLR 3.0.4506.2152; .NET CLR 3.5.30729)"
74.7.227.54 - - [25/Aug/2026:15:30:23 +0000] "GET /buy.php?goods/065021372 HTTP/2.0" 500 0 "https://bioredlite.com/buy.php?detail/15704035783858" "Mozilla/5.0 AppleWebKit/537.36 (KHTML, like Gecko; compatible; GPTBot/1.4; +https://openai.com/gptbot)"
66.249.69.65 - - [25/Aug/2026:15:30:26 +0000] "GET /detail.php?u=75420117865 HTTP/2.0" 500 0 "-" "Mozilla/5.0 (Linux; Android 6.0.1; Nexus 5X Build/MMB29P) AppleWebKit/537.36 (KHTML, like Gecko) Chrome/151.0.7922.137 Mobile Safari/537.36 (compatible; Googlebot/2.1; +http://www.google.com/bot.html)"
192.178.6.37 - - [25/Aug/2026:15:30:26 +0000] "GET /prizes/53757266 HTTP/2.0" 500 0 "-" "Mozilla/5.0 (Linux; Android 6.0.1; Nexus 5X Build/MMB29P) AppleWebKit/537.36 (KHTML, like Gecko) Chrome/151.0.7922.137 Mobile Safari/537.36 (compatible; Googlebot/2.1; +http://www.google.com/bot.html)"
66.249.69.67 - - [25/Aug/2026:15:30:27 +0000] "GET /detail.php?n=90467101096 HTTP/2.0" 500 0 "-" "Mozilla/5.0 (Linux; Android 6.0.1; Nexus 5X Build/MMB29P) AppleWebKit/537.36 (KHTML, like Gecko) Chrome/151.0.7922.137 Mobile Safari/537.36 (compatible; Googlebot/2.1; +http://www.google.com/bot.html)"
74.7.227.54 - - [25/Aug/2026:15:30:43 +0000] "GET /buy.php?goods/296047684 HTTP/2.0" 500 0 "https://bioredlite.com/buy.php?detail/20502376666329" "Mozilla/5.0 AppleWebKit/537.36 (KHTML, like Gecko; compatible; GPTBot/1.4; +https://openai.com/gptbot)"
2a03:2880:f814:a:: - - [25/Aug/2026:15:31:02 +0000] "GET / HTTP/2.0" 500 0 "-" "facebookexternalhit/1.1 (+http://www.facebook.com/externalhit_uatext.php)"
74.7.227.54 - - [25/Aug/2026:15:31:05 +0000] "GET /buy.php?goods/210025497 HTTP/2.0" 500 0 "https://bioredlite.com/buy.php?detail/21002424999286" "Mozilla/5.0 AppleWebKit/537.36 (KHTML, like Gecko; compatible; GPTBot/1.4; +https://openai.com/gptbot)"
66.249.69.65 - - [25/Aug/2026:15:31:10 +0000] "GET /detail.php?v=81245208931 HTTP/2.0" 500 0 "-" "Mozilla/5.0 (Linux; Android 6.0.1; Nexus 5X Build/MMB29P) AppleWebKit/537.36 (KHTML, like Gecko) Chrome/151.0.7922.137 Mobile Safari/537.36 (compatible; Googlebot/2.1; +http://www.google.com/bot.html)"
74.7.227.54 - - [25/Aug/2026:15:31:25 +0000] "GET /buy.php?goods/196045975 HTTP/2.0" 500 0 "https://bioredlite.com/buy.php?detail/19602557862081" "Mozilla/5.0 AppleWebKit/537.36 (KHTML, like Gecko; compatible; GPTBot/1.4; +https://openai.com/gptbot)"
74.7.227.54 - - [25/Aug/2026:15:31:46 +0000] "GET /buy.php?goods/156047487 HTTP/2.0" 500 0 "https://bioredlite.com/buy.php?detail/13803156834024" "Mozilla/5.0 AppleWebKit/537.36 (KHTML, like Gecko; compatible; GPTBot/1.4; +https://openai.com/gptbot)"
66.249.69.66 - - [25/Aug/2026:15:32:06 +0000] "GET /products.php?q=16786225969 HTTP/2.0" 500 0 "-" "Mozilla/5.0 (Linux; Android 6.0.1; Nexus 5X Build/MMB29P) AppleWebKit/537.36 (KHTML, like Gecko) Chrome/151.0.7922.137 Mobile Safari/537.36 (compatible; Googlebot/2.1; +http://www.google.com/bot.html)"
74.7.227.54 - - [25/Aug/2026:15:32:07 +0000] "GET /buy.php?goods/186018973 HTTP/2.0" 500 0 "https://bioredlite.com/buy.php?detail/18602122120879" "Mozilla/5.0 AppleWebKit/537.36 (KHTML, like Gecko; compatible; GPTBot/1.4; +https://openai.com/gptbot)"
74.7.227.54 - - [25/Aug/2026:15:32:29 +0000] "GET /buy.php?goods/199007384 HTTP/2.0" 500 0 "https://bioredlite.com/buy.php?jp/199004586.html" "Mozilla/5.0 AppleWebKit/537.36 (KHTML, like Gecko; compatible; GPTBot/1.4; +https://openai.com/gptbot)"
74.7.227.54 - - [25/Aug/2026:15:32:51 +0000] "GET /buy.php?goods/273014061 HTTP/2.0" 500 0 "https://bioredlite.com/buy.php?detail/27301333217049" "Mozilla/5.0 AppleWebKit/537.36 (KHTML, like Gecko; compatible; GPTBot/1.4; +https://openai.com/gptbot)"
45.124.27.147 - - [25/Aug/2026:15:33:00 +0000] "GET /BDKR28WP.php HTTP/2.0" 500 0 "-" "Mozilla/5.0 (Windows NT 10.0; Win64; x64) AppleWebKit/537.36 (KHTML, like Gecko) Chrome/151.0.0.0 Safari/537.36"
66.249.69.67 - - [25/Aug/2026:15:33:07 +0000] "GET /products.php?q=16786195905 HTTP/2.0" 500 0 "-" "Mozilla/5.0 (Linux; Android 6.0.1; Nexus 5X Build/MMB29P) AppleWebKit/537.36 (KHTML, like Gecko) Chrome/151.0.7922.137 Mobile Safari/537.36 (compatible; Googlebot/2.1; +http://www.google.com/bot.html)"
66.249.69.65 - - [25/Aug/2026:15:33:08 +0000] "GET /products.php?m=7712856328 HTTP/2.0" 500 0 "-" "Mozilla/5.0 (Linux; Android 6.0.1; Nexus 5X Build/MMB29P) AppleWebKit/537.36 (KHTML, like Gecko) Chrome/151.0.7922.137 Mobile Safari/537.36 (compatible; Googlebot/2.1; +http://www.google.com/bot.html)"
66.249.69.65 - - [25/Aug/2026:15:33:09 +0000] "GET /detail.php?b=2516913224 HTTP/2.0" 500 0 "-" "Mozilla/5.0 (Linux; Android 6.0.1; Nexus 5X Build/MMB29P) AppleWebKit/537.36 (KHTML, like Gecko) Chrome/151.0.7922.137 Mobile Safari/537.36 (compatible; Googlebot/2.1; +http://www.google.com/bot.html)"
40.77.167.25 - - [25/Aug/2026:15:33:10 +0000] "GET /?c=77456249011 HTTP/2.0" 500 0 "-" "Mozilla/5.0 AppleWebKit/537.36 (KHTML, like Gecko; compatible; bingbot/2.0; +http://www.bing.com/bingbot.htm) Chrome/116.0.1938.76 Safari/537.36"
2a03:2880:f80a:1d:: - - [25/Aug/2026:15:33:11 +0000] "GET / HTTP/2.0" 500 0 "-" "facebookexternalhit/1.1 (+http://www.facebook.com/externalhit_uatext.php)"
74.7.227.54 - - [25/Aug/2026:15:33:12 +0000] "GET /buy.php?goods/122046830 HTTP/2.0" 500 0 "https://bioredlite.com/buy.php?detail/21903559945960" "Mozilla/5.0 AppleWebKit/537.36 (KHTML, like Gecko; compatible; GPTBot/1.4; +https://openai.com/gptbot)"
74.7.227.54 - - [25/Aug/2026:15:33:34 +0000] "GET /buy.php?goods/024013165 HTTP/2.0" 500 0 "https://bioredlite.com/buy.php?detail/03300556933232" "Mozilla/5.0 AppleWebKit/537.36 (KHTML, like Gecko; compatible; GPTBot/1.4; +https://openai.com/gptbot)"
74.7.227.54 - - [25/Aug/2026:15:33:56 +0000] "GET /buy.php?goods/126036394 HTTP/2.0" 500 0 "https://bioredlite.com/buy.php?detail/12603717743108" "Mozilla/5.0 AppleWebKit/537.36 (KHTML, like Gecko; compatible; GPTBot/1.4; +https://openai.com/gptbot)"
192.178.6.36 - - [25/Aug/2026:15:34:10 +0000] "GET /?x=16715237182 HTTP/2.0" 500 0 "-" "Mozilla/5.0 (Linux; Android 6.0.1; Nexus 5X Build/MMB29P) AppleWebKit/537.36 (KHTML, like Gecko) Chrome/151.0.7922.137 Mobile Safari/537.36 (compatible; Googlebot/2.1; +http://www.google.com/bot.html)"
192.178.6.37 - - [25/Aug/2026:15:34:11 +0000] "GET /?c=77456244300 HTTP/2.0" 500 0 "-" "Mozilla/5.0 (Linux; Android 6.0.1; Nexus 5X Build/MMB29P) AppleWebKit/537.36 (KHTML, like Gecko) Chrome/151.0.7922.137 Mobile Safari/537.36 (compatible; Googlebot/2.1; +http://www.google.com/bot.html)"
66.249.69.71 - - [25/Aug/2026:15:34:12 +0000] "GET /detail.php?u=75420131604 HTTP/2.0" 500 0 "-" "Mozilla/5.0 (Linux; Android 6.0.1; Nexus 5X Build/MMB29P) AppleWebKit/537.36 (KHTML, like Gecko) Chrome/151.0.7922.137 Mobile Safari/537.36 (compatible; Googlebot/2.1; +http://www.google.com/bot.html)"
74.7.227.54 - - [25/Aug/2026:15:34:17 +0000] "GET /buy.php?goods/143034769 HTTP/2.0" 500 0 "https://bioredlite.com/buy.php?detail/19104214841764" "Mozilla/5.0 AppleWebKit/537.36 (KHTML, like Gecko; compatible; GPTBot/1.4; +https://openai.com/gptbot)"
74.7.227.54 - - [25/Aug/2026:15:34:39 +0000] "GET /buy.php?goods/245019513 HTTP/2.0" 500 0 "https://bioredlite.com/buy.php?detail/24501950963022" "Mozilla/5.0 AppleWebKit/537.36 (KHTML, like Gecko; compatible; GPTBot/1.4; +https://openai.com/gptbot)"
74.7.227.54 - - [25/Aug/2026:15:35:00 +0000] "GET /buy.php?goods/125006895 HTTP/2.0" 500 0 "https://bioredlite.com/buy.php?detail/06504675978440" "Mozilla/5.0 AppleWebKit/537.36 (KHTML, like Gecko; compatible; GPTBot/1.4; +https://openai.com/gptbot)"
74.7.227.54 - - [25/Aug/2026:15:35:20 +0000] "GET /buy.php?goods/193022816 HTTP/2.0" 500 0 "https://bioredlite.com/buy.php?detail/19301984217302" "Mozilla/5.0 AppleWebKit/537.36 (KHTML, like Gecko; compatible; GPTBot/1.4; +https://openai.com/gptbot)"
74.7.175.146 - - [25/Aug/2026:15:35:20 +0000] "GET /robots.txt HTTP/2.0" 304 0 "-" "Mozilla/5.0 (Macintosh; Intel Mac OS X 10_15_7) AppleWebKit/537.36 (KHTML, like Gecko) Chrome/131.0.0.0 Safari/537.36; compatible; OAI-SearchBot/1.4; robots.txt; +https://openai.com/searchbot"
27.115.124.45 - - [25/Aug/2026:15:35:25 +0000] "GET /BDKR28WP.php HTTP/2.0" 500 0 "-" "Mozilla/5.0 (Linux; U; Android 8.1.0; zh-cn; MI 8 Build/OPM1.171019.011) AppleWebKit/537.36 (KHTML, like Gecko) Version/4.0 Chrome/57.0.2987.108 Mobile Safari/537.36"
27.115.124.109 - - [25/Aug/2026:15:35:27 +0000] "GET /favicon.ico HTTP/2.0" 500 0 "-" "Mozilla/5.0 (Windows NT 10.0; WOW64) AppleWebKit/537.36 (KHTML, like Gecko) Chrome/129.0.3904.108 Safari/537.36"
27.115.124.109 - - [25/Aug/2026:15:35:28 +0000] "GET /favicon.ico HTTP/2.0" 500 0 "-" "Mozilla/5.0 (Windows NT 10.0; WOW64) AppleWebKit/537.36 (KHTML, like Gecko) Chrome/129.0.3904.108 Safari/537.36"
27.115.124.70 - - [25/Aug/2026:15:35:30 +0000] "GET /favicon.ico HTTP/2.0" 500 0 "-" "Mozilla/5.0 (Windows NT 10.0; Win64; x64) AppleWebKit/537.36 (KHTML, like Gecko) Chrome/120.0.0.0 Safari/537.36"
27.115.124.4 - - [25/Aug/2026:15:35:31 +0000] "GET /favicon.ico HTTP/2.0" 500 0 "-" "Mozilla/5.0 (Macintosh; Intel Mac OS X 10_15_7) AppleWebKit/537.36 (KHTML, like Gecko) Chrome/120.0.0.0 Safari/537.36 Edg/120.0.0.0"
27.115.124.101 - - [25/Aug/2026:15:35:33 +0000] "GET /BDKR28WP.php HTTP/2.0" 500 0 "-" "Mozilla/5.0 (Linux; Android 11; CPH2185) AppleWebKit/537.36 (KHTML, like Gecko) Chrome/91.0.4472.101 Mobile Safari/537.36"
2a03:2880:f818:61:: - - [25/Aug/2026:15:35:37 +0000] "GET / HTTP/2.0" 500 0 "-" "facebookexternalhit/1.1 (+http://www.facebook.com/externalhit_uatext.php)"
27.115.124.6 - - [25/Aug/2026:15:35:39 +0000] "GET /favicon.ico HTTP/2.0" 500 0 "-" "Mozilla/5.0 (Windows NT 10.0; WOW64) AppleWebKit/537.36 (KHTML, like Gecko) Chrome/129.0.3904.108 Safari/537.36"
27.115.124.38 - - [25/Aug/2026:15:35:40 +0000] "GET /favicon.ico HTTP/2.0" 500 0 "-" "Mozilla/5.0 (Windows NT 10.0; Win64; x64) AppleWebKit/537.36 (KHTML, like Gecko) Chrome/120.0.0.0 Safari/537.36"
74.7.227.54 - - [25/Aug/2026:15:35:40 +0000] "GET /buy.php?goods/066014785 HTTP/2.0" 500 0 "https://bioredlite.com/buy.php?detail/01003967731035" "Mozilla/5.0 AppleWebKit/537.36 (KHTML, like Gecko; compatible; GPTBot/1.4; +https://openai.com/gptbot)"
66.249.69.70 - - [25/Aug/2026:15:35:42 +0000] "GET /products.php?e=35390278653 HTTP/2.0" 500 0 "-" "Mozilla/5.0 (Linux; Android 6.0.1; Nexus 5X Build/MMB29P) AppleWebKit/537.36 (KHTML, like Gecko) Chrome/151.0.7922.137 Mobile Safari/537.36 (compatible; Googlebot/2.1; +http://www.google.com/bot.html)"
66.249.69.71 - - [25/Aug/2026:15:35:43 +0000] "GET /products.php?q=93720263346 HTTP/2.0" 500 0 "-" "Mozilla/5.0 (Linux; Android 6.0.1; Nexus 5X Build/MMB29P) AppleWebKit/537.36 (KHTML, like Gecko) Chrome/151.0.7922.137 Mobile Safari/537.36 (compatible; Googlebot/2.1; +http://www.google.com/bot.html)"
74.7.227.54 - - [25/Aug/2026:15:36:00 +0000] "GET /buy.php?goods/168035251 HTTP/2.0" 500 0 "https://bioredlite.com/buy.php?jp/220020418.html" "Mozilla/5.0 AppleWebKit/537.36 (KHTML, like Gecko; compatible; GPTBot/1.4; +https://openai.com/gptbot)"
74.7.227.54 - - [25/Aug/2026:15:36:22 +0000] "GET /buy.php?goods/183017428 HTTP/2.0" 500 0 "https://bioredlite.com/buy.php?detail/01403499951692" "Mozilla/5.0 AppleWebKit/537.36 (KHTML, like Gecko; compatible; GPTBot/1.4; +https://openai.com/gptbot)"
40.77.167.35 - - [25/Aug/2026:15:36:31 +0000] "GET /2026/06/az-onlyspins-melyrehato-attekintese-uj-dimenziok-az-online-szerencsejatekban-magyarorszagon-2/ HTTP/2.0" 500 0 "-" "Mozilla/5.0 AppleWebKit/537.36 (KHTML, like Gecko; compatible; bingbot/2.0; +http://www.bing.com/bingbot.htm) Chrome/116.0.1938.76 Safari/537.36"
74.7.227.54 - - [25/Aug/2026:15:36:42 +0000] "GET /buy.php?goods/071034288 HTTP/2.0" 500 0 "https://bioredlite.com/buy.php?detail/17001991322992" "Mozilla/5.0 AppleWebKit/537.36 (KHTML, like Gecko; compatible; GPTBot/1.4; +https://openai.com/gptbot)"
66.249.69.70 - - [25/Aug/2026:15:36:43 +0000] "GET /detail.php?t=66683274047 HTTP/2.0" 500 0 "-" "Mozilla/5.0 (Linux; Android 6.0.1; Nexus 5X Build/MMB29P) AppleWebKit/537.36 (KHTML, like Gecko) Chrome/151.0.7922.137 Mobile Safari/537.36 (compatible; Googlebot/2.1; +http://www.google.com/bot.html)"
74.7.227.54 - - [25/Aug/2026:15:37:03 +0000] "GET /buy.php?goods/076049278 HTTP/2.0" 500 0 "https://bioredlite.com/buy.php?detail/21704266165304" "Mozilla/5.0 AppleWebKit/537.36 (KHTML, like Gecko; compatible; GPTBot/1.4; +https://openai.com/gptbot)"
66.249.69.70 - - [25/Aug/2026:15:37:14 +0000] "GET /detail.php?t=93567210879 HTTP/2.0" 500 0 "-" "Mozilla/5.0 (Linux; Android 6.0.1; Nexus 5X Build/MMB29P) AppleWebKit/537.36 (KHTML, like Gecko) Chrome/151.0.7922.137 Mobile Safari/537.36 (compatible; Googlebot/2.1; +http://www.google.com/bot.html)"
74.7.227.54 - - [25/Aug/2026:15:37:25 +0000] "GET /buy.php?goods/194005718 HTTP/2.0" 500 0 "https://bioredlite.com/buy.php?detail/19400587331714" "Mozilla/5.0 AppleWebKit/537.36 (KHTML, like Gecko; compatible; GPTBot/1.4; +https://openai.com/gptbot)"
40.77.167.70 - - [25/Aug/2026:15:37:26 +0000] "GET /2024/03/recovery-naturally/ HTTP/2.0" 500 0 "-" "Mozilla/5.0 AppleWebKit/537.36 (KHTML, like Gecko; compatible; bingbot/2.0; +http://www.bing.com/bingbot.htm) Chrome/116.0.1938.76 Safari/537.36"
2a03:2880:f804:29:: - - [25/Aug/2026:15:37:37 +0000] "GET / HTTP/2.0" 500 0 "-" "facebookexternalhit/1.1 (+http://www.facebook.com/externalhit_uatext.php)"
66.249.69.70 - - [25/Aug/2026:15:37:44 +0000] "GET /detail.php?v=8124518492 HTTP/2.0" 500 0 "-" "Mozilla/5.0 (Linux; Android 6.0.1; Nexus 5X Build/MMB29P) AppleWebKit/537.36 (KHTML, like Gecko) Chrome/151.0.7922.137 Mobile Safari/537.36 (compatible; Googlebot/2.1; +http://www.google.com/bot.html)"
74.7.227.54 - - [25/Aug/2026:15:37:45 +0000] "GET /buy.php?goods/289015983 HTTP/2.0" 500 0 "https://bioredlite.com/buy.php?detail/09001179821929" "Mozilla/5.0 AppleWebKit/537.36 (KHTML, like Gecko; compatible; GPTBot/1.4; +https://openai.com/gptbot)"
74.7.227.54 - - [25/Aug/2026:15:38:05 +0000] "GET /buy.php?goods/094021561 HTTP/2.0" 500 0 "https://bioredlite.com/buy.php?detail/21904592295576" "Mozilla/5.0 AppleWebKit/537.36 (KHTML, like Gecko; compatible; GPTBot/1.4; +https://openai.com/gptbot)"
2a03:2880:f806:42:: - - [25/Aug/2026:15:38:09 +0000] "GET /products.php?m=77128134390 HTTP/2.0" 500 0 "-" "Mozilla/5.0 (Windows NT 10.0; Win64; x64) AppleWebKit/537.36 (KHTML, like Gecko) Chrome/145.0.0.0 Safari/537.36 (compatible; meta-externalagent/1.1 (+https://developers.facebook.com/docs/sharing/webmasters/crawler))"
192.178.6.35 - - [25/Aug/2026:15:38:14 +0000] "GET /?x=9518398519 HTTP/2.0" 500 0 "-" "Mozilla/5.0 (Linux; Android 6.0.1; Nexus 5X Build/MMB29P) AppleWebKit/537.36 (KHTML, like Gecko) Chrome/151.0.7922.137 Mobile Safari/537.36 (compatible; Googlebot/2.1; +http://www.google.com/bot.html)"
192.178.6.37 - - [25/Aug/2026:15:38:15 +0000] "GET /?m=29860151720 HTTP/2.0" 500 0 "-" "Mozilla/5.0 (Linux; Android 6.0.1; Nexus 5X Build/MMB29P) AppleWebKit/537.36 (KHTML, like Gecko) Chrome/151.0.7922.137 Mobile Safari/537.36 (compatible; Googlebot/2.1; +http://www.google.com/bot.html)"
192.178.6.36 - - [25/Aug/2026:15:38:16 +0000] "GET /prizes/311728872 HTTP/2.0" 500 0 "-" "Mozilla/5.0 (Linux; Android 6.0.1; Nexus 5X Build/MMB29P) AppleWebKit/537.36 (KHTML, like Gecko) Chrome/151.0.7922.137 Mobile Safari/537.36 (compatible; Googlebot/2.1; +http://www.google.com/bot.html)"
192.178.6.37 - - [25/Aug/2026:15:38:16 +0000] "GET /prizes/309123377 HTTP/2.0" 500 0 "-" "Mozilla/5.0 (Linux; Android 6.0.1; Nexus 5X Build/MMB29P) AppleWebKit/537.36 (KHTML, like Gecko) Chrome/151.0.7922.137 Mobile Safari/537.36 (compatible; Googlebot/2.1; +http://www.google.com/bot.html)"
66.249.69.64 - - [25/Aug/2026:15:38:18 +0000] "GET /products.php?m=7712873342 HTTP/2.0" 500 0 "-" "Mozilla/5.0 (Linux; Android 6.0.1; Nexus 5X Build/MMB29P) AppleWebKit/537.36 (KHTML, like Gecko) Chrome/151.0.7922.173 Mobile Safari/537.36 (compatible; Googlebot/2.1; +http://www.google.com/bot.html)"
74.7.227.54 - - [25/Aug/2026:15:38:25 +0000] "GET /buy.php?goods/135046747 HTTP/2.0" 500 0 "https://bioredlite.com/buy.php?detail/23704598985515" "Mozilla/5.0 AppleWebKit/537.36 (KHTML, like Gecko; compatible; GPTBot/1.4; +https://openai.com/gptbot)"
74.7.227.54 - - [25/Aug/2026:15:38:45 +0000] "GET /buy.php?goods/185032109 HTTP/2.0" 500 0 "https://bioredlite.com/buy.php?detail/18502986682113" "Mozilla/5.0 AppleWebKit/537.36 (KHTML, like Gecko; compatible; GPTBot/1.4; +https://openai.com/gptbot)"
2a03:2880:f806:11:: - - [25/Aug/2026:15:38:49 +0000] "GET /products.php?z=84265263288 HTTP/2.0" 500 0 "-" "Mozilla/5.0 (Windows NT 10.0; Win64; x64) AppleWebKit/537.36 (KHTML, like Gecko) Chrome/145.0.0.0 Safari/537.36 (compatible; meta-externalagent/1.1 (+https://developers.facebook.com/docs/sharing/webmasters/crawler))"
74.7.227.54 - - [25/Aug/2026:15:39:06 +0000] "GET /buy.php?goods/259014696 HTTP/2.0" 500 0 "https://bioredlite.com/buy.php?detail/22901165921929" "Mozilla/5.0 AppleWebKit/537.36 (KHTML, like Gecko; compatible; GPTBot/1.4; +https://openai.com/gptbot)"
74.7.227.54 - - [25/Aug/2026:15:39:28 +0000] "GET /buy.php?goods/293032176 HTTP/2.0" 500 0 "https://bioredlite.com/buy.php?detail/29303268816670" "Mozilla/5.0 AppleWebKit/537.36 (KHTML, like Gecko; compatible; GPTBot/1.4; +https://openai.com/gptbot)"
192.178.6.37 - - [25/Aug/2026:15:39:48 +0000] "GET /?v=9104764832 HTTP/2.0" 500 0 "-" "Mozilla/5.0 (Linux; Android 6.0.1; Nexus 5X Build/MMB29P) AppleWebKit/537.36 (KHTML, like Gecko) Chrome/151.0.7922.137 Mobile Safari/537.36 (compatible; Googlebot/2.1; +http://www.google.com/bot.html)"
66.249.69.70 - - [25/Aug/2026:15:39:48 +0000] "GET /detail.php?v=81245124078 HTTP/2.0" 500 0 "-" "Mozilla/5.0 (Linux; Android 6.0.1; Nexus 5X Build/MMB29P) AppleWebKit/537.36 (KHTML, like Gecko) Chrome/151.0.7922.137 Mobile Safari/537.36 (compatible; Googlebot/2.1; +http://www.google.com/bot.html)"
74.7.227.54 - - [25/Aug/2026:15:39:49 +0000] "GET /buy.php?goods/036047956 HTTP/2.0" 500 0 "https://bioredlite.com/buy.php?detail/03604795673245" "Mozilla/5.0 AppleWebKit/537.36 (KHTML, like Gecko; compatible; GPTBot/1.4; +https://openai.com/gptbot)"
74.7.227.54 - - [25/Aug/2026:15:40:10 +0000] "GET /buy.php?goods/275046048 HTTP/2.0" 500 0 "https://bioredlite.com/buy.php?detail/30000476503758" "Mozilla/5.0 AppleWebKit/537.36 (KHTML, like Gecko; compatible; GPTBot/1.4; +https://openai.com/gptbot)"
66.249.69.71 - - [25/Aug/2026:15:40:19 +0000] "GET /detail.php?n=8357717168 HTTP/2.0" 500 0 "-" "Mozilla/5.0 (Linux; Android 6.0.1; Nexus 5X Build/MMB29P) AppleWebKit/537.36 (KHTML, like Gecko) Chrome/151.0.7922.137 Mobile Safari/537.36 (compatible; Googlebot/2.1; +http://www.google.com/bot.html)"
2a03:2880:f810:3d:: - - [25/Aug/2026:15:40:29 +0000] "GET / HTTP/2.0" 500 0 "-" "facebookexternalhit/1.1 (+http://www.facebook.com/externalhit_uatext.php)"
74.7.227.54 - - [25/Aug/2026:15:40:31 +0000] "GET /buy.php?goods/139032504 HTTP/2.0" 500 0 "https://bioredlite.com/buy.php?detail/13903205339671" "Mozilla/5.0 AppleWebKit/537.36 (KHTML, like Gecko; compatible; GPTBot/1.4; +https://openai.com/gptbot)"
66.249.69.71 - - [25/Aug/2026:15:40:49 +0000] "GET /products.php?s=11328155607 HTTP/2.0" 500 0 "-" "Mozilla/5.0 (Linux; Android 6.0.1; Nexus 5X Build/MMB29P) AppleWebKit/537.36 (KHTML, like Gecko) Chrome/151.0.7922.137 Mobile Safari/537.36 (compatible; Googlebot/2.1; +http://www.google.com/bot.html)"
66.249.69.70 - - [25/Aug/2026:15:40:50 +0000] "GET /detail.php?n=90467225613 HTTP/2.0" 500 0 "-" "Mozilla/5.0 (Linux; Android 6.0.1; Nexus 5X Build/MMB29P) AppleWebKit/537.36 (KHTML, like Gecko) Chrome/151.0.7922.137 Mobile Safari/537.36 (compatible; Googlebot/2.1; +http://www.google.com/bot.html)"
74.7.227.54 - - [25/Aug/2026:15:40:52 +0000] "GET /buy.php?goods/113026473 HTTP/2.0" 500 0 "https://bioredlite.com/buy.php?detail/13103775948174" "Mozilla/5.0 AppleWebKit/537.36 (KHTML, like Gecko; compatible; GPTBot/1.4; +https://openai.com/gptbot)"
74.7.227.54 - - [25/Aug/2026:15:41:14 +0000] "GET /buy.php?goods/064018825 HTTP/2.0" 500 0 "https://bioredlite.com/buy.php?detail/06401831018507" "Mozilla/5.0 AppleWebKit/537.36 (KHTML, like Gecko; compatible; GPTBot/1.4; +https://openai.com/gptbot)"
74.7.227.54 - - [25/Aug/2026:15:41:35 +0000] "GET /buy.php?goods/209028134 HTTP/2.0" 500 0 "https://bioredlite.com/buy.php?detail/20903299396566" "Mozilla/5.0 AppleWebKit/537.36 (KHTML, like Gecko; compatible; GPTBot/1.4; +https://openai.com/gptbot)"
66.249.69.64 - - [25/Aug/2026:15:41:50 +0000] "GET /products.php?q=93720212384 HTTP/2.0" 500 0 "-" "Mozilla/5.0 (Linux; Android 6.0.1; Nexus 5X Build/MMB29P) AppleWebKit/537.36 (KHTML, like Gecko) Chrome/151.0.7922.137 Mobile Safari/537.36 (compatible; Googlebot/2.1; +http://www.google.com/bot.html)"
74.7.227.54 - - [25/Aug/2026:15:41:56 +0000] "GET /buy.php?goods/207039475 HTTP/2.0" 500 0 "https://bioredlite.com/buy.php?detail/10702737012833" "Mozilla/5.0 AppleWebKit/537.36 (KHTML, like Gecko; compatible; GPTBot/1.4; +https://openai.com/gptbot)"
74.7.227.54 - - [25/Aug/2026:15:42:18 +0000] "GET /buy.php?goods/204019682 HTTP/2.0" 500 0 "https://bioredlite.com/buy.php?detail/20402130446875" "Mozilla/5.0 AppleWebKit/537.36 (KHTML, like Gecko; compatible; GPTBot/1.4; +https://openai.com/gptbot)"
74.7.227.54 - - [25/Aug/2026:15:42:39 +0000] "GET /buy.php?goods/187040268 HTTP/2.0" 500 0 "https://bioredlite.com/buy.php?detail/20903450979409" "Mozilla/5.0 AppleWebKit/537.36 (KHTML, like Gecko; compatible; GPTBot/1.4; +https://openai.com/gptbot)"
66.249.69.64 - - [25/Aug/2026:15:42:50 +0000] "GET /detail.php?n=90467221766 HTTP/2.0" 500 0 "-" "Mozilla/5.0 (Linux; Android 6.0.1; Nexus 5X Build/MMB29P) AppleWebKit/537.36 (KHTML, like Gecko) Chrome/151.0.7922.137 Mobile Safari/537.36 (compatible; Googlebot/2.1; +http://www.google.com/bot.html)"
74.7.227.54 - - [25/Aug/2026:15:43:01 +0000] "GET /buy.php?goods/149005162 HTTP/2.0" 500 0 "https://bioredlite.com/buy.php?detail/27302110070210" "Mozilla/5.0 AppleWebKit/537.36 (KHTML, like Gecko; compatible; GPTBot/1.4; +https://openai.com/gptbot)"
66.249.69.64 - - [25/Aug/2026:15:43:20 +0000] "GET /detail.php?b=25169175828 HTTP/2.0" 500 0 "-" "Mozilla/5.0 (Linux; Android 6.0.1; Nexus 5X Build/MMB29P) AppleWebKit/537.36 (KHTML, like Gecko) Chrome/151.0.7922.137 Mobile Safari/537.36 (compatible; Googlebot/2.1; +http://www.google.com/bot.html)"
66.249.69.71 - - [25/Aug/2026:15:43:21 +0000] "GET /products.php?s=7534081779 HTTP/2.0" 500 0 "-" "Mozilla/5.0 (Linux; Android 6.0.1; Nexus 5X Build/MMB29P) AppleWebKit/537.36 (KHTML, like Gecko) Chrome/151.0.7922.137 Mobile Safari/537.36 (compatible; Googlebot/2.1; +http://www.google.com/bot.html)"
66.249.69.70 - - [25/Aug/2026:15:43:22 +0000] "GET /detail.php?u=75420224847 HTTP/2.0" 500 0 "-" "Mozilla/5.0 (Linux; Android 6.0.1; Nexus 5X Build/MMB29P) AppleWebKit/537.36 (KHTML, like Gecko) Chrome/151.0.7922.137 Mobile Safari/537.36 (compatible; Googlebot/2.1; +http://www.google.com/bot.html)"
74.7.227.54 - - [25/Aug/2026:15:43:23 +0000] "GET /buy.php?goods/159036290 HTTP/2.0" 500 0 "https://bioredlite.com/buy.php?detail/27704228168200" "Mozilla/5.0 AppleWebKit/537.36 (KHTML, like Gecko; compatible; GPTBot/1.4; +https://openai.com/gptbot)"
74.7.227.54 - - [25/Aug/2026:15:43:44 +0000] "GET /buy.php?goods/023036974 HTTP/2.0" 500 0 "https://bioredlite.com/buy.php?detail/06001610823940" "Mozilla/5.0 AppleWebKit/537.36 (KHTML, like Gecko; compatible; GPTBot/1.4; +https://openai.com/gptbot)"
66.249.69.71 - - [25/Aug/2026:15:43:53 +0000] "GET /detail.php?p=3974371609 HTTP/2.0" 500 0 "-" "Mozilla/5.0 (Linux; Android 6.0.1; Nexus 5X Build/MMB29P) AppleWebKit/537.36 (KHTML, like Gecko) Chrome/151.0.7922.137 Mobile Safari/537.36 (compatible; Googlebot/2.1; +http://www.google.com/bot.html)"
192.178.6.37 - - [25/Aug/2026:15:43:54 +0000] "GET /prizes/33381044 HTTP/2.0" 500 0 "-" "Mozilla/5.0 (Linux; Android 6.0.1; Nexus 5X Build/MMB29P) AppleWebKit/537.36 (KHTML, like Gecko) Chrome/151.0.7922.137 Mobile Safari/537.36 (compatible; Googlebot/2.1; +http://www.google.com/bot.html)"
66.249.69.70 - - [25/Aug/2026:15:43:54 +0000] "GET /products.php?q=93720200207 HTTP/2.0" 500 0 "-" "Mozilla/5.0 (Linux; Android 6.0.1; Nexus 5X Build/MMB29P) AppleWebKit/537.36 (KHTML, like Gecko) Chrome/151.0.7922.137 Mobile Safari/537.36 (compatible; Googlebot/2.1; +http://www.google.com/bot.html)"
192.178.6.35 - - [25/Aug/2026:15:43:56 +0000] "GET /?j=7065166905 HTTP/2.0" 500 0 "-" "Mozilla/5.0 (Linux; Android 6.0.1; Nexus 5X Build/MMB29P) AppleWebKit/537.36 (KHTML, like Gecko) Chrome/151.0.7922.137 Mobile Safari/537.36 (compatible; Googlebot/2.1; +http://www.google.com/bot.html)"
74.7.227.54 - - [25/Aug/2026:15:44:04 +0000] "GET /buy.php?goods/124034908 HTTP/2.0" 500 0 "https://bioredlite.com/buy.php?detail/12403522566407" "Mozilla/5.0 AppleWebKit/537.36 (KHTML, like Gecko; compatible; GPTBot/1.4; +https://openai.com/gptbot)"
74.7.227.54 - - [25/Aug/2026:15:44:25 +0000] "GET /buy.php?goods/179026471 HTTP/2.0" 500 0 "https://bioredlite.com/buy.php?detail/27501200165571" "Mozilla/5.0 AppleWebKit/537.36 (KHTML, like Gecko; compatible; GPTBot/1.4; +https://openai.com/gptbot)"
74.7.227.54 - - [25/Aug/2026:15:44:45 +0000] "GET /buy.php?goods/199043247 HTTP/2.0" 500 0 "https://bioredlite.com/buy.php?detail/21200717987277" "Mozilla/5.0 AppleWebKit/537.36 (KHTML, like Gecko; compatible; GPTBot/1.4; +https://openai.com/gptbot)"
74.7.227.54 - - [25/Aug/2026:15:45:06 +0000] "GET /buy.php?goods/254009719 HTTP/2.0" 500 0 "https://bioredlite.com/buy.php?detail/25401150534996" "Mozilla/5.0 AppleWebKit/537.36 (KHTML, like Gecko; compatible; GPTBot/1.4; +https://openai.com/gptbot)"
66.249.69.66 - - [25/Aug/2026:15:45:11 +0000] "GET /detail.php?v=81245205169 HTTP/2.0" 500 0 "-" "Mozilla/5.0 (Linux; Android 6.0.1; Nexus 5X Build/MMB29P) AppleWebKit/537.36 (KHTML, like Gecko) Chrome/151.0.7922.137 Mobile Safari/537.36 (compatible; Googlebot/2.1; +http://www.google.com/bot.html)"
74.7.227.54 - - [25/Aug/2026:15:45:27 +0000] "GET /buy.php?goods/150039546 HTTP/2.0" 500 0 "https://bioredlite.com/buy.php?detail/18104443970303" "Mozilla/5.0 AppleWebKit/537.36 (KHTML, like Gecko; compatible; GPTBot/1.4; +https://openai.com/gptbot)"
74.7.227.54 - - [25/Aug/2026:15:45:49 +0000] "GET /buy.php?goods/256029108 HTTP/2.0" 500 0 "https://bioredlite.com/buy.php?detail/15002187132187" "Mozilla/5.0 AppleWebKit/537.36 (KHTML, like Gecko; compatible; GPTBot/1.4; +https://openai.com/gptbot)"
74.7.227.54 - - [25/Aug/2026:15:46:10 +0000] "GET /buy.php?goods/152030347 HTTP/2.0" 500 0 "https://bioredlite.com/buy.php?detail/20500708957822" "Mozilla/5.0 AppleWebKit/537.36 (KHTML, like Gecko; compatible; GPTBot/1.4; +https://openai.com/gptbot)"
66.249.69.67 - - [25/Aug/2026:15:46:12 +0000] "GET /detail.php?n=83577198075 HTTP/2.0" 500 0 "-" "Mozilla/5.0 (Linux; Android 6.0.1; Nexus 5X Build/MMB29P) AppleWebKit/537.36 (KHTML, like Gecko) Chrome/151.0.7922.137 Mobile Safari/537.36 (compatible; Googlebot/2.1; +http://www.google.com/bot.html)"
2a03:2880:f806:15:: - - [25/Aug/2026:15:46:29 +0000] "GET /products.php?f=54241116722 HTTP/2.0" 500 0 "-" "Mozilla/5.0 (Macintosh; Intel Mac OS X 10_15_7) AppleWebKit/537.36 (KHTML, like Gecko) Chrome/145.0.0.0 Safari/537.36 (compatible; meta-externalagent/1.1 (+https://developers.facebook.com/docs/sharing/webmasters/crawler))"
74.7.227.54 - - [25/Aug/2026:15:46:31 +0000] "GET /buy.php?goods/164030793 HTTP/2.0" 500 0 "https://bioredlite.com/buy.php?detail/16403428780778" "Mozilla/5.0 AppleWebKit/537.36 (KHTML, like Gecko; compatible; GPTBot/1.4; +https://openai.com/gptbot)"
2a03:2880:f806:15:: - - [25/Aug/2026:15:46:43 +0000] "GET /products.php?s=75340185896 HTTP/2.0" 500 0 "-" "Mozilla/5.0 (Windows NT 10.0; Win64; x64) AppleWebKit/537.36 (KHTML, like Gecko) Chrome/145.0.0.0 Safari/537.36 (compatible; meta-externalagent/1.1 (+https://developers.facebook.com/docs/sharing/webmasters/crawler))"
2a03:2880:f80c:37:: - - [25/Aug/2026:15:46:48 +0000] "GET / HTTP/2.0" 500 0 "-" "facebookexternalhit/1.1 (+http://www.facebook.com/externalhit_uatext.php)"
74.7.227.54 - - [25/Aug/2026:15:46:52 +0000] "GET /buy.php?goods/204037641 HTTP/2.0" 500 0 "https://bioredlite.com/buy.php?detail/20403796673480" "Mozilla/5.0 AppleWebKit/537.36 (KHTML, like Gecko; compatible; GPTBot/1.4; +https://openai.com/gptbot)"
66.249.69.67 - - [25/Aug/2026:15:47:12 +0000] "GET /detail.php?d=4529566189 HTTP/2.0" 500 0 "-" "Mozilla/5.0 (Linux; Android 6.0.1; Nexus 5X Build/MMB29P) AppleWebKit/537.36 (KHTML, like Gecko) Chrome/151.0.7922.137 Mobile Safari/537.36 (compatible; Googlebot/2.1; +http://www.google.com/bot.html)"
74.7.227.54 - - [25/Aug/2026:15:47:12 +0000] "GET /buy.php?goods/019037259 HTTP/2.0" 500 0 "https://bioredlite.com/buy.php?detail/01903725917275" "Mozilla/5.0 AppleWebKit/537.36 (KHTML, like Gecko; compatible; GPTBot/1.4; +https://openai.com/gptbot)"
74.7.227.54 - - [25/Aug/2026:15:47:33 +0000] "GET /buy.php?goods/059042113 HTTP/2.0" 500 0 "https://bioredlite.com/buy.php?detail/05302617612146" "Mozilla/5.0 AppleWebKit/537.36 (KHTML, like Gecko; compatible; GPTBot/1.4; +https://openai.com/gptbot)"
2a03:2880:f802:2f:: - - [25/Aug/2026:15:47:47 +0000] "GET / HTTP/2.0" 500 0 "-" "facebookexternalhit/1.1 (+http://www.facebook.com/externalhit_uatext.php)"
74.7.227.54 - - [25/Aug/2026:15:47:53 +0000] "GET /buy.php?goods/052031848 HTTP/2.0" 500 0 "https://bioredlite.com/buy.php?detail/05200872202010" "Mozilla/5.0 AppleWebKit/537.36 (KHTML, like Gecko; compatible; GPTBot/1.4; +https://openai.com/gptbot)"
74.7.227.54 - - [25/Aug/2026:15:48:15 +0000] "GET /buy.php?goods/167031908 HTTP/2.0" 500 0 "https://bioredlite.com/buy.php?detail/27202088886059" "Mozilla/5.0 AppleWebKit/537.36 (KHTML, like Gecko; compatible; GPTBot/1.4; +https://openai.com/gptbot)"
74.7.227.54 - - [25/Aug/2026:15:48:36 +0000] "GET /buy.php?goods/226048374 HTTP/2.0" 500 0 "https://bioredlite.com/buy.php?detail/12003952079335" "Mozilla/5.0 AppleWebKit/537.36 (KHTML, like Gecko; compatible; GPTBot/1.4; +https://openai.com/gptbot)"
66.249.69.66 - - [25/Aug/2026:15:48:43 +0000] "GET /detail.php?n=9046773471 HTTP/2.0" 500 0 "-" "Mozilla/5.0 (Linux; Android 6.0.1; Nexus 5X Build/MMB29P) AppleWebKit/537.36 (KHTML, like Gecko) Chrome/151.0.7922.137 Mobile Safari/537.36 (compatible; Googlebot/2.1; +http://www.google.com/bot.html)"
192.178.6.35 - - [25/Aug/2026:15:48:44 +0000] "GET /prizes/291953175/ HTTP/2.0" 500 0 "-" "Mozilla/5.0 (Linux; Android 6.0.1; Nexus 5X Build/MMB29P) AppleWebKit/537.36 (KHTML, like Gecko) Chrome/151.0.7922.137 Mobile Safari/537.36 (compatible; Googlebot/2.1; +http://www.google.com/bot.html)"
192.178.6.37 - - [25/Aug/2026:15:48:45 +0000] "GET /?x=1939375424 HTTP/2.0" 500 0 "-" "Mozilla/5.0 (Linux; Android 6.0.1; Nexus 5X Build/MMB29P) AppleWebKit/537.36 (KHTML, like Gecko) Chrome/151.0.7922.137 Mobile Safari/537.36 (compatible; Googlebot/2.1; +http://www.google.com/bot.html)"
66.249.69.66 - - [25/Aug/2026:15:48:45 +0000] "GET /products.php?q=9372051759 HTTP/2.0" 500 0 "-" "Mozilla/5.0 (Linux; Android 6.0.1; Nexus 5X Build/MMB29P) AppleWebKit/537.36 (KHTML, like Gecko) Chrome/151.0.7922.137 Mobile Safari/537.36 (compatible; Googlebot/2.1; +http://www.google.com/bot.html)"
74.7.227.54 - - [25/Aug/2026:15:48:58 +0000] "GET /buy.php?goods/237045493 HTTP/2.0" 500 0 "https://bioredlite.com/buy.php?detail/23704766080339" "Mozilla/5.0 AppleWebKit/537.36 (KHTML, like Gecko; compatible; GPTBot/1.4; +https://openai.com/gptbot)"
74.7.227.54 - - [25/Aug/2026:15:49:20 +0000] "GET /buy.php?goods/265036470 HTTP/2.0" 500 0 "https://bioredlite.com/buy.php?detail/07100989805812" "Mozilla/5.0 AppleWebKit/537.36 (KHTML, like Gecko; compatible; GPTBot/1.4; +https://openai.com/gptbot)"
74.7.227.54 - - [25/Aug/2026:15:49:41 +0000] "GET /buy.php?goods/158020617 HTTP/2.0" 500 0 "https://bioredlite.com/buy.php?detail/15802801615372" "Mozilla/5.0 AppleWebKit/537.36 (KHTML, like Gecko; compatible; GPTBot/1.4; +https://openai.com/gptbot)"
2a03:2880:f806:16:: - - [25/Aug/2026:15:49:50 +0000] "GET / HTTP/2.0" 500 0 "-" "facebookexternalhit/1.1 (+http://www.facebook.com/externalhit_uatext.php)"
74.7.227.54 - - [25/Aug/2026:15:50:02 +0000] "GET /buy.php?goods/089027193 HTTP/2.0" 500 0 "https://bioredlite.com/buy.php?detail/24201672856471" "Mozilla/5.0 AppleWebKit/537.36 (KHTML, like Gecko; compatible; GPTBot/1.4; +https://openai.com/gptbot)"
66.249.69.65 - - [25/Aug/2026:15:50:17 +0000] "GET /detail.php?q=43592252343 HTTP/2.0" 500 0 "-" "Mozilla/5.0 (Linux; Android 6.0.1; Nexus 5X Build/MMB29P) AppleWebKit/537.36 (KHTML, like Gecko) Chrome/151.0.7922.137 Mobile Safari/537.36 (compatible; Googlebot/2.1; +http://www.google.com/bot.html)"
74.7.227.54 - - [25/Aug/2026:15:50:24 +0000] "GET /buy.php?goods/202017954 HTTP/2.0" 500 0 "https://bioredlite.com/buy.php?detail/20203926350290" "Mozilla/5.0 AppleWebKit/537.36 (KHTML, like Gecko; compatible; GPTBot/1.4; +https://openai.com/gptbot)"
74.7.227.54 - - [25/Aug/2026:15:50:45 +0000] "GET /buy.php?goods/258004923 HTTP/2.0" 500 0 "https://bioredlite.com/buy.php?detail/25800200695509" "Mozilla/5.0 AppleWebKit/537.36 (KHTML, like Gecko; compatible; GPTBot/1.4; +https://openai.com/gptbot)"
66.249.69.66 - - [25/Aug/2026:15:50:47 +0000] "GET /detail.php?n=83577264052 HTTP/2.0" 500 0 "-" "Mozilla/5.0 (Linux; Android 6.0.1; Nexus 5X Build/MMB29P) AppleWebKit/537.36 (KHTML, like Gecko) Chrome/151.0.7922.137 Mobile Safari/537.36 (compatible; Googlebot/2.1; +http://www.google.com/bot.html)"
74.7.227.54 - - [25/Aug/2026:15:51:05 +0000] "GET /buy.php?goods/076043689 HTTP/2.0" 500 0 "https://bioredlite.com/buy.php?detail/07604361535835" "Mozilla/5.0 AppleWebKit/537.36 (KHTML, like Gecko; compatible; GPTBot/1.4; +https://openai.com/gptbot)"
74.7.227.54 - - [25/Aug/2026:15:51:26 +0000] "GET /buy.php?goods/230017156 HTTP/2.0" 500 0 "https://bioredlite.com/buy.php?detail/22900325259343" "Mozilla/5.0 AppleWebKit/537.36 (KHTML, like Gecko; compatible; GPTBot/1.4; +https://openai.com/gptbot)"
2a03:2880:f806:22:: - - [25/Aug/2026:15:51:43 +0000] "GET /products.php?f=54241215491 HTTP/2.0" 500 0 "-" "Mozilla/5.0 (Macintosh; Intel Mac OS X 10_15_7) AppleWebKit/537.36 (KHTML, like Gecko) Chrome/145.0.0.0 Safari/537.36 (compatible; meta-externalagent/1.1 (+https://developers.facebook.com/docs/sharing/webmasters/crawler))"
74.7.227.54 - - [25/Aug/2026:15:51:46 +0000] "GET /buy.php?goods/013046751 HTTP/2.0" 500 0 "https://bioredlite.com/buy.php?detail/10502641469250" "Mozilla/5.0 AppleWebKit/537.36 (KHTML, like Gecko; compatible; GPTBot/1.4; +https://openai.com/gptbot)"
66.249.69.65 - - [25/Aug/2026:15:51:48 +0000] "GET /detail.php?q=4359248199 HTTP/2.0" 500 0 "-" "Mozilla/5.0 (Linux; Android 6.0.1; Nexus 5X Build/MMB29P) AppleWebKit/537.36 (KHTML, like Gecko) Chrome/151.0.7922.137 Mobile Safari/537.36 (compatible; Googlebot/2.1; +http://www.google.com/bot.html)"
66.249.69.65 - - [25/Aug/2026:15:51:48 +0000] "GET /detail.php?q=4359266373 HTTP/2.0" 500 0 "-" "Mozilla/5.0 (Linux; Android 6.0.1; Nexus 5X Build/MMB29P) AppleWebKit/537.36 (KHTML, like Gecko) Chrome/151.0.7922.137 Mobile Safari/537.36 (compatible; Googlebot/2.1; +http://www.google.com/bot.html)"
74.7.227.54 - - [25/Aug/2026:15:52:06 +0000] "GET /buy.php?goods/267005248 HTTP/2.0" 500 0 "https://bioredlite.com/buy.php?detail/26700525506062" "Mozilla/5.0 AppleWebKit/537.36 (KHTML, like Gecko; compatible; GPTBot/1.4; +https://openai.com/gptbot)"
66.249.69.65 - - [25/Aug/2026:15:52:18 +0000] "GET /detail.php?p=39743265078 HTTP/2.0" 500 0 "-" "Mozilla/5.0 (Linux; Android 6.0.1; Nexus 5X Build/MMB29P) AppleWebKit/537.36 (KHTML, like Gecko) Chrome/151.0.7922.137 Mobile Safari/537.36 (compatible; Googlebot/2.1; +http://www.google.com/bot.html)"
192.178.6.34 - - [25/Aug/2026:15:52:19 +0000] "GET /?c=77456212758 HTTP/2.0" 500 0 "-" "Mozilla/5.0 (Linux; Android 6.0.1; Nexus 5X Build/MMB29P) AppleWebKit/537.36 (KHTML, like Gecko) Chrome/151.0.7922.137 Mobile Safari/537.36 (compatible; Googlebot/2.1; +http://www.google.com/bot.html)"
74.7.227.54 - - [25/Aug/2026:15:52:28 +0000] "GET /buy.php?goods/136041228 HTTP/2.0" 500 0 "https://bioredlite.com/buy.php?detail/13604122823710" "Mozilla/5.0 AppleWebKit/537.36 (KHTML, like Gecko; compatible; GPTBot/1.4; +https://openai.com/gptbot)"
2a03:2880:f806:2e:: - - [25/Aug/2026:15:52:37 +0000] "GET /products.php?y=1115224131 HTTP/2.0" 500 0 "-" "Mozilla/5.0 (Macintosh; Intel Mac OS X 10_15_7) AppleWebKit/537.36 (KHTML, like Gecko) Chrome/145.0.0.0 Safari/537.36 (compatible; meta-externalagent/1.1 (+https://developers.facebook.com/docs/sharing/webmasters/crawler))"
74.7.227.54 - - [25/Aug/2026:15:52:48 +0000] "GET /buy.php?goods/075019946 HTTP/2.0" 500 0 "https://bioredlite.com/buy.php?ranking/emerging/p8f212rvnrt_513.phtml" "Mozilla/5.0 AppleWebKit/537.36 (KHTML, like Gecko; compatible; GPTBot/1.4; +https://openai.com/gptbot)"
66.249.69.66 - - [25/Aug/2026:15:52:49 +0000] "GET /detail.php?v=81245119557 HTTP/2.0" 500 0 "-" "Mozilla/5.0 (Linux; Android 6.0.1; Nexus 5X Build/MMB29P) AppleWebKit/537.36 (KHTML, like Gecko) Chrome/151.0.7922.137 Mobile Safari/537.36 (compatible; Googlebot/2.1; +http://www.google.com/bot.html)"
2a03:2880:f816:4:: - - [25/Aug/2026:15:52:54 +0000] "GET / HTTP/2.0" 500 0 "-" "facebookexternalhit/1.1 (+http://www.facebook.com/externalhit_uatext.php)"
74.7.227.54 - - [25/Aug/2026:15:53:10 +0000] "GET /buy.php?goods/158021978 HTTP/2.0" 500 0 "https://bioredlite.com/buy.php?detail/21901527823109" "Mozilla/5.0 AppleWebKit/537.36 (KHTML, like Gecko; compatible; GPTBot/1.4; +https://openai.com/gptbot)"
2a03:2880:f806:e:: - - [25/Aug/2026:15:53:15 +0000] "GET /products.php?s=11328266730 HTTP/2.0" 500 0 "-" "Mozilla/5.0 (Macintosh; Intel Mac OS X 10_15_7) AppleWebKit/537.36 (KHTML, like Gecko) Chrome/145.0.0.0 Safari/537.36 (compatible; meta-externalagent/1.1 (+https://developers.facebook.com/docs/sharing/webmasters/crawler))"
66.249.69.67 - - [25/Aug/2026:15:53:20 +0000] "GET /detail.php?b=25169141628 HTTP/2.0" 500 0 "-" "Mozilla/5.0 (Linux; Android 6.0.1; Nexus 5X Build/MMB29P) AppleWebKit/537.36 (KHTML, like Gecko) Chrome/151.0.7922.137 Mobile Safari/537.36 (compatible; Googlebot/2.1; +http://www.google.com/bot.html)"
74.7.227.54 - - [25/Aug/2026:15:53:30 +0000] "GET /buy.php?goods/164010273 HTTP/2.0" 500 0 "https://bioredlite.com/buy.php?detail/14703499379074" "Mozilla/5.0 AppleWebKit/537.36 (KHTML, like Gecko; compatible; GPTBot/1.4; +https://openai.com/gptbot)"
66.249.69.65 - - [25/Aug/2026:15:53:50 +0000] "GET /products.php?e=3539047775 HTTP/2.0" 500 0 "-" "Mozilla/5.0 (Linux; Android 6.0.1; Nexus 5X Build/MMB29P) AppleWebKit/537.36 (KHTML, like Gecko) Chrome/151.0.7922.137 Mobile Safari/537.36 (compatible; Googlebot/2.1; +http://www.google.com/bot.html)"
74.7.227.54 - - [25/Aug/2026:15:53:50 +0000] "GET /buy.php?goods/221038971 HTTP/2.0" 500 0 "https://bioredlite.com/buy.php?detail/22104448497873" "Mozilla/5.0 AppleWebKit/537.36 (KHTML, like Gecko; compatible; GPTBot/1.4; +https://openai.com/gptbot)"
66.249.69.65 - - [25/Aug/2026:15:53:51 +0000] "GET /products.php?s=7534048691 HTTP/2.0" 500 0 "-" "Mozilla/5.0 (Linux; Android 6.0.1; Nexus 5X Build/MMB29P) AppleWebKit/537.36 (KHTML, like Gecko) Chrome/151.0.7922.137 Mobile Safari/537.36 (compatible; Googlebot/2.1; +http://www.google.com/bot.html)"
74.7.227.54 - - [25/Aug/2026:15:54:11 +0000] "GET /buy.php?goods/259046169 HTTP/2.0" 500 0 "https://bioredlite.com/buy.php?detail/22604568492790" "Mozilla/5.0 AppleWebKit/537.36 (KHTML, like Gecko; compatible; GPTBot/1.4; +https://openai.com/gptbot)"
2a03:2880:f806:24:: - - [25/Aug/2026:15:54:20 +0000] "GET /products.php?y=11152291615 HTTP/2.0" 500 0 "-" "Mozilla/5.0 (Windows NT 10.0; Win64; x64) AppleWebKit/537.36 (KHTML, like Gecko) Chrome/145.0.0.0 Safari/537.36 (compatible; meta-externalagent/1.1 (+https://developers.facebook.com/docs/sharing/webmasters/crawler))"
74.7.227.54 - - [25/Aug/2026:15:54:33 +0000] "GET /buy.php?goods/198035618 HTTP/2.0" 500 0 "https://bioredlite.com/buy.php?detail/10403864740786" "Mozilla/5.0 AppleWebKit/537.36 (KHTML, like Gecko; compatible; GPTBot/1.4; +https://openai.com/gptbot)"
66.249.69.65 - - [25/Aug/2026:15:54:51 +0000] "GET /products.php?s=11328218942 HTTP/2.0" 500 0 "-" "Mozilla/5.0 (Linux; Android 6.0.1; Nexus 5X Build/MMB29P) AppleWebKit/537.36 (KHTML, like Gecko) Chrome/151.0.7922.137 Mobile Safari/537.36 (compatible; Googlebot/2.1; +http://www.google.com/bot.html)"
74.7.227.54 - - [25/Aug/2026:15:54:53 +0000] "GET /buy.php?goods/055026943 HTTP/2.0" 500 0 "https://bioredlite.com/buy.php?detail/05502718205967" "Mozilla/5.0 AppleWebKit/537.36 (KHTML, like Gecko; compatible; GPTBot/1.4; +https://openai.com/gptbot)"
74.7.227.54 - - [25/Aug/2026:15:55:13 +0000] "GET /buy.php?goods/044023698 HTTP/2.0" 500 0 "https://bioredlite.com/buy.php?jp/166039426.html" "Mozilla/5.0 AppleWebKit/537.36 (KHTML, like Gecko; compatible; GPTBot/1.4; +https://openai.com/gptbot)"
74.7.227.54 - - [25/Aug/2026:15:55:34 +0000] "GET /buy.php?goods/235039406 HTTP/2.0" 500 0 "https://bioredlite.com/buy.php?detail/23503940610099" "Mozilla/5.0 AppleWebKit/537.36 (KHTML, like Gecko; compatible; GPTBot/1.4; +https://openai.com/gptbot)"
66.249.69.64 - - [25/Aug/2026:15:55:52 +0000] "GET /detail.php?n=83577172617 HTTP/2.0" 500 0 "-" "Mozilla/5.0 (Linux; Android 6.0.1; Nexus 5X Build/MMB29P) AppleWebKit/537.36 (KHTML, like Gecko) Chrome/151.0.7922.137 Mobile Safari/537.36 (compatible; Googlebot/2.1; +http://www.google.com/bot.html)"
74.7.227.54 - - [25/Aug/2026:15:55:55 +0000] "GET /buy.php?goods/166035242 HTTP/2.0" 500 0 "https://bioredlite.com/buy.php?detail/18500169398867" "Mozilla/5.0 AppleWebKit/537.36 (KHTML, like Gecko; compatible; GPTBot/1.4; +https://openai.com/gptbot)"
2a03:2880:f812:38:: - - [25/Aug/2026:15:55:57 +0000] "GET / HTTP/2.0" 500 0 "-" "facebookexternalhit/1.1 (+http://www.facebook.com/externalhit_uatext.php)"
74.7.227.54 - - [25/Aug/2026:15:56:15 +0000] "GET /buy.php?goods/124005587 HTTP/2.0" 500 0 "https://bioredlite.com/buy.php?detail/12400635336968" "Mozilla/5.0 AppleWebKit/537.36 (KHTML, like Gecko; compatible; GPTBot/1.4; +https://openai.com/gptbot)"
74.7.227.54 - - [25/Aug/2026:15:56:37 +0000] "GET /buy.php?goods/189016747 HTTP/2.0" 500 0 "https://bioredlite.com/buy.php?jp/087036485.html" "Mozilla/5.0 AppleWebKit/537.36 (KHTML, like Gecko; compatible; GPTBot/1.4; +https://openai.com/gptbot)"
101.99.88.90 - - [25/Aug/2026:15:56:44 +0000] "GET / HTTP/2.0" 500 0 "-" "Mozilla/5.0 (compatible; Googlebot/2.1; +http://www.google.com/bot.html)"
66.249.69.64 - - [25/Aug/2026:15:56:52 +0000] "GET /detail.php?q=4359219003 HTTP/2.0" 500 0 "-" "Mozilla/5.0 (Linux; Android 6.0.1; Nexus 5X Build/MMB29P) AppleWebKit/537.36 (KHTML, like Gecko) Chrome/151.0.7922.137 Mobile Safari/537.36 (compatible; Googlebot/2.1; +http://www.google.com/bot.html)"
192.178.6.33 - - [25/Aug/2026:15:56:53 +0000] "GET /prizes/56786115 HTTP/2.0" 500 0 "-" "Mozilla/5.0 (Linux; Android 6.0.1; Nexus 5X Build/MMB29P) AppleWebKit/537.36 (KHTML, like Gecko) Chrome/151.0.7922.137 Mobile Safari/537.36 (compatible; Googlebot/2.1; +http://www.google.com/bot.html)"
