66.249.69.65 - - [25/Aug/2026:13:18:40 +0000] "GET /products.php?l=3677569518 HTTP/2.0" 500 0 "-" "Mozilla/5.0 (Linux; Android 6.0.1; Nexus 5X Build/MMB29P) AppleWebKit/537.36 (KHTML, like Gecko) Chrome/151.0.7922.137 Mobile Safari/537.36 (compatible; Googlebot/2.1; +http://www.google.com/bot.html)"
66.249.69.65 - - [25/Aug/2026:13:18:46 +0000] "GET /products.php?s=11328198219 HTTP/2.0" 500 0 "-" "Mozilla/5.0 (Linux; Android 6.0.1; Nexus 5X Build/MMB29P) AppleWebKit/537.36 (KHTML, like Gecko) Chrome/151.0.7922.137 Mobile Safari/537.36 (compatible; Googlebot/2.1; +http://www.google.com/bot.html)"
66.249.69.65 - - [25/Aug/2026:13:18:57 +0000] "GET /products.php?f=54241110455 HTTP/2.0" 500 0 "-" "Mozilla/5.0 (Linux; Android 6.0.1; Nexus 5X Build/MMB29P) AppleWebKit/537.36 (KHTML, like Gecko) Chrome/151.0.7922.137 Mobile Safari/537.36 (compatible; Googlebot/2.1; +http://www.google.com/bot.html)"
74.7.227.54 - - [25/Aug/2026:13:19:00 +0000] "GET /buy.php?ranking/mystery/oue8waktujy0fpp_529.phtml HTTP/2.0" 500 0 "https://bioredlite.com/buy.php?ranking/consequently/oue8waktujy0fpp_529.phtml" "Mozilla/5.0 AppleWebKit/537.36 (KHTML, like Gecko; compatible; GPTBot/1.4; +https://openai.com/gptbot)"
66.249.69.66 - - [25/Aug/2026:13:19:15 +0000] "GET /products.php?f=5424169136 HTTP/2.0" 500 0 "-" "Mozilla/5.0 (Linux; Android 6.0.1; Nexus 5X Build/MMB29P) AppleWebKit/537.36 (KHTML, like Gecko) Chrome/151.0.7922.137 Mobile Safari/537.36 (compatible; Googlebot/2.1; +http://www.google.com/bot.html)"
74.7.227.54 - - [25/Aug/2026:13:19:21 +0000] "GET /buy.php?ranking/whom/wnbzda8hoxpbreyng_4571.phtml HTTP/2.0" 500 0 "https://bioredlite.com/buy.php?ranking/uncertainty/jiwoxr8vrttrdnxigmy_4545.phtml" "Mozilla/5.0 AppleWebKit/537.36 (KHTML, like Gecko; compatible; GPTBot/1.4; +https://openai.com/gptbot)"
66.249.69.66 - - [25/Aug/2026:13:19:32 +0000] "GET /products.php?q=93720238335 HTTP/2.0" 500 0 "-" "Mozilla/5.0 (Linux; Android 6.0.1; Nexus 5X Build/MMB29P) AppleWebKit/537.36 (KHTML, like Gecko) Chrome/151.0.7922.137 Mobile Safari/537.36 (compatible; Googlebot/2.1; +http://www.google.com/bot.html)"
74.7.227.54 - - [25/Aug/2026:13:19:42 +0000] "GET /buy.php?ranking/agriculture/dq8ojwl0bdw_155.phtml HTTP/2.0" 500 0 "https://bioredlite.com/buy.php?ranking/side/arxxj8uww7hd6x3v_241.phtml" "Mozilla/5.0 AppleWebKit/537.36 (KHTML, like Gecko; compatible; GPTBot/1.4; +https://openai.com/gptbot)"
66.249.69.65 - - [25/Aug/2026:13:19:43 +0000] "GET /products.php?l=3677540498 HTTP/2.0" 500 0 "-" "Mozilla/5.0 (Linux; Android 6.0.1; Nexus 5X Build/MMB29P) AppleWebKit/537.36 (KHTML, like Gecko) Chrome/151.0.7922.137 Mobile Safari/537.36 (compatible; Googlebot/2.1; +http://www.google.com/bot.html)"
66.249.69.65 - - [25/Aug/2026:13:19:45 +0000] "GET /products.php?q=16786218057 HTTP/2.0" 500 0 "-" "Mozilla/5.0 (Linux; Android 6.0.1; Nexus 5X Build/MMB29P) AppleWebKit/537.36 (KHTML, like Gecko) Chrome/151.0.7922.137 Mobile Safari/537.36 (compatible; Googlebot/2.1; +http://www.google.com/bot.html)"
66.249.69.65 - - [25/Aug/2026:13:19:50 +0000] "GET /products.php?q=9372047320 HTTP/2.0" 500 0 "-" "Mozilla/5.0 (Linux; Android 6.0.1; Nexus 5X Build/MMB29P) AppleWebKit/537.36 (KHTML, like Gecko) Chrome/151.0.7922.137 Mobile Safari/537.36 (compatible; Googlebot/2.1; +http://www.google.com/bot.html)"
74.7.227.54 - - [25/Aug/2026:13:20:03 +0000] "GET /buy.php?ranking/immigration/dq8ojwl0bdw_155.phtml HTTP/2.0" 500 0 "https://bioredlite.com/buy.php?ranking/literary/rylstf8wjq2miibw_4551.phtml" "Mozilla/5.0 AppleWebKit/537.36 (KHTML, like Gecko; compatible; GPTBot/1.4; +https://openai.com/gptbot)"
66.249.69.65 - - [25/Aug/2026:13:20:21 +0000] "GET /products.php?s=75340117927 HTTP/2.0" 500 0 "-" "Mozilla/5.0 (Linux; Android 6.0.1; Nexus 5X Build/MMB29P) AppleWebKit/537.36 (KHTML, like Gecko) Chrome/151.0.7922.137 Mobile Safari/537.36 (compatible; Googlebot/2.1; +http://www.google.com/bot.html)"
74.7.227.54 - - [25/Aug/2026:13:20:23 +0000] "GET /buy.php?ranking/scholar/vzob8lamr2byimy_117.phtml HTTP/2.0" 500 0 "https://bioredlite.com/buy.php?ranking/lawsuit/jiwoxr8vrttrdnxigmy_4545.phtml" "Mozilla/5.0 AppleWebKit/537.36 (KHTML, like Gecko; compatible; GPTBot/1.4; +https://openai.com/gptbot)"
66.249.69.66 - - [25/Aug/2026:13:20:44 +0000] "GET /products.php?s=11328218880 HTTP/2.0" 500 0 "-" "Mozilla/5.0 (Linux; Android 6.0.1; Nexus 5X Build/MMB29P) AppleWebKit/537.36 (KHTML, like Gecko) Chrome/151.0.7922.137 Mobile Safari/537.36 (compatible; Googlebot/2.1; +http://www.google.com/bot.html)"
74.7.227.54 - - [25/Aug/2026:13:20:44 +0000] "GET /buy.php?ranking/that/cvqy8fxkvvbkrescp_4583.phtml HTTP/2.0" 500 0 "https://bioredlite.com/buy.php?ranking/disagree/cvqy8fxkvvbkrescp_4583.phtml" "Mozilla/5.0 AppleWebKit/537.36 (KHTML, like Gecko; compatible; GPTBot/1.4; +https://openai.com/gptbot)"
66.249.69.65 - - [25/Aug/2026:13:20:52 +0000] "GET /detail.php?t=93567208202 HTTP/2.0" 500 0 "-" "Mozilla/5.0 (Linux; Android 6.0.1; Nexus 5X Build/MMB29P) AppleWebKit/537.36 (KHTML, like Gecko) Chrome/151.0.7922.137 Mobile Safari/537.36 (compatible; Googlebot/2.1; +http://www.google.com/bot.html)"
74.7.227.54 - - [25/Aug/2026:13:21:06 +0000] "GET /buy.php?ranking/command/oue8waktujy0fpp_529.phtml HTTP/2.0" 500 0 "https://bioredlite.com/buy.php?ranking/assumption/hhspio8gsqdtpa9ie_535.phtml" "Mozilla/5.0 AppleWebKit/537.36 (KHTML, like Gecko; compatible; GPTBot/1.4; +https://openai.com/gptbot)"
66.249.69.65 - - [25/Aug/2026:13:21:07 +0000] "GET /products.php?s=11328263615 HTTP/2.0" 500 0 "-" "Mozilla/5.0 (Linux; Android 6.0.1; Nexus 5X Build/MMB29P) AppleWebKit/537.36 (KHTML, like Gecko) Chrome/151.0.7922.137 Mobile Safari/537.36 (compatible; Googlebot/2.1; +http://www.google.com/bot.html)"
2a03:2880:f806:41:: - - [25/Aug/2026:13:21:10 +0000] "GET /products.php?e=3539016391 HTTP/2.0" 500 0 "-" "Mozilla/5.0 (X11; Linux x86_64) AppleWebKit/537.36 (KHTML, like Gecko) Chrome/145.0.0.0 Safari/537.36 (compatible; meta-externalagent/1.1 (+https://developers.facebook.com/docs/sharing/webmasters/crawler))"
74.7.227.54 - - [25/Aug/2026:13:21:26 +0000] "GET /buy.php?ranking/fortune/vzob8lamr2byimy_117.phtml HTTP/2.0" 500 0 "https://bioredlite.com/buy.php?ranking/generation/gczqmf8cpylkqqg8yip_211.phtml" "Mozilla/5.0 AppleWebKit/537.36 (KHTML, like Gecko; compatible; GPTBot/1.4; +https://openai.com/gptbot)"
66.249.69.65 - - [25/Aug/2026:13:21:43 +0000] "GET /products.php?s=7534017134 HTTP/2.0" 500 0 "-" "Mozilla/5.0 (Linux; Android 6.0.1; Nexus 5X Build/MMB29P) AppleWebKit/537.36 (KHTML, like Gecko) Chrome/151.0.7922.137 Mobile Safari/537.36 (compatible; Googlebot/2.1; +http://www.google.com/bot.html)"
74.7.227.54 - - [25/Aug/2026:13:21:48 +0000] "GET /buy.php?ranking/restriction/dq8ojwl0bdw_155.phtml HTTP/2.0" 500 0 "https://bioredlite.com/buy.php?ranking/tourist/jiwoxr8vrttrdnxigmy_4545.phtml" "Mozilla/5.0 AppleWebKit/537.36 (KHTML, like Gecko; compatible; GPTBot/1.4; +https://openai.com/gptbot)"
66.249.69.65 - - [25/Aug/2026:13:21:52 +0000] "GET /products.php?y=11152115525 HTTP/2.0" 500 0 "-" "Mozilla/5.0 (Linux; Android 6.0.1; Nexus 5X Build/MMB29P) AppleWebKit/537.36 (KHTML, like Gecko) Chrome/151.0.7922.137 Mobile Safari/537.36 (compatible; Googlebot/2.1; +http://www.google.com/bot.html)"
66.249.69.65 - - [25/Aug/2026:13:22:01 +0000] "GET /products.php?z=8426552770 HTTP/2.0" 500 0 "-" "Mozilla/5.0 (Linux; Android 6.0.1; Nexus 5X Build/MMB29P) AppleWebKit/537.36 (KHTML, like Gecko) Chrome/151.0.7922.137 Mobile Safari/537.36 (compatible; Googlebot/2.1; +http://www.google.com/bot.html)"
2602:80d:1008::93 - - [25/Aug/2026:13:22:02 +0000] "GET / HTTP/2.0" 500 0 "-" "Mozilla/5.0 (compatible; CensysInspect/1.1; +https://about.censys.io/)"
74.7.227.54 - - [25/Aug/2026:13:22:08 +0000] "GET /buy.php?ranking/specify/epj8enmivyfijh_1835.phtml HTTP/2.0" 500 0 "https://bioredlite.com/buy.php?ranking/suppose/j8atdtc21bj_473.phtml" "Mozilla/5.0 AppleWebKit/537.36 (KHTML, like Gecko; compatible; GPTBot/1.4; +https://openai.com/gptbot)"
66.249.69.71 - - [25/Aug/2026:13:22:10 +0000] "GET /products.php?l=3677526885 HTTP/2.0" 500 0 "-" "Mozilla/5.0 (Linux; Android 6.0.1; Nexus 5X Build/MMB29P) AppleWebKit/537.36 (KHTML, like Gecko) Chrome/151.0.7922.137 Mobile Safari/537.36 (compatible; Googlebot/2.1; +http://www.google.com/bot.html)"
74.7.227.54 - - [25/Aug/2026:13:22:29 +0000] "GET /buy.php?ranking/metaphor/wxbj8viqxavkb_1885.phtml HTTP/2.0" 500 0 "https://bioredlite.com/buy.php?ranking/agriculture/qkjfzq8uyhwd2hgrp_1135.phtml" "Mozilla/5.0 AppleWebKit/537.36 (KHTML, like Gecko; compatible; GPTBot/1.4; +https://openai.com/gptbot)"
192.178.6.33 - - [25/Aug/2026:13:22:33 +0000] "GET /?x=16715192363 HTTP/2.0" 500 0 "-" "Mozilla/5.0 (Linux; Android 6.0.1; Nexus 5X Build/MMB29P) AppleWebKit/537.36 (KHTML, like Gecko) Chrome/151.0.7922.137 Mobile Safari/537.36 (compatible; Googlebot/2.1; +http://www.google.com/bot.html)"
66.249.69.70 - - [25/Aug/2026:13:22:35 +0000] "GET /products.php?e=35390216433 HTTP/2.0" 500 0 "-" "Mozilla/5.0 (Linux; Android 6.0.1; Nexus 5X Build/MMB29P) AppleWebKit/537.36 (KHTML, like Gecko) Chrome/151.0.7922.137 Mobile Safari/537.36 (compatible; Googlebot/2.1; +http://www.google.com/bot.html)"
66.249.69.70 - - [25/Aug/2026:13:22:42 +0000] "GET /products.php?s=11328175534 HTTP/2.0" 500 0 "-" "Mozilla/5.0 (Linux; Android 6.0.1; Nexus 5X Build/MMB29P) AppleWebKit/537.36 (KHTML, like Gecko) Chrome/151.0.7922.137 Mobile Safari/537.36 (compatible; Googlebot/2.1; +http://www.google.com/bot.html)"
66.249.69.70 - - [25/Aug/2026:13:22:51 +0000] "GET /products.php?s=11328128131 HTTP/2.0" 500 0 "-" "Mozilla/5.0 (Linux; Android 6.0.1; Nexus 5X Build/MMB29P) AppleWebKit/537.36 (KHTML, like Gecko) Chrome/151.0.7922.137 Mobile Safari/537.36 (compatible; Googlebot/2.1; +http://www.google.com/bot.html)"
74.7.227.54 - - [25/Aug/2026:13:22:51 +0000] "GET /buy.php?ranking/price/hnfwto13usk3osemvt_32.phtml HTTP/2.0" 500 0 "https://bioredlite.com/buy.php?ranking/educational/hnfwto13usk3osemvt_32.phtml" "Mozilla/5.0 AppleWebKit/537.36 (KHTML, like Gecko; compatible; GPTBot/1.4; +https://openai.com/gptbot)"
74.7.227.54 - - [25/Aug/2026:13:23:13 +0000] "GET /buy.php?ranking/globe/gfagv8relrizkzno_1865.phtml HTTP/2.0" 500 0 "https://bioredlite.com/buy.php?ranking/hope/jiwoxr8vrttrdnxigmy_4545.phtml" "Mozilla/5.0 AppleWebKit/537.36 (KHTML, like Gecko; compatible; GPTBot/1.4; +https://openai.com/gptbot)"
192.178.6.32 - - [25/Aug/2026:13:23:17 +0000] "GET /?x=19393264828 HTTP/2.0" 500 0 "-" "Mozilla/5.0 (Linux; Android 6.0.1; Nexus 5X Build/MMB29P) AppleWebKit/537.36 (KHTML, like Gecko) Chrome/151.0.7922.137 Mobile Safari/537.36 (compatible; Googlebot/2.1; +http://www.google.com/bot.html)"
66.249.69.70 - - [25/Aug/2026:13:23:33 +0000] "GET /products.php?f=54241249798 HTTP/2.0" 500 0 "-" "Mozilla/5.0 (Linux; Android 6.0.1; Nexus 5X Build/MMB29P) AppleWebKit/537.36 (KHTML, like Gecko) Chrome/151.0.7922.137 Mobile Safari/537.36 (compatible; Googlebot/2.1; +http://www.google.com/bot.html)"
74.7.227.54 - - [25/Aug/2026:13:23:34 +0000] "GET /buy.php?ranking/between/wxjb79lwcldazkz_952.phtml HTTP/2.0" 500 0 "https://bioredlite.com/buy.php?ranking/accessible/ircma79khvgerysre_674.phtml" "Mozilla/5.0 AppleWebKit/537.36 (KHTML, like Gecko; compatible; GPTBot/1.4; +https://openai.com/gptbot)"
40.77.167.241 - - [25/Aug/2026:13:23:53 +0000] "GET /2024/11/holland-united-kingdom-blackjack-rules/ HTTP/2.0" 500 0 "-" "Mozilla/5.0 AppleWebKit/537.36 (KHTML, like Gecko; compatible; bingbot/2.0; +http://www.bing.com/bingbot.htm) Chrome/116.0.1938.76 Safari/537.36"
74.7.227.54 - - [25/Aug/2026:13:23:55 +0000] "GET /buy.php?ranking/offense/r8ixnmmuzengxa_1877.phtml HTTP/2.0" 500 0 "https://bioredlite.com/buy.php?ranking/pull/eqhsad8wzahtv2dwtju3_385.phtml" "Mozilla/5.0 AppleWebKit/537.36 (KHTML, like Gecko; compatible; GPTBot/1.4; +https://openai.com/gptbot)"
66.249.69.70 - - [25/Aug/2026:13:23:55 +0000] "GET /products.php?z=84265312 HTTP/2.0" 500 0 "-" "Mozilla/5.0 (Linux; Android 6.0.1; Nexus 5X Build/MMB29P) AppleWebKit/537.36 (KHTML, like Gecko) Chrome/151.0.7922.137 Mobile Safari/537.36 (compatible; Googlebot/2.1; +http://www.google.com/bot.html)"
74.7.227.54 - - [25/Aug/2026:13:24:16 +0000] "GET /buy.php?ranking/bridge/hpml8dixybyvco0r_459.phtml HTTP/2.0" 500 0 "https://bioredlite.com/buy.php?ranking/convenience/hpml8dixybyvco0r_459.phtml" "Mozilla/5.0 AppleWebKit/537.36 (KHTML, like Gecko; compatible; GPTBot/1.4; +https://openai.com/gptbot)"
66.249.69.64 - - [25/Aug/2026:13:24:18 +0000] "GET /products.php?e=3539016893 HTTP/2.0" 500 0 "-" "Mozilla/5.0 (Linux; Android 6.0.1; Nexus 5X Build/MMB29P) AppleWebKit/537.36 (KHTML, like Gecko) Chrome/151.0.7922.137 Mobile Safari/537.36 (compatible; Googlebot/2.1; +http://www.google.com/bot.html)"
74.7.227.54 - - [25/Aug/2026:13:24:37 +0000] "GET /buy.php?ranking/grief/hhspio8gsqdtpa9ie_535.phtml HTTP/2.0" 500 0 "https://bioredlite.com/buy.php?ranking/overwhelming/hhspio8gsqdtpa9ie_535.phtml" "Mozilla/5.0 AppleWebKit/537.36 (KHTML, like Gecko; compatible; GPTBot/1.4; +https://openai.com/gptbot)"
66.249.69.71 - - [25/Aug/2026:13:24:41 +0000] "GET /products.php?y=111528886 HTTP/2.0" 500 0 "-" "Mozilla/5.0 (Linux; Android 6.0.1; Nexus 5X Build/MMB29P) AppleWebKit/537.36 (KHTML, like Gecko) Chrome/151.0.7922.137 Mobile Safari/537.36 (compatible; Googlebot/2.1; +http://www.google.com/bot.html)"
2a03:2880:f806:16:: - - [25/Aug/2026:13:24:45 +0000] "GET /products.php?s=1132812820 HTTP/2.0" 500 0 "-" "Mozilla/5.0 (X11; Linux x86_64) AppleWebKit/537.36 (KHTML, like Gecko) Chrome/145.0.0.0 Safari/537.36 (compatible; meta-externalagent/1.1 (+https://developers.facebook.com/docs/sharing/webmasters/crawler))"
66.249.69.70 - - [25/Aug/2026:13:24:50 +0000] "GET /products.php?f=54241194001 HTTP/2.0" 500 0 "-" "Mozilla/5.0 (Linux; Android 6.0.1; Nexus 5X Build/MMB29P) AppleWebKit/537.36 (KHTML, like Gecko) Chrome/151.0.7922.137 Mobile Safari/537.36 (compatible; Googlebot/2.1; +http://www.google.com/bot.html)"
74.7.227.54 - - [25/Aug/2026:13:24:58 +0000] "GET /buy.php?ranking/edit/cvqy8fxkvvbkrescp_4583.phtml HTTP/2.0" 500 0 "https://bioredlite.com/buy.php?ranking/darkness/cvqy8fxkvvbkrescp_4583.phtml" "Mozilla/5.0 AppleWebKit/537.36 (KHTML, like Gecko; compatible; GPTBot/1.4; +https://openai.com/gptbot)"
2a03:2880:f806:2d:: - - [25/Aug/2026:13:25:17 +0000] "GET /products.php?m=77128101350 HTTP/2.0" 500 0 "-" "Mozilla/5.0 (Windows NT 10.0; Win64; x64) AppleWebKit/537.36 (KHTML, like Gecko) Chrome/145.0.0.0 Safari/537.36 (compatible; meta-externalagent/1.1 (+https://developers.facebook.com/docs/sharing/webmasters/crawler))"
74.7.227.54 - - [25/Aug/2026:13:25:20 +0000] "GET /buy.php?ranking/near/mnhnw1qbq2jfxsdquz_770.phtml HTTP/2.0" 500 0 "https://bioredlite.com/buy.php?ranking/social/xxeygh1euwt3mokvmbnf_776.phtml" "Mozilla/5.0 AppleWebKit/537.36 (KHTML, like Gecko; compatible; GPTBot/1.4; +https://openai.com/gptbot)"
192.178.6.32 - - [25/Aug/2026:13:25:27 +0000] "GET /?x=1671585611 HTTP/2.0" 500 0 "-" "Mozilla/5.0 (Linux; Android 6.0.1; Nexus 5X Build/MMB29P) AppleWebKit/537.36 (KHTML, like Gecko) Chrome/151.0.7922.137 Mobile Safari/537.36 (compatible; Googlebot/2.1; +http://www.google.com/bot.html)"
66.249.69.70 - - [25/Aug/2026:13:25:29 +0000] "GET /detail.php?p=39743240479 HTTP/2.0" 500 0 "-" "Mozilla/5.0 (Linux; Android 6.0.1; Nexus 5X Build/MMB29P) AppleWebKit/537.36 (KHTML, like Gecko) Chrome/151.0.7922.137 Mobile Safari/537.36 (compatible; Googlebot/2.1; +http://www.google.com/bot.html)"
74.7.227.54 - - [25/Aug/2026:13:25:40 +0000] "GET /buy.php?ranking/deploy/hpml8dixybyvco0r_459.phtml HTTP/2.0" 500 0 "https://bioredlite.com/buy.php?ranking/immigrant/oue8waktujy0fpp_529.phtml" "Mozilla/5.0 AppleWebKit/537.36 (KHTML, like Gecko; compatible; GPTBot/1.4; +https://openai.com/gptbot)"
192.178.6.33 - - [25/Aug/2026:13:25:50 +0000] "GET /?x=95183119932 HTTP/2.0" 500 0 "-" "Mozilla/5.0 (Linux; Android 6.0.1; Nexus 5X Build/MMB29P) AppleWebKit/537.36 (KHTML, like Gecko) Chrome/151.0.7922.137 Mobile Safari/537.36 (compatible; Googlebot/2.1; +http://www.google.com/bot.html)"
66.249.69.71 - - [25/Aug/2026:13:25:58 +0000] "GET /detail.php?b=2516930927 HTTP/2.0" 500 0 "-" "Mozilla/5.0 (Linux; Android 6.0.1; Nexus 5X Build/MMB29P) AppleWebKit/537.36 (KHTML, like Gecko) Chrome/151.0.7922.137 Mobile Safari/537.36 (compatible; Googlebot/2.1; +http://www.google.com/bot.html)"
74.7.227.54 - - [25/Aug/2026:13:26:02 +0000] "GET /buy.php?ranking/descend/oue8waktujy0fpp_529.phtml HTTP/2.0" 500 0 "https://bioredlite.com/buy.php?ranking/independent/wxbj8viqxavkb_1885.phtml" "Mozilla/5.0 AppleWebKit/537.36 (KHTML, like Gecko; compatible; GPTBot/1.4; +https://openai.com/gptbot)"
74.7.227.54 - - [25/Aug/2026:13:26:23 +0000] "GET /buy.php?ranking/sink/wnbzda8hoxpbreyng_4571.phtml HTTP/2.0" 500 0 "https://bioredlite.com/buy.php?ranking/teammate/jhdmt8ygexoig1d2oc_213.phtml" "Mozilla/5.0 AppleWebKit/537.36 (KHTML, like Gecko; compatible; GPTBot/1.4; +https://openai.com/gptbot)"
66.249.69.70 - - [25/Aug/2026:13:26:41 +0000] "GET /products.php?s=1132837573 HTTP/2.0" 500 0 "-" "Mozilla/5.0 (Linux; Android 6.0.1; Nexus 5X Build/MMB29P) AppleWebKit/537.36 (KHTML, like Gecko) Chrome/151.0.7922.137 Mobile Safari/537.36 (compatible; Googlebot/2.1; +http://www.google.com/bot.html)"
74.7.227.54 - - [25/Aug/2026:13:26:45 +0000] "GET /buy.php?ranking/advocate/wxbj8viqxavkb_1885.phtml HTTP/2.0" 500 0 "https://bioredlite.com/buy.php?ranking/meaningful/wxbj8viqxavkb_1885.phtml" "Mozilla/5.0 AppleWebKit/537.36 (KHTML, like Gecko; compatible; GPTBot/1.4; +https://openai.com/gptbot)"
2a03:2880:f806:15:: - - [25/Aug/2026:13:26:52 +0000] "GET /products.php?f=5424177203 HTTP/2.0" 500 0 "-" "Mozilla/5.0 (Macintosh; Intel Mac OS X 10_15_7) AppleWebKit/537.36 (KHTML, like Gecko) Chrome/145.0.0.0 Safari/537.36 (compatible; meta-externalagent/1.1 (+https://developers.facebook.com/docs/sharing/webmasters/crawler))"
192.178.6.32 - - [25/Aug/2026:13:27:03 +0000] "GET /?x=95183242068 HTTP/2.0" 500 0 "-" "Mozilla/5.0 (Linux; Android 6.0.1; Nexus 5X Build/MMB29P) AppleWebKit/537.36 (KHTML, like Gecko) Chrome/151.0.7922.137 Mobile Safari/537.36 (compatible; Googlebot/2.1; +http://www.google.com/bot.html)"
74.7.227.54 - - [25/Aug/2026:13:27:05 +0000] "GET /buy.php?ranking/girl/wnbzda8hoxpbreyng_4571.phtml HTTP/2.0" 500 0 "https://bioredlite.com/buy.php?ranking/gathering/wnbzda8hoxpbreyng_4571.phtml" "Mozilla/5.0 AppleWebKit/537.36 (KHTML, like Gecko; compatible; GPTBot/1.4; +https://openai.com/gptbot)"
74.7.227.54 - - [25/Aug/2026:13:27:27 +0000] "GET /buy.php?ranking/ceiling/oue8waktujy0fpp_529.phtml HTTP/2.0" 500 0 "https://bioredlite.com/buy.php?ranking/conservative/vlw8fxlva3j4mwtu_1945.phtml" "Mozilla/5.0 AppleWebKit/537.36 (KHTML, like Gecko; compatible; GPTBot/1.4; +https://openai.com/gptbot)"
74.7.227.54 - - [25/Aug/2026:13:27:47 +0000] "GET /buy.php?ranking/lawsuit/cojwy6tgxpr3pu3v8_7.phtml HTTP/2.0" 500 0 "https://bioredlite.com/buy.php?ranking/hurricane/cojwy6tgxpr3pu3v8_7.phtml" "Mozilla/5.0 AppleWebKit/537.36 (KHTML, like Gecko; compatible; GPTBot/1.4; +https://openai.com/gptbot)"
192.178.6.33 - - [25/Aug/2026:13:27:53 +0000] "GET /?s=8906832404 HTTP/2.0" 500 0 "-" "Mozilla/5.0 (Linux; Android 6.0.1; Nexus 5X Build/MMB29P) AppleWebKit/537.36 (KHTML, like Gecko) Chrome/151.0.7922.137 Mobile Safari/537.36 (compatible; Googlebot/2.1; +http://www.google.com/bot.html)"
74.7.227.54 - - [25/Aug/2026:13:28:08 +0000] "GET /buy.php?ranking/mind/cvqy8fxkvvbkrescp_4583.phtml HTTP/2.0" 500 0 "https://bioredlite.com/buy.php?ranking/plastic/cvqy8fxkvvbkrescp_4583.phtml" "Mozilla/5.0 AppleWebKit/537.36 (KHTML, like Gecko; compatible; GPTBot/1.4; +https://openai.com/gptbot)"
74.7.227.54 - - [25/Aug/2026:13:28:29 +0000] "GET /buy.php?ranking/doorway/r8ixnmmuzengxa_1877.phtml HTTP/2.0" 500 0 "https://bioredlite.com/buy.php?ranking/cigarette/r8ixnmmuzengxa_1877.phtml" "Mozilla/5.0 AppleWebKit/537.36 (KHTML, like Gecko; compatible; GPTBot/1.4; +https://openai.com/gptbot)"
192.178.6.33 - - [25/Aug/2026:13:28:29 +0000] "GET /?x=9518317211 HTTP/2.0" 500 0 "-" "Mozilla/5.0 (Linux; Android 6.0.1; Nexus 5X Build/MMB29P) AppleWebKit/537.36 (KHTML, like Gecko) Chrome/151.0.7922.137 Mobile Safari/537.36 (compatible; Googlebot/2.1; +http://www.google.com/bot.html)"
192.178.6.33 - - [25/Aug/2026:13:28:39 +0000] "GET /?e=5827011310 HTTP/2.0" 500 0 "-" "Mozilla/5.0 (Linux; Android 6.0.1; Nexus 5X Build/MMB29P) AppleWebKit/537.36 (KHTML, like Gecko) Chrome/151.0.7922.137 Mobile Safari/537.36 (compatible; Googlebot/2.1; +http://www.google.com/bot.html)"
192.178.6.32 - - [25/Aug/2026:13:28:47 +0000] "GET /?x=1671516510 HTTP/2.0" 500 0 "-" "Mozilla/5.0 (Linux; Android 6.0.1; Nexus 5X Build/MMB29P) AppleWebKit/537.36 (KHTML, like Gecko) Chrome/151.0.7922.137 Mobile Safari/537.36 (compatible; Googlebot/2.1; +http://www.google.com/bot.html)"
74.7.227.54 - - [25/Aug/2026:13:28:50 +0000] "GET /buy.php?ranking/internal/judg24kgxlvdbh5_77.phtml HTTP/2.0" 500 0 "https://bioredlite.com/buy.php?ranking/official/gczqmf24cpylkqqg8yip_195.phtml" "Mozilla/5.0 AppleWebKit/537.36 (KHTML, like Gecko; compatible; GPTBot/1.4; +https://openai.com/gptbot)"
192.178.6.32 - - [25/Aug/2026:13:29:10 +0000] "GET /?c=7745691482 HTTP/2.0" 500 0 "-" "Mozilla/5.0 (Linux; Android 6.0.1; Nexus 5X Build/MMB29P) AppleWebKit/537.36 (KHTML, like Gecko) Chrome/151.0.7922.137 Mobile Safari/537.36 (compatible; Googlebot/2.1; +http://www.google.com/bot.html)"
74.7.227.54 - - [25/Aug/2026:13:29:11 +0000] "GET /buy.php?ranking/disc/wnbzda8hoxpbreyng_4571.phtml HTTP/2.0" 500 0 "https://bioredlite.com/buy.php?ranking/happiness/wnbzda8hoxpbreyng_4571.phtml" "Mozilla/5.0 AppleWebKit/537.36 (KHTML, like Gecko; compatible; GPTBot/1.4; +https://openai.com/gptbot)"
192.178.6.32 - - [25/Aug/2026:13:29:12 +0000] "GET /?v=91047183143 HTTP/2.0" 500 0 "-" "Mozilla/5.0 (Linux; Android 6.0.1; Nexus 5X Build/MMB29P) AppleWebKit/537.36 (KHTML, like Gecko) Chrome/151.0.7922.137 Mobile Safari/537.36 (compatible; Googlebot/2.1; +http://www.google.com/bot.html)"
66.249.69.65 - - [25/Aug/2026:13:29:15 +0000] "GET /products.php?m=77128294802 HTTP/2.0" 500 0 "-" "Mozilla/5.0 (Linux; Android 6.0.1; Nexus 5X Build/MMB29P) AppleWebKit/537.36 (KHTML, like Gecko) Chrome/151.0.7922.137 Mobile Safari/537.36 (compatible; Googlebot/2.1; +http://www.google.com/bot.html)"
216.73.216.221 - - [25/Aug/2026:13:29:28 +0000] "GET /sitemap.xml HTTP/2.0" 200 202 "-" "Mozilla/5.0 AppleWebKit/537.36 (KHTML, like Gecko; compatible; ClaudeBot/1.0; +claudebot@anthropic.com)"
74.7.227.54 - - [25/Aug/2026:13:29:31 +0000] "GET /buy.php?ranking/foot/cvqy8fxkvvbkrescp_4583.phtml HTTP/2.0" 500 0 "https://bioredlite.com/buy.php?ranking/executive/cvqy8fxkvvbkrescp_4583.phtml" "Mozilla/5.0 AppleWebKit/537.36 (KHTML, like Gecko; compatible; GPTBot/1.4; +https://openai.com/gptbot)"
101.99.88.90 - - [25/Aug/2026:13:29:44 +0000] "GET / HTTP/2.0" 500 0 "-" "Mozilla/5.0 (compatible; Googlebot/2.1; +http://www.google.com/bot.html)"
192.178.6.33 - - [25/Aug/2026:13:29:46 +0000] "GET /?j=70651113232 HTTP/2.0" 500 0 "-" "Mozilla/5.0 (Linux; Android 6.0.1; Nexus 5X Build/MMB29P) AppleWebKit/537.36 (KHTML, like Gecko) Chrome/151.0.7922.137 Mobile Safari/537.36 (compatible; Googlebot/2.1; +http://www.google.com/bot.html)"
192.178.6.32 - - [25/Aug/2026:13:29:48 +0000] "GET /prizes/210570236/ HTTP/2.0" 500 0 "-" "Mozilla/5.0 (Linux; Android 6.0.1; Nexus 5X Build/MMB29P) AppleWebKit/537.36 (KHTML, like Gecko) Chrome/151.0.7922.137 Mobile Safari/537.36 (compatible; Googlebot/2.1; +http://www.google.com/bot.html)"
74.7.227.54 - - [25/Aug/2026:13:29:52 +0000] "GET /buy.php?ranking/testify/vzob8lamr2byimy_117.phtml HTTP/2.0" 500 0 "https://bioredlite.com/buy.php?ranking/frequency/vzob8lamr2byimy_117.phtml" "Mozilla/5.0 AppleWebKit/537.36 (KHTML, like Gecko; compatible; GPTBot/1.4; +https://openai.com/gptbot)"
192.178.6.32 - - [25/Aug/2026:13:29:54 +0000] "GET /?m=29860194218 HTTP/2.0" 500 0 "-" "Mozilla/5.0 (Linux; Android 6.0.1; Nexus 5X Build/MMB29P) AppleWebKit/537.36 (KHTML, like Gecko) Chrome/151.0.7922.137 Mobile Safari/537.36 (compatible; Googlebot/2.1; +http://www.google.com/bot.html)"
74.7.227.54 - - [25/Aug/2026:13:30:13 +0000] "GET /buy.php?ranking/opera/gfagv8relrizkzno_1865.phtml HTTP/2.0" 500 0 "https://bioredlite.com/buy.php?ranking/pollution/jhdmt8ygexoig1d2oc_213.phtml" "Mozilla/5.0 AppleWebKit/537.36 (KHTML, like Gecko; compatible; GPTBot/1.4; +https://openai.com/gptbot)"
74.7.227.54 - - [25/Aug/2026:13:30:34 +0000] "GET /buy.php?ranking/relax/hhspio8gsqdtpa9ie_535.phtml HTTP/2.0" 500 0 "https://bioredlite.com/buy.php?ranking/direction/ldvc8blzwejg2ssnk_1799.phtml" "Mozilla/5.0 AppleWebKit/537.36 (KHTML, like Gecko; compatible; GPTBot/1.4; +https://openai.com/gptbot)"
74.7.227.54 - - [25/Aug/2026:13:30:55 +0000] "GET /buy.php?ranking/agenda/hpml8dixybyvco0r_459.phtml HTTP/2.0" 500 0 "https://bioredlite.com/buy.php?ranking/everybody/cvqy8fxkvvbkrescp_4583.phtml" "Mozilla/5.0 AppleWebKit/537.36 (KHTML, like Gecko; compatible; GPTBot/1.4; +https://openai.com/gptbot)"
2a03:2880:f814:39:: - - [25/Aug/2026:13:31:06 +0000] "GET / HTTP/2.0" 500 0 "-" "facebookexternalhit/1.1 (+http://www.facebook.com/externalhit_uatext.php)"
101.99.88.90 - - [25/Aug/2026:13:31:12 +0000] "GET /wp-content/ime13628/index.php HTTP/2.0" 200 0 "-" "-"
74.7.227.54 - - [25/Aug/2026:13:31:17 +0000] "GET /buy.php?ranking/steadily/wxbj8viqxavkb_1885.phtml HTTP/2.0" 500 0 "https://bioredlite.com/buy.php?ranking/marriage/dygx8zupctgs8idhl_4613.phtml" "Mozilla/5.0 AppleWebKit/537.36 (KHTML, like Gecko; compatible; GPTBot/1.4; +https://openai.com/gptbot)"
204.12.208.18 - - [25/Aug/2026:13:31:30 +0000] "GET /wp-content/ime13628/index.php HTTP/2.0" 200 0 "https://bioredlite.com/wp-content/ime13628/index.php" "Mozilla/5.0 (compatible; MSIE 9.0; Windows NT 6.1; WOW64; Trident/5.0)"
40.77.167.67 - - [25/Aug/2026:13:31:34 +0000] "GET /?v=91047204117 HTTP/2.0" 500 0 "-" "Mozilla/5.0 AppleWebKit/537.36 (KHTML, like Gecko; compatible; bingbot/2.0; +http://www.bing.com/bingbot.htm) Chrome/116.0.1938.76 Safari/537.36"
74.7.227.54 - - [25/Aug/2026:13:31:38 +0000] "GET /buy.php?ranking/four/wnbzda8hoxpbreyng_4571.phtml HTTP/2.0" 500 0 "https://bioredlite.com/buy.php?ranking/perhaps/wnbzda8hoxpbreyng_4571.phtml" "Mozilla/5.0 AppleWebKit/537.36 (KHTML, like Gecko; compatible; GPTBot/1.4; +https://openai.com/gptbot)"
66.249.69.65 - - [25/Aug/2026:13:31:39 +0000] "GET /detail.php?v=81245194959 HTTP/2.0" 500 0 "-" "Mozilla/5.0 (Linux; Android 6.0.1; Nexus 5X Build/MMB29P) AppleWebKit/537.36 (KHTML, like Gecko) Chrome/151.0.7922.137 Mobile Safari/537.36 (compatible; Googlebot/2.1; +http://www.google.com/bot.html)"
74.7.227.54 - - [25/Aug/2026:13:31:59 +0000] "GET /buy.php?ranking/skip/wnbzda8hoxpbreyng_4571.phtml HTTP/2.0" 500 0 "https://bioredlite.com/buy.php?ranking/intimate/rylstf8wjq2miibw_4551.phtml" "Mozilla/5.0 AppleWebKit/537.36 (KHTML, like Gecko; compatible; GPTBot/1.4; +https://openai.com/gptbot)"
192.178.6.32 - - [25/Aug/2026:13:32:06 +0000] "GET /?c=77456112094 HTTP/2.0" 500 0 "-" "Mozilla/5.0 (Linux; Android 6.0.1; Nexus 5X Build/MMB29P) AppleWebKit/537.36 (KHTML, like Gecko) Chrome/151.0.7922.137 Mobile Safari/537.36 (compatible; Googlebot/2.1; +http://www.google.com/bot.html)"
192.178.6.32 - - [25/Aug/2026:13:32:15 +0000] "GET /?x=19393131949 HTTP/2.0" 500 0 "-" "Mozilla/5.0 (Linux; Android 6.0.1; Nexus 5X Build/MMB29P) AppleWebKit/537.36 (KHTML, like Gecko) Chrome/151.0.7922.137 Mobile Safari/537.36 (compatible; Googlebot/2.1; +http://www.google.com/bot.html)"
74.7.227.54 - - [25/Aug/2026:13:32:20 +0000] "GET /buy.php?ranking/climate/oue8waktujy0fpp_529.phtml HTTP/2.0" 500 0 "https://bioredlite.com/buy.php?ranking/five/jiwoxr8vrttrdnxigmy_4545.phtml" "Mozilla/5.0 AppleWebKit/537.36 (KHTML, like Gecko; compatible; GPTBot/1.4; +https://openai.com/gptbot)"
192.178.6.32 - - [25/Aug/2026:13:32:24 +0000] "GET /?x=16715180467 HTTP/2.0" 500 0 "-" "Mozilla/5.0 (Linux; Android 6.0.1; Nexus 5X Build/MMB29P) AppleWebKit/537.36 (KHTML, like Gecko) Chrome/151.0.7922.137 Mobile Safari/537.36 (compatible; Googlebot/2.1; +http://www.google.com/bot.html)"
74.7.227.54 - - [25/Aug/2026:13:32:40 +0000] "GET /buy.php?ranking/sake/mnhnw1qbq2jfxsdquz_770.phtml HTTP/2.0" 500 0 "https://bioredlite.com/buy.php?ranking/horizon/mnhnw1qbq2jfxsdquz_770.phtml" "Mozilla/5.0 AppleWebKit/537.36 (KHTML, like Gecko; compatible; GPTBot/1.4; +https://openai.com/gptbot)"
192.178.6.32 - - [25/Aug/2026:13:32:48 +0000] "GET /?c=7745666312 HTTP/2.0" 500 0 "-" "Mozilla/5.0 (Linux; Android 6.0.1; Nexus 5X Build/MMB29P) AppleWebKit/537.36 (KHTML, like Gecko) Chrome/151.0.7922.137 Mobile Safari/537.36 (compatible; Googlebot/2.1; +http://www.google.com/bot.html)"
74.7.227.54 - - [25/Aug/2026:13:33:01 +0000] "GET /buy.php?ranking/fully/hhspio8gsqdtpa9ie_535.phtml HTTP/2.0" 500 0 "https://bioredlite.com/buy.php?ranking/they/jiwoxr8vrttrdnxigmy_4545.phtml" "Mozilla/5.0 AppleWebKit/537.36 (KHTML, like Gecko; compatible; GPTBot/1.4; +https://openai.com/gptbot)"
192.178.6.33 - - [25/Aug/2026:13:33:07 +0000] "GET /wp-content/plugins/smart-slider-3/Public/SmartSlider3/Widget/Shadow/ShadowImage/Assets/shadow/float.png HTTP/2.0" 200 4271 "-" "Googlebot-Image/1.0"
2a03:2880:f80a:7:: - - [25/Aug/2026:13:33:11 +0000] "GET / HTTP/2.0" 500 0 "-" "facebookexternalhit/1.1 (+http://www.facebook.com/externalhit_uatext.php)"
74.7.227.54 - - [25/Aug/2026:13:33:22 +0000] "GET /buy.php?ranking/aim/yzmdt5xvypjyhghdsa_1028.phtml HTTP/2.0" 500 0 "https://bioredlite.com/buy.php?ranking/leadership/yzmdt5xvypjyhghdsa_1028.phtml" "Mozilla/5.0 AppleWebKit/537.36 (KHTML, like Gecko; compatible; GPTBot/1.4; +https://openai.com/gptbot)"
66.249.69.66 - - [25/Aug/2026:13:33:38 +0000] "GET /products.php?s=75340135948 HTTP/2.0" 500 0 "-" "Mozilla/5.0 (Linux; Android 6.0.1; Nexus 5X Build/MMB29P) AppleWebKit/537.36 (KHTML, like Gecko) Chrome/151.0.7922.137 Mobile Safari/537.36 (compatible; Googlebot/2.1; +http://www.google.com/bot.html)"
74.7.227.54 - - [25/Aug/2026:13:33:43 +0000] "GET /buy.php?ranking/fund/wnbzda8hoxpbreyng_4571.phtml HTTP/2.0" 500 0 "https://bioredlite.com/buy.php?ranking/marine/wnbzda8hoxpbreyng_4571.phtml" "Mozilla/5.0 AppleWebKit/537.36 (KHTML, like Gecko; compatible; GPTBot/1.4; +https://openai.com/gptbot)"
66.249.69.66 - - [25/Aug/2026:13:33:45 +0000] "GET /detail.php?p=39743251205 HTTP/2.0" 500 0 "-" "Mozilla/5.0 (Linux; Android 6.0.1; Nexus 5X Build/MMB29P) AppleWebKit/537.36 (KHTML, like Gecko) Chrome/151.0.7922.137 Mobile Safari/537.36 (compatible; Googlebot/2.1; +http://www.google.com/bot.html)"
66.249.69.65 - - [25/Aug/2026:13:33:47 +0000] "GET /products.php?m=77128119795 HTTP/2.0" 500 0 "-" "Mozilla/5.0 (Linux; Android 6.0.1; Nexus 5X Build/MMB29P) AppleWebKit/537.36 (KHTML, like Gecko) Chrome/151.0.7922.137 Mobile Safari/537.36 (compatible; Googlebot/2.1; +http://www.google.com/bot.html)"
66.249.69.65 - - [25/Aug/2026:13:33:56 +0000] "GET /products.php?z=84265235302 HTTP/2.0" 500 0 "-" "Mozilla/5.0 (Linux; Android 6.0.1; Nexus 5X Build/MMB29P) AppleWebKit/537.36 (KHTML, like Gecko) Chrome/151.0.7922.137 Mobile Safari/537.36 (compatible; Googlebot/2.1; +http://www.google.com/bot.html)"
74.7.227.54 - - [25/Aug/2026:13:34:03 +0000] "GET /buy.php?ranking/republic/wxbj8viqxavkb_1885.phtml HTTP/2.0" 500 0 "https://bioredlite.com/buy.php?ranking/construction/wxbj8viqxavkb_1885.phtml" "Mozilla/5.0 AppleWebKit/537.36 (KHTML, like Gecko; compatible; GPTBot/1.4; +https://openai.com/gptbot)"
2a03:2880:f806:e:: - - [25/Aug/2026:13:34:14 +0000] "GET /products.php?y=1115233597 HTTP/2.0" 500 0 "-" "Mozilla/5.0 (Windows NT 10.0; Win64; x64) AppleWebKit/537.36 (KHTML, like Gecko) Chrome/145.0.0.0 Safari/537.36 (compatible; meta-externalagent/1.1 (+https://developers.facebook.com/docs/sharing/webmasters/crawler))"
66.249.69.70 - - [25/Aug/2026:13:34:19 +0000] "GET /products.php?z=84265125184 HTTP/2.0" 500 0 "-" "Mozilla/5.0 (Linux; Android 6.0.1; Nexus 5X Build/MMB29P) AppleWebKit/537.36 (KHTML, like Gecko) Chrome/151.0.7922.137 Mobile Safari/537.36 (compatible; Googlebot/2.1; +http://www.google.com/bot.html)"
74.7.227.54 - - [25/Aug/2026:13:34:23 +0000] "GET /buy.php?ranking/private/epj8enmivyfijh_1835.phtml HTTP/2.0" 500 0 "https://bioredlite.com/buy.php?ranking/credibility/qrht8thdoyubygjx7_183.phtml" "Mozilla/5.0 AppleWebKit/537.36 (KHTML, like Gecko; compatible; GPTBot/1.4; +https://openai.com/gptbot)"
66.249.69.71 - - [25/Aug/2026:13:34:28 +0000] "GET /products.php?f=5424152137 HTTP/2.0" 500 0 "-" "Mozilla/5.0 (Linux; Android 6.0.1; Nexus 5X Build/MMB29P) AppleWebKit/537.36 (KHTML, like Gecko) Chrome/151.0.7922.137 Mobile Safari/537.36 (compatible; Googlebot/2.1; +http://www.google.com/bot.html)"
66.249.69.70 - - [25/Aug/2026:13:34:37 +0000] "GET /products.php?q=16786148097 HTTP/2.0" 500 0 "-" "Mozilla/5.0 (Linux; Android 6.0.1; Nexus 5X Build/MMB29P) AppleWebKit/537.36 (KHTML, like Gecko) Chrome/151.0.7922.137 Mobile Safari/537.36 (compatible; Googlebot/2.1; +http://www.google.com/bot.html)"
74.7.227.54 - - [25/Aug/2026:13:34:44 +0000] "GET /buy.php?ranking/article/mycg273zq7gsjtau2_26806.phtml HTTP/2.0" 500 0 "https://bioredlite.com/buy.php??shop/items/Z273026257/" "Mozilla/5.0 AppleWebKit/537.36 (KHTML, like Gecko; compatible; GPTBot/1.4; +https://openai.com/gptbot)"
74.7.227.54 - - [25/Aug/2026:13:35:05 +0000] "GET /buy.php?ranking/article/rkwyrq141fin9d1ibg_30972.phtml HTTP/2.0" 500 0 "https://bioredlite.com/buy.php?ranking/situation/aicl8cmrxmcas66hb_4549.phtml" "Mozilla/5.0 AppleWebKit/537.36 (KHTML, like Gecko; compatible; GPTBot/1.4; +https://openai.com/gptbot)"
74.7.227.54 - - [25/Aug/2026:13:35:25 +0000] "GET /buy.php?ranking/ritual/epj8enmivyfijh_1835.phtml HTTP/2.0" 500 0 "https://bioredlite.com/buy.php?ranking/fraction/eqhsad8wzahtv2dwtju3_385.phtml" "Mozilla/5.0 AppleWebKit/537.36 (KHTML, like Gecko; compatible; GPTBot/1.4; +https://openai.com/gptbot)"
74.7.227.54 - - [25/Aug/2026:13:35:45 +0000] "GET /buy.php?ranking/beer/hhspio8gsqdtpa9ie_535.phtml HTTP/2.0" 500 0 "https://bioredlite.com/buy.php?ranking/guideline/rylstf8wjq2miibw_4551.phtml" "Mozilla/5.0 AppleWebKit/537.36 (KHTML, like Gecko; compatible; GPTBot/1.4; +https://openai.com/gptbot)"
2a03:2880:f818:: - - [25/Aug/2026:13:35:48 +0000] "GET / HTTP/2.0" 500 0 "-" "facebookexternalhit/1.1 (+http://www.facebook.com/externalhit_uatext.php)"
192.178.6.33 - - [25/Aug/2026:13:35:56 +0000] "GET /?c=77456219728 HTTP/2.0" 500 0 "-" "Mozilla/5.0 (Linux; Android 6.0.1; Nexus 5X Build/MMB29P) AppleWebKit/537.36 (KHTML, like Gecko) Chrome/151.0.7922.137 Mobile Safari/537.36 (compatible; Googlebot/2.1; +http://www.google.com/bot.html)"
192.178.6.33 - - [25/Aug/2026:13:36:06 +0000] "GET /?x=16715125196 HTTP/2.0" 500 0 "-" "Mozilla/5.0 (Linux; Android 6.0.1; Nexus 5X Build/MMB29P) AppleWebKit/537.36 (KHTML, like Gecko) Chrome/151.0.7922.137 Mobile Safari/537.36 (compatible; Googlebot/2.1; +http://www.google.com/bot.html)"
74.7.227.54 - - [25/Aug/2026:13:36:06 +0000] "GET /buy.php?ranking/sand/hhspio8gsqdtpa9ie_535.phtml HTTP/2.0" 500 0 "https://bioredlite.com/buy.php?ranking/religion/qrht8thdoyubygjx7_183.phtml" "Mozilla/5.0 AppleWebKit/537.36 (KHTML, like Gecko; compatible; GPTBot/1.4; +https://openai.com/gptbot)"
192.178.6.33 - - [25/Aug/2026:13:36:15 +0000] "GET /?x=16715227258 HTTP/2.0" 500 0 "-" "Mozilla/5.0 (Linux; Android 6.0.1; Nexus 5X Build/MMB29P) AppleWebKit/537.36 (KHTML, like Gecko) Chrome/151.0.7922.137 Mobile Safari/537.36 (compatible; Googlebot/2.1; +http://www.google.com/bot.html)"
74.7.227.54 - - [25/Aug/2026:13:36:27 +0000] "GET /buy.php?ranking/willing/neeh8hjfcnflc_1929.phtml HTTP/2.0" 500 0 "https://bioredlite.com/buy.php?ranking/insert/eqhsad8wzahtv2dwtju3_385.phtml" "Mozilla/5.0 AppleWebKit/537.36 (KHTML, like Gecko; compatible; GPTBot/1.4; +https://openai.com/gptbot)"
192.178.6.32 - - [25/Aug/2026:13:36:38 +0000] "GET /?m=2986086351 HTTP/2.0" 500 0 "-" "Mozilla/5.0 (Linux; Android 6.0.1; Nexus 5X Build/MMB29P) AppleWebKit/537.36 (KHTML, like Gecko) Chrome/151.0.7922.137 Mobile Safari/537.36 (compatible; Googlebot/2.1; +http://www.google.com/bot.html)"
2a03:2880:f806:13:: - - [25/Aug/2026:13:36:39 +0000] "GET /products.php?l=36775160560 HTTP/2.0" 500 0 "-" "Mozilla/5.0 (Windows NT 10.0; Win64; x64) AppleWebKit/537.36 (KHTML, like Gecko) Chrome/145.0.0.0 Safari/537.36 (compatible; meta-externalagent/1.1 (+https://developers.facebook.com/docs/sharing/webmasters/crawler))"
66.249.69.64 - - [25/Aug/2026:13:36:41 +0000] "GET /detail.php?p=397432474 HTTP/2.0" 500 0 "-" "Mozilla/5.0 (Linux; Android 6.0.1; Nexus 5X Build/MMB29P) AppleWebKit/537.36 (KHTML, like Gecko) Chrome/151.0.7922.137 Mobile Safari/537.36 (compatible; Googlebot/2.1; +http://www.google.com/bot.html)"
192.178.6.32 - - [25/Aug/2026:13:36:46 +0000] "GET /?m=29860174573 HTTP/2.0" 500 0 "-" "Mozilla/5.0 (Linux; Android 6.0.1; Nexus 5X Build/MMB29P) AppleWebKit/537.36 (KHTML, like Gecko) Chrome/151.0.7922.137 Mobile Safari/537.36 (compatible; Googlebot/2.1; +http://www.google.com/bot.html)"
74.7.227.54 - - [25/Aug/2026:13:36:47 +0000] "GET /buy.php?ranking/unable/epj8enmivyfijh_1835.phtml HTTP/2.0" 500 0 "https://bioredlite.com/buy.php?ranking/something/gfagv8relrizkzno_1865.phtml" "Mozilla/5.0 AppleWebKit/537.36 (KHTML, like Gecko; compatible; GPTBot/1.4; +https://openai.com/gptbot)"
2a03:2880:f806:3f:: - - [25/Aug/2026:13:36:54 +0000] "GET /products.php?y=11152127475 HTTP/2.0" 500 0 "-" "Mozilla/5.0 (Windows NT 10.0; Win64; x64) AppleWebKit/537.36 (KHTML, like Gecko) Chrome/145.0.0.0 Safari/537.36 (compatible; meta-externalagent/1.1 (+https://developers.facebook.com/docs/sharing/webmasters/crawler))"
192.178.6.32 - - [25/Aug/2026:13:36:55 +0000] "GET /?c=77456154599 HTTP/2.0" 500 0 "-" "Mozilla/5.0 (Linux; Android 6.0.1; Nexus 5X Build/MMB29P) AppleWebKit/537.36 (KHTML, like Gecko) Chrome/151.0.7922.137 Mobile Safari/537.36 (compatible; Googlebot/2.1; +http://www.google.com/bot.html)"
74.7.227.54 - - [25/Aug/2026:13:37:08 +0000] "GET /buy.php?ranking/lend/hhspio8gsqdtpa9ie_535.phtml HTTP/2.0" 500 0 "https://bioredlite.com/buy.php?ranking/crucial/hhspio8gsqdtpa9ie_535.phtml" "Mozilla/5.0 AppleWebKit/537.36 (KHTML, like Gecko; compatible; GPTBot/1.4; +https://openai.com/gptbot)"
192.99.32.10 - - [25/Aug/2026:13:37:10 +0000] "GET /index.php?rest_route=/wp/v2/users HTTP/2.0" 500 0 "-" "Mozilla/5.0 zgrab/0.x"
192.178.6.34 - - [25/Aug/2026:13:37:18 +0000] "GET /?n=70135227770 HTTP/2.0" 500 0 "-" "Mozilla/5.0 (Linux; Android 6.0.1; Nexus 5X Build/MMB29P) AppleWebKit/537.36 (KHTML, like Gecko) Chrome/151.0.7922.137 Mobile Safari/537.36 (compatible; Googlebot/2.1; +http://www.google.com/bot.html)"
74.7.227.54 - - [25/Aug/2026:13:37:30 +0000] "GET /buy.php?ranking/pack/hhspio8gsqdtpa9ie_535.phtml HTTP/2.0" 500 0 "https://bioredlite.com/buy.php?ranking/establish/hhspio8gsqdtpa9ie_535.phtml" "Mozilla/5.0 AppleWebKit/537.36 (KHTML, like Gecko; compatible; GPTBot/1.4; +https://openai.com/gptbot)"
2a03:2880:f804:2a:: - - [25/Aug/2026:13:37:47 +0000] "GET / HTTP/2.0" 500 0 "-" "facebookexternalhit/1.1 (+http://www.facebook.com/externalhit_uatext.php)"
74.7.227.54 - - [25/Aug/2026:13:37:51 +0000] "GET /buy.php?ranking/runner/vzob8lamr2byimy_117.phtml HTTP/2.0" 500 0 "https://bioredlite.com/buy.php?ranking/detect/ajkbam8zer1clftsvxt_4597.phtml" "Mozilla/5.0 AppleWebKit/537.36 (KHTML, like Gecko; compatible; GPTBot/1.4; +https://openai.com/gptbot)"
74.7.227.54 - - [25/Aug/2026:13:38:12 +0000] "GET /buy.php?ranking/captain/nuan7izqjlr7dq_618.phtml HTTP/2.0" 500 0 "https://bioredlite.com/buy.php?ranking/thoroughly/ptd7xgkh5pqqukn_720.phtml" "Mozilla/5.0 AppleWebKit/537.36 (KHTML, like Gecko; compatible; GPTBot/1.4; +https://openai.com/gptbot)"
66.249.69.64 - - [25/Aug/2026:13:38:17 +0000] "GET /products.php?q=93720200108 HTTP/2.0" 500 0 "-" "Mozilla/5.0 (Linux; Android 6.0.1; Nexus 5X Build/MMB29P) AppleWebKit/537.36 (KHTML, like Gecko) Chrome/151.0.7922.173 Mobile Safari/537.36 (compatible; Googlebot/2.1; +http://www.google.com/bot.html)"
192.178.6.33 - - [25/Aug/2026:13:38:23 +0000] "GET /?x=16715213875 HTTP/2.0" 500 0 "-" "Mozilla/5.0 (Linux; Android 6.0.1; Nexus 5X Build/MMB29P) AppleWebKit/537.36 (KHTML, like Gecko) Chrome/151.0.7922.137 Mobile Safari/537.36 (compatible; Googlebot/2.1; +http://www.google.com/bot.html)"
192.178.6.33 - - [25/Aug/2026:13:38:25 +0000] "GET /?x=951831714 HTTP/2.0" 500 0 "-" "Mozilla/5.0 (Linux; Android 6.0.1; Nexus 5X Build/MMB29P) AppleWebKit/537.36 (KHTML, like Gecko) Chrome/151.0.7922.137 Mobile Safari/537.36 (compatible; Googlebot/2.1; +http://www.google.com/bot.html)"
66.249.69.71 - - [25/Aug/2026:13:38:30 +0000] "GET /detail.php?b=25169270418 HTTP/2.0" 500 0 "-" "Mozilla/5.0 (Linux; Android 6.0.1; Nexus 5X Build/MMB29P) AppleWebKit/537.36 (KHTML, like Gecko) Chrome/151.0.7922.137 Mobile Safari/537.36 (compatible; Googlebot/2.1; +http://www.google.com/bot.html)"
74.7.227.54 - - [25/Aug/2026:13:38:33 +0000] "GET /buy.php?ranking/cash/hhspio8gsqdtpa9ie_535.phtml HTTP/2.0" 500 0 "https://bioredlite.com/buy.php?ranking/intimate/hhspio8gsqdtpa9ie_535.phtml" "Mozilla/5.0 AppleWebKit/537.36 (KHTML, like Gecko; compatible; GPTBot/1.4; +https://openai.com/gptbot)"
74.7.227.54 - - [25/Aug/2026:13:38:53 +0000] "GET /buy.php?ranking/bury/qrht8thdoyubygjx7_183.phtml HTTP/2.0" 500 0 "https://bioredlite.com/buy.php?ranking/carrier/qrht8thdoyubygjx7_183.phtml" "Mozilla/5.0 AppleWebKit/537.36 (KHTML, like Gecko; compatible; GPTBot/1.4; +https://openai.com/gptbot)"
192.178.6.33 - - [25/Aug/2026:13:38:59 +0000] "GET /?x=19393180359 HTTP/2.0" 500 0 "-" "Mozilla/5.0 (Linux; Android 6.0.1; Nexus 5X Build/MMB29P) AppleWebKit/537.36 (KHTML, like Gecko) Chrome/151.0.7922.137 Mobile Safari/537.36 (compatible; Googlebot/2.1; +http://www.google.com/bot.html)"
192.178.6.33 - - [25/Aug/2026:13:39:00 +0000] "GET /prizes/68549660 HTTP/2.0" 500 0 "-" "Mozilla/5.0 (Linux; Android 6.0.1; Nexus 5X Build/MMB29P) AppleWebKit/537.36 (KHTML, like Gecko) Chrome/151.0.7922.137 Mobile Safari/537.36 (compatible; Googlebot/2.1; +http://www.google.com/bot.html)"
74.7.227.54 - - [25/Aug/2026:13:39:15 +0000] "GET /buy.php?ranking/liberal/neeh8hjfcnflc_1929.phtml HTTP/2.0" 500 0 "https://bioredlite.com/buy.php?ranking/listener/hhspio8gsqdtpa9ie_535.phtml" "Mozilla/5.0 AppleWebKit/537.36 (KHTML, like Gecko; compatible; GPTBot/1.4; +https://openai.com/gptbot)"
192.178.6.32 - - [25/Aug/2026:13:39:22 +0000] "GET /?j=7065171186 HTTP/2.0" 500 0 "-" "Mozilla/5.0 (Linux; Android 6.0.1; Nexus 5X Build/MMB29P) AppleWebKit/537.36 (KHTML, like Gecko) Chrome/151.0.7922.137 Mobile Safari/537.36 (compatible; Googlebot/2.1; +http://www.google.com/bot.html)"
192.178.6.32 - - [25/Aug/2026:13:39:30 +0000] "GET /?v=910472527 HTTP/2.0" 500 0 "-" "Mozilla/5.0 (Linux; Android 6.0.1; Nexus 5X Build/MMB29P) AppleWebKit/537.36 (KHTML, like Gecko) Chrome/151.0.7922.137 Mobile Safari/537.36 (compatible; Googlebot/2.1; +http://www.google.com/bot.html)"
74.7.227.54 - - [25/Aug/2026:13:39:35 +0000] "GET /buy.php?ranking/choice/r8ixnmmuzengxa_1877.phtml HTTP/2.0" 500 0 "https://bioredlite.com/buy.php?ranking/math/r8ixnmmuzengxa_1877.phtml" "Mozilla/5.0 AppleWebKit/537.36 (KHTML, like Gecko; compatible; GPTBot/1.4; +https://openai.com/gptbot)"
66.249.69.64 - - [25/Aug/2026:13:39:39 +0000] "GET /products.php?y=11152120591 HTTP/2.0" 500 0 "-" "Mozilla/5.0 (Linux; Android 6.0.1; Nexus 5X Build/MMB29P) AppleWebKit/537.36 (KHTML, like Gecko) Chrome/151.0.7922.137 Mobile Safari/537.36 (compatible; Googlebot/2.1; +http://www.google.com/bot.html)"
66.249.69.71 - - [25/Aug/2026:13:39:48 +0000] "GET /products.php?m=7712844094 HTTP/2.0" 500 0 "-" "Mozilla/5.0 (Linux; Android 6.0.1; Nexus 5X Build/MMB29P) AppleWebKit/537.36 (KHTML, like Gecko) Chrome/151.0.7922.137 Mobile Safari/537.36 (compatible; Googlebot/2.1; +http://www.google.com/bot.html)"
192.178.6.32 - - [25/Aug/2026:13:39:57 +0000] "GET /?v=91047245057 HTTP/2.0" 500 0 "-" "Mozilla/5.0 (Linux; Android 6.0.1; Nexus 5X Build/MMB29P) AppleWebKit/537.36 (KHTML, like Gecko) Chrome/151.0.7922.137 Mobile Safari/537.36 (compatible; Googlebot/2.1; +http://www.google.com/bot.html)"
74.7.227.54 - - [25/Aug/2026:13:39:57 +0000] "GET /buy.php?ranking/real/hhspio8gsqdtpa9ie_535.phtml HTTP/2.0" 500 0 "https://bioredlite.com/buy.php?ranking/threshold/ajkbam8zer1clftsvxt_4597.phtml" "Mozilla/5.0 AppleWebKit/537.36 (KHTML, like Gecko; compatible; GPTBot/1.4; +https://openai.com/gptbot)"
192.178.6.32 - - [25/Aug/2026:13:40:06 +0000] "GET /?x=951832771 HTTP/2.0" 500 0 "-" "Mozilla/5.0 (Linux; Android 6.0.1; Nexus 5X Build/MMB29P) AppleWebKit/537.36 (KHTML, like Gecko) Chrome/151.0.7922.137 Mobile Safari/537.36 (compatible; Googlebot/2.1; +http://www.google.com/bot.html)"
2a03:2880:f806:3c:: - - [25/Aug/2026:13:40:08 +0000] "GET /products.php?s=7534029172 HTTP/2.0" 500 0 "-" "Mozilla/5.0 (Windows NT 10.0; Win64; x64) AppleWebKit/537.36 (KHTML, like Gecko) Chrome/145.0.0.0 Safari/537.36 (compatible; meta-externalagent/1.1 (+https://developers.facebook.com/docs/sharing/webmasters/crawler))"
74.7.227.54 - - [25/Aug/2026:13:40:18 +0000] "GET /buy.php?ranking/nature/vzob8lamr2byimy_117.phtml HTTP/2.0" 500 0 "https://bioredlite.com/buy.php?ranking/death/jiwoxr8vrttrdnxigmy_4545.phtml" "Mozilla/5.0 AppleWebKit/537.36 (KHTML, like Gecko; compatible; GPTBot/1.4; +https://openai.com/gptbot)"
192.178.6.32 - - [25/Aug/2026:13:40:29 +0000] "GET /?v=9104777195 HTTP/2.0" 500 0 "-" "Mozilla/5.0 (Linux; Android 6.0.1; Nexus 5X Build/MMB29P) AppleWebKit/537.36 (KHTML, like Gecko) Chrome/151.0.7922.137 Mobile Safari/537.36 (compatible; Googlebot/2.1; +http://www.google.com/bot.html)"
66.249.69.71 - - [25/Aug/2026:13:40:30 +0000] "GET /detail.php?u=7542081108 HTTP/2.0" 500 0 "-" "Mozilla/5.0 (Linux; Android 6.0.1; Nexus 5X Build/MMB29P) AppleWebKit/537.36 (KHTML, like Gecko) Chrome/151.0.7922.137 Mobile Safari/537.36 (compatible; Googlebot/2.1; +http://www.google.com/bot.html)"
192.178.6.32 - - [25/Aug/2026:13:40:37 +0000] "GET /?e=58270171280 HTTP/2.0" 500 0 "-" "Mozilla/5.0 (Linux; Android 6.0.1; Nexus 5X Build/MMB29P) AppleWebKit/537.36 (KHTML, like Gecko) Chrome/151.0.7922.137 Mobile Safari/537.36 (compatible; Googlebot/2.1; +http://www.google.com/bot.html)"
74.7.227.54 - - [25/Aug/2026:13:40:39 +0000] "GET /buy.php?ranking/shut/hhspio8gsqdtpa9ie_535.phtml HTTP/2.0" 500 0 "https://bioredlite.com/buy.php?ranking/northern/hhspio8gsqdtpa9ie_535.phtml" "Mozilla/5.0 AppleWebKit/537.36 (KHTML, like Gecko; compatible; GPTBot/1.4; +https://openai.com/gptbot)"
192.178.6.32 - - [25/Aug/2026:13:40:50 +0000] "GET /?n=7013580274 HTTP/2.0" 500 0 "-" "Mozilla/5.0 (Linux; Android 6.0.1; Nexus 5X Build/MMB29P) AppleWebKit/537.36 (KHTML, like Gecko) Chrome/151.0.7922.137 Mobile Safari/537.36 (compatible; Googlebot/2.1; +http://www.google.com/bot.html)"
74.7.227.54 - - [25/Aug/2026:13:41:01 +0000] "GET /buy.php?ranking/toilet/r8ixnmmuzengxa_1877.phtml HTTP/2.0" 500 0 "https://bioredlite.com/buy.php?ranking/classify/hhspio8gsqdtpa9ie_535.phtml" "Mozilla/5.0 AppleWebKit/537.36 (KHTML, like Gecko; compatible; GPTBot/1.4; +https://openai.com/gptbot)"
2a03:2880:f810:77:: - - [25/Aug/2026:13:41:03 +0000] "GET / HTTP/2.0" 500 0 "-" "facebookexternalhit/1.1 (+http://www.facebook.com/externalhit_uatext.php)"
2a03:2880:f806:8:: - - [25/Aug/2026:13:41:03 +0000] "GET /products.php?m=77128116694 HTTP/2.0" 500 0 "-" "Mozilla/5.0 (Macintosh; Intel Mac OS X 10_15_7) AppleWebKit/537.36 (KHTML, like Gecko) Chrome/145.0.0.0 Safari/537.36 (compatible; meta-externalagent/1.1 (+https://developers.facebook.com/docs/sharing/webmasters/crawler))"
192.178.6.34 - - [25/Aug/2026:13:41:05 +0000] "GET /prizes/104863327 HTTP/2.0" 500 0 "-" "Mozilla/5.0 (Linux; Android 6.0.1; Nexus 5X Build/MMB29P) AppleWebKit/537.36 (KHTML, like Gecko) Chrome/151.0.7922.137 Mobile Safari/537.36 (compatible; Googlebot/2.1; +http://www.google.com/bot.html)"
192.178.6.33 - - [25/Aug/2026:13:41:07 +0000] "GET /?x=19393147864 HTTP/2.0" 500 0 "-" "Mozilla/5.0 (Linux; Android 6.0.1; Nexus 5X Build/MMB29P) AppleWebKit/537.36 (KHTML, like Gecko) Chrome/151.0.7922.137 Mobile Safari/537.36 (compatible; Googlebot/2.1; +http://www.google.com/bot.html)"
74.7.227.54 - - [25/Aug/2026:13:41:21 +0000] "GET /buy.php?ranking/legitimate/s8hqrhwamr_4559.phtml HTTP/2.0" 500 0 "https://bioredlite.com/buy.php?ranking/alive/gczqmf8cpylkqqg8yip_211.phtml" "Mozilla/5.0 AppleWebKit/537.36 (KHTML, like Gecko; compatible; GPTBot/1.4; +https://openai.com/gptbot)"
74.7.227.54 - - [25/Aug/2026:13:41:42 +0000] "GET /buy.php?ranking/barrel/oda86rnkp7zgzfbr_55.phtml HTTP/2.0" 500 0 "https://bioredlite.com/buy.php?ranking/overnight/oue86waktujy0fpp_451.phtml" "Mozilla/5.0 AppleWebKit/537.36 (KHTML, like Gecko; compatible; GPTBot/1.4; +https://openai.com/gptbot)"
192.178.6.32 - - [25/Aug/2026:13:41:54 +0000] "GET /?m=29860142495 HTTP/2.0" 500 0 "-" "Mozilla/5.0 (Linux; Android 6.0.1; Nexus 5X Build/MMB29P) AppleWebKit/537.36 (KHTML, like Gecko) Chrome/151.0.7922.137 Mobile Safari/537.36 (compatible; Googlebot/2.1; +http://www.google.com/bot.html)"
52.167.144.160 - - [25/Aug/2026:13:42:00 +0000] "GET /2024/01/healing-anywhere/ HTTP/2.0" 500 0 "-" "Mozilla/5.0 AppleWebKit/537.36 (KHTML, like Gecko; compatible; bingbot/2.0; +http://www.bing.com/bingbot.htm) Chrome/116.0.1938.76 Safari/537.36"
192.178.6.34 - - [25/Aug/2026:13:42:03 +0000] "GET /?x=1671569389 HTTP/2.0" 500 0 "-" "Mozilla/5.0 (Linux; Android 6.0.1; Nexus 5X Build/MMB29P) AppleWebKit/537.36 (KHTML, like Gecko) Chrome/151.0.7922.137 Mobile Safari/537.36 (compatible; Googlebot/2.1; +http://www.google.com/bot.html)"
74.7.227.54 - - [25/Aug/2026:13:42:03 +0000] "GET /buy.php?ranking/noon/hhspio8gsqdtpa9ie_535.phtml HTTP/2.0" 500 0 "https://bioredlite.com/buy.php?ranking/interpretation/hhspio8gsqdtpa9ie_535.phtml" "Mozilla/5.0 AppleWebKit/537.36 (KHTML, like Gecko; compatible; GPTBot/1.4; +https://openai.com/gptbot)"
