95.217.139.6 - - [25/Aug/2026:18:02:41 +0000] "GET /buy.php??a=044011651 HTTP/2.0" 500 0 "-" "Mozilla/5.0 (compatible; AwarioBot/1.0; +https://awario.com/bots.html)"
95.217.139.6 - - [25/Aug/2026:18:02:42 +0000] "GET /buy.php??a=129010440 HTTP/2.0" 500 0 "-" "Mozilla/5.0 (compatible; AwarioBot/1.0; +https://awario.com/bots.html)"
95.217.139.6 - - [25/Aug/2026:18:02:43 +0000] "GET /buy.php??a=129045176 HTTP/2.0" 500 0 "-" "Mozilla/5.0 (compatible; AwarioBot/1.0; +https://awario.com/bots.html)"
95.217.139.6 - - [25/Aug/2026:18:02:44 +0000] "GET /buy.php??a=044020439 HTTP/2.0" 500 0 "-" "Mozilla/5.0 (compatible; AwarioBot/1.0; +https://awario.com/bots.html)"
95.217.139.6 - - [25/Aug/2026:18:02:46 +0000] "GET /buy.php??a=130003371 HTTP/2.0" 500 0 "-" "Mozilla/5.0 (compatible; AwarioBot/1.0; +https://awario.com/bots.html)"
95.217.139.6 - - [25/Aug/2026:18:02:47 +0000] "GET /buy.php??a=044020633 HTTP/2.0" 500 0 "-" "Mozilla/5.0 (compatible; AwarioBot/1.0; +https://awario.com/bots.html)"
95.217.139.6 - - [25/Aug/2026:18:02:47 +0000] "GET /buy.php??a=130004147 HTTP/2.0" 500 0 "-" "Mozilla/5.0 (compatible; AwarioBot/1.0; +https://awario.com/bots.html)"
95.217.139.6 - - [25/Aug/2026:18:02:49 +0000] "GET /buy.php??a=044041677 HTTP/2.0" 500 0 "-" "Mozilla/5.0 (compatible; AwarioBot/1.0; +https://awario.com/bots.html)"
95.217.139.6 - - [25/Aug/2026:18:02:50 +0000] "GET /buy.php??a=130009011 HTTP/2.0" 500 0 "-" "Mozilla/5.0 (compatible; AwarioBot/1.0; +https://awario.com/bots.html)"
95.217.139.6 - - [25/Aug/2026:18:02:51 +0000] "GET /buy.php??a=130015373 HTTP/2.0" 500 0 "-" "Mozilla/5.0 (compatible; AwarioBot/1.0; +https://awario.com/bots.html)"
95.217.139.6 - - [25/Aug/2026:18:02:52 +0000] "GET /buy.php??a=071007372 HTTP/2.0" 500 0 "-" "Mozilla/5.0 (compatible; AwarioBot/1.0; +https://awario.com/bots.html)"
95.217.139.6 - - [25/Aug/2026:18:02:53 +0000] "GET /buy.php??a=130021809 HTTP/2.0" 500 0 "-" "Mozilla/5.0 (compatible; AwarioBot/1.0; +https://awario.com/bots.html)"
95.217.139.6 - - [25/Aug/2026:18:02:54 +0000] "GET /buy.php??a=071007618 HTTP/2.0" 500 0 "-" "Mozilla/5.0 (compatible; AwarioBot/1.0; +https://awario.com/bots.html)"
95.217.139.6 - - [25/Aug/2026:18:02:55 +0000] "GET /buy.php??a=130034531 HTTP/2.0" 500 0 "-" "Mozilla/5.0 (compatible; AwarioBot/1.0; +https://awario.com/bots.html)"
95.217.139.6 - - [25/Aug/2026:18:02:56 +0000] "GET /buy.php??a=131008348 HTTP/2.0" 500 0 "-" "Mozilla/5.0 (compatible; AwarioBot/1.0; +https://awario.com/bots.html)"
95.217.139.6 - - [25/Aug/2026:18:02:56 +0000] "GET /buy.php??a=071012158 HTTP/2.0" 500 0 "-" "Mozilla/5.0 (compatible; AwarioBot/1.0; +https://awario.com/bots.html)"
95.217.139.6 - - [25/Aug/2026:18:02:58 +0000] "GET /buy.php??a=071027534 HTTP/2.0" 500 0 "-" "Mozilla/5.0 (compatible; AwarioBot/1.0; +https://awario.com/bots.html)"
95.217.139.6 - - [25/Aug/2026:18:02:58 +0000] "GET /buy.php??a=131020816 HTTP/2.0" 500 0 "-" "Mozilla/5.0 (compatible; AwarioBot/1.0; +https://awario.com/bots.html)"
95.217.139.6 - - [25/Aug/2026:18:03:00 +0000] "GET /buy.php??a=131036016 HTTP/2.0" 500 0 "-" "Mozilla/5.0 (compatible; AwarioBot/1.0; +https://awario.com/bots.html)"
95.217.139.6 - - [25/Aug/2026:18:03:00 +0000] "GET /buy.php??a=071045234 HTTP/2.0" 500 0 "-" "Mozilla/5.0 (compatible; AwarioBot/1.0; +https://awario.com/bots.html)"
74.7.227.54 - - [25/Aug/2026:18:03:01 +0000] "GET /buy.php?goods/109047573 HTTP/2.0" 500 0 "https://bioredlite.com/buy.php?detail/18004247352026" "Mozilla/5.0 AppleWebKit/537.36 (KHTML, like Gecko; compatible; GPTBot/1.4; +https://openai.com/gptbot)"
95.217.139.6 - - [25/Aug/2026:18:03:02 +0000] "GET /buy.php??a=132004533 HTTP/2.0" 500 0 "-" "Mozilla/5.0 (compatible; AwarioBot/1.0; +https://awario.com/bots.html)"
95.217.139.6 - - [25/Aug/2026:18:03:03 +0000] "GET /buy.php??a=072001773 HTTP/2.0" 500 0 "-" "Mozilla/5.0 (compatible; AwarioBot/1.0; +https://awario.com/bots.html)"
95.217.139.6 - - [25/Aug/2026:18:03:04 +0000] "GET /buy.php??a=132004913 HTTP/2.0" 500 0 "-" "Mozilla/5.0 (compatible; AwarioBot/1.0; +https://awario.com/bots.html)"
95.217.139.6 - - [25/Aug/2026:18:03:05 +0000] "GET /buy.php??a=072013795 HTTP/2.0" 500 0 "-" "Mozilla/5.0 (compatible; AwarioBot/1.0; +https://awario.com/bots.html)"
95.217.139.6 - - [25/Aug/2026:18:03:06 +0000] "GET /buy.php??a=132009169 HTTP/2.0" 500 0 "-" "Mozilla/5.0 (compatible; AwarioBot/1.0; +https://awario.com/bots.html)"
2a03:2880:f800:40:: - - [25/Aug/2026:18:03:07 +0000] "GET / HTTP/2.0" 500 0 "-" "facebookexternalhit/1.1 (+http://www.facebook.com/externalhit_uatext.php)"
95.217.139.6 - - [25/Aug/2026:18:03:08 +0000] "GET /buy.php??a=132018373 HTTP/2.0" 500 0 "-" "Mozilla/5.0 (compatible; AwarioBot/1.0; +https://awario.com/bots.html)"
95.217.139.6 - - [25/Aug/2026:18:03:09 +0000] "GET /buy.php??a=072019733 HTTP/2.0" 500 0 "-" "Mozilla/5.0 (compatible; AwarioBot/1.0; +https://awario.com/bots.html)"
95.217.139.6 - - [25/Aug/2026:18:03:10 +0000] "GET /buy.php??a=132018603 HTTP/2.0" 500 0 "-" "Mozilla/5.0 (compatible; AwarioBot/1.0; +https://awario.com/bots.html)"
95.217.139.6 - - [25/Aug/2026:18:03:11 +0000] "GET /buy.php??a=072024337 HTTP/2.0" 500 0 "-" "Mozilla/5.0 (compatible; AwarioBot/1.0; +https://awario.com/bots.html)"
192.178.6.33 - - [25/Aug/2026:18:03:11 +0000] "GET /?x=16715272130 HTTP/2.0" 500 0 "-" "Mozilla/5.0 (Linux; Android 6.0.1; Nexus 5X Build/MMB29P) AppleWebKit/537.36 (KHTML, like Gecko) Chrome/151.0.7922.137 Mobile Safari/537.36 (compatible; Googlebot/2.1; +http://www.google.com/bot.html)"
95.217.139.6 - - [25/Aug/2026:18:03:11 +0000] "GET /buy.php??a=132023137 HTTP/2.0" 500 0 "-" "Mozilla/5.0 (compatible; AwarioBot/1.0; +https://awario.com/bots.html)"
95.217.139.6 - - [25/Aug/2026:18:03:13 +0000] "GET /buy.php??a=132024465 HTTP/2.0" 500 0 "-" "Mozilla/5.0 (compatible; AwarioBot/1.0; +https://awario.com/bots.html)"
95.217.139.6 - - [25/Aug/2026:18:03:14 +0000] "GET /buy.php??a=072028521 HTTP/2.0" 500 0 "-" "Mozilla/5.0 (compatible; AwarioBot/1.0; +https://awario.com/bots.html)"
95.217.139.6 - - [25/Aug/2026:18:03:15 +0000] "GET /buy.php??a=132039853 HTTP/2.0" 500 0 "-" "Mozilla/5.0 (compatible; AwarioBot/1.0; +https://awario.com/bots.html)"
95.217.139.6 - - [25/Aug/2026:18:03:16 +0000] "GET /buy.php??a=072036763 HTTP/2.0" 500 0 "-" "Mozilla/5.0 (compatible; AwarioBot/1.0; +https://awario.com/bots.html)"
95.217.139.6 - - [25/Aug/2026:18:03:18 +0000] "GET /buy.php??a=072039275 HTTP/2.0" 500 0 "-" "Mozilla/5.0 (compatible; AwarioBot/1.0; +https://awario.com/bots.html)"
95.217.139.6 - - [25/Aug/2026:18:03:19 +0000] "GET /buy.php??a=132040471 HTTP/2.0" 500 0 "-" "Mozilla/5.0 (compatible; AwarioBot/1.0; +https://awario.com/bots.html)"
95.217.139.6 - - [25/Aug/2026:18:03:21 +0000] "GET /buy.php??a=072045609 HTTP/2.0" 500 0 "-" "Mozilla/5.0 (compatible; AwarioBot/1.0; +https://awario.com/bots.html)"
74.7.227.54 - - [25/Aug/2026:18:03:21 +0000] "GET /buy.php?goods/140043526 HTTP/2.0" 500 0 "https://bioredlite.com/buy.php?detail/01602340763162" "Mozilla/5.0 AppleWebKit/537.36 (KHTML, like Gecko; compatible; GPTBot/1.4; +https://openai.com/gptbot)"
95.217.139.6 - - [25/Aug/2026:18:03:21 +0000] "GET /buy.php??a=133008452 HTTP/2.0" 500 0 "-" "Mozilla/5.0 (compatible; AwarioBot/1.0; +https://awario.com/bots.html)"
95.217.139.6 - - [25/Aug/2026:18:03:23 +0000] "GET /buy.php??a=133032032 HTTP/2.0" 500 0 "-" "Mozilla/5.0 (compatible; AwarioBot/1.0; +https://awario.com/bots.html)"
95.217.139.6 - - [25/Aug/2026:18:03:24 +0000] "GET /buy.php??a=072049623 HTTP/2.0" 500 0 "-" "Mozilla/5.0 (compatible; AwarioBot/1.0; +https://awario.com/bots.html)"
95.217.139.6 - - [25/Aug/2026:18:03:25 +0000] "GET /buy.php??a=134006197 HTTP/2.0" 500 0 "-" "Mozilla/5.0 (compatible; AwarioBot/1.0; +https://awario.com/bots.html)"
95.217.139.6 - - [25/Aug/2026:18:03:26 +0000] "GET /buy.php??a=073009022 HTTP/2.0" 500 0 "-" "Mozilla/5.0 (compatible; AwarioBot/1.0; +https://awario.com/bots.html)"
95.217.139.6 - - [25/Aug/2026:18:03:28 +0000] "GET /buy.php??a=134008345 HTTP/2.0" 500 0 "-" "Mozilla/5.0 (compatible; AwarioBot/1.0; +https://awario.com/bots.html)"
95.217.139.6 - - [25/Aug/2026:18:03:29 +0000] "GET /buy.php??a=073019640 HTTP/2.0" 500 0 "-" "Mozilla/5.0 (compatible; AwarioBot/1.0; +https://awario.com/bots.html)"
95.217.139.6 - - [25/Aug/2026:18:03:30 +0000] "GET /buy.php??a=134019579 HTTP/2.0" 500 0 "-" "Mozilla/5.0 (compatible; AwarioBot/1.0; +https://awario.com/bots.html)"
95.217.139.6 - - [25/Aug/2026:18:03:32 +0000] "GET /buy.php??a=073021866 HTTP/2.0" 500 0 "-" "Mozilla/5.0 (compatible; AwarioBot/1.0; +https://awario.com/bots.html)"
95.217.139.6 - - [25/Aug/2026:18:03:32 +0000] "GET /buy.php??a=134021667 HTTP/2.0" 500 0 "-" "Mozilla/5.0 (compatible; AwarioBot/1.0; +https://awario.com/bots.html)"
95.217.139.6 - - [25/Aug/2026:18:03:34 +0000] "GET /buy.php??a=134032563 HTTP/2.0" 500 0 "-" "Mozilla/5.0 (compatible; AwarioBot/1.0; +https://awario.com/bots.html)"
95.217.139.6 - - [25/Aug/2026:18:03:34 +0000] "GET /buy.php??a=073030738 HTTP/2.0" 500 0 "-" "Mozilla/5.0 (compatible; AwarioBot/1.0; +https://awario.com/bots.html)"
95.217.139.6 - - [25/Aug/2026:18:03:37 +0000] "GET /buy.php??a=134033461 HTTP/2.0" 500 0 "-" "Mozilla/5.0 (compatible; AwarioBot/1.0; +https://awario.com/bots.html)"
95.217.139.6 - - [25/Aug/2026:18:03:37 +0000] "GET /buy.php??a=073034226 HTTP/2.0" 500 0 "-" "Mozilla/5.0 (compatible; AwarioBot/1.0; +https://awario.com/bots.html)"
95.217.139.6 - - [25/Aug/2026:18:03:39 +0000] "GET /buy.php??a=134042391 HTTP/2.0" 500 0 "-" "Mozilla/5.0 (compatible; AwarioBot/1.0; +https://awario.com/bots.html)"
95.217.139.6 - - [25/Aug/2026:18:03:41 +0000] "GET /buy.php??a=073039862 HTTP/2.0" 500 0 "-" "Mozilla/5.0 (compatible; AwarioBot/1.0; +https://awario.com/bots.html)"
74.7.227.54 - - [25/Aug/2026:18:03:41 +0000] "GET /buy.php?goods/239026488 HTTP/2.0" 500 0 "https://bioredlite.com/buy.php?detail/23902575697346" "Mozilla/5.0 AppleWebKit/537.36 (KHTML, like Gecko; compatible; GPTBot/1.4; +https://openai.com/gptbot)"
95.217.139.6 - - [25/Aug/2026:18:03:41 +0000] "GET /buy.php??a=135009582 HTTP/2.0" 500 0 "-" "Mozilla/5.0 (compatible; AwarioBot/1.0; +https://awario.com/bots.html)"
66.249.69.70 - - [25/Aug/2026:18:03:42 +0000] "GET /products.php?f=5424117728 HTTP/2.0" 500 0 "-" "Mozilla/5.0 (Linux; Android 6.0.1; Nexus 5X Build/MMB29P) AppleWebKit/537.36 (KHTML, like Gecko) Chrome/151.0.7922.137 Mobile Safari/537.36 (compatible; Googlebot/2.1; +http://www.google.com/bot.html)"
95.217.139.6 - - [25/Aug/2026:18:03:43 +0000] "GET /buy.php??a=074000763 HTTP/2.0" 500 0 "-" "Mozilla/5.0 (compatible; AwarioBot/1.0; +https://awario.com/bots.html)"
95.217.139.6 - - [25/Aug/2026:18:03:44 +0000] "GET /buy.php??a=135013000 HTTP/2.0" 500 0 "-" "Mozilla/5.0 (compatible; AwarioBot/1.0; +https://awario.com/bots.html)"
2a03:2880:f806:e:: - - [25/Aug/2026:18:03:45 +0000] "GET /products.php?m=771282169 HTTP/2.0" 500 0 "-" "Mozilla/5.0 (Windows NT 10.0; Win64; x64) AppleWebKit/537.36 (KHTML, like Gecko) Chrome/145.0.0.0 Safari/537.36 (compatible; meta-externalagent/1.1 (+https://developers.facebook.com/docs/sharing/webmasters/crawler))"
95.217.139.6 - - [25/Aug/2026:18:03:46 +0000] "GET /buy.php??a=074008227 HTTP/2.0" 500 0 "-" "Mozilla/5.0 (compatible; AwarioBot/1.0; +https://awario.com/bots.html)"
95.217.139.6 - - [25/Aug/2026:18:03:46 +0000] "GET /buy.php??a=135016810 HTTP/2.0" 500 0 "-" "Mozilla/5.0 (compatible; AwarioBot/1.0; +https://awario.com/bots.html)"
95.217.139.6 - - [25/Aug/2026:18:03:48 +0000] "GET /buy.php??a=074009173 HTTP/2.0" 500 0 "-" "Mozilla/5.0 (compatible; AwarioBot/1.0; +https://awario.com/bots.html)"
95.217.139.6 - - [25/Aug/2026:18:03:50 +0000] "GET /buy.php??a=135043652 HTTP/2.0" 500 0 "-" "Mozilla/5.0 (compatible; AwarioBot/1.0; +https://awario.com/bots.html)"
95.217.139.6 - - [25/Aug/2026:18:03:50 +0000] "GET /buy.php??a=074020971 HTTP/2.0" 500 0 "-" "Mozilla/5.0 (compatible; AwarioBot/1.0; +https://awario.com/bots.html)"
95.217.139.6 - - [25/Aug/2026:18:03:52 +0000] "GET /buy.php??a=135045546 HTTP/2.0" 500 0 "-" "Mozilla/5.0 (compatible; AwarioBot/1.0; +https://awario.com/bots.html)"
95.217.139.6 - - [25/Aug/2026:18:03:52 +0000] "GET /buy.php??a=074025609 HTTP/2.0" 500 0 "-" "Mozilla/5.0 (compatible; AwarioBot/1.0; +https://awario.com/bots.html)"
95.217.139.6 - - [25/Aug/2026:18:03:54 +0000] "GET /buy.php??a=074040777 HTTP/2.0" 500 0 "-" "Mozilla/5.0 (compatible; AwarioBot/1.0; +https://awario.com/bots.html)"
95.217.139.6 - - [25/Aug/2026:18:03:54 +0000] "GET /buy.php??a=136007907 HTTP/2.0" 500 0 "-" "Mozilla/5.0 (compatible; AwarioBot/1.0; +https://awario.com/bots.html)"
95.217.139.6 - - [25/Aug/2026:18:03:56 +0000] "GET /buy.php??a=075000624 HTTP/2.0" 500 0 "-" "Mozilla/5.0 (compatible; AwarioBot/1.0; +https://awario.com/bots.html)"
95.217.139.6 - - [25/Aug/2026:18:03:56 +0000] "GET /buy.php??a=136024459 HTTP/2.0" 500 0 "-" "Mozilla/5.0 (compatible; AwarioBot/1.0; +https://awario.com/bots.html)"
95.217.139.6 - - [25/Aug/2026:18:03:59 +0000] "GET /buy.php??a=075021828 HTTP/2.0" 500 0 "-" "Mozilla/5.0 (compatible; AwarioBot/1.0; +https://awario.com/bots.html)"
95.217.139.6 - - [25/Aug/2026:18:03:59 +0000] "GET /buy.php??a=136031479 HTTP/2.0" 500 0 "-" "Mozilla/5.0 (compatible; AwarioBot/1.0; +https://awario.com/bots.html)"
95.217.139.6 - - [25/Aug/2026:18:04:01 +0000] "GET /buy.php??a=136033843 HTTP/2.0" 500 0 "-" "Mozilla/5.0 (compatible; AwarioBot/1.0; +https://awario.com/bots.html)"
95.217.139.6 - - [25/Aug/2026:18:04:01 +0000] "GET /buy.php??a=075030900 HTTP/2.0" 500 0 "-" "Mozilla/5.0 (compatible; AwarioBot/1.0; +https://awario.com/bots.html)"
74.7.227.54 - - [25/Aug/2026:18:04:03 +0000] "GET /buy.php?goods/295048093 HTTP/2.0" 500 0 "https://bioredlite.com/buy.php?detail/29504809303017" "Mozilla/5.0 AppleWebKit/537.36 (KHTML, like Gecko; compatible; GPTBot/1.4; +https://openai.com/gptbot)"
95.217.139.6 - - [25/Aug/2026:18:04:03 +0000] "GET /buy.php??a=136039579 HTTP/2.0" 500 0 "-" "Mozilla/5.0 (compatible; AwarioBot/1.0; +https://awario.com/bots.html)"
95.217.139.6 - - [25/Aug/2026:18:04:04 +0000] "GET /buy.php??a=075042692 HTTP/2.0" 500 0 "-" "Mozilla/5.0 (compatible; AwarioBot/1.0; +https://awario.com/bots.html)"
95.217.139.6 - - [25/Aug/2026:18:04:05 +0000] "GET /buy.php??a=136040353 HTTP/2.0" 500 0 "-" "Mozilla/5.0 (compatible; AwarioBot/1.0; +https://awario.com/bots.html)"
95.217.139.6 - - [25/Aug/2026:18:04:06 +0000] "GET /buy.php??a=075044138 HTTP/2.0" 500 0 "-" "Mozilla/5.0 (compatible; AwarioBot/1.0; +https://awario.com/bots.html)"
95.217.139.6 - - [25/Aug/2026:18:04:08 +0000] "GET /buy.php??a=136049375 HTTP/2.0" 500 0 "-" "Mozilla/5.0 (compatible; AwarioBot/1.0; +https://awario.com/bots.html)"
95.217.139.6 - - [25/Aug/2026:18:04:08 +0000] "GET /buy.php??a=076001585 HTTP/2.0" 500 0 "-" "Mozilla/5.0 (compatible; AwarioBot/1.0; +https://awario.com/bots.html)"
95.217.139.6 - - [25/Aug/2026:18:04:10 +0000] "GET /buy.php??a=137021594 HTTP/2.0" 500 0 "-" "Mozilla/5.0 (compatible; AwarioBot/1.0; +https://awario.com/bots.html)"
95.217.139.6 - - [25/Aug/2026:18:04:12 +0000] "GET /buy.php??a=137039520 HTTP/2.0" 500 0 "-" "Mozilla/5.0 (compatible; AwarioBot/1.0; +https://awario.com/bots.html)"
66.249.69.70 - - [25/Aug/2026:18:04:12 +0000] "GET /products.php?l=36775230694 HTTP/2.0" 500 0 "-" "Mozilla/5.0 (Linux; Android 6.0.1; Nexus 5X Build/MMB29P) AppleWebKit/537.36 (KHTML, like Gecko) Chrome/151.0.7922.137 Mobile Safari/537.36 (compatible; Googlebot/2.1; +http://www.google.com/bot.html)"
95.217.139.6 - - [25/Aug/2026:18:04:12 +0000] "GET /buy.php??a=076044145 HTTP/2.0" 500 0 "-" "Mozilla/5.0 (compatible; AwarioBot/1.0; +https://awario.com/bots.html)"
95.217.139.6 - - [25/Aug/2026:18:04:14 +0000] "GET /buy.php??a=137040356 HTTP/2.0" 500 0 "-" "Mozilla/5.0 (compatible; AwarioBot/1.0; +https://awario.com/bots.html)"
95.217.139.6 - - [25/Aug/2026:18:04:15 +0000] "GET /buy.php??a=076048895 HTTP/2.0" 500 0 "-" "Mozilla/5.0 (compatible; AwarioBot/1.0; +https://awario.com/bots.html)"
95.217.139.6 - - [25/Aug/2026:18:04:17 +0000] "GET /buy.php??a=137046724 HTTP/2.0" 500 0 "-" "Mozilla/5.0 (compatible; AwarioBot/1.0; +https://awario.com/bots.html)"
95.217.139.6 - - [25/Aug/2026:18:04:17 +0000] "GET /buy.php??a=077005748 HTTP/2.0" 500 0 "-" "Mozilla/5.0 (compatible; AwarioBot/1.0; +https://awario.com/bots.html)"
95.217.139.6 - - [25/Aug/2026:18:04:19 +0000] "GET /buy.php??a=138032297 HTTP/2.0" 500 0 "-" "Mozilla/5.0 (compatible; AwarioBot/1.0; +https://awario.com/bots.html)"
95.217.139.6 - - [25/Aug/2026:18:04:19 +0000] "GET /buy.php??a=077012644 HTTP/2.0" 500 0 "-" "Mozilla/5.0 (compatible; AwarioBot/1.0; +https://awario.com/bots.html)"
95.217.139.6 - - [25/Aug/2026:18:04:22 +0000] "GET /buy.php??a=139004280 HTTP/2.0" 500 0 "-" "Mozilla/5.0 (compatible; AwarioBot/1.0; +https://awario.com/bots.html)"
95.217.139.6 - - [25/Aug/2026:18:04:22 +0000] "GET /buy.php??a=077046224 HTTP/2.0" 500 0 "-" "Mozilla/5.0 (compatible; AwarioBot/1.0; +https://awario.com/bots.html)"
74.7.227.54 - - [25/Aug/2026:18:04:24 +0000] "GET /buy.php?goods/108038692 HTTP/2.0" 500 0 "https://bioredlite.com/buy.php?detail/18203486873223" "Mozilla/5.0 AppleWebKit/537.36 (KHTML, like Gecko; compatible; GPTBot/1.4; +https://openai.com/gptbot)"
95.217.139.6 - - [25/Aug/2026:18:04:24 +0000] "GET /buy.php??a=139006510 HTTP/2.0" 500 0 "-" "Mozilla/5.0 (compatible; AwarioBot/1.0; +https://awario.com/bots.html)"
95.217.139.6 - - [25/Aug/2026:18:04:25 +0000] "GET /buy.php??a=077047328 HTTP/2.0" 500 0 "-" "Mozilla/5.0 (compatible; AwarioBot/1.0; +https://awario.com/bots.html)"
95.217.139.6 - - [25/Aug/2026:18:04:26 +0000] "GET /buy.php??a=139009110 HTTP/2.0" 500 0 "-" "Mozilla/5.0 (compatible; AwarioBot/1.0; +https://awario.com/bots.html)"
95.217.139.6 - - [25/Aug/2026:18:04:27 +0000] "GET /buy.php??a=079004586 HTTP/2.0" 500 0 "-" "Mozilla/5.0 (compatible; AwarioBot/1.0; +https://awario.com/bots.html)"
95.217.139.6 - - [25/Aug/2026:18:04:28 +0000] "GET /buy.php??a=139016630 HTTP/2.0" 500 0 "-" "Mozilla/5.0 (compatible; AwarioBot/1.0; +https://awario.com/bots.html)"
2a03:2880:f80e:6e:: - - [25/Aug/2026:18:04:30 +0000] "GET / HTTP/2.0" 500 0 "-" "facebookexternalhit/1.1 (+http://www.facebook.com/externalhit_uatext.php)"
95.217.139.6 - - [25/Aug/2026:18:04:30 +0000] "GET /buy.php??a=079017284 HTTP/2.0" 500 0 "-" "Mozilla/5.0 (compatible; AwarioBot/1.0; +https://awario.com/bots.html)"
95.217.139.6 - - [25/Aug/2026:18:04:30 +0000] "GET /buy.php??a=139045814 HTTP/2.0" 500 0 "-" "Mozilla/5.0 (compatible; AwarioBot/1.0; +https://awario.com/bots.html)"
95.217.139.6 - - [25/Aug/2026:18:04:32 +0000] "GET /buy.php??a=140001217 HTTP/2.0" 500 0 "-" "Mozilla/5.0 (compatible; AwarioBot/1.0; +https://awario.com/bots.html)"
95.217.139.6 - - [25/Aug/2026:18:04:33 +0000] "GET /buy.php??a=079037658 HTTP/2.0" 500 0 "-" "Mozilla/5.0 (compatible; AwarioBot/1.0; +https://awario.com/bots.html)"
95.217.139.6 - - [25/Aug/2026:18:04:35 +0000] "GET /buy.php??a=140029001 HTTP/2.0" 500 0 "-" "Mozilla/5.0 (compatible; AwarioBot/1.0; +https://awario.com/bots.html)"
95.217.139.6 - - [25/Aug/2026:18:04:37 +0000] "GET /buy.php??a=079045572 HTTP/2.0" 500 0 "-" "Mozilla/5.0 (compatible; AwarioBot/1.0; +https://awario.com/bots.html)"
95.217.139.6 - - [25/Aug/2026:18:04:37 +0000] "GET /buy.php??a=140031591 HTTP/2.0" 500 0 "-" "Mozilla/5.0 (compatible; AwarioBot/1.0; +https://awario.com/bots.html)"
95.217.139.6 - - [25/Aug/2026:18:04:40 +0000] "GET /buy.php??a=140033815 HTTP/2.0" 500 0 "-" "Mozilla/5.0 (compatible; AwarioBot/1.0; +https://awario.com/bots.html)"
95.217.139.6 - - [25/Aug/2026:18:04:40 +0000] "GET /buy.php??a=080000581 HTTP/2.0" 500 0 "-" "Mozilla/5.0 (compatible; AwarioBot/1.0; +https://awario.com/bots.html)"
95.217.139.6 - - [25/Aug/2026:18:04:42 +0000] "GET /buy.php??a=141027760 HTTP/2.0" 500 0 "-" "Mozilla/5.0 (compatible; AwarioBot/1.0; +https://awario.com/bots.html)"
95.217.139.6 - - [25/Aug/2026:18:04:42 +0000] "GET /buy.php??a=080009015 HTTP/2.0" 500 0 "-" "Mozilla/5.0 (compatible; AwarioBot/1.0; +https://awario.com/bots.html)"
95.217.139.6 - - [25/Aug/2026:18:04:44 +0000] "GET /buy.php??a=080015901 HTTP/2.0" 500 0 "-" "Mozilla/5.0 (compatible; AwarioBot/1.0; +https://awario.com/bots.html)"
74.7.227.54 - - [25/Aug/2026:18:04:45 +0000] "GET /buy.php?goods/061018342 HTTP/2.0" 500 0 "https://bioredlite.com/buy.php?detail/20902055863567" "Mozilla/5.0 AppleWebKit/537.36 (KHTML, like Gecko; compatible; GPTBot/1.4; +https://openai.com/gptbot)"
95.217.139.6 - - [25/Aug/2026:18:04:45 +0000] "GET /buy.php??a=141034060 HTTP/2.0" 500 0 "-" "Mozilla/5.0 (compatible; AwarioBot/1.0; +https://awario.com/bots.html)"
95.217.139.6 - - [25/Aug/2026:18:04:47 +0000] "GET /buy.php??a=142004447 HTTP/2.0" 500 0 "-" "Mozilla/5.0 (compatible; AwarioBot/1.0; +https://awario.com/bots.html)"
95.217.139.6 - - [25/Aug/2026:18:04:48 +0000] "GET /buy.php??a=080028645 HTTP/2.0" 500 0 "-" "Mozilla/5.0 (compatible; AwarioBot/1.0; +https://awario.com/bots.html)"
95.217.139.6 - - [25/Aug/2026:18:04:49 +0000] "GET /buy.php??a=142013941 HTTP/2.0" 500 0 "-" "Mozilla/5.0 (compatible; AwarioBot/1.0; +https://awario.com/bots.html)"
95.217.139.6 - - [25/Aug/2026:18:04:50 +0000] "GET /buy.php??a=080035847 HTTP/2.0" 500 0 "-" "Mozilla/5.0 (compatible; AwarioBot/1.0; +https://awario.com/bots.html)"
95.217.139.6 - - [25/Aug/2026:18:04:52 +0000] "GET /buy.php??a=080036881 HTTP/2.0" 500 0 "-" "Mozilla/5.0 (compatible; AwarioBot/1.0; +https://awario.com/bots.html)"
95.217.139.6 - - [25/Aug/2026:18:04:52 +0000] "GET /buy.php??a=142020737 HTTP/2.0" 500 0 "-" "Mozilla/5.0 (compatible; AwarioBot/1.0; +https://awario.com/bots.html)"
95.217.139.6 - - [25/Aug/2026:18:04:54 +0000] "GET /buy.php??a=080045919 HTTP/2.0" 500 0 "-" "Mozilla/5.0 (compatible; AwarioBot/1.0; +https://awario.com/bots.html)"
95.217.139.6 - - [25/Aug/2026:18:04:55 +0000] "GET /buy.php??a=142021519 HTTP/2.0" 500 0 "-" "Mozilla/5.0 (compatible; AwarioBot/1.0; +https://awario.com/bots.html)"
95.217.139.6 - - [25/Aug/2026:18:04:56 +0000] "GET /buy.php??a=081004116 HTTP/2.0" 500 0 "-" "Mozilla/5.0 (compatible; AwarioBot/1.0; +https://awario.com/bots.html)"
95.217.139.6 - - [25/Aug/2026:18:04:57 +0000] "GET /buy.php??a=143005884 HTTP/2.0" 500 0 "-" "Mozilla/5.0 (compatible; AwarioBot/1.0; +https://awario.com/bots.html)"
95.217.139.6 - - [25/Aug/2026:18:04:58 +0000] "GET /buy.php??a=081008504 HTTP/2.0" 500 0 "-" "Mozilla/5.0 (compatible; AwarioBot/1.0; +https://awario.com/bots.html)"
95.217.139.6 - - [25/Aug/2026:18:05:00 +0000] "GET /buy.php??a=143011426 HTTP/2.0" 500 0 "-" "Mozilla/5.0 (compatible; AwarioBot/1.0; +https://awario.com/bots.html)"
95.217.139.6 - - [25/Aug/2026:18:05:01 +0000] "GET /buy.php??a=081025812 HTTP/2.0" 500 0 "-" "Mozilla/5.0 (compatible; AwarioBot/1.0; +https://awario.com/bots.html)"
95.217.139.6 - - [25/Aug/2026:18:05:02 +0000] "GET /buy.php??a=081027372 HTTP/2.0" 500 0 "-" "Mozilla/5.0 (compatible; AwarioBot/1.0; +https://awario.com/bots.html)"
95.217.139.6 - - [25/Aug/2026:18:05:03 +0000] "GET /buy.php??a=143012882 HTTP/2.0" 500 0 "-" "Mozilla/5.0 (compatible; AwarioBot/1.0; +https://awario.com/bots.html)"
95.217.139.6 - - [25/Aug/2026:18:05:05 +0000] "GET /buy.php??a=081027666 HTTP/2.0" 500 0 "-" "Mozilla/5.0 (compatible; AwarioBot/1.0; +https://awario.com/bots.html)"
95.217.139.6 - - [25/Aug/2026:18:05:05 +0000] "GET /buy.php??a=143019142 HTTP/2.0" 500 0 "-" "Mozilla/5.0 (compatible; AwarioBot/1.0; +https://awario.com/bots.html)"
74.7.227.54 - - [25/Aug/2026:18:05:05 +0000] "GET /buy.php?goods/181048672 HTTP/2.0" 500 0 "https://bioredlite.com/buy.php?detail/27300088480228" "Mozilla/5.0 AppleWebKit/537.36 (KHTML, like Gecko; compatible; GPTBot/1.4; +https://openai.com/gptbot)"
95.217.139.6 - - [25/Aug/2026:18:05:07 +0000] "GET /buy.php??a=081032462 HTTP/2.0" 500 0 "-" "Mozilla/5.0 (compatible; AwarioBot/1.0; +https://awario.com/bots.html)"
95.217.139.6 - - [25/Aug/2026:18:05:08 +0000] "GET /buy.php??a=143045914 HTTP/2.0" 500 0 "-" "Mozilla/5.0 (compatible; AwarioBot/1.0; +https://awario.com/bots.html)"
95.217.139.6 - - [25/Aug/2026:18:05:10 +0000] "GET /buy.php??a=143049180 HTTP/2.0" 500 0 "-" "Mozilla/5.0 (compatible; AwarioBot/1.0; +https://awario.com/bots.html)"
95.217.139.6 - - [25/Aug/2026:18:05:11 +0000] "GET /buy.php??a=081044848 HTTP/2.0" 500 0 "-" "Mozilla/5.0 (compatible; AwarioBot/1.0; +https://awario.com/bots.html)"
95.217.139.6 - - [25/Aug/2026:18:05:12 +0000] "GET /buy.php??a=144017129 HTTP/2.0" 500 0 "-" "Mozilla/5.0 (compatible; AwarioBot/1.0; +https://awario.com/bots.html)"
95.217.139.6 - - [25/Aug/2026:18:05:12 +0000] "GET /buy.php??a=082004479 HTTP/2.0" 500 0 "-" "Mozilla/5.0 (compatible; AwarioBot/1.0; +https://awario.com/bots.html)"
95.217.139.6 - - [25/Aug/2026:18:05:14 +0000] "GET /buy.php??a=144020901 HTTP/2.0" 500 0 "-" "Mozilla/5.0 (compatible; AwarioBot/1.0; +https://awario.com/bots.html)"
95.217.139.6 - - [25/Aug/2026:18:05:15 +0000] "GET /buy.php??a=082017831 HTTP/2.0" 500 0 "-" "Mozilla/5.0 (compatible; AwarioBot/1.0; +https://awario.com/bots.html)"
95.217.139.6 - - [25/Aug/2026:18:05:16 +0000] "GET /buy.php??a=144027917 HTTP/2.0" 500 0 "-" "Mozilla/5.0 (compatible; AwarioBot/1.0; +https://awario.com/bots.html)"
95.217.139.6 - - [25/Aug/2026:18:05:17 +0000] "GET /buy.php??a=082026581 HTTP/2.0" 500 0 "-" "Mozilla/5.0 (compatible; AwarioBot/1.0; +https://awario.com/bots.html)"
95.217.139.6 - - [25/Aug/2026:18:05:19 +0000] "GET /buy.php??a=145006958 HTTP/2.0" 500 0 "-" "Mozilla/5.0 (compatible; AwarioBot/1.0; +https://awario.com/bots.html)"
95.217.139.6 - - [25/Aug/2026:18:05:19 +0000] "GET /buy.php??a=082027097 HTTP/2.0" 500 0 "-" "Mozilla/5.0 (compatible; AwarioBot/1.0; +https://awario.com/bots.html)"
95.217.139.6 - - [25/Aug/2026:18:05:21 +0000] "GET /buy.php??a=082029665 HTTP/2.0" 500 0 "-" "Mozilla/5.0 (compatible; AwarioBot/1.0; +https://awario.com/bots.html)"
95.217.139.6 - - [25/Aug/2026:18:05:21 +0000] "GET /buy.php??a=145022868 HTTP/2.0" 500 0 "-" "Mozilla/5.0 (compatible; AwarioBot/1.0; +https://awario.com/bots.html)"
95.217.139.6 - - [25/Aug/2026:18:05:23 +0000] "GET /buy.php??a=082043007 HTTP/2.0" 500 0 "-" "Mozilla/5.0 (compatible; AwarioBot/1.0; +https://awario.com/bots.html)"
95.217.139.6 - - [25/Aug/2026:18:05:24 +0000] "GET /buy.php??a=145036294 HTTP/2.0" 500 0 "-" "Mozilla/5.0 (compatible; AwarioBot/1.0; +https://awario.com/bots.html)"
95.217.139.6 - - [25/Aug/2026:18:05:25 +0000] "GET /buy.php??a=083003256 HTTP/2.0" 500 0 "-" "Mozilla/5.0 (compatible; AwarioBot/1.0; +https://awario.com/bots.html)"
95.217.139.6 - - [25/Aug/2026:18:05:26 +0000] "GET /buy.php??a=146004531 HTTP/2.0" 500 0 "-" "Mozilla/5.0 (compatible; AwarioBot/1.0; +https://awario.com/bots.html)"
74.7.227.54 - - [25/Aug/2026:18:05:27 +0000] "GET /buy.php?goods/046032389 HTTP/2.0" 500 0 "https://bioredlite.com/buy.php?detail/04603291242053" "Mozilla/5.0 AppleWebKit/537.36 (KHTML, like Gecko; compatible; GPTBot/1.4; +https://openai.com/gptbot)"
95.217.139.6 - - [25/Aug/2026:18:05:27 +0000] "GET /buy.php??a=083008852 HTTP/2.0" 500 0 "-" "Mozilla/5.0 (compatible; AwarioBot/1.0; +https://awario.com/bots.html)"
95.217.139.6 - - [25/Aug/2026:18:05:29 +0000] "GET /buy.php??a=146038863 HTTP/2.0" 500 0 "-" "Mozilla/5.0 (compatible; AwarioBot/1.0; +https://awario.com/bots.html)"
95.217.139.6 - - [25/Aug/2026:18:05:30 +0000] "GET /buy.php??a=083032168 HTTP/2.0" 500 0 "-" "Mozilla/5.0 (compatible; AwarioBot/1.0; +https://awario.com/bots.html)"
95.217.139.6 - - [25/Aug/2026:18:05:31 +0000] "GET /buy.php??a=146038867 HTTP/2.0" 500 0 "-" "Mozilla/5.0 (compatible; AwarioBot/1.0; +https://awario.com/bots.html)"
95.217.139.6 - - [25/Aug/2026:18:05:33 +0000] "GET /buy.php??a=084004031 HTTP/2.0" 500 0 "-" "Mozilla/5.0 (compatible; AwarioBot/1.0; +https://awario.com/bots.html)"
95.217.139.6 - - [25/Aug/2026:18:05:33 +0000] "GET /buy.php??a=147004460 HTTP/2.0" 500 0 "-" "Mozilla/5.0 (compatible; AwarioBot/1.0; +https://awario.com/bots.html)"
2a03:2880:f806:12:: - - [25/Aug/2026:18:05:35 +0000] "GET /products.php?m=77128191907 HTTP/2.0" 500 0 "-" "Mozilla/5.0 (Macintosh; Intel Mac OS X 10_15_7) AppleWebKit/537.36 (KHTML, like Gecko) Chrome/145.0.0.0 Safari/537.36 (compatible; meta-externalagent/1.1 (+https://developers.facebook.com/docs/sharing/webmasters/crawler))"
95.217.139.6 - - [25/Aug/2026:18:05:36 +0000] "GET /buy.php??a=147010446 HTTP/2.0" 500 0 "-" "Mozilla/5.0 (compatible; AwarioBot/1.0; +https://awario.com/bots.html)"
95.217.139.6 - - [25/Aug/2026:18:05:36 +0000] "GET /buy.php??a=084008445 HTTP/2.0" 500 0 "-" "Mozilla/5.0 (compatible; AwarioBot/1.0; +https://awario.com/bots.html)"
95.217.139.6 - - [25/Aug/2026:18:05:38 +0000] "GET /buy.php??a=147012154 HTTP/2.0" 500 0 "-" "Mozilla/5.0 (compatible; AwarioBot/1.0; +https://awario.com/bots.html)"
95.217.139.6 - - [25/Aug/2026:18:05:39 +0000] "GET /buy.php??a=084012941 HTTP/2.0" 500 0 "-" "Mozilla/5.0 (compatible; AwarioBot/1.0; +https://awario.com/bots.html)"
95.217.139.6 - - [25/Aug/2026:18:05:41 +0000] "GET /buy.php??a=147014540 HTTP/2.0" 500 0 "-" "Mozilla/5.0 (compatible; AwarioBot/1.0; +https://awario.com/bots.html)"
95.217.139.6 - - [25/Aug/2026:18:05:41 +0000] "GET /buy.php??a=084017599 HTTP/2.0" 500 0 "-" "Mozilla/5.0 (compatible; AwarioBot/1.0; +https://awario.com/bots.html)"
66.249.69.66 - - [25/Aug/2026:18:05:43 +0000] "GET /products.php?q=16786167456 HTTP/2.0" 500 0 "-" "Mozilla/5.0 (Linux; Android 6.0.1; Nexus 5X Build/MMB29P) AppleWebKit/537.36 (KHTML, like Gecko) Chrome/151.0.7922.137 Mobile Safari/537.36 (compatible; Googlebot/2.1; +http://www.google.com/bot.html)"
95.217.139.6 - - [25/Aug/2026:18:05:43 +0000] "GET /buy.php??a=084021577 HTTP/2.0" 500 0 "-" "Mozilla/5.0 (compatible; AwarioBot/1.0; +https://awario.com/bots.html)"
95.217.139.6 - - [25/Aug/2026:18:05:43 +0000] "GET /buy.php??a=147020780 HTTP/2.0" 500 0 "-" "Mozilla/5.0 (compatible; AwarioBot/1.0; +https://awario.com/bots.html)"
95.217.139.6 - - [25/Aug/2026:18:05:45 +0000] "GET /buy.php??a=084041565 HTTP/2.0" 500 0 "-" "Mozilla/5.0 (compatible; AwarioBot/1.0; +https://awario.com/bots.html)"
95.217.139.6 - - [25/Aug/2026:18:05:46 +0000] "GET /buy.php??a=147020802 HTTP/2.0" 500 0 "-" "Mozilla/5.0 (compatible; AwarioBot/1.0; +https://awario.com/bots.html)"
74.7.227.54 - - [25/Aug/2026:18:05:48 +0000] "GET /buy.php?detail/20202502050933 HTTP/2.0" 500 0 "https://bioredlite.com/buy.php?detail/08204757355171" "Mozilla/5.0 AppleWebKit/537.36 (KHTML, like Gecko; compatible; GPTBot/1.4; +https://openai.com/gptbot)"
95.217.139.6 - - [25/Aug/2026:18:05:48 +0000] "GET /buy.php??a=084043803 HTTP/2.0" 500 0 "-" "Mozilla/5.0 (compatible; AwarioBot/1.0; +https://awario.com/bots.html)"
2a03:2880:f806:d:: - - [25/Aug/2026:18:05:48 +0000] "GET /products.php?l=36775284516 HTTP/2.0" 500 0 "-" "Mozilla/5.0 (Windows NT 10.0; Win64; x64) AppleWebKit/537.36 (KHTML, like Gecko) Chrome/145.0.0.0 Safari/537.36 (compatible; meta-externalagent/1.1 (+https://developers.facebook.com/docs/sharing/webmasters/crawler))"
95.217.139.6 - - [25/Aug/2026:18:05:49 +0000] "GET /buy.php??a=147025886 HTTP/2.0" 500 0 "-" "Mozilla/5.0 (compatible; AwarioBot/1.0; +https://awario.com/bots.html)"
95.217.139.6 - - [25/Aug/2026:18:05:50 +0000] "GET /buy.php??a=084046295 HTTP/2.0" 500 0 "-" "Mozilla/5.0 (compatible; AwarioBot/1.0; +https://awario.com/bots.html)"
95.217.139.6 - - [25/Aug/2026:18:05:51 +0000] "GET /buy.php??a=147027306 HTTP/2.0" 500 0 "-" "Mozilla/5.0 (compatible; AwarioBot/1.0; +https://awario.com/bots.html)"
95.217.139.6 - - [25/Aug/2026:18:05:52 +0000] "GET /buy.php??a=085021634 HTTP/2.0" 500 0 "-" "Mozilla/5.0 (compatible; AwarioBot/1.0; +https://awario.com/bots.html)"
95.217.139.6 - - [25/Aug/2026:18:05:54 +0000] "GET /buy.php??a=147030606 HTTP/2.0" 500 0 "-" "Mozilla/5.0 (compatible; AwarioBot/1.0; +https://awario.com/bots.html)"
95.217.139.6 - - [25/Aug/2026:18:05:54 +0000] "GET /buy.php??a=085025224 HTTP/2.0" 500 0 "-" "Mozilla/5.0 (compatible; AwarioBot/1.0; +https://awario.com/bots.html)"
95.217.139.6 - - [25/Aug/2026:18:05:56 +0000] "GET /buy.php??a=085033472 HTTP/2.0" 500 0 "-" "Mozilla/5.0 (compatible; AwarioBot/1.0; +https://awario.com/bots.html)"
95.217.139.6 - - [25/Aug/2026:18:05:57 +0000] "GET /buy.php??a=147040246 HTTP/2.0" 500 0 "-" "Mozilla/5.0 (compatible; AwarioBot/1.0; +https://awario.com/bots.html)"
95.217.139.6 - - [25/Aug/2026:18:05:58 +0000] "GET /buy.php??a=086014767 HTTP/2.0" 500 0 "-" "Mozilla/5.0 (compatible; AwarioBot/1.0; +https://awario.com/bots.html)"
95.217.139.6 - - [25/Aug/2026:18:05:59 +0000] "GET /buy.php??a=147042758 HTTP/2.0" 500 0 "-" "Mozilla/5.0 (compatible; AwarioBot/1.0; +https://awario.com/bots.html)"
95.217.139.6 - - [25/Aug/2026:18:06:00 +0000] "GET /buy.php??a=086032349 HTTP/2.0" 500 0 "-" "Mozilla/5.0 (compatible; AwarioBot/1.0; +https://awario.com/bots.html)"
95.217.139.6 - - [25/Aug/2026:18:06:01 +0000] "GET /buy.php??a=147046130 HTTP/2.0" 500 0 "-" "Mozilla/5.0 (compatible; AwarioBot/1.0; +https://awario.com/bots.html)"
95.217.139.6 - - [25/Aug/2026:18:06:02 +0000] "GET /buy.php??a=087018178 HTTP/2.0" 500 0 "-" "Mozilla/5.0 (compatible; AwarioBot/1.0; +https://awario.com/bots.html)"
95.217.139.6 - - [25/Aug/2026:18:06:04 +0000] "GET /buy.php??a=148009569 HTTP/2.0" 500 0 "-" "Mozilla/5.0 (compatible; AwarioBot/1.0; +https://awario.com/bots.html)"
95.217.139.6 - - [25/Aug/2026:18:06:04 +0000] "GET /buy.php??a=087018696 HTTP/2.0" 500 0 "-" "Mozilla/5.0 (compatible; AwarioBot/1.0; +https://awario.com/bots.html)"
95.217.139.6 - - [25/Aug/2026:18:06:06 +0000] "GET /buy.php??a=148020897 HTTP/2.0" 500 0 "-" "Mozilla/5.0 (compatible; AwarioBot/1.0; +https://awario.com/bots.html)"
95.217.139.6 - - [25/Aug/2026:18:06:06 +0000] "GET /buy.php??a=087021046 HTTP/2.0" 500 0 "-" "Mozilla/5.0 (compatible; AwarioBot/1.0; +https://awario.com/bots.html)"
74.7.227.54 - - [25/Aug/2026:18:06:08 +0000] "GET /buy.php?detail/03104031313201 HTTP/2.0" 500 0 "https://bioredlite.com/buy.php?detail/03003506761579" "Mozilla/5.0 AppleWebKit/537.36 (KHTML, like Gecko; compatible; GPTBot/1.4; +https://openai.com/gptbot)"
95.217.139.6 - - [25/Aug/2026:18:06:09 +0000] "GET /buy.php??a=148047087 HTTP/2.0" 500 0 "-" "Mozilla/5.0 (compatible; AwarioBot/1.0; +https://awario.com/bots.html)"
95.217.139.6 - - [25/Aug/2026:18:06:09 +0000] "GET /buy.php??a=087045172 HTTP/2.0" 500 0 "-" "Mozilla/5.0 (compatible; AwarioBot/1.0; +https://awario.com/bots.html)"
95.217.139.6 - - [25/Aug/2026:18:06:11 +0000] "GET /buy.php??a=149015584 HTTP/2.0" 500 0 "-" "Mozilla/5.0 (compatible; AwarioBot/1.0; +https://awario.com/bots.html)"
95.217.139.6 - - [25/Aug/2026:18:06:11 +0000] "GET /buy.php??a=087045912 HTTP/2.0" 500 0 "-" "Mozilla/5.0 (compatible; AwarioBot/1.0; +https://awario.com/bots.html)"
95.217.139.6 - - [25/Aug/2026:18:06:13 +0000] "GET /buy.php??a=088016391 HTTP/2.0" 500 0 "-" "Mozilla/5.0 (compatible; AwarioBot/1.0; +https://awario.com/bots.html)"
95.217.139.6 - - [25/Aug/2026:18:06:14 +0000] "GET /buy.php??a=149019082 HTTP/2.0" 500 0 "-" "Mozilla/5.0 (compatible; AwarioBot/1.0; +https://awario.com/bots.html)"
95.217.139.6 - - [25/Aug/2026:18:06:16 +0000] "GET /buy.php??a=149045188 HTTP/2.0" 500 0 "-" "Mozilla/5.0 (compatible; AwarioBot/1.0; +https://awario.com/bots.html)"
95.217.139.6 - - [25/Aug/2026:18:06:16 +0000] "GET /buy.php??a=088028897 HTTP/2.0" 500 0 "-" "Mozilla/5.0 (compatible; AwarioBot/1.0; +https://awario.com/bots.html)"
95.217.139.6 - - [25/Aug/2026:18:06:18 +0000] "GET /buy.php??a=149049362 HTTP/2.0" 500 0 "-" "Mozilla/5.0 (compatible; AwarioBot/1.0; +https://awario.com/bots.html)"
95.217.139.6 - - [25/Aug/2026:18:06:19 +0000] "GET /buy.php??a=089032346 HTTP/2.0" 500 0 "-" "Mozilla/5.0 (compatible; AwarioBot/1.0; +https://awario.com/bots.html)"
95.217.139.6 - - [25/Aug/2026:18:06:20 +0000] "GET /buy.php??a=149049410 HTTP/2.0" 500 0 "-" "Mozilla/5.0 (compatible; AwarioBot/1.0; +https://awario.com/bots.html)"
95.217.139.6 - - [25/Aug/2026:18:06:23 +0000] "GET /buy.php??a=150033119 HTTP/2.0" 500 0 "-" "Mozilla/5.0 (compatible; AwarioBot/1.0; +https://awario.com/bots.html)"
95.217.139.6 - - [25/Aug/2026:18:06:24 +0000] "GET /buy.php??a=089043386 HTTP/2.0" 500 0 "-" "Mozilla/5.0 (compatible; AwarioBot/1.0; +https://awario.com/bots.html)"
95.217.139.6 - - [25/Aug/2026:18:06:25 +0000] "GET /buy.php??a=150034693 HTTP/2.0" 500 0 "-" "Mozilla/5.0 (compatible; AwarioBot/1.0; +https://awario.com/bots.html)"
95.217.139.6 - - [25/Aug/2026:18:06:27 +0000] "GET /buy.php??a=150043433 HTTP/2.0" 500 0 "-" "Mozilla/5.0 (compatible; AwarioBot/1.0; +https://awario.com/bots.html)"
74.7.227.54 - - [25/Aug/2026:18:06:28 +0000] "GET /buy.php?detail/11300144130130 HTTP/2.0" 500 0 "https://bioredlite.com/buy.php?detail/03901369274917" "Mozilla/5.0 AppleWebKit/537.36 (KHTML, like Gecko; compatible; GPTBot/1.4; +https://openai.com/gptbot)"
95.217.139.6 - - [25/Aug/2026:18:06:28 +0000] "GET /buy.php??a=090002173 HTTP/2.0" 500 0 "-" "Mozilla/5.0 (compatible; AwarioBot/1.0; +https://awario.com/bots.html)"
95.217.139.6 - - [25/Aug/2026:18:06:30 +0000] "GET /buy.php??a=150046711 HTTP/2.0" 500 0 "-" "Mozilla/5.0 (compatible; AwarioBot/1.0; +https://awario.com/bots.html)"
95.217.139.6 - - [25/Aug/2026:18:06:30 +0000] "GET /buy.php??a=090039659 HTTP/2.0" 500 0 "-" "Mozilla/5.0 (compatible; AwarioBot/1.0; +https://awario.com/bots.html)"
95.217.139.6 - - [25/Aug/2026:18:06:32 +0000] "GET /buy.php??a=151004194 HTTP/2.0" 500 0 "-" "Mozilla/5.0 (compatible; AwarioBot/1.0; +https://awario.com/bots.html)"
95.217.139.6 - - [25/Aug/2026:18:06:32 +0000] "GET /buy.php??a=090043393 HTTP/2.0" 500 0 "-" "Mozilla/5.0 (compatible; AwarioBot/1.0; +https://awario.com/bots.html)"
95.217.139.6 - - [25/Aug/2026:18:06:34 +0000] "GET /buy.php??a=152010441 HTTP/2.0" 500 0 "-" "Mozilla/5.0 (compatible; AwarioBot/1.0; +https://awario.com/bots.html)"
95.217.139.6 - - [25/Aug/2026:18:06:34 +0000] "GET /buy.php??a=090043885 HTTP/2.0" 500 0 "-" "Mozilla/5.0 (compatible; AwarioBot/1.0; +https://awario.com/bots.html)"
95.217.139.6 - - [25/Aug/2026:18:06:36 +0000] "GET /buy.php??a=152047197 HTTP/2.0" 500 0 "-" "Mozilla/5.0 (compatible; AwarioBot/1.0; +https://awario.com/bots.html)"
95.217.139.6 - - [25/Aug/2026:18:06:38 +0000] "GET /buy.php??a=153004408 HTTP/2.0" 500 0 "-" "Mozilla/5.0 (compatible; AwarioBot/1.0; +https://awario.com/bots.html)"
95.217.139.6 - - [25/Aug/2026:18:06:41 +0000] "GET /buy.php??a=153008684 HTTP/2.0" 500 0 "-" "Mozilla/5.0 (compatible; AwarioBot/1.0; +https://awario.com/bots.html)"
95.217.139.6 - - [25/Aug/2026:18:06:42 +0000] "GET /buy.php??a=091001266 HTTP/2.0" 500 0 "-" "Mozilla/5.0 (compatible; AwarioBot/1.0; +https://awario.com/bots.html)"
95.217.139.6 - - [25/Aug/2026:18:06:43 +0000] "GET /buy.php??a=153015402 HTTP/2.0" 500 0 "-" "Mozilla/5.0 (compatible; AwarioBot/1.0; +https://awario.com/bots.html)"
66.249.69.67 - - [25/Aug/2026:18:06:43 +0000] "GET /detail.php?u=75420154196 HTTP/2.0" 500 0 "-" "Mozilla/5.0 (Linux; Android 6.0.1; Nexus 5X Build/MMB29P) AppleWebKit/537.36 (KHTML, like Gecko) Chrome/151.0.7922.137 Mobile Safari/537.36 (compatible; Googlebot/2.1; +http://www.google.com/bot.html)"
66.249.69.67 - - [25/Aug/2026:18:06:44 +0000] "GET /products.php?z=84265281772 HTTP/2.0" 500 0 "-" "Mozilla/5.0 (Linux; Android 6.0.1; Nexus 5X Build/MMB29P) AppleWebKit/537.36 (KHTML, like Gecko) Chrome/151.0.7922.137 Mobile Safari/537.36 (compatible; Googlebot/2.1; +http://www.google.com/bot.html)"
95.217.139.6 - - [25/Aug/2026:18:06:45 +0000] "GET /buy.php??a=091009304 HTTP/2.0" 500 0 "-" "Mozilla/5.0 (compatible; AwarioBot/1.0; +https://awario.com/bots.html)"
95.217.139.6 - - [25/Aug/2026:18:06:45 +0000] "GET /buy.php??a=153020952 HTTP/2.0" 500 0 "-" "Mozilla/5.0 (compatible; AwarioBot/1.0; +https://awario.com/bots.html)"
95.217.139.6 - - [25/Aug/2026:18:06:47 +0000] "GET /buy.php??a=153040470 HTTP/2.0" 500 0 "-" "Mozilla/5.0 (compatible; AwarioBot/1.0; +https://awario.com/bots.html)"
95.217.139.6 - - [25/Aug/2026:18:06:49 +0000] "GET /buy.php??a=091012630 HTTP/2.0" 500 0 "-" "Mozilla/5.0 (compatible; AwarioBot/1.0; +https://awario.com/bots.html)"
95.217.139.6 - - [25/Aug/2026:18:06:50 +0000] "GET /buy.php??a=153042252 HTTP/2.0" 500 0 "-" "Mozilla/5.0 (compatible; AwarioBot/1.0; +https://awario.com/bots.html)"
74.7.227.54 - - [25/Aug/2026:18:06:50 +0000] "GET /buy.php?detail/00400417742400 HTTP/2.0" 500 0 "https://bioredlite.com/buy.php?detail/05001709304922" "Mozilla/5.0 AppleWebKit/537.36 (KHTML, like Gecko; compatible; GPTBot/1.4; +https://openai.com/gptbot)"
95.217.139.6 - - [25/Aug/2026:18:06:52 +0000] "GET /buy.php??a=154001605 HTTP/2.0" 500 0 "-" "Mozilla/5.0 (compatible; AwarioBot/1.0; +https://awario.com/bots.html)"
95.217.139.6 - - [25/Aug/2026:18:06:55 +0000] "GET /buy.php??a=091029136 HTTP/2.0" 500 0 "-" "Mozilla/5.0 (compatible; AwarioBot/1.0; +https://awario.com/bots.html)"
95.217.139.6 - - [25/Aug/2026:18:06:55 +0000] "GET /buy.php??a=154016615 HTTP/2.0" 500 0 "-" "Mozilla/5.0 (compatible; AwarioBot/1.0; +https://awario.com/bots.html)"
95.217.139.6 - - [25/Aug/2026:18:06:57 +0000] "GET /buy.php??a=155011540 HTTP/2.0" 500 0 "-" "Mozilla/5.0 (compatible; AwarioBot/1.0; +https://awario.com/bots.html)"
95.217.139.6 - - [25/Aug/2026:18:06:58 +0000] "GET /buy.php??a=091032810 HTTP/2.0" 500 0 "-" "Mozilla/5.0 (compatible; AwarioBot/1.0; +https://awario.com/bots.html)"
95.217.139.6 - - [25/Aug/2026:18:07:00 +0000] "GET /buy.php??a=155030882 HTTP/2.0" 500 0 "-" "Mozilla/5.0 (compatible; AwarioBot/1.0; +https://awario.com/bots.html)"
95.217.139.6 - - [25/Aug/2026:18:07:02 +0000] "GET /buy.php??a=155043136 HTTP/2.0" 500 0 "-" "Mozilla/5.0 (compatible; AwarioBot/1.0; +https://awario.com/bots.html)"
95.217.139.6 - - [25/Aug/2026:18:07:02 +0000] "GET /buy.php??a=091033034 HTTP/2.0" 500 0 "-" "Mozilla/5.0 (compatible; AwarioBot/1.0; +https://awario.com/bots.html)"
95.217.139.6 - - [25/Aug/2026:18:07:04 +0000] "GET /buy.php??a=156019857 HTTP/2.0" 500 0 "-" "Mozilla/5.0 (compatible; AwarioBot/1.0; +https://awario.com/bots.html)"
95.217.139.6 - - [25/Aug/2026:18:07:06 +0000] "GET /buy.php??a=091040426 HTTP/2.0" 500 0 "-" "Mozilla/5.0 (compatible; AwarioBot/1.0; +https://awario.com/bots.html)"
95.217.139.6 - - [25/Aug/2026:18:07:06 +0000] "GET /buy.php??a=156025143 HTTP/2.0" 500 0 "-" "Mozilla/5.0 (compatible; AwarioBot/1.0; +https://awario.com/bots.html)"
95.217.139.6 - - [25/Aug/2026:18:07:09 +0000] "GET /buy.php??a=157000674 HTTP/2.0" 500 0 "-" "Mozilla/5.0 (compatible; AwarioBot/1.0; +https://awario.com/bots.html)"
95.217.139.6 - - [25/Aug/2026:18:07:09 +0000] "GET /buy.php??a=091041998 HTTP/2.0" 500 0 "-" "Mozilla/5.0 (compatible; AwarioBot/1.0; +https://awario.com/bots.html)"
74.7.227.54 - - [25/Aug/2026:18:07:10 +0000] "GET /buy.php?detail/02601632606632 HTTP/2.0" 500 0 "https://bioredlite.com/buy.php?detail/00604574272278" "Mozilla/5.0 AppleWebKit/537.36 (KHTML, like Gecko; compatible; GPTBot/1.4; +https://openai.com/gptbot)"
95.217.139.6 - - [25/Aug/2026:18:07:11 +0000] "GET /buy.php??a=157005126 HTTP/2.0" 500 0 "-" "Mozilla/5.0 (compatible; AwarioBot/1.0; +https://awario.com/bots.html)"
66.249.69.66 - - [25/Aug/2026:18:07:14 +0000] "GET /products.php?e=35390234959 HTTP/2.0" 500 0 "-" "Mozilla/5.0 (Linux; Android 6.0.1; Nexus 5X Build/MMB29P) AppleWebKit/537.36 (KHTML, like Gecko) Chrome/151.0.7922.137 Mobile Safari/537.36 (compatible; Googlebot/2.1; +http://www.google.com/bot.html)"
95.217.139.6 - - [25/Aug/2026:18:07:14 +0000] "GET /buy.php??a=157029212 HTTP/2.0" 500 0 "-" "Mozilla/5.0 (compatible; AwarioBot/1.0; +https://awario.com/bots.html)"
95.217.139.6 - - [25/Aug/2026:18:07:15 +0000] "GET /buy.php??a=091048572 HTTP/2.0" 500 0 "-" "Mozilla/5.0 (compatible; AwarioBot/1.0; +https://awario.com/bots.html)"
192.178.6.33 - - [25/Aug/2026:18:07:15 +0000] "GET /?v=91047148923 HTTP/2.0" 500 0 "-" "Mozilla/5.0 (Linux; Android 6.0.1; Nexus 5X Build/MMB29P) AppleWebKit/537.36 (KHTML, like Gecko) Chrome/151.0.7922.137 Mobile Safari/537.36 (compatible; Googlebot/2.1; +http://www.google.com/bot.html)"
95.217.139.6 - - [25/Aug/2026:18:07:17 +0000] "GET /buy.php??a=157045712 HTTP/2.0" 500 0 "-" "Mozilla/5.0 (compatible; AwarioBot/1.0; +https://awario.com/bots.html)"
95.217.139.6 - - [25/Aug/2026:18:07:20 +0000] "GET /buy.php??a=158005739 HTTP/2.0" 500 0 "-" "Mozilla/5.0 (compatible; AwarioBot/1.0; +https://awario.com/bots.html)"
95.217.139.6 - - [25/Aug/2026:18:07:22 +0000] "GET /buy.php??a=158030653 HTTP/2.0" 500 0 "-" "Mozilla/5.0 (compatible; AwarioBot/1.0; +https://awario.com/bots.html)"
95.217.139.6 - - [25/Aug/2026:18:07:25 +0000] "GET /buy.php??a=158037773 HTTP/2.0" 500 0 "-" "Mozilla/5.0 (compatible; AwarioBot/1.0; +https://awario.com/bots.html)"
95.217.139.6 - - [25/Aug/2026:18:07:27 +0000] "GET /buy.php??a=159008332 HTTP/2.0" 500 0 "-" "Mozilla/5.0 (compatible; AwarioBot/1.0; +https://awario.com/bots.html)"
95.217.139.6 - - [25/Aug/2026:18:07:29 +0000] "GET /buy.php??a=159020768 HTTP/2.0" 500 0 "-" "Mozilla/5.0 (compatible; AwarioBot/1.0; +https://awario.com/bots.html)"
74.7.227.54 - - [25/Aug/2026:18:07:31 +0000] "GET /buy.php?detail/09900590010994 HTTP/2.0" 500 0 "https://bioredlite.com/buy.php?goods/042040916" "Mozilla/5.0 AppleWebKit/537.36 (KHTML, like Gecko; compatible; GPTBot/1.4; +https://openai.com/gptbot)"
95.217.139.6 - - [25/Aug/2026:18:07:32 +0000] "GET /buy.php??a=159022196 HTTP/2.0" 500 0 "-" "Mozilla/5.0 (compatible; AwarioBot/1.0; +https://awario.com/bots.html)"
95.217.139.6 - - [25/Aug/2026:18:07:35 +0000] "GET /buy.php??a=159029070 HTTP/2.0" 500 0 "-" "Mozilla/5.0 (compatible; AwarioBot/1.0; +https://awario.com/bots.html)"
95.217.139.6 - - [25/Aug/2026:18:07:37 +0000] "GET /buy.php??a=160016931 HTTP/2.0" 500 0 "-" "Mozilla/5.0 (compatible; AwarioBot/1.0; +https://awario.com/bots.html)"
95.217.139.6 - - [25/Aug/2026:18:07:40 +0000] "GET /buy.php??a=161001156 HTTP/2.0" 500 0 "-" "Mozilla/5.0 (compatible; AwarioBot/1.0; +https://awario.com/bots.html)"
95.217.139.6 - - [25/Aug/2026:18:07:42 +0000] "GET /buy.php??a=161025912 HTTP/2.0" 500 0 "-" "Mozilla/5.0 (compatible; AwarioBot/1.0; +https://awario.com/bots.html)"
95.217.139.6 - - [25/Aug/2026:18:07:44 +0000] "GET /buy.php??a=162008469 HTTP/2.0" 500 0 "-" "Mozilla/5.0 (compatible; AwarioBot/1.0; +https://awario.com/bots.html)"
95.217.139.6 - - [25/Aug/2026:18:07:47 +0000] "GET /buy.php??a=162011533 HTTP/2.0" 500 0 "-" "Mozilla/5.0 (compatible; AwarioBot/1.0; +https://awario.com/bots.html)"
95.217.139.6 - - [25/Aug/2026:18:07:49 +0000] "GET /buy.php??a=162021431 HTTP/2.0" 500 0 "-" "Mozilla/5.0 (compatible; AwarioBot/1.0; +https://awario.com/bots.html)"
95.217.139.6 - - [25/Aug/2026:18:07:51 +0000] "GET /buy.php??a=162035949 HTTP/2.0" 500 0 "-" "Mozilla/5.0 (compatible; AwarioBot/1.0; +https://awario.com/bots.html)"
74.7.227.54 - - [25/Aug/2026:18:07:51 +0000] "GET /buy.php?detail/00900977549774 HTTP/2.0" 500 0 "https://bioredlite.com/buy.php?detail/00900788338156" "Mozilla/5.0 AppleWebKit/537.36 (KHTML, like Gecko; compatible; GPTBot/1.4; +https://openai.com/gptbot)"
95.217.139.6 - - [25/Aug/2026:18:07:54 +0000] "GET /buy.php??a=162043321 HTTP/2.0" 500 0 "-" "Mozilla/5.0 (compatible; AwarioBot/1.0; +https://awario.com/bots.html)"
95.217.139.6 - - [25/Aug/2026:18:07:56 +0000] "GET /buy.php??a=162044977 HTTP/2.0" 500 0 "-" "Mozilla/5.0 (compatible; AwarioBot/1.0; +https://awario.com/bots.html)"
95.217.139.6 - - [25/Aug/2026:18:07:59 +0000] "GET /buy.php??a=163004642 HTTP/2.0" 500 0 "-" "Mozilla/5.0 (compatible; AwarioBot/1.0; +https://awario.com/bots.html)"
95.217.139.6 - - [25/Aug/2026:18:08:01 +0000] "GET /buy.php??a=163011140 HTTP/2.0" 500 0 "-" "Mozilla/5.0 (compatible; AwarioBot/1.0; +https://awario.com/bots.html)"
95.217.139.6 - - [25/Aug/2026:18:08:04 +0000] "GET /buy.php??a=164001497 HTTP/2.0" 500 0 "-" "Mozilla/5.0 (compatible; AwarioBot/1.0; +https://awario.com/bots.html)"
95.217.139.6 - - [25/Aug/2026:18:08:06 +0000] "GET /buy.php??a=165001496 HTTP/2.0" 500 0 "-" "Mozilla/5.0 (compatible; AwarioBot/1.0; +https://awario.com/bots.html)"
95.217.139.6 - - [25/Aug/2026:18:08:08 +0000] "GET /buy.php??a=166003103 HTTP/2.0" 500 0 "-" "Mozilla/5.0 (compatible; AwarioBot/1.0; +https://awario.com/bots.html)"
95.217.139.6 - - [25/Aug/2026:18:08:10 +0000] "GET /buy.php??a=166023459 HTTP/2.0" 500 0 "-" "Mozilla/5.0 (compatible; AwarioBot/1.0; +https://awario.com/bots.html)"
74.7.227.54 - - [25/Aug/2026:18:08:12 +0000] "GET /buy.php?detail/28202823363823 HTTP/2.0" 500 0 "https://bioredlite.com/buy.php?detail/28203140185248" "Mozilla/5.0 AppleWebKit/537.36 (KHTML, like Gecko; compatible; GPTBot/1.4; +https://openai.com/gptbot)"
95.217.139.6 - - [25/Aug/2026:18:08:13 +0000] "GET /buy.php??a=166037353 HTTP/2.0" 500 0 "-" "Mozilla/5.0 (compatible; AwarioBot/1.0; +https://awario.com/bots.html)"
66.249.69.65 - - [25/Aug/2026:18:08:16 +0000] "GET /detail.php?u=75420142512 HTTP/2.0" 500 0 "-" "Mozilla/5.0 (Linux; Android 6.0.1; Nexus 5X Build/MMB29P) AppleWebKit/537.36 (KHTML, like Gecko) Chrome/151.0.7922.137 Mobile Safari/537.36 (compatible; Googlebot/2.1; +http://www.google.com/bot.html)"
95.217.139.6 - - [25/Aug/2026:18:08:16 +0000] "GET /buy.php??a=167011182 HTTP/2.0" 500 0 "-" "Mozilla/5.0 (compatible; AwarioBot/1.0; +https://awario.com/bots.html)"
66.249.69.66 - - [25/Aug/2026:18:08:16 +0000] "GET /products.php?m=771289866 HTTP/2.0" 500 0 "-" "Mozilla/5.0 (Linux; Android 6.0.1; Nexus 5X Build/MMB29P) AppleWebKit/537.36 (KHTML, like Gecko) Chrome/151.0.7922.137 Mobile Safari/537.36 (compatible; Googlebot/2.1; +http://www.google.com/bot.html)"
66.249.69.65 - - [25/Aug/2026:18:08:17 +0000] "GET /products.php?q=1678613711 HTTP/2.0" 500 0 "-" "Mozilla/5.0 (Linux; Android 6.0.1; Nexus 5X Build/MMB29P) AppleWebKit/537.36 (KHTML, like Gecko) Chrome/151.0.7922.137 Mobile Safari/537.36 (compatible; Googlebot/2.1; +http://www.google.com/bot.html)"
95.217.139.6 - - [25/Aug/2026:18:08:18 +0000] "GET /buy.php??a=167032582 HTTP/2.0" 500 0 "-" "Mozilla/5.0 (compatible; AwarioBot/1.0; +https://awario.com/bots.html)"
