74.7.227.54 - - [26/Aug/2026:00:00:57 +0000] "GET /buy.php?detail/00203060033060 HTTP/2.0" 500 0 "https://bioredlite.com/buy.php?detail/25302263286246" "Mozilla/5.0 AppleWebKit/537.36 (KHTML, like Gecko; compatible; GPTBot/1.4; +https://openai.com/gptbot)"
74.7.227.54 - - [26/Aug/2026:00:01:18 +0000] "GET /buy.php?detail/07001010197974 HTTP/2.0" 500 0 "https://bioredlite.com/buy.php?detail/20201786115689" "Mozilla/5.0 AppleWebKit/537.36 (KHTML, like Gecko; compatible; GPTBot/1.4; +https://openai.com/gptbot)"
66.249.69.70 - - [26/Aug/2026:00:01:32 +0000] "GET /products.php?e=3539093766 HTTP/2.0" 500 0 "-" "Mozilla/5.0 (Linux; Android 6.0.1; Nexus 5X Build/MMB29P) AppleWebKit/537.36 (KHTML, like Gecko) Chrome/151.0.7922.173 Mobile Safari/537.36 (compatible; Googlebot/2.1; +http://www.google.com/bot.html)"
74.7.227.54 - - [26/Aug/2026:00:01:38 +0000] "GET /buy.php?detail/00102059102012 HTTP/2.0" 500 0 "https://bioredlite.com/buy.php?detail/05903094605432" "Mozilla/5.0 AppleWebKit/537.36 (KHTML, like Gecko; compatible; GPTBot/1.4; +https://openai.com/gptbot)"
2a03:2880:f806:26:: - - [26/Aug/2026:00:01:58 +0000] "GET /products.php?s=75340121731 HTTP/2.0" 500 0 "-" "Mozilla/5.0 (Windows NT 10.0; Win64; x64) AppleWebKit/537.36 (KHTML, like Gecko) Chrome/145.0.0.0 Safari/537.36 (compatible; meta-externalagent/1.1 (+https://developers.facebook.com/docs/sharing/webmasters/crawler))"
74.7.227.54 - - [26/Aug/2026:00:01:59 +0000] "GET /buy.php?detail/08800880578100 HTTP/2.0" 500 0 "https://bioredlite.com/buy.php?detail/08702664784830" "Mozilla/5.0 AppleWebKit/537.36 (KHTML, like Gecko; compatible; GPTBot/1.4; +https://openai.com/gptbot)"
66.249.69.67 - - [26/Aug/2026:00:02:12 +0000] "GET /detail.php?p=3974397097 HTTP/2.0" 500 0 "-" "Mozilla/5.0 (Linux; Android 6.0.1; Nexus 5X Build/MMB29P) AppleWebKit/537.36 (KHTML, like Gecko) Chrome/151.0.7922.173 Mobile Safari/537.36 (compatible; Googlebot/2.1; +http://www.google.com/bot.html)"
74.7.227.54 - - [26/Aug/2026:00:02:20 +0000] "GET /buy.php?detail/25700474202020 HTTP/2.0" 500 0 "https://bioredlite.com/buy.php?jp/257000038.html" "Mozilla/5.0 AppleWebKit/537.36 (KHTML, like Gecko; compatible; GPTBot/1.4; +https://openai.com/gptbot)"
74.7.227.54 - - [26/Aug/2026:00:02:41 +0000] "GET /buy.php?detail/22603221322112 HTTP/2.0" 500 0 "https://bioredlite.com/buy.php?ranking/unprecedented/eqhsad8wzahtv2dwtju3_385.phtml" "Mozilla/5.0 AppleWebKit/537.36 (KHTML, like Gecko; compatible; GPTBot/1.4; +https://openai.com/gptbot)"
66.249.69.66 - - [26/Aug/2026:00:02:52 +0000] "GET /products.php?q=16786168694 HTTP/2.0" 500 0 "-" "Mozilla/5.0 (Linux; Android 6.0.1; Nexus 5X Build/MMB29P) AppleWebKit/537.36 (KHTML, like Gecko) Chrome/151.0.7922.173 Mobile Safari/537.36 (compatible; Googlebot/2.1; +http://www.google.com/bot.html)"
74.7.227.54 - - [26/Aug/2026:00:03:03 +0000] "GET /buy.php?detail/11201214121477 HTTP/2.0" 500 0 "https://bioredlite.com/buy.php?detail/25200613010051" "Mozilla/5.0 AppleWebKit/537.36 (KHTML, like Gecko; compatible; GPTBot/1.4; +https://openai.com/gptbot)"
2a03:2880:f806:1e:: - - [26/Aug/2026:00:03:08 +0000] "GET /products.php?s=75340271798 HTTP/2.0" 500 0 "-" "Mozilla/5.0 (Windows NT 10.0; Win64; x64) AppleWebKit/537.36 (KHTML, like Gecko) Chrome/145.0.0.0 Safari/537.36 (compatible; meta-externalagent/1.1 (+https://developers.facebook.com/docs/sharing/webmasters/crawler))"
2a03:2880:f80e:71:: - - [26/Aug/2026:00:03:11 +0000] "GET / HTTP/2.0" 500 0 "-" "facebookexternalhit/1.1 (+http://www.facebook.com/externalhit_uatext.php)"
74.7.227.54 - - [26/Aug/2026:00:03:23 +0000] "GET /buy.php?detail/00700219007070 HTTP/2.0" 500 0 "https://bioredlite.com/buy.php?detail/04400861418391" "Mozilla/5.0 AppleWebKit/537.36 (KHTML, like Gecko; compatible; GPTBot/1.4; +https://openai.com/gptbot)"
192.178.6.33 - - [26/Aug/2026:00:03:34 +0000] "GET /prizes/47627600/ HTTP/2.0" 500 0 "-" "Mozilla/5.0 (Linux; Android 6.0.1; Nexus 5X Build/MMB29P) AppleWebKit/537.36 (KHTML, like Gecko) Chrome/151.0.7922.173 Mobile Safari/537.36 (compatible; Googlebot/2.1; +http://www.google.com/bot.html)"
192.178.6.34 - - [26/Aug/2026:00:03:34 +0000] "GET /?c=7745613869 HTTP/2.0" 500 0 "-" "Mozilla/5.0 (Linux; Android 6.0.1; Nexus 5X Build/MMB29P) AppleWebKit/537.36 (KHTML, like Gecko) Chrome/151.0.7922.173 Mobile Safari/537.36 (compatible; Googlebot/2.1; +http://www.google.com/bot.html)"
74.7.227.54 - - [26/Aug/2026:00:03:43 +0000] "GET /buy.php?detail/02402401227722 HTTP/2.0" 500 0 "https://bioredlite.com/buy.php?detail/15900470718453" "Mozilla/5.0 AppleWebKit/537.36 (KHTML, like Gecko; compatible; GPTBot/1.4; +https://openai.com/gptbot)"
74.7.227.54 - - [26/Aug/2026:00:04:04 +0000] "GET /buy.php?detail/02002004054453 HTTP/2.0" 500 0 "https://bioredlite.com/buy.php?detail/16102908114430" "Mozilla/5.0 AppleWebKit/537.36 (KHTML, like Gecko; compatible; GPTBot/1.4; +https://openai.com/gptbot)"
192.178.6.36 - - [26/Aug/2026:00:04:14 +0000] "GET /prizes/232074943/ HTTP/2.0" 500 0 "-" "Mozilla/5.0 (Linux; Android 6.0.1; Nexus 5X Build/MMB29P) AppleWebKit/537.36 (KHTML, like Gecko) Chrome/151.0.7922.173 Mobile Safari/537.36 (compatible; Googlebot/2.1; +http://www.google.com/bot.html)"
2a03:2880:f806:40:: - - [26/Aug/2026:00:04:15 +0000] "GET /products.php?s=11328214240 HTTP/2.0" 500 0 "-" "Mozilla/5.0 (Windows NT 10.0; Win64; x64) AppleWebKit/537.36 (KHTML, like Gecko) Chrome/145.0.0.0 Safari/537.36 (compatible; meta-externalagent/1.1 (+https://developers.facebook.com/docs/sharing/webmasters/crawler))"
74.7.227.54 - - [26/Aug/2026:00:04:25 +0000] "GET /buy.php?detail/22500105455455 HTTP/2.0" 500 0 "https://bioredlite.com/buy.php?detail/22500076622235" "Mozilla/5.0 AppleWebKit/537.36 (KHTML, like Gecko; compatible; GPTBot/1.4; +https://openai.com/gptbot)"
74.7.227.54 - - [26/Aug/2026:00:04:47 +0000] "GET /buy.php?detail/28900989898027 HTTP/2.0" 500 0 "https://bioredlite.com/buy.php?detail/17801355480290" "Mozilla/5.0 AppleWebKit/537.36 (KHTML, like Gecko; compatible; GPTBot/1.4; +https://openai.com/gptbot)"
192.178.6.36 - - [26/Aug/2026:00:04:54 +0000] "GET /prizes/309633781 HTTP/2.0" 500 0 "-" "Mozilla/5.0 (Linux; Android 6.0.1; Nexus 5X Build/MMB29P) AppleWebKit/537.36 (KHTML, like Gecko) Chrome/151.0.7922.173 Mobile Safari/537.36 (compatible; Googlebot/2.1; +http://www.google.com/bot.html)"
192.178.6.36 - - [26/Aug/2026:00:04:54 +0000] "GET /?j=70651161960 HTTP/2.0" 500 0 "-" "Mozilla/5.0 (Linux; Android 6.0.1; Nexus 5X Build/MMB29P) AppleWebKit/537.36 (KHTML, like Gecko) Chrome/151.0.7922.173 Mobile Safari/537.36 (compatible; Googlebot/2.1; +http://www.google.com/bot.html)"
74.7.227.54 - - [26/Aug/2026:00:05:08 +0000] "GET /buy.php?detail/00700708497010 HTTP/2.0" 500 0 "https://bioredlite.com/buy.php?detail/09202762835664" "Mozilla/5.0 AppleWebKit/537.36 (KHTML, like Gecko; compatible; GPTBot/1.4; +https://openai.com/gptbot)"
2a03:2880:f806:41:: - - [26/Aug/2026:00:05:22 +0000] "GET /products.php?s=11328197821 HTTP/2.0" 500 0 "-" "Mozilla/5.0 (X11; Linux x86_64) AppleWebKit/537.36 (KHTML, like Gecko) Chrome/145.0.0.0 Safari/537.36 (compatible; meta-externalagent/1.1 (+https://developers.facebook.com/docs/sharing/webmasters/crawler))"
74.7.227.54 - - [26/Aug/2026:00:05:30 +0000] "GET /buy.php?detail/02502878808788 HTTP/2.0" 500 0 "https://bioredlite.com/buy.php?detail/24000787140622" "Mozilla/5.0 AppleWebKit/537.36 (KHTML, like Gecko; compatible; GPTBot/1.4; +https://openai.com/gptbot)"
192.178.6.35 - - [26/Aug/2026:00:05:34 +0000] "GET /?e=582706653 HTTP/2.0" 500 0 "-" "Mozilla/5.0 (Linux; Android 6.0.1; Nexus 5X Build/MMB29P) AppleWebKit/537.36 (KHTML, like Gecko) Chrome/151.0.7922.173 Mobile Safari/537.36 (compatible; Googlebot/2.1; +http://www.google.com/bot.html)"
204.12.208.18 - - [26/Aug/2026:00:05:44 +0000] "GET /wp-content/ime13628/index.php HTTP/2.0" 200 26 "https://bioredlite.com/wp-content/ime13628/index.php" "Mozilla/5.0 (Macintosh; U; Intel Mac OS X 10_5_5; ja-jp) AppleWebKit/525.26.2 (KHTML, like Gecko) Version/3.2 Safari/525.26.12"
74.7.227.54 - - [26/Aug/2026:00:05:51 +0000] "GET /buy.php?detail/24100100171050 HTTP/2.0" 500 0 "https://bioredlite.com/buy.php?detail/27404583853330" "Mozilla/5.0 AppleWebKit/537.36 (KHTML, like Gecko; compatible; GPTBot/1.4; +https://openai.com/gptbot)"
2a03:2880:f806:c:: - - [26/Aug/2026:00:06:12 +0000] "GET /products.php?y=11152179557 HTTP/2.0" 500 0 "-" "Mozilla/5.0 (Windows NT 10.0; Win64; x64) AppleWebKit/537.36 (KHTML, like Gecko) Chrome/145.0.0.0 Safari/537.36 (compatible; meta-externalagent/1.1 (+https://developers.facebook.com/docs/sharing/webmasters/crawler))"
74.7.227.54 - - [26/Aug/2026:00:06:13 +0000] "GET /buy.php?detail/27502587750272 HTTP/2.0" 500 0 "https://bioredlite.com/buy.php?detail/10304682415888" "Mozilla/5.0 AppleWebKit/537.36 (KHTML, like Gecko; compatible; GPTBot/1.4; +https://openai.com/gptbot)"
192.178.6.37 - - [26/Aug/2026:00:06:14 +0000] "GET /?c=77456116471 HTTP/2.0" 500 0 "-" "Mozilla/5.0 (Linux; Android 6.0.1; Nexus 5X Build/MMB29P) AppleWebKit/537.36 (KHTML, like Gecko) Chrome/151.0.7922.173 Mobile Safari/537.36 (compatible; Googlebot/2.1; +http://www.google.com/bot.html)"
66.249.69.66 - - [26/Aug/2026:00:06:15 +0000] "GET /products.php?s=11328272183 HTTP/2.0" 500 0 "-" "Mozilla/5.0 (Linux; Android 6.0.1; Nexus 5X Build/MMB29P) AppleWebKit/537.36 (KHTML, like Gecko) Chrome/151.0.7922.173 Mobile Safari/537.36 (compatible; Googlebot/2.1; +http://www.google.com/bot.html)"
147.224.242.137 - - [26/Aug/2026:00:06:20 +0000] "POST /wp-login.php?action=lostpassword HTTP/2.0" 403 166 "-" "Mozilla/5.0 (Macintosh; Intel Mac OS X 10_15_7) AppleWebKit/537.36 (KHTML, like Gecko) Chrome/120.0.0.0 Safari/537.36"
66.249.69.65 - - [26/Aug/2026:00:06:22 +0000] "GET /products.php?z=8426546561 HTTP/2.0" 500 0 "-" "Mozilla/5.0 (Linux; Android 6.0.1; Nexus 5X Build/MMB29P) AppleWebKit/537.36 (KHTML, like Gecko) Chrome/151.0.7922.173 Mobile Safari/537.36 (compatible; Googlebot/2.1; +http://www.google.com/bot.html)"
2a03:2880:f806:44:: - - [26/Aug/2026:00:06:28 +0000] "GET /products.php?s=11328177016 HTTP/2.0" 500 0 "-" "Mozilla/5.0 (Windows NT 10.0; Win64; x64) AppleWebKit/537.36 (KHTML, like Gecko) Chrome/145.0.0.0 Safari/537.36 (compatible; meta-externalagent/1.1 (+https://developers.facebook.com/docs/sharing/webmasters/crawler))"
74.7.227.54 - - [26/Aug/2026:00:06:33 +0000] "GET /buy.php?detail/15600664015605 HTTP/2.0" 500 0 "https://bioredlite.com/buy.php?detail/15600512705163" "Mozilla/5.0 AppleWebKit/537.36 (KHTML, like Gecko; compatible; GPTBot/1.4; +https://openai.com/gptbot)"
204.12.208.18 - - [26/Aug/2026:00:06:51 +0000] "GET /wp-content/ime13628/index.php HTTP/2.0" 200 0 "https://bioredlite.com/wp-content/ime13628/index.php" "Mozilla/4.0 (compatible; GoogleToolbar 5.0.2124.2070; Windows 6.0; MSIE 8.0.6001.18241)"
74.7.227.54 - - [26/Aug/2026:00:06:53 +0000] "GET /buy.php?detail/02302305207020 HTTP/2.0" 500 0 "https://bioredlite.com/buy.php?goods/125003043" "Mozilla/5.0 AppleWebKit/537.36 (KHTML, like Gecko; compatible; GPTBot/1.4; +https://openai.com/gptbot)"
66.249.69.70 - - [26/Aug/2026:00:07:14 +0000] "GET /products.php?s=11328247898 HTTP/2.0" 500 0 "-" "Mozilla/5.0 (Linux; Android 6.0.1; Nexus 5X Build/MMB29P) AppleWebKit/537.36 (KHTML, like Gecko) Chrome/151.0.7922.173 Mobile Safari/537.36 (compatible; Googlebot/2.1; +http://www.google.com/bot.html)"
74.7.227.54 - - [26/Aug/2026:00:07:14 +0000] "GET /buy.php?detail/02402401227722 HTTP/2.0" 500 0 "https://bioredlite.com/buy.php?detail/15900470718453" "Mozilla/5.0 AppleWebKit/537.36 (KHTML, like Gecko; compatible; GPTBot/1.4; +https://openai.com/gptbot)"
74.7.227.54 - - [26/Aug/2026:00:07:35 +0000] "GET /buy.php?detail/01501144214420 HTTP/2.0" 500 0 "https://bioredlite.com/buy.php?detail/10400146712047" "Mozilla/5.0 AppleWebKit/537.36 (KHTML, like Gecko; compatible; GPTBot/1.4; +https://openai.com/gptbot)"
2a03:2880:f806:f:: - - [26/Aug/2026:00:07:36 +0000] "GET /products.php?s=75340222442 HTTP/2.0" 500 0 "-" "Mozilla/5.0 (Windows NT 10.0; Win64; x64) AppleWebKit/537.36 (KHTML, like Gecko) Chrome/145.0.0.0 Safari/537.36 (compatible; meta-externalagent/1.1 (+https://developers.facebook.com/docs/sharing/webmasters/crawler))"
66.249.69.71 - - [26/Aug/2026:00:07:53 +0000] "GET /products.php?m=77128132821 HTTP/2.0" 500 0 "-" "Mozilla/5.0 (Linux; Android 6.0.1; Nexus 5X Build/MMB29P) AppleWebKit/537.36 (KHTML, like Gecko) Chrome/151.0.7922.173 Mobile Safari/537.36 (compatible; Googlebot/2.1; +http://www.google.com/bot.html)"
74.7.227.54 - - [26/Aug/2026:00:07:57 +0000] "GET /buy.php?detail/06601076066002 HTTP/2.0" 500 0 "https://bioredlite.com/buy.php?detail/22004323181558" "Mozilla/5.0 AppleWebKit/537.36 (KHTML, like Gecko; compatible; GPTBot/1.4; +https://openai.com/gptbot)"
74.7.227.54 - - [26/Aug/2026:00:08:17 +0000] "GET /buy.php?detail/28700700757822 HTTP/2.0" 500 0 "https://bioredlite.com/buy.php?detail/28703083747720" "Mozilla/5.0 AppleWebKit/537.36 (KHTML, like Gecko; compatible; GPTBot/1.4; +https://openai.com/gptbot)"
2a03:2880:f806:27:: - - [26/Aug/2026:00:08:28 +0000] "GET /products.php?m=7712820636 HTTP/2.0" 500 0 "-" "Mozilla/5.0 (Windows NT 10.0; Win64; x64) AppleWebKit/537.36 (KHTML, like Gecko) Chrome/145.0.0.0 Safari/537.36 (compatible; meta-externalagent/1.1 (+https://developers.facebook.com/docs/sharing/webmasters/crawler))"
192.178.6.37 - - [26/Aug/2026:00:08:34 +0000] "GET /?x=1671515263 HTTP/2.0" 500 0 "-" "Mozilla/5.0 (Linux; Android 6.0.1; Nexus 5X Build/MMB29P) AppleWebKit/537.36 (KHTML, like Gecko) Chrome/151.0.7922.173 Mobile Safari/537.36 (compatible; Googlebot/2.1; +http://www.google.com/bot.html)"
192.178.6.36 - - [26/Aug/2026:00:08:35 +0000] "GET /?s=89068121728 HTTP/2.0" 500 0 "-" "Mozilla/5.0 (Linux; Android 6.0.1; Nexus 5X Build/MMB29P) AppleWebKit/537.36 (KHTML, like Gecko) Chrome/151.0.7922.173 Mobile Safari/537.36 (compatible; Googlebot/2.1; +http://www.google.com/bot.html)"
74.7.227.54 - - [26/Aug/2026:00:08:37 +0000] "GET /buy.php?detail/03303030900294 HTTP/2.0" 500 0 "https://bioredlite.com/buy.php?detail/06604633570627" "Mozilla/5.0 AppleWebKit/537.36 (KHTML, like Gecko; compatible; GPTBot/1.4; +https://openai.com/gptbot)"
2a03:2880:f806:17:: - - [26/Aug/2026:00:08:41 +0000] "GET /products.php?s=11328146469 HTTP/2.0" 500 0 "-" "Mozilla/5.0 (Windows NT 10.0; Win64; x64) AppleWebKit/537.36 (KHTML, like Gecko) Chrome/145.0.0.0 Safari/537.36 (compatible; meta-externalagent/1.1 (+https://developers.facebook.com/docs/sharing/webmasters/crawler))"
192.178.6.36 - - [26/Aug/2026:00:08:58 +0000] "GET /?m=2986045429 HTTP/2.0" 500 0 "-" "Mozilla/5.0 (Linux; Android 6.0.1; Nexus 5X Build/MMB29P) AppleWebKit/537.36 (KHTML, like Gecko) Chrome/151.0.7922.173 Mobile Safari/537.36 (compatible; Googlebot/2.1; +http://www.google.com/bot.html)"
74.7.227.54 - - [26/Aug/2026:00:08:58 +0000] "GET /buy.php?detail/22903901229099 HTTP/2.0" 500 0 "https://bioredlite.com/buy.php?detail/13801604488352" "Mozilla/5.0 AppleWebKit/537.36 (KHTML, like Gecko; compatible; GPTBot/1.4; +https://openai.com/gptbot)"
74.7.227.54 - - [26/Aug/2026:00:09:20 +0000] "GET /buy.php?detail/00700429460070 HTTP/2.0" 500 0 "https://bioredlite.com/buy.php?detail/20901184471938" "Mozilla/5.0 AppleWebKit/537.36 (KHTML, like Gecko; compatible; GPTBot/1.4; +https://openai.com/gptbot)"
192.178.6.32 - - [26/Aug/2026:00:09:36 +0000] "GET /?s=89068199779 HTTP/2.0" 500 0 "-" "Mozilla/5.0 (Linux; Android 6.0.1; Nexus 5X Build/MMB29P) AppleWebKit/537.36 (KHTML, like Gecko) Chrome/151.0.7922.173 Mobile Safari/537.36 (compatible; Googlebot/2.1; +http://www.google.com/bot.html)"
74.7.227.54 - - [26/Aug/2026:00:09:40 +0000] "GET /buy.php?detail/00703838028380 HTTP/2.0" 500 0 "https://bioredlite.com/buy.php?detail/00703856873400" "Mozilla/5.0 AppleWebKit/537.36 (KHTML, like Gecko; compatible; GPTBot/1.4; +https://openai.com/gptbot)"
2a03:2880:f806:6:: - - [26/Aug/2026:00:09:48 +0000] "GET /products.php?s=1132885482 HTTP/2.0" 500 0 "-" "Mozilla/5.0 (Windows NT 10.0; Win64; x64) AppleWebKit/537.36 (KHTML, like Gecko) Chrome/145.0.0.0 Safari/537.36 (compatible; meta-externalagent/1.1 (+https://developers.facebook.com/docs/sharing/webmasters/crawler))"
74.7.227.54 - - [26/Aug/2026:00:10:01 +0000] "GET /buy.php?detail/21001210092113 HTTP/2.0" 500 0 "https://bioredlite.com/buy.php?detail/24802822008924" "Mozilla/5.0 AppleWebKit/537.36 (KHTML, like Gecko; compatible; GPTBot/1.4; +https://openai.com/gptbot)"
66.249.69.71 - - [26/Aug/2026:00:10:12 +0000] "GET /detail.php?q=43592270548 HTTP/2.0" 500 0 "-" "Mozilla/5.0 (compatible; Googlebot/2.1; +http://www.google.com/bot.html)"
74.7.227.54 - - [26/Aug/2026:00:10:22 +0000] "GET /buy.php?detail/23203077062320 HTTP/2.0" 500 0 "https://bioredlite.com/buy.php?detail/00204787683745" "Mozilla/5.0 AppleWebKit/537.36 (KHTML, like Gecko; compatible; GPTBot/1.4; +https://openai.com/gptbot)"
192.178.6.34 - - [26/Aug/2026:00:10:24 +0000] "GET /?j=7065159132 HTTP/2.0" 500 0 "-" "Mozilla/5.0 (Linux; Android 6.0.1; Nexus 5X Build/MMB29P) AppleWebKit/537.36 (KHTML, like Gecko) Chrome/151.0.7922.173 Mobile Safari/537.36 (compatible; Googlebot/2.1; +http://www.google.com/bot.html)"
74.7.227.54 - - [26/Aug/2026:00:10:43 +0000] "GET /buy.php?detail/11301914150191 HTTP/2.0" 500 0 "https://bioredlite.com/buy.php?detail/08702310584316" "Mozilla/5.0 AppleWebKit/537.36 (KHTML, like Gecko; compatible; GPTBot/1.4; +https://openai.com/gptbot)"
74.7.227.54 - - [26/Aug/2026:00:11:05 +0000] "GET /buy.php?detail/07700722077057 HTTP/2.0" 500 0 "https://bioredlite.com/buy.php?detail/07702038367704" "Mozilla/5.0 AppleWebKit/537.36 (KHTML, like Gecko; compatible; GPTBot/1.4; +https://openai.com/gptbot)"
2a03:2880:f806:1:: - - [26/Aug/2026:00:11:09 +0000] "GET /products.php?z=84265143145 HTTP/2.0" 500 0 "-" "Mozilla/5.0 (Macintosh; Intel Mac OS X 10_15_7) AppleWebKit/537.36 (KHTML, like Gecko) Chrome/145.0.0.0 Safari/537.36 (compatible; meta-externalagent/1.1 (+https://developers.facebook.com/docs/sharing/webmasters/crawler))"
192.178.6.33 - - [26/Aug/2026:00:11:12 +0000] "GET /?e=5827032478 HTTP/2.0" 500 0 "-" "Mozilla/5.0 (Linux; Android 6.0.1; Nexus 5X Build/MMB29P) AppleWebKit/537.36 (KHTML, like Gecko) Chrome/151.0.7922.173 Mobile Safari/537.36 (compatible; Googlebot/2.1; +http://www.google.com/bot.html)"
2a03:2880:f806:3d:: - - [26/Aug/2026:00:11:23 +0000] "GET /products.php?s=11328151971 HTTP/2.0" 500 0 "-" "Mozilla/5.0 (Macintosh; Intel Mac OS X 10_15_7) AppleWebKit/537.36 (KHTML, like Gecko) Chrome/145.0.0.0 Safari/537.36 (compatible; meta-externalagent/1.1 (+https://developers.facebook.com/docs/sharing/webmasters/crawler))"
74.7.227.54 - - [26/Aug/2026:00:11:27 +0000] "GET /buy.php?detail/12100424024022 HTTP/2.0" 500 0 "https://bioredlite.com/buy.php?detail/22203059423678" "Mozilla/5.0 AppleWebKit/537.36 (KHTML, like Gecko; compatible; GPTBot/1.4; +https://openai.com/gptbot)"
74.7.227.54 - - [26/Aug/2026:00:11:48 +0000] "GET /buy.php?detail/21001104040412 HTTP/2.0" 500 0 "https://bioredlite.com/buy.php?detail/24002659926804" "Mozilla/5.0 AppleWebKit/537.36 (KHTML, like Gecko; compatible; GPTBot/1.4; +https://openai.com/gptbot)"
66.249.69.70 - - [26/Aug/2026:00:12:01 +0000] "GET /products.php?q=93720130745 HTTP/2.0" 500 0 "-" "Mozilla/5.0 (Linux; Android 6.0.1; Nexus 5X Build/MMB29P) AppleWebKit/537.36 (KHTML, like Gecko) Chrome/151.0.7922.173 Mobile Safari/537.36 (compatible; Googlebot/2.1; +http://www.google.com/bot.html)"
74.7.227.54 - - [26/Aug/2026:00:12:09 +0000] "GET /buy.php?detail/09101991014595 HTTP/2.0" 500 0 "https://bioredlite.com/buy.php?detail/08401253084589" "Mozilla/5.0 AppleWebKit/537.36 (KHTML, like Gecko; compatible; GPTBot/1.4; +https://openai.com/gptbot)"
74.7.227.54 - - [26/Aug/2026:00:12:30 +0000] "GET /buy.php?detail/14504049545044 HTTP/2.0" 500 0 "https://bioredlite.com/buy.php?detail/14504886696258" "Mozilla/5.0 AppleWebKit/537.36 (KHTML, like Gecko; compatible; GPTBot/1.4; +https://openai.com/gptbot)"
66.249.69.71 - - [26/Aug/2026:00:12:49 +0000] "GET /products.php?e=3539072634 HTTP/2.0" 500 0 "-" "Mozilla/5.0 (Linux; Android 6.0.1; Nexus 5X Build/MMB29P) AppleWebKit/537.36 (KHTML, like Gecko) Chrome/151.0.7922.173 Mobile Safari/537.36 (compatible; Googlebot/2.1; +http://www.google.com/bot.html)"
74.7.227.54 - - [26/Aug/2026:00:12:50 +0000] "GET /buy.php?detail/19301919303513 HTTP/2.0" 500 0 "https://bioredlite.com/buy.php?detail/22003968706783" "Mozilla/5.0 AppleWebKit/537.36 (KHTML, like Gecko; compatible; GPTBot/1.4; +https://openai.com/gptbot)"
2a03:2880:f806:43:: - - [26/Aug/2026:00:13:03 +0000] "GET /products.php?y=11152280913 HTTP/2.0" 500 0 "-" "Mozilla/5.0 (Macintosh; Intel Mac OS X 10_15_7) AppleWebKit/537.36 (KHTML, like Gecko) Chrome/145.0.0.0 Safari/537.36 (compatible; meta-externalagent/1.1 (+https://developers.facebook.com/docs/sharing/webmasters/crawler))"
66.249.69.71 - - [26/Aug/2026:00:13:04 +0000] "GET /products.php?e=3539011686 HTTP/2.0" 500 0 "-" "Mozilla/5.0 (Linux; Android 6.0.1; Nexus 5X Build/MMB29P) AppleWebKit/537.36 (KHTML, like Gecko) Chrome/151.0.7922.173 Mobile Safari/537.36 (compatible; Googlebot/2.1; +http://www.google.com/bot.html)"
74.7.227.54 - - [26/Aug/2026:00:13:11 +0000] "GET /buy.php?detail/09901909090634 HTTP/2.0" 500 0 "https://bioredlite.com/buy.php?detail/20700753921431" "Mozilla/5.0 AppleWebKit/537.36 (KHTML, like Gecko; compatible; GPTBot/1.4; +https://openai.com/gptbot)"
74.7.227.54 - - [26/Aug/2026:00:13:32 +0000] "GET /buy.php?detail/03503505300995 HTTP/2.0" 500 0 "https://bioredlite.com/buy.php?detail/27804318711310" "Mozilla/5.0 AppleWebKit/537.36 (KHTML, like Gecko; compatible; GPTBot/1.4; +https://openai.com/gptbot)"
74.7.227.54 - - [26/Aug/2026:00:13:52 +0000] "GET /buy.php?detail/00302375077507 HTTP/2.0" 500 0 "https://bioredlite.com/buy.php?detail/06203219404964" "Mozilla/5.0 AppleWebKit/537.36 (KHTML, like Gecko; compatible; GPTBot/1.4; +https://openai.com/gptbot)"
66.249.69.71 - - [26/Aug/2026:00:13:58 +0000] "GET /detail.php?u=7542030822 HTTP/2.0" 500 0 "-" "Mozilla/5.0 (compatible; Googlebot/2.1; +http://www.google.com/bot.html)"
74.7.227.54 - - [26/Aug/2026:00:14:13 +0000] "GET /buy.php?detail/10100100793311 HTTP/2.0" 500 0 "https://bioredlite.com/buy.php?detail/10100136042092" "Mozilla/5.0 AppleWebKit/537.36 (KHTML, like Gecko; compatible; GPTBot/1.4; +https://openai.com/gptbot)"
74.7.227.54 - - [26/Aug/2026:00:14:33 +0000] "GET /buy.php?detail/15501550595594 HTTP/2.0" 500 0 "https://bioredlite.com/buy.php?detail/22000160571992" "Mozilla/5.0 AppleWebKit/537.36 (KHTML, like Gecko; compatible; GPTBot/1.4; +https://openai.com/gptbot)"
74.7.227.54 - - [26/Aug/2026:00:14:54 +0000] "GET /buy.php?detail/04603443443836 HTTP/2.0" 500 0 "https://bioredlite.com/buy.php?detail/11501177321929" "Mozilla/5.0 AppleWebKit/537.36 (KHTML, like Gecko; compatible; GPTBot/1.4; +https://openai.com/gptbot)"
66.249.69.70 - - [26/Aug/2026:00:14:57 +0000] "GET /products.php?y=11152306521 HTTP/2.0" 500 0 "-" "Mozilla/5.0 (Linux; Android 6.0.1; Nexus 5X Build/MMB29P) AppleWebKit/537.36 (KHTML, like Gecko) Chrome/151.0.7922.173 Mobile Safari/537.36 (compatible; Googlebot/2.1; +http://www.google.com/bot.html)"
74.7.227.54 - - [26/Aug/2026:00:15:15 +0000] "GET /buy.php?detail/03600360686538 HTTP/2.0" 500 0 "https://bioredlite.com/buy.php?detail/16401015704292" "Mozilla/5.0 AppleWebKit/537.36 (KHTML, like Gecko; compatible; GPTBot/1.4; +https://openai.com/gptbot)"
192.178.6.33 - - [26/Aug/2026:00:15:21 +0000] "GET /?v=91047194175 HTTP/2.0" 500 0 "-" "Mozilla/5.0 (Linux; Android 6.0.1; Nexus 5X Build/MMB29P) AppleWebKit/537.36 (KHTML, like Gecko) Chrome/151.0.7922.173 Mobile Safari/537.36 (compatible; Googlebot/2.1; +http://www.google.com/bot.html)"
192.178.6.33 - - [26/Aug/2026:00:15:32 +0000] "GET /?j=7065166534 HTTP/2.0" 500 0 "-" "Mozilla/5.0 (Linux; Android 6.0.1; Nexus 5X Build/MMB29P) AppleWebKit/537.36 (KHTML, like Gecko) Chrome/151.0.7922.173 Mobile Safari/537.36 (compatible; Googlebot/2.1; +http://www.google.com/bot.html)"
74.7.227.54 - - [26/Aug/2026:00:15:36 +0000] "GET /buy.php?detail/10101023021214 HTTP/2.0" 500 0 "https://bioredlite.com/buy.php?detail/10104447360041" "Mozilla/5.0 AppleWebKit/537.36 (KHTML, like Gecko; compatible; GPTBot/1.4; +https://openai.com/gptbot)"
192.178.6.33 - - [26/Aug/2026:00:15:45 +0000] "GET /?x=16715254103 HTTP/2.0" 500 0 "-" "Mozilla/5.0 (Linux; Android 6.0.1; Nexus 5X Build/MMB29P) AppleWebKit/537.36 (KHTML, like Gecko) Chrome/151.0.7922.173 Mobile Safari/537.36 (compatible; Googlebot/2.1; +http://www.google.com/bot.html)"
74.7.227.54 - - [26/Aug/2026:00:15:57 +0000] "GET /buy.php?detail/07804040414477 HTTP/2.0" 500 0 "https://bioredlite.com/buy.php?jp/188009448.html" "Mozilla/5.0 AppleWebKit/537.36 (KHTML, like Gecko; compatible; GPTBot/1.4; +https://openai.com/gptbot)"
192.178.6.32 - - [26/Aug/2026:00:16:09 +0000] "GET /?c=77456176128 HTTP/2.0" 500 0 "-" "Mozilla/5.0 (Linux; Android 6.0.1; Nexus 5X Build/MMB29P) AppleWebKit/537.36 (KHTML, like Gecko) Chrome/151.0.7922.173 Mobile Safari/537.36 (compatible; Googlebot/2.1; +http://www.google.com/bot.html)"
74.7.227.54 - - [26/Aug/2026:00:16:18 +0000] "GET /buy.php?ranking/start/q182sduh6utvo_4819.phtml HTTP/2.0" 500 0 "https://bioredlite.com/buy.php??shop/items/R011039293/" "Mozilla/5.0 AppleWebKit/537.36 (KHTML, like Gecko; compatible; GPTBot/1.4; +https://openai.com/gptbot)"
192.178.6.32 - - [26/Aug/2026:00:16:22 +0000] "GET /?c=77456237838 HTTP/2.0" 500 0 "-" "Mozilla/5.0 (Linux; Android 6.0.1; Nexus 5X Build/MMB29P) AppleWebKit/537.36 (KHTML, like Gecko) Chrome/151.0.7922.173 Mobile Safari/537.36 (compatible; Googlebot/2.1; +http://www.google.com/bot.html)"
74.7.227.54 - - [26/Aug/2026:00:16:38 +0000] "GET /buy.php??shop/items/U259000031/ HTTP/2.0" 500 0 "https://bioredlite.com/buy.php?ranking/afternoon/ozrnvp8srd2px2izj_4537.phtml" "Mozilla/5.0 AppleWebKit/537.36 (KHTML, like Gecko; compatible; GPTBot/1.4; +https://openai.com/gptbot)"
192.178.6.32 - - [26/Aug/2026:00:16:51 +0000] "GET /?s=89068287484 HTTP/2.0" 500 0 "-" "Mozilla/5.0 (Linux; Android 6.0.1; Nexus 5X Build/MMB29P) AppleWebKit/537.36 (KHTML, like Gecko) Chrome/151.0.7922.173 Mobile Safari/537.36 (compatible; Googlebot/2.1; +http://www.google.com/bot.html)"
74.7.227.54 - - [26/Aug/2026:00:17:00 +0000] "GET /buy.php??shop/items/Y281045555/ HTTP/2.0" 500 0 "https://bioredlite.com/buy.php?ranking/counter/wnbzda8hoxpbreyng_4571.phtml" "Mozilla/5.0 AppleWebKit/537.36 (KHTML, like Gecko; compatible; GPTBot/1.4; +https://openai.com/gptbot)"
74.7.227.54 - - [26/Aug/2026:00:17:22 +0000] "GET /buy.php?ranking/general/epj8enmivyfijh_1835.phtml HTTP/2.0" 500 0 "https://bioredlite.com/buy.php?ranking/depending/epj8enmivyfijh_1835.phtml" "Mozilla/5.0 AppleWebKit/537.36 (KHTML, like Gecko; compatible; GPTBot/1.4; +https://openai.com/gptbot)"
74.7.227.54 - - [26/Aug/2026:00:17:43 +0000] "GET /buy.php?ranking/goods/hhspio8gsqdtpa9ie_535.phtml HTTP/2.0" 500 0 "https://bioredlite.com/buy.php?ranking/addition/ajkbam8zer1clftsvxt_4597.phtml" "Mozilla/5.0 AppleWebKit/537.36 (KHTML, like Gecko; compatible; GPTBot/1.4; +https://openai.com/gptbot)"
192.178.6.32 - - [26/Aug/2026:00:17:51 +0000] "GET /?p=4267 HTTP/2.0" 500 0 "-" "Mozilla/5.0 (Linux; Android 6.0.1; Nexus 5X Build/MMB29P) AppleWebKit/537.36 (KHTML, like Gecko) Chrome/151.0.7922.173 Mobile Safari/537.36 (compatible; Googlebot/2.1; +http://www.google.com/bot.html)"
74.7.227.54 - - [26/Aug/2026:00:18:04 +0000] "GET /buy.php?ranking/theme/hhspio8gsqdtpa9ie_535.phtml HTTP/2.0" 500 0 "https://bioredlite.com/buy.php?ranking/easily/hhspio8gsqdtpa9ie_535.phtml" "Mozilla/5.0 AppleWebKit/537.36 (KHTML, like Gecko; compatible; GPTBot/1.4; +https://openai.com/gptbot)"
205.169.39.7 - - [26/Aug/2026:00:18:09 +0000] "GET / HTTP/2.0" 500 0 "-" "Mozilla/5.0 (Windows NT 10.0) AppleWebKit/537.36 (KHTML, like Gecko) Chrome/106.0.0.0 Safari/537.36"
74.7.227.54 - - [26/Aug/2026:00:18:25 +0000] "GET /buy.php?ranking/garbage/epj8enmivyfijh_1835.phtml HTTP/2.0" 500 0 "https://bioredlite.com/buy.php?ranking/tension/ajkbam8zer1clftsvxt_4597.phtml" "Mozilla/5.0 AppleWebKit/537.36 (KHTML, like Gecko; compatible; GPTBot/1.4; +https://openai.com/gptbot)"
192.178.6.34 - - [26/Aug/2026:00:18:32 +0000] "GET /?m=29860107559 HTTP/2.0" 500 0 "-" "Mozilla/5.0 (Linux; Android 6.0.1; Nexus 5X Build/MMB29P) AppleWebKit/537.36 (KHTML, like Gecko) Chrome/151.0.7922.173 Mobile Safari/537.36 (compatible; Googlebot/2.1; +http://www.google.com/bot.html)"
74.7.227.54 - - [26/Aug/2026:00:18:47 +0000] "GET /buy.php?ranking/ass/gczqmf8cpylkqqg8yip_211.phtml HTTP/2.0" 500 0 "https://bioredlite.com/buy.php?ranking/ourselves/gczqmf8cpylkqqg8yip_211.phtml" "Mozilla/5.0 AppleWebKit/537.36 (KHTML, like Gecko; compatible; GPTBot/1.4; +https://openai.com/gptbot)"
74.7.227.54 - - [26/Aug/2026:00:19:07 +0000] "GET /buy.php?ranking/genre/gfagv8relrizkzno_1865.phtml HTTP/2.0" 500 0 "https://bioredlite.com/buy.php?ranking/emotion/gfagv8relrizkzno_1865.phtml" "Mozilla/5.0 AppleWebKit/537.36 (KHTML, like Gecko; compatible; GPTBot/1.4; +https://openai.com/gptbot)"
74.7.227.54 - - [26/Aug/2026:00:19:29 +0000] "GET /buy.php?ranking/compare/r8ixnmmuzengxa_1877.phtml HTTP/2.0" 500 0 "https://bioredlite.com/buy.php?ranking/conspiracy/r8ixnmmuzengxa_1877.phtml" "Mozilla/5.0 AppleWebKit/537.36 (KHTML, like Gecko; compatible; GPTBot/1.4; +https://openai.com/gptbot)"
74.7.227.54 - - [26/Aug/2026:00:19:49 +0000] "GET /buy.php?ranking/buddy/qrht8thdoyubygjx7_183.phtml HTTP/2.0" 500 0 "https://bioredlite.com/buy.php?ranking/transformation/cig8zgffzyex45_1807.phtml" "Mozilla/5.0 AppleWebKit/537.36 (KHTML, like Gecko; compatible; GPTBot/1.4; +https://openai.com/gptbot)"
74.7.227.54 - - [26/Aug/2026:00:20:10 +0000] "GET /buy.php?ranking/picture/epj8enmivyfijh_1835.phtml HTTP/2.0" 500 0 "https://bioredlite.com/buy.php?ranking/translation/wnbzda8hoxpbreyng_4571.phtml" "Mozilla/5.0 AppleWebKit/537.36 (KHTML, like Gecko; compatible; GPTBot/1.4; +https://openai.com/gptbot)"
40.77.167.63 - - [26/Aug/2026:00:20:11 +0000] "GET /product/40%E2%80%B3d-2-0-ata-hyperbaric-hard-shell-oxygen-chamber/ HTTP/2.0" 500 0 "-" "Mozilla/5.0 AppleWebKit/537.36 (KHTML, like Gecko; compatible; bingbot/2.0; +http://www.bing.com/bingbot.htm) Chrome/116.0.1938.76 Safari/537.36"
2a03:2880:f806:27:: - - [26/Aug/2026:00:20:16 +0000] "GET /products.php?z=8426565938 HTTP/2.0" 500 0 "-" "Mozilla/5.0 (Macintosh; Intel Mac OS X 10_15_7) AppleWebKit/537.36 (KHTML, like Gecko) Chrome/145.0.0.0 Safari/537.36 (compatible; meta-externalagent/1.1 (+https://developers.facebook.com/docs/sharing/webmasters/crawler))"
74.7.227.54 - - [26/Aug/2026:00:20:31 +0000] "GET /buy.php?ranking/fighter/epj8enmivyfijh_1835.phtml HTTP/2.0" 500 0 "https://bioredlite.com/buy.php?ranking/research/loblso8cthzlef5kq_1037.phtml" "Mozilla/5.0 AppleWebKit/537.36 (KHTML, like Gecko; compatible; GPTBot/1.4; +https://openai.com/gptbot)"
192.178.6.34 - - [26/Aug/2026:00:20:33 +0000] "GET /?s=8906818781 HTTP/2.0" 500 0 "-" "Mozilla/5.0 (Linux; Android 6.0.1; Nexus 5X Build/MMB29P) AppleWebKit/537.36 (KHTML, like Gecko) Chrome/151.0.7922.173 Mobile Safari/537.36 (compatible; Googlebot/2.1; +http://www.google.com/bot.html)"
74.7.227.54 - - [26/Aug/2026:00:20:52 +0000] "GET /buy.php?ranking/white/hhspio8gsqdtpa9ie_535.phtml HTTP/2.0" 500 0 "https://bioredlite.com/buy.php?ranking/inflation/hhspio8gsqdtpa9ie_535.phtml" "Mozilla/5.0 AppleWebKit/537.36 (KHTML, like Gecko; compatible; GPTBot/1.4; +https://openai.com/gptbot)"
192.178.6.32 - - [26/Aug/2026:00:21:13 +0000] "GET /?x=19393119880 HTTP/2.0" 500 0 "-" "Mozilla/5.0 (Linux; Android 6.0.1; Nexus 5X Build/MMB29P) AppleWebKit/537.36 (KHTML, like Gecko) Chrome/151.0.7922.173 Mobile Safari/537.36 (compatible; Googlebot/2.1; +http://www.google.com/bot.html)"
74.7.227.54 - - [26/Aug/2026:00:21:13 +0000] "GET /buy.php?ranking/academic/neeh8hjfcnflc_1929.phtml HTTP/2.0" 500 0 "https://bioredlite.com/buy.php?ranking/emotional/gpdokg8vrodch6ma_4547.phtml" "Mozilla/5.0 AppleWebKit/537.36 (KHTML, like Gecko; compatible; GPTBot/1.4; +https://openai.com/gptbot)"
74.7.227.54 - - [26/Aug/2026:00:21:35 +0000] "GET /buy.php?ranking/halfway/r8ixnmmuzengxa_1877.phtml HTTP/2.0" 500 0 "https://bioredlite.com/buy.php?ranking/overcome/cvqy8fxkvvbkrescp_4583.phtml" "Mozilla/5.0 AppleWebKit/537.36 (KHTML, like Gecko; compatible; GPTBot/1.4; +https://openai.com/gptbot)"
74.7.227.54 - - [26/Aug/2026:00:21:55 +0000] "GET /buy.php?ranking/blind/hhspio8gsqdtpa9ie_535.phtml HTTP/2.0" 500 0 "https://bioredlite.com/buy.php?ranking/sequence/cvqy8fxkvvbkrescp_4583.phtml" "Mozilla/5.0 AppleWebKit/537.36 (KHTML, like Gecko; compatible; GPTBot/1.4; +https://openai.com/gptbot)"
2a03:2880:f806:3b:: - - [26/Aug/2026:00:22:05 +0000] "GET /products.php?y=1115290702 HTTP/2.0" 500 0 "-" "Mozilla/5.0 (Windows NT 10.0; Win64; x64) AppleWebKit/537.36 (KHTML, like Gecko) Chrome/145.0.0.0 Safari/537.36 (compatible; meta-externalagent/1.1 (+https://developers.facebook.com/docs/sharing/webmasters/crawler))"
74.7.227.54 - - [26/Aug/2026:00:22:16 +0000] "GET /buy.php?ranking/sunny/hhspio8gsqdtpa9ie_535.phtml HTTP/2.0" 500 0 "https://bioredlite.com/buy.php?ranking/principal/hhspio8gsqdtpa9ie_535.phtml" "Mozilla/5.0 AppleWebKit/537.36 (KHTML, like Gecko; compatible; GPTBot/1.4; +https://openai.com/gptbot)"
66.249.69.66 - - [26/Aug/2026:00:22:32 +0000] "GET /products.php?f=54241239899 HTTP/2.0" 500 0 "-" "Mozilla/5.0 (Linux; Android 6.0.1; Nexus 5X Build/MMB29P) AppleWebKit/537.36 (KHTML, like Gecko) Chrome/151.0.7922.173 Mobile Safari/537.36 (compatible; Googlebot/2.1; +http://www.google.com/bot.html)"
74.7.227.54 - - [26/Aug/2026:00:22:37 +0000] "GET /buy.php?ranking/hence/hhspio8gsqdtpa9ie_535.phtml HTTP/2.0" 500 0 "https://bioredlite.com/buy.php?ranking/utilize/hhspio8gsqdtpa9ie_535.phtml" "Mozilla/5.0 AppleWebKit/537.36 (KHTML, like Gecko; compatible; GPTBot/1.4; +https://openai.com/gptbot)"
66.249.69.65 - - [26/Aug/2026:00:22:42 +0000] "GET /detail.php?t=9356761722 HTTP/2.0" 500 0 "-" "Mozilla/5.0 (compatible; Googlebot/2.1; +http://www.google.com/bot.html)"
74.7.227.54 - - [26/Aug/2026:00:22:59 +0000] "GET /buy.php?ranking/beneath/vzob8lamr2byimy_117.phtml HTTP/2.0" 500 0 "https://bioredlite.com/buy.php?ranking/reporting/vzob8lamr2byimy_117.phtml" "Mozilla/5.0 AppleWebKit/537.36 (KHTML, like Gecko; compatible; GPTBot/1.4; +https://openai.com/gptbot)"
192.178.6.33 - - [26/Aug/2026:00:23:12 +0000] "GET /?x=1939369129 HTTP/2.0" 500 0 "-" "Mozilla/5.0 (Linux; Android 6.0.1; Nexus 5X Build/MMB29P) AppleWebKit/537.36 (KHTML, like Gecko) Chrome/151.0.7922.173 Mobile Safari/537.36 (compatible; Googlebot/2.1; +http://www.google.com/bot.html)"
74.7.227.54 - - [26/Aug/2026:00:23:20 +0000] "GET /buy.php?ranking/loyalty/ljt5oltcztwixo_1242.phtml HTTP/2.0" 500 0 "https://bioredlite.com/buy.php?ranking/reinforce/ljt5oltcztwixo_1242.phtml" "Mozilla/5.0 AppleWebKit/537.36 (KHTML, like Gecko; compatible; GPTBot/1.4; +https://openai.com/gptbot)"
2a03:2880:f806:22:: - - [26/Aug/2026:00:23:25 +0000] "GET /products.php?m=77128228718 HTTP/2.0" 500 0 "-" "Mozilla/5.0 (Windows NT 10.0; Win64; x64) AppleWebKit/537.36 (KHTML, like Gecko) Chrome/145.0.0.0 Safari/537.36 (compatible; meta-externalagent/1.1 (+https://developers.facebook.com/docs/sharing/webmasters/crawler))"
74.7.227.54 - - [26/Aug/2026:00:23:42 +0000] "GET /buy.php?ranking/unite/hhspio8gsqdtpa9ie_535.phtml HTTP/2.0" 500 0 "https://bioredlite.com/buy.php?ranking/acknowledge/hhspio8gsqdtpa9ie_535.phtml" "Mozilla/5.0 AppleWebKit/537.36 (KHTML, like Gecko; compatible; GPTBot/1.4; +https://openai.com/gptbot)"
192.178.6.33 - - [26/Aug/2026:00:23:52 +0000] "GET /?s=89068270131 HTTP/2.0" 500 0 "-" "Mozilla/5.0 (Linux; Android 6.0.1; Nexus 5X Build/MMB29P) AppleWebKit/537.36 (KHTML, like Gecko) Chrome/151.0.7922.173 Mobile Safari/537.36 (compatible; Googlebot/2.1; +http://www.google.com/bot.html)"
74.7.227.54 - - [26/Aug/2026:00:24:03 +0000] "GET /buy.php?ranking/opt/gczqmf8cpylkqqg8yip_211.phtml HTTP/2.0" 500 0 "https://bioredlite.com/buy.php?ranking/distribute/gczqmf8cpylkqqg8yip_211.phtml" "Mozilla/5.0 AppleWebKit/537.36 (KHTML, like Gecko; compatible; GPTBot/1.4; +https://openai.com/gptbot)"
66.249.69.66 - - [26/Aug/2026:00:24:12 +0000] "GET /detail.php?q=43592203271 HTTP/2.0" 500 0 "-" "Mozilla/5.0 (Linux; Android 6.0.1; Nexus 5X Build/MMB29P) AppleWebKit/537.36 (KHTML, like Gecko) Chrome/151.0.7922.173 Mobile Safari/537.36 (compatible; Googlebot/2.1; +http://www.google.com/bot.html)"
74.7.227.54 - - [26/Aug/2026:00:24:24 +0000] "GET /buy.php?ranking/outdoor/vzob8lamr2byimy_117.phtml HTTP/2.0" 500 0 "https://bioredlite.com/buy.php?ranking/privilege/gfagv8relrizkzno_1865.phtml" "Mozilla/5.0 AppleWebKit/537.36 (KHTML, like Gecko; compatible; GPTBot/1.4; +https://openai.com/gptbot)"
192.178.6.34 - - [26/Aug/2026:00:24:32 +0000] "GET /?j=70651169253 HTTP/2.0" 500 0 "-" "Mozilla/5.0 (Linux; Android 6.0.1; Nexus 5X Build/MMB29P) AppleWebKit/537.36 (KHTML, like Gecko) Chrome/151.0.7922.173 Mobile Safari/537.36 (compatible; Googlebot/2.1; +http://www.google.com/bot.html)"
74.7.227.54 - - [26/Aug/2026:00:24:45 +0000] "GET /buy.php?ranking/legislature/s8hqrhwamr_4559.phtml HTTP/2.0" 500 0 "https://bioredlite.com/buy.php?ranking/hospital/eqhsad8wzahtv2dwtju3_385.phtml" "Mozilla/5.0 AppleWebKit/537.36 (KHTML, like Gecko; compatible; GPTBot/1.4; +https://openai.com/gptbot)"
74.7.227.54 - - [26/Aug/2026:00:25:07 +0000] "GET /buy.php?ranking/tourism/r8ixnmmuzengxa_1877.phtml HTTP/2.0" 500 0 "https://bioredlite.com/buy.php?ranking/physician/rylstf8wjq2miibw_4551.phtml" "Mozilla/5.0 AppleWebKit/537.36 (KHTML, like Gecko; compatible; GPTBot/1.4; +https://openai.com/gptbot)"
66.249.69.67 - - [26/Aug/2026:00:25:14 +0000] "GET /products.php?q=1678687260 HTTP/2.0" 500 0 "-" "Mozilla/5.0 (Linux; Android 6.0.1; Nexus 5X Build/MMB29P) AppleWebKit/537.36 (KHTML, like Gecko) Chrome/151.0.7922.173 Mobile Safari/537.36 (compatible; Googlebot/2.1; +http://www.google.com/bot.html)"
192.178.6.34 - - [26/Aug/2026:00:25:14 +0000] "GET /?s=89068210198 HTTP/2.0" 500 0 "-" "Mozilla/5.0 (Linux; Android 6.0.1; Nexus 5X Build/MMB29P) AppleWebKit/537.36 (KHTML, like Gecko) Chrome/151.0.7922.173 Mobile Safari/537.36 (compatible; Googlebot/2.1; +http://www.google.com/bot.html)"
74.7.227.54 - - [26/Aug/2026:00:25:28 +0000] "GET /buy.php?ranking/add/gczqmf8cpylkqqg8yip_211.phtml HTTP/2.0" 500 0 "https://bioredlite.com/buy.php?ranking/resolve/gczqmf8cpylkqqg8yip_211.phtml" "Mozilla/5.0 AppleWebKit/537.36 (KHTML, like Gecko; compatible; GPTBot/1.4; +https://openai.com/gptbot)"
192.178.6.33 - - [26/Aug/2026:00:25:38 +0000] "GET /?v=91047145428 HTTP/2.0" 500 0 "-" "Mozilla/5.0 (Linux; Android 6.0.1; Nexus 5X Build/MMB29P) AppleWebKit/537.36 (KHTML, like Gecko) Chrome/151.0.7922.173 Mobile Safari/537.36 (compatible; Googlebot/2.1; +http://www.google.com/bot.html)"
2a03:2880:f806:1a:: - - [26/Aug/2026:00:25:44 +0000] "GET /products.php?z=84265124599 HTTP/2.0" 500 0 "-" "Mozilla/5.0 (Windows NT 10.0; Win64; x64) AppleWebKit/537.36 (KHTML, like Gecko) Chrome/145.0.0.0 Safari/537.36 (compatible; meta-externalagent/1.1 (+https://developers.facebook.com/docs/sharing/webmasters/crawler))"
74.7.227.54 - - [26/Aug/2026:00:25:48 +0000] "GET /buy.php?ranking/bus/gczqmf8cpylkqqg8yip_211.phtml HTTP/2.0" 500 0 "https://bioredlite.com/buy.php?ranking/northern/gczqmf8cpylkqqg8yip_211.phtml" "Mozilla/5.0 AppleWebKit/537.36 (KHTML, like Gecko; compatible; GPTBot/1.4; +https://openai.com/gptbot)"
74.7.227.54 - - [26/Aug/2026:00:26:09 +0000] "GET /buy.php?ranking/alien/hhspio8gsqdtpa9ie_535.phtml HTTP/2.0" 500 0 "https://bioredlite.com/buy.php?ranking/faint/ajkbam8zer1clftsvxt_4597.phtml" "Mozilla/5.0 AppleWebKit/537.36 (KHTML, like Gecko; compatible; GPTBot/1.4; +https://openai.com/gptbot)"
74.7.227.54 - - [26/Aug/2026:00:26:31 +0000] "GET /buy.php?ranking/visitor/vzob8lamr2byimy_117.phtml HTTP/2.0" 500 0 "https://bioredlite.com/buy.php?ranking/information/loblso8cthzlef5kq_1037.phtml" "Mozilla/5.0 AppleWebKit/537.36 (KHTML, like Gecko; compatible; GPTBot/1.4; +https://openai.com/gptbot)"
66.249.69.65 - - [26/Aug/2026:00:26:41 +0000] "GET /products.php?q=167866783 HTTP/2.0" 500 0 "-" "Mozilla/5.0 (Linux; Android 6.0.1; Nexus 5X Build/MMB29P) AppleWebKit/537.36 (KHTML, like Gecko) Chrome/151.0.7922.173 Mobile Safari/537.36 (compatible; Googlebot/2.1; +http://www.google.com/bot.html)"
74.7.227.54 - - [26/Aug/2026:00:26:52 +0000] "GET /buy.php?ranking/nine/zumt1ijapqjqyqfjr_1002.phtml HTTP/2.0" 500 0 "https://bioredlite.com/buy.php?ranking/tonight/onkgrv1caxpzghtwef5_760.phtml" "Mozilla/5.0 AppleWebKit/537.36 (KHTML, like Gecko; compatible; GPTBot/1.4; +https://openai.com/gptbot)"
74.7.227.54 - - [26/Aug/2026:00:27:13 +0000] "GET /buy.php?ranking/quest/hhspio8gsqdtpa9ie_535.phtml HTTP/2.0" 500 0 "https://bioredlite.com/buy.php?ranking/contrast/hhspio8gsqdtpa9ie_535.phtml" "Mozilla/5.0 AppleWebKit/537.36 (KHTML, like Gecko; compatible; GPTBot/1.4; +https://openai.com/gptbot)"
192.178.6.32 - - [26/Aug/2026:00:27:21 +0000] "GET /?c=77456262430 HTTP/2.0" 500 0 "-" "Mozilla/5.0 (Linux; Android 6.0.1; Nexus 5X Build/MMB29P) AppleWebKit/537.36 (KHTML, like Gecko) Chrome/151.0.7922.173 Mobile Safari/537.36 (compatible; Googlebot/2.1; +http://www.google.com/bot.html)"
192.178.6.34 - - [26/Aug/2026:00:27:22 +0000] "GET /?j=7065194254 HTTP/2.0" 500 0 "-" "Mozilla/5.0 (Linux; Android 6.0.1; Nexus 5X Build/MMB29P) AppleWebKit/537.36 (KHTML, like Gecko) Chrome/151.0.7922.173 Mobile Safari/537.36 (compatible; Googlebot/2.1; +http://www.google.com/bot.html)"
74.7.227.54 - - [26/Aug/2026:00:27:35 +0000] "GET /buy.php?ranking/outdoor/r8ixnmmuzengxa_1877.phtml HTTP/2.0" 500 0 "https://bioredlite.com/buy.php?ranking/preference/jhdmt8ygexoig1d2oc_213.phtml" "Mozilla/5.0 AppleWebKit/537.36 (KHTML, like Gecko; compatible; GPTBot/1.4; +https://openai.com/gptbot)"
66.249.69.64 - - [26/Aug/2026:00:27:46 +0000] "GET /products.php?s=7534087036 HTTP/2.0" 500 0 "-" "Mozilla/5.0 (Linux; Android 6.0.1; Nexus 5X Build/MMB29P) AppleWebKit/537.36 (KHTML, like Gecko) Chrome/151.0.7922.173 Mobile Safari/537.36 (compatible; Googlebot/2.1; +http://www.google.com/bot.html)"
74.7.227.54 - - [26/Aug/2026:00:27:56 +0000] "GET /buy.php?ranking/patient/vzob8lamr2byimy_117.phtml HTTP/2.0" 500 0 "https://bioredlite.com/buy.php?ranking/operating/ajkbam8zer1clftsvxt_4597.phtml" "Mozilla/5.0 AppleWebKit/537.36 (KHTML, like Gecko; compatible; GPTBot/1.4; +https://openai.com/gptbot)"
192.178.6.33 - - [26/Aug/2026:00:28:10 +0000] "GET /?s=89068228780 HTTP/2.0" 500 0 "-" "Mozilla/5.0 (Linux; Android 6.0.1; Nexus 5X Build/MMB29P) AppleWebKit/537.36 (KHTML, like Gecko) Chrome/151.0.7922.173 Mobile Safari/537.36 (compatible; Googlebot/2.1; +http://www.google.com/bot.html)"
74.7.227.54 - - [26/Aug/2026:00:28:17 +0000] "GET /buy.php?ranking/backyard/b9yhchlcxfyfx_9658.phtml HTTP/2.0" 500 0 "https://bioredlite.com/buy.php?ranking/weekend/wnbzda9hoxpbreyng_4570.phtml" "Mozilla/5.0 AppleWebKit/537.36 (KHTML, like Gecko; compatible; GPTBot/1.4; +https://openai.com/gptbot)"
23.23.103.31 - - [26/Aug/2026:00:28:35 +0000] "GET /wp-content/plugins/essential-blocks/assets/ HTTP/2.0" 200 497 "-" "Mozilla/5.0 AppleWebKit/537.36 (KHTML, like Gecko; compatible; Amazonbot/0.1; +https://developer.amazon.com/support/amazonbot) Chrome/119.0.6045.214 Safari/537.36"
74.7.227.54 - - [26/Aug/2026:00:28:37 +0000] "GET /buy.php?ranking/promise/r8ixnmmuzengxa_1877.phtml HTTP/2.0" 500 0 "https://bioredlite.com/buy.php?ranking/busy/j8atdtc21bj_473.phtml" "Mozilla/5.0 AppleWebKit/537.36 (KHTML, like Gecko; compatible; GPTBot/1.4; +https://openai.com/gptbot)"
74.7.227.54 - - [26/Aug/2026:00:28:57 +0000] "GET /buy.php?ranking/fifth/hhspio8gsqdtpa9ie_535.phtml HTTP/2.0" 500 0 "https://bioredlite.com/buy.php?ranking/theater/ajkbam8zer1clftsvxt_4597.phtml" "Mozilla/5.0 AppleWebKit/537.36 (KHTML, like Gecko; compatible; GPTBot/1.4; +https://openai.com/gptbot)"
192.178.6.33 - - [26/Aug/2026:00:29:09 +0000] "GET /?s=8906813664 HTTP/2.0" 500 0 "-" "Mozilla/5.0 (Linux; Android 6.0.1; Nexus 5X Build/MMB29P) AppleWebKit/537.36 (KHTML, like Gecko) Chrome/151.0.7922.173 Mobile Safari/537.36 (compatible; Googlebot/2.1; +http://www.google.com/bot.html)"
74.7.227.54 - - [26/Aug/2026:00:29:18 +0000] "GET /buy.php?ranking/tooth/qrht8thdoyubygjx7_183.phtml HTTP/2.0" 500 0 "https://bioredlite.com/buy.php?ranking/boyfriend/qrht8thdoyubygjx7_183.phtml" "Mozilla/5.0 AppleWebKit/537.36 (KHTML, like Gecko; compatible; GPTBot/1.4; +https://openai.com/gptbot)"
74.7.227.54 - - [26/Aug/2026:00:29:39 +0000] "GET /buy.php?ranking/relieve/vzob8lamr2byimy_117.phtml HTTP/2.0" 500 0 "https://bioredlite.com/buy.php?ranking/concentration/gpdokg8vrodch6ma_4547.phtml" "Mozilla/5.0 AppleWebKit/537.36 (KHTML, like Gecko; compatible; GPTBot/1.4; +https://openai.com/gptbot)"
192.178.6.33 - - [26/Aug/2026:00:29:48 +0000] "GET /?x=16715195040 HTTP/2.0" 500 0 "-" "Mozilla/5.0 (Linux; Android 6.0.1; Nexus 5X Build/MMB29P) AppleWebKit/537.36 (KHTML, like Gecko) Chrome/151.0.7922.173 Mobile Safari/537.36 (compatible; Googlebot/2.1; +http://www.google.com/bot.html)"
192.178.6.33 - - [26/Aug/2026:00:29:49 +0000] "GET /?m=29860261468 HTTP/2.0" 500 0 "-" "Mozilla/5.0 (Linux; Android 6.0.1; Nexus 5X Build/MMB29P) AppleWebKit/537.36 (KHTML, like Gecko) Chrome/151.0.7922.173 Mobile Safari/537.36 (compatible; Googlebot/2.1; +http://www.google.com/bot.html)"
66.249.69.70 - - [26/Aug/2026:00:29:50 +0000] "GET /products.php?s=11328184272 HTTP/2.0" 500 0 "-" "Mozilla/5.0 (Linux; Android 6.0.1; Nexus 5X Build/MMB29P) AppleWebKit/537.36 (KHTML, like Gecko) Chrome/151.0.7922.173 Mobile Safari/537.36 (compatible; Googlebot/2.1; +http://www.google.com/bot.html)"
74.7.227.54 - - [26/Aug/2026:00:30:00 +0000] "GET /buy.php?ranking/extreme/epj8enmivyfijh_1835.phtml HTTP/2.0" 500 0 "https://bioredlite.com/buy.php?ranking/authorize/hhspio8gsqdtpa9ie_535.phtml" "Mozilla/5.0 AppleWebKit/537.36 (KHTML, like Gecko; compatible; GPTBot/1.4; +https://openai.com/gptbot)"
2a03:2880:f806:27:: - - [26/Aug/2026:00:30:07 +0000] "GET /products.php?s=11328200251 HTTP/2.0" 500 0 "-" "Mozilla/5.0 (Windows NT 10.0; Win64; x64) AppleWebKit/537.36 (KHTML, like Gecko) Chrome/145.0.0.0 Safari/537.36 (compatible; meta-externalagent/1.1 (+https://developers.facebook.com/docs/sharing/webmasters/crawler))"
74.7.227.54 - - [26/Aug/2026:00:30:22 +0000] "GET /buy.php?ranking/prevail/epj8enmivyfijh_1835.phtml HTTP/2.0" 500 0 "https://bioredlite.com/buy.php?ranking/opera/ajkbam8zer1clftsvxt_4597.phtml" "Mozilla/5.0 AppleWebKit/537.36 (KHTML, like Gecko; compatible; GPTBot/1.4; +https://openai.com/gptbot)"
66.249.69.70 - - [26/Aug/2026:00:30:33 +0000] "GET /products.php?s=11328235744 HTTP/2.0" 500 0 "-" "Mozilla/5.0 (Linux; Android 6.0.1; Nexus 5X Build/MMB29P) AppleWebKit/537.36 (KHTML, like Gecko) Chrome/151.0.7922.173 Mobile Safari/537.36 (compatible; Googlebot/2.1; +http://www.google.com/bot.html)"
40.77.167.42 - - [26/Aug/2026:00:30:40 +0000] "GET /2024/11/sabaris-casino-no-deposit-bonus-codes-for-free-spins-2026/ HTTP/2.0" 500 0 "-" "Mozilla/5.0 AppleWebKit/537.36 (KHTML, like Gecko; compatible; bingbot/2.0; +http://www.bing.com/bingbot.htm) Chrome/116.0.1938.76 Safari/537.36"
74.7.227.54 - - [26/Aug/2026:00:30:43 +0000] "GET /buy.php?ranking/typical/r8ixnmmuzengxa_1877.phtml HTTP/2.0" 500 0 "https://bioredlite.com/buy.php?ranking/trunk/wnbzda8hoxpbreyng_4571.phtml" "Mozilla/5.0 AppleWebKit/537.36 (KHTML, like Gecko; compatible; GPTBot/1.4; +https://openai.com/gptbot)"
74.7.227.54 - - [26/Aug/2026:00:31:03 +0000] "GET /buy.php?ranking/tightly/epj8enmivyfijh_1835.phtml HTTP/2.0" 500 0 "https://bioredlite.com/buy.php?ranking/school/jiwoxr8vrttrdnxigmy_4545.phtml" "Mozilla/5.0 AppleWebKit/537.36 (KHTML, like Gecko; compatible; GPTBot/1.4; +https://openai.com/gptbot)"
2a03:2880:f814:1e:: - - [26/Aug/2026:00:31:07 +0000] "GET / HTTP/2.0" 500 0 "-" "facebookexternalhit/1.1 (+http://www.facebook.com/externalhit_uatext.php)"
192.178.6.36 - - [26/Aug/2026:00:31:22 +0000] "GET /?n=70135223863 HTTP/2.0" 500 0 "-" "Mozilla/5.0 (Linux; Android 6.0.1; Nexus 5X Build/MMB29P) AppleWebKit/537.36 (KHTML, like Gecko) Chrome/151.0.7922.173 Mobile Safari/537.36 (compatible; Googlebot/2.1; +http://www.google.com/bot.html)"
74.7.227.54 - - [26/Aug/2026:00:31:24 +0000] "GET /buy.php?ranking/physics/koq4blspiu8ninv_401.phtml HTTP/2.0" 500 0 "https://bioredlite.com/buy.php?ranking/complain/qrht4thdoyubygjx7_187.phtml" "Mozilla/5.0 AppleWebKit/537.36 (KHTML, like Gecko; compatible; GPTBot/1.4; +https://openai.com/gptbot)"
74.7.227.54 - - [26/Aug/2026:00:31:45 +0000] "GET /buy.php?ranking/speaker/epj8enmivyfijh_1835.phtml HTTP/2.0" 500 0 "https://bioredlite.com/buy.php?ranking/jurisdiction/ldvc8blzwejg2ssnk_1799.phtml" "Mozilla/5.0 AppleWebKit/537.36 (KHTML, like Gecko; compatible; GPTBot/1.4; +https://openai.com/gptbot)"
74.7.227.54 - - [26/Aug/2026:00:32:06 +0000] "GET /buy.php?ranking/barrier/epj8enmivyfijh_1835.phtml HTTP/2.0" 500 0 "https://bioredlite.com/buy.php?ranking/increase/qrht8thdoyubygjx7_183.phtml" "Mozilla/5.0 AppleWebKit/537.36 (KHTML, like Gecko; compatible; GPTBot/1.4; +https://openai.com/gptbot)"
192.178.6.35 - - [26/Aug/2026:00:32:10 +0000] "GET /?c=7745637633 HTTP/2.0" 500 0 "-" "Mozilla/5.0 (Linux; Android 6.0.1; Nexus 5X Build/MMB29P) AppleWebKit/537.36 (KHTML, like Gecko) Chrome/151.0.7922.173 Mobile Safari/537.36 (compatible; Googlebot/2.1; +http://www.google.com/bot.html)"
74.7.227.54 - - [26/Aug/2026:00:32:27 +0000] "GET /buy.php?ranking/anxious/r8ixnmmuzengxa_1877.phtml HTTP/2.0" 500 0 "https://bioredlite.com/buy.php?ranking/scientist/r8ixnmmuzengxa_1877.phtml" "Mozilla/5.0 AppleWebKit/537.36 (KHTML, like Gecko; compatible; GPTBot/1.4; +https://openai.com/gptbot)"
