192.178.6.32 - - [25/Aug/2026:17:48:59 +0000] "GET /?e=5827071613 HTTP/2.0" 500 0 "-" "Mozilla/5.0 (Linux; Android 6.0.1; Nexus 5X Build/MMB29P) AppleWebKit/537.36 (KHTML, like Gecko) Chrome/151.0.7922.137 Mobile Safari/537.36 (compatible; Googlebot/2.1; +http://www.google.com/bot.html)"
74.7.227.54 - - [25/Aug/2026:17:49:03 +0000] "GET /buy.php?goods/292008153 HTTP/2.0" 500 0 "https://bioredlite.com/buy.php?detail/29201076720796" "Mozilla/5.0 AppleWebKit/537.36 (KHTML, like Gecko; compatible; GPTBot/1.4; +https://openai.com/gptbot)"
74.7.227.54 - - [25/Aug/2026:17:49:25 +0000] "GET /buy.php?goods/233008615 HTTP/2.0" 500 0 "https://bioredlite.com/buy.php?detail/27704846578902" "Mozilla/5.0 AppleWebKit/537.36 (KHTML, like Gecko; compatible; GPTBot/1.4; +https://openai.com/gptbot)"
2a03:2880:f806:33:: - - [25/Aug/2026:17:49:37 +0000] "GET / HTTP/2.0" 500 0 "-" "facebookexternalhit/1.1 (+http://www.facebook.com/externalhit_uatext.php)"
74.7.227.54 - - [25/Aug/2026:17:49:47 +0000] "GET /buy.php?goods/247035283 HTTP/2.0" 500 0 "https://bioredlite.com/buy.php?detail/19900438653870" "Mozilla/5.0 AppleWebKit/537.36 (KHTML, like Gecko; compatible; GPTBot/1.4; +https://openai.com/gptbot)"
74.7.227.54 - - [25/Aug/2026:17:50:09 +0000] "GET /buy.php?goods/178019956 HTTP/2.0" 500 0 "https://bioredlite.com/buy.php?detail/22300606451589" "Mozilla/5.0 AppleWebKit/537.36 (KHTML, like Gecko; compatible; GPTBot/1.4; +https://openai.com/gptbot)"
192.178.6.33 - - [25/Aug/2026:17:50:11 +0000] "GET /?x=19393154384 HTTP/2.0" 500 0 "-" "Mozilla/5.0 (Linux; Android 6.0.1; Nexus 5X Build/MMB29P) AppleWebKit/537.36 (KHTML, like Gecko) Chrome/151.0.7922.137 Mobile Safari/537.36 (compatible; Googlebot/2.1; +http://www.google.com/bot.html)"
74.7.227.54 - - [25/Aug/2026:17:50:29 +0000] "GET /buy.php?goods/059016718 HTTP/2.0" 500 0 "https://bioredlite.com/buy.php?detail/29201878361721" "Mozilla/5.0 AppleWebKit/537.36 (KHTML, like Gecko; compatible; GPTBot/1.4; +https://openai.com/gptbot)"
2a03:2880:f806:35:: - - [25/Aug/2026:17:50:39 +0000] "GET /products.php?y=11152201541 HTTP/2.0" 500 0 "-" "Mozilla/5.0 (Macintosh; Intel Mac OS X 10_15_7) AppleWebKit/537.36 (KHTML, like Gecko) Chrome/145.0.0.0 Safari/537.36 (compatible; meta-externalagent/1.1 (+https://developers.facebook.com/docs/sharing/webmasters/crawler))"
74.7.227.54 - - [25/Aug/2026:17:50:49 +0000] "GET /buy.php?goods/201043925 HTTP/2.0" 500 0 "https://bioredlite.com/buy.php?detail/20104051578959" "Mozilla/5.0 AppleWebKit/537.36 (KHTML, like Gecko; compatible; GPTBot/1.4; +https://openai.com/gptbot)"
74.7.227.54 - - [25/Aug/2026:17:51:10 +0000] "GET /buy.php?goods/231047281 HTTP/2.0" 500 0 "https://bioredlite.com/buy.php?detail/18501230922313" "Mozilla/5.0 AppleWebKit/537.36 (KHTML, like Gecko; compatible; GPTBot/1.4; +https://openai.com/gptbot)"
192.178.6.33 - - [25/Aug/2026:17:51:12 +0000] "GET /?x=16715264355 HTTP/2.0" 500 0 "-" "Mozilla/5.0 (Linux; Android 6.0.1; Nexus 5X Build/MMB29P) AppleWebKit/537.36 (KHTML, like Gecko) Chrome/151.0.7922.137 Mobile Safari/537.36 (compatible; Googlebot/2.1; +http://www.google.com/bot.html)"
192.178.6.34 - - [25/Aug/2026:17:51:13 +0000] "GET /?x=9518397972 HTTP/2.0" 500 0 "-" "Mozilla/5.0 (Linux; Android 6.0.1; Nexus 5X Build/MMB29P) AppleWebKit/537.36 (KHTML, like Gecko) Chrome/151.0.7922.137 Mobile Safari/537.36 (compatible; Googlebot/2.1; +http://www.google.com/bot.html)"
74.7.227.54 - - [25/Aug/2026:17:51:31 +0000] "GET /buy.php?goods/118027059 HTTP/2.0" 500 0 "https://bioredlite.com/buy.php?detail/25603667037044" "Mozilla/5.0 AppleWebKit/537.36 (KHTML, like Gecko; compatible; GPTBot/1.4; +https://openai.com/gptbot)"
44.216.172.204 - - [25/Aug/2026:17:51:39 +0000] "GET /2024/11/uk-idol-time-slot/embed/ HTTP/2.0" 500 0 "-" "Mozilla/5.0 AppleWebKit/537.36 (KHTML, like Gecko; compatible; Amazonbot/0.1; +https://developer.amazon.com/support/amazonbot) Chrome/119.0.6045.214 Safari/537.36"
66.249.69.66 - - [25/Aug/2026:17:51:40 +0000] "GET /detail.php?n=83577239359 HTTP/2.0" 500 0 "-" "Mozilla/5.0 (compatible; Googlebot/2.1; +http://www.google.com/bot.html)"
185.242.3.94 - - [25/Aug/2026:17:51:43 +0000] "GET //wp-content/plugins/fix/up.php HTTP/2.0" 500 0 "-" "Mozilla/5.0 (Windows NT 10.0; Win64; x64) AppleWebKit/537.36 (KHTML, like Gecko) Chrome/85.0.4183.102 Safari/537.36"
74.7.227.54 - - [25/Aug/2026:17:51:52 +0000] "GET /buy.php?goods/164015236 HTTP/2.0" 500 0 "https://bioredlite.com/buy.php?detail/16401475819505" "Mozilla/5.0 AppleWebKit/537.36 (KHTML, like Gecko; compatible; GPTBot/1.4; +https://openai.com/gptbot)"
74.7.227.54 - - [25/Aug/2026:17:52:13 +0000] "GET /buy.php?goods/214034826 HTTP/2.0" 500 0 "https://bioredlite.com/buy.php?detail/21403482680219" "Mozilla/5.0 AppleWebKit/537.36 (KHTML, like Gecko; compatible; GPTBot/1.4; +https://openai.com/gptbot)"
192.178.6.32 - - [25/Aug/2026:17:52:13 +0000] "GET /prizes/108145731 HTTP/2.0" 500 0 "-" "Mozilla/5.0 (Linux; Android 6.0.1; Nexus 5X Build/MMB29P) AppleWebKit/537.36 (KHTML, like Gecko) Chrome/151.0.7922.137 Mobile Safari/537.36 (compatible; Googlebot/2.1; +http://www.google.com/bot.html)"
192.178.6.33 - - [25/Aug/2026:17:52:14 +0000] "GET /?m=2986021732 HTTP/2.0" 500 0 "-" "Mozilla/5.0 (Linux; Android 6.0.1; Nexus 5X Build/MMB29P) AppleWebKit/537.36 (KHTML, like Gecko) Chrome/151.0.7922.137 Mobile Safari/537.36 (compatible; Googlebot/2.1; +http://www.google.com/bot.html)"
192.178.6.32 - - [25/Aug/2026:17:52:15 +0000] "GET /?x=9518336056 HTTP/2.0" 500 0 "-" "Mozilla/5.0 (Linux; Android 6.0.1; Nexus 5X Build/MMB29P) AppleWebKit/537.36 (KHTML, like Gecko) Chrome/151.0.7922.137 Mobile Safari/537.36 (compatible; Googlebot/2.1; +http://www.google.com/bot.html)"
192.178.6.32 - - [25/Aug/2026:17:52:16 +0000] "GET /prizes/249568680 HTTP/2.0" 500 0 "-" "Mozilla/5.0 (Linux; Android 6.0.1; Nexus 5X Build/MMB29P) AppleWebKit/537.36 (KHTML, like Gecko) Chrome/151.0.7922.137 Mobile Safari/537.36 (compatible; Googlebot/2.1; +http://www.google.com/bot.html)"
95.217.139.6 - - [25/Aug/2026:17:52:33 +0000] "GET /robots.txt HTTP/2.0" 304 0 "-" "Mozilla/5.0 (compatible; AwarioBot/1.0; +https://awario.com/bots.html)"
74.7.227.54 - - [25/Aug/2026:17:52:33 +0000] "GET /buy.php?goods/269031649 HTTP/2.0" 500 0 "https://bioredlite.com/buy.php?detail/06802953076170" "Mozilla/5.0 AppleWebKit/537.36 (KHTML, like Gecko; compatible; GPTBot/1.4; +https://openai.com/gptbot)"
95.217.139.6 - - [25/Aug/2026:17:52:33 +0000] "GET /?sitemap172.xml HTTP/2.0" 500 0 "-" "Mozilla/5.0 (compatible; AwarioBot/1.0; +https://awario.com/bots.html)"
95.217.139.6 - - [25/Aug/2026:17:52:33 +0000] "GET /buy.php??a=044049487 HTTP/2.0" 500 0 "-" "Mozilla/5.0 (compatible; AwarioBot/1.0; +https://awario.com/bots.html)"
2a03:2880:f816:6c:: - - [25/Aug/2026:17:52:35 +0000] "GET / HTTP/2.0" 500 0 "-" "facebookexternalhit/1.1 (+http://www.facebook.com/externalhit_uatext.php)"
95.217.139.6 - - [25/Aug/2026:17:52:35 +0000] "GET /buy.php??a=045015118 HTTP/2.0" 500 0 "-" "Mozilla/5.0 (compatible; AwarioBot/1.0; +https://awario.com/bots.html)"
95.217.139.6 - - [25/Aug/2026:17:52:37 +0000] "GET /?sitemap65.xml HTTP/2.0" 500 0 "-" "Mozilla/5.0 (compatible; AwarioBot/1.0; +https://awario.com/bots.html)"
95.217.139.6 - - [25/Aug/2026:17:52:38 +0000] "GET /buy.php??a=045021060 HTTP/2.0" 500 0 "-" "Mozilla/5.0 (compatible; AwarioBot/1.0; +https://awario.com/bots.html)"
95.217.139.6 - - [25/Aug/2026:17:52:38 +0000] "GET /?sitemap709.xml HTTP/2.0" 500 0 "-" "Mozilla/5.0 (compatible; AwarioBot/1.0; +https://awario.com/bots.html)"
95.217.139.6 - - [25/Aug/2026:17:52:40 +0000] "GET /?sitemap710.xml HTTP/2.0" 500 0 "-" "Mozilla/5.0 (compatible; AwarioBot/1.0; +https://awario.com/bots.html)"
66.249.69.67 - - [25/Aug/2026:17:52:40 +0000] "GET /products.php?l=36775153611 HTTP/2.0" 500 0 "-" "Mozilla/5.0 (compatible; Googlebot/2.1; +http://www.google.com/bot.html)"
95.217.139.6 - - [25/Aug/2026:17:52:40 +0000] "GET /buy.php??a=045042958 HTTP/2.0" 500 0 "-" "Mozilla/5.0 (compatible; AwarioBot/1.0; +https://awario.com/bots.html)"
95.217.139.6 - - [25/Aug/2026:17:52:41 +0000] "GET /?sitemap953.xml HTTP/2.0" 500 0 "-" "Mozilla/5.0 (compatible; AwarioBot/1.0; +https://awario.com/bots.html)"
95.217.139.6 - - [25/Aug/2026:17:52:42 +0000] "GET /buy.php??a=046018381 HTTP/2.0" 500 0 "-" "Mozilla/5.0 (compatible; AwarioBot/1.0; +https://awario.com/bots.html)"
192.178.6.35 - - [25/Aug/2026:17:52:42 +0000] "GET /?e=58270180647 HTTP/2.0" 500 0 "-" "Mozilla/5.0 (Linux; Android 6.0.1; Nexus 5X Build/MMB29P) AppleWebKit/537.36 (KHTML, like Gecko) Chrome/151.0.7922.137 Mobile Safari/537.36 (compatible; Googlebot/2.1; +http://www.google.com/bot.html)"
95.217.139.6 - - [25/Aug/2026:17:52:44 +0000] "GET /buy.php??a=047004858 HTTP/2.0" 500 0 "-" "Mozilla/5.0 (compatible; AwarioBot/1.0; +https://awario.com/bots.html)"
95.217.139.6 - - [25/Aug/2026:17:52:46 +0000] "GET /buy.php??a=047013740 HTTP/2.0" 500 0 "-" "Mozilla/5.0 (compatible; AwarioBot/1.0; +https://awario.com/bots.html)"
95.217.139.6 - - [25/Aug/2026:17:52:48 +0000] "GET /buy.php??a=047017044 HTTP/2.0" 500 0 "-" "Mozilla/5.0 (compatible; AwarioBot/1.0; +https://awario.com/bots.html)"
95.217.139.6 - - [25/Aug/2026:17:52:50 +0000] "GET /buy.php??a=047018218 HTTP/2.0" 500 0 "-" "Mozilla/5.0 (compatible; AwarioBot/1.0; +https://awario.com/bots.html)"
95.217.139.6 - - [25/Aug/2026:17:52:52 +0000] "GET /buy.php??a=048003099 HTTP/2.0" 500 0 "-" "Mozilla/5.0 (compatible; AwarioBot/1.0; +https://awario.com/bots.html)"
95.217.139.6 - - [25/Aug/2026:17:52:52 +0000] "GET /buy.php??a=001004814 HTTP/2.0" 500 0 "-" "Mozilla/5.0 (compatible; AwarioBot/1.0; +https://awario.com/bots.html)"
74.7.227.54 - - [25/Aug/2026:17:52:53 +0000] "GET /buy.php?goods/223019451 HTTP/2.0" 500 0 "https://bioredlite.com/buy.php?detail/26002830883095" "Mozilla/5.0 AppleWebKit/537.36 (KHTML, like Gecko; compatible; GPTBot/1.4; +https://openai.com/gptbot)"
95.217.139.6 - - [25/Aug/2026:17:52:53 +0000] "GET /buy.php??a=048011895 HTTP/2.0" 500 0 "-" "Mozilla/5.0 (compatible; AwarioBot/1.0; +https://awario.com/bots.html)"
2a03:2880:f806:d:: - - [25/Aug/2026:17:52:55 +0000] "GET /products.php?z=84265273231 HTTP/2.0" 500 0 "-" "Mozilla/5.0 (Windows NT 10.0; Win64; x64) AppleWebKit/537.36 (KHTML, like Gecko) Chrome/145.0.0.0 Safari/537.36 (compatible; meta-externalagent/1.1 (+https://developers.facebook.com/docs/sharing/webmasters/crawler))"
95.217.139.6 - - [25/Aug/2026:17:52:55 +0000] "GET /buy.php??a=048013091 HTTP/2.0" 500 0 "-" "Mozilla/5.0 (compatible; AwarioBot/1.0; +https://awario.com/bots.html)"
95.217.139.6 - - [25/Aug/2026:17:52:57 +0000] "GET /buy.php??a=048041009 HTTP/2.0" 500 0 "-" "Mozilla/5.0 (compatible; AwarioBot/1.0; +https://awario.com/bots.html)"
95.217.139.6 - - [25/Aug/2026:17:52:59 +0000] "GET /buy.php??a=049017154 HTTP/2.0" 500 0 "-" "Mozilla/5.0 (compatible; AwarioBot/1.0; +https://awario.com/bots.html)"
95.217.139.6 - - [25/Aug/2026:17:53:01 +0000] "GET /buy.php??a=049017986 HTTP/2.0" 500 0 "-" "Mozilla/5.0 (compatible; AwarioBot/1.0; +https://awario.com/bots.html)"
95.217.139.6 - - [25/Aug/2026:17:53:03 +0000] "GET /buy.php??a=049049030 HTTP/2.0" 500 0 "-" "Mozilla/5.0 (compatible; AwarioBot/1.0; +https://awario.com/bots.html)"
95.217.139.6 - - [25/Aug/2026:17:53:05 +0000] "GET /buy.php??a=050000457 HTTP/2.0" 500 0 "-" "Mozilla/5.0 (compatible; AwarioBot/1.0; +https://awario.com/bots.html)"
95.217.139.6 - - [25/Aug/2026:17:53:06 +0000] "GET /buy.php??a=051024678 HTTP/2.0" 500 0 "-" "Mozilla/5.0 (compatible; AwarioBot/1.0; +https://awario.com/bots.html)"
95.217.139.6 - - [25/Aug/2026:17:53:08 +0000] "GET /buy.php??a=051029836 HTTP/2.0" 500 0 "-" "Mozilla/5.0 (compatible; AwarioBot/1.0; +https://awario.com/bots.html)"
95.217.139.6 - - [25/Aug/2026:17:53:10 +0000] "GET /buy.php??a=051041212 HTTP/2.0" 500 0 "-" "Mozilla/5.0 (compatible; AwarioBot/1.0; +https://awario.com/bots.html)"
95.217.139.6 - - [25/Aug/2026:17:53:12 +0000] "GET /buy.php??a=051049460 HTTP/2.0" 500 0 "-" "Mozilla/5.0 (compatible; AwarioBot/1.0; +https://awario.com/bots.html)"
95.217.139.6 - - [25/Aug/2026:17:53:13 +0000] "GET /buy.php??a=052004583 HTTP/2.0" 500 0 "-" "Mozilla/5.0 (compatible; AwarioBot/1.0; +https://awario.com/bots.html)"
74.7.227.54 - - [25/Aug/2026:17:53:14 +0000] "GET /buy.php?goods/165024840 HTTP/2.0" 500 0 "https://bioredlite.com/buy.php?ranking/preserve/gczqmf8cpylkqqg8yip_211.phtml" "Mozilla/5.0 AppleWebKit/537.36 (KHTML, like Gecko; compatible; GPTBot/1.4; +https://openai.com/gptbot)"
95.217.139.6 - - [25/Aug/2026:17:53:15 +0000] "GET /buy.php??a=052006877 HTTP/2.0" 500 0 "-" "Mozilla/5.0 (compatible; AwarioBot/1.0; +https://awario.com/bots.html)"
95.217.139.6 - - [25/Aug/2026:17:53:17 +0000] "GET /buy.php??a=052008145 HTTP/2.0" 500 0 "-" "Mozilla/5.0 (compatible; AwarioBot/1.0; +https://awario.com/bots.html)"
95.217.139.6 - - [25/Aug/2026:17:53:19 +0000] "GET /buy.php??a=052012731 HTTP/2.0" 500 0 "-" "Mozilla/5.0 (compatible; AwarioBot/1.0; +https://awario.com/bots.html)"
95.217.139.6 - - [25/Aug/2026:17:53:21 +0000] "GET /buy.php??a=053008144 HTTP/2.0" 500 0 "-" "Mozilla/5.0 (compatible; AwarioBot/1.0; +https://awario.com/bots.html)"
95.217.139.6 - - [25/Aug/2026:17:53:21 +0000] "GET /buy.php??a=001010958 HTTP/2.0" 500 0 "-" "Mozilla/5.0 (compatible; AwarioBot/1.0; +https://awario.com/bots.html)"
95.217.139.6 - - [25/Aug/2026:17:53:23 +0000] "GET /buy.php??a=053024964 HTTP/2.0" 500 0 "-" "Mozilla/5.0 (compatible; AwarioBot/1.0; +https://awario.com/bots.html)"
95.217.139.6 - - [25/Aug/2026:17:53:24 +0000] "GET /buy.php??a=053038996 HTTP/2.0" 500 0 "-" "Mozilla/5.0 (compatible; AwarioBot/1.0; +https://awario.com/bots.html)"
95.217.139.6 - - [25/Aug/2026:17:53:25 +0000] "GET /buy.php??a=001026544 HTTP/2.0" 500 0 "-" "Mozilla/5.0 (compatible; AwarioBot/1.0; +https://awario.com/bots.html)"
95.217.139.6 - - [25/Aug/2026:17:53:26 +0000] "GET /buy.php??a=053043170 HTTP/2.0" 500 0 "-" "Mozilla/5.0 (compatible; AwarioBot/1.0; +https://awario.com/bots.html)"
95.217.139.6 - - [25/Aug/2026:17:53:28 +0000] "GET /buy.php??a=001027392 HTTP/2.0" 500 0 "-" "Mozilla/5.0 (compatible; AwarioBot/1.0; +https://awario.com/bots.html)"
95.217.139.6 - - [25/Aug/2026:17:53:28 +0000] "GET /buy.php??a=053046608 HTTP/2.0" 500 0 "-" "Mozilla/5.0 (compatible; AwarioBot/1.0; +https://awario.com/bots.html)"
95.217.139.6 - - [25/Aug/2026:17:53:30 +0000] "GET /buy.php??a=054007583 HTTP/2.0" 500 0 "-" "Mozilla/5.0 (compatible; AwarioBot/1.0; +https://awario.com/bots.html)"
95.217.139.6 - - [25/Aug/2026:17:53:31 +0000] "GET /buy.php??a=001030052 HTTP/2.0" 500 0 "-" "Mozilla/5.0 (compatible; AwarioBot/1.0; +https://awario.com/bots.html)"
95.217.139.6 - - [25/Aug/2026:17:53:31 +0000] "GET /buy.php??a=054013907 HTTP/2.0" 500 0 "-" "Mozilla/5.0 (compatible; AwarioBot/1.0; +https://awario.com/bots.html)"
95.217.139.6 - - [25/Aug/2026:17:53:34 +0000] "GET /buy.php??a=054023067 HTTP/2.0" 500 0 "-" "Mozilla/5.0 (compatible; AwarioBot/1.0; +https://awario.com/bots.html)"
95.217.139.6 - - [25/Aug/2026:17:53:35 +0000] "GET /buy.php??a=001030580 HTTP/2.0" 500 0 "-" "Mozilla/5.0 (compatible; AwarioBot/1.0; +https://awario.com/bots.html)"
95.217.139.6 - - [25/Aug/2026:17:53:36 +0000] "GET /buy.php??a=054035343 HTTP/2.0" 500 0 "-" "Mozilla/5.0 (compatible; AwarioBot/1.0; +https://awario.com/bots.html)"
74.7.227.54 - - [25/Aug/2026:17:53:36 +0000] "GET /buy.php?goods/287017446 HTTP/2.0" 500 0 "https://bioredlite.com/buy.php?detail/28701798022828" "Mozilla/5.0 AppleWebKit/537.36 (KHTML, like Gecko; compatible; GPTBot/1.4; +https://openai.com/gptbot)"
95.217.139.6 - - [25/Aug/2026:17:53:39 +0000] "GET /buy.php??a=001043428 HTTP/2.0" 500 0 "-" "Mozilla/5.0 (compatible; AwarioBot/1.0; +https://awario.com/bots.html)"
95.217.139.6 - - [25/Aug/2026:17:53:40 +0000] "GET /buy.php??a=054041227 HTTP/2.0" 500 0 "-" "Mozilla/5.0 (compatible; AwarioBot/1.0; +https://awario.com/bots.html)"
95.217.139.6 - - [25/Aug/2026:17:53:42 +0000] "GET /buy.php??a=055014264 HTTP/2.0" 500 0 "-" "Mozilla/5.0 (compatible; AwarioBot/1.0; +https://awario.com/bots.html)"
95.217.139.6 - - [25/Aug/2026:17:53:42 +0000] "GET /buy.php??a=002018799 HTTP/2.0" 500 0 "-" "Mozilla/5.0 (compatible; AwarioBot/1.0; +https://awario.com/bots.html)"
95.217.139.6 - - [25/Aug/2026:17:53:43 +0000] "GET /buy.php??a=055044096 HTTP/2.0" 500 0 "-" "Mozilla/5.0 (compatible; AwarioBot/1.0; +https://awario.com/bots.html)"
95.217.139.6 - - [25/Aug/2026:17:53:45 +0000] "GET /buy.php??a=002020481 HTTP/2.0" 500 0 "-" "Mozilla/5.0 (compatible; AwarioBot/1.0; +https://awario.com/bots.html)"
95.217.139.6 - - [25/Aug/2026:17:53:45 +0000] "GET /buy.php??a=056003091 HTTP/2.0" 500 0 "-" "Mozilla/5.0 (compatible; AwarioBot/1.0; +https://awario.com/bots.html)"
95.217.139.6 - - [25/Aug/2026:17:53:48 +0000] "GET /buy.php??a=056046077 HTTP/2.0" 500 0 "-" "Mozilla/5.0 (compatible; AwarioBot/1.0; +https://awario.com/bots.html)"
95.217.139.6 - - [25/Aug/2026:17:53:48 +0000] "GET /buy.php??a=002026651 HTTP/2.0" 500 0 "-" "Mozilla/5.0 (compatible; AwarioBot/1.0; +https://awario.com/bots.html)"
95.217.139.6 - - [25/Aug/2026:17:53:49 +0000] "GET /buy.php??a=056048811 HTTP/2.0" 500 0 "-" "Mozilla/5.0 (compatible; AwarioBot/1.0; +https://awario.com/bots.html)"
192.178.6.35 - - [25/Aug/2026:17:53:51 +0000] "GET /?v=9104745414 HTTP/2.0" 500 0 "-" "Mozilla/5.0 (Linux; Android 6.0.1; Nexus 5X Build/MMB29P) AppleWebKit/537.36 (KHTML, like Gecko) Chrome/151.0.7922.137 Mobile Safari/537.36 (compatible; Googlebot/2.1; +http://www.google.com/bot.html)"
95.217.139.6 - - [25/Aug/2026:17:53:52 +0000] "GET /buy.php??a=002031311 HTTP/2.0" 500 0 "-" "Mozilla/5.0 (compatible; AwarioBot/1.0; +https://awario.com/bots.html)"
95.217.139.6 - - [25/Aug/2026:17:53:55 +0000] "GET /buy.php??a=002036915 HTTP/2.0" 500 0 "-" "Mozilla/5.0 (compatible; AwarioBot/1.0; +https://awario.com/bots.html)"
74.7.227.54 - - [25/Aug/2026:17:53:57 +0000] "GET /buy.php?goods/077014689 HTTP/2.0" 500 0 "https://bioredlite.com/buy.php?detail/13200121686526" "Mozilla/5.0 AppleWebKit/537.36 (KHTML, like Gecko; compatible; GPTBot/1.4; +https://openai.com/gptbot)"
95.217.139.6 - - [25/Aug/2026:17:54:00 +0000] "GET /buy.php??a=002044213 HTTP/2.0" 500 0 "-" "Mozilla/5.0 (compatible; AwarioBot/1.0; +https://awario.com/bots.html)"
2a03:2880:f806:17:: - - [25/Aug/2026:17:54:02 +0000] "GET /products.php?s=11328250431 HTTP/2.0" 500 0 "-" "Mozilla/5.0 (Macintosh; Intel Mac OS X 10_15_7) AppleWebKit/537.36 (KHTML, like Gecko) Chrome/145.0.0.0 Safari/537.36 (compatible; meta-externalagent/1.1 (+https://developers.facebook.com/docs/sharing/webmasters/crawler))"
95.217.139.6 - - [25/Aug/2026:17:54:04 +0000] "GET /buy.php??a=002048129 HTTP/2.0" 500 0 "-" "Mozilla/5.0 (compatible; AwarioBot/1.0; +https://awario.com/bots.html)"
95.217.139.6 - - [25/Aug/2026:17:54:09 +0000] "GET /buy.php??a=003025624 HTTP/2.0" 500 0 "-" "Mozilla/5.0 (compatible; AwarioBot/1.0; +https://awario.com/bots.html)"
95.217.139.6 - - [25/Aug/2026:17:54:11 +0000] "GET /buy.php??a=004018731 HTTP/2.0" 500 0 "-" "Mozilla/5.0 (compatible; AwarioBot/1.0; +https://awario.com/bots.html)"
95.217.139.6 - - [25/Aug/2026:17:54:15 +0000] "GET /buy.php??a=004020277 HTTP/2.0" 500 0 "-" "Mozilla/5.0 (compatible; AwarioBot/1.0; +https://awario.com/bots.html)"
95.217.139.6 - - [25/Aug/2026:17:54:17 +0000] "GET /buy.php??a=004027175 HTTP/2.0" 500 0 "-" "Mozilla/5.0 (compatible; AwarioBot/1.0; +https://awario.com/bots.html)"
74.7.227.54 - - [25/Aug/2026:17:54:19 +0000] "GET /buy.php?goods/239015316 HTTP/2.0" 500 0 "https://bioredlite.com/buy.php?detail/23900874193574" "Mozilla/5.0 AppleWebKit/537.36 (KHTML, like Gecko; compatible; GPTBot/1.4; +https://openai.com/gptbot)"
95.217.139.6 - - [25/Aug/2026:17:54:21 +0000] "GET /buy.php??a=004047345 HTTP/2.0" 500 0 "-" "Mozilla/5.0 (compatible; AwarioBot/1.0; +https://awario.com/bots.html)"
95.217.139.6 - - [25/Aug/2026:17:54:22 +0000] "GET /buy.php??a=005004272 HTTP/2.0" 500 0 "-" "Mozilla/5.0 (compatible; AwarioBot/1.0; +https://awario.com/bots.html)"
95.217.139.6 - - [25/Aug/2026:17:54:24 +0000] "GET /buy.php??a=005017086 HTTP/2.0" 500 0 "-" "Mozilla/5.0 (compatible; AwarioBot/1.0; +https://awario.com/bots.html)"
95.217.139.6 - - [25/Aug/2026:17:54:26 +0000] "GET /buy.php??a=005018030 HTTP/2.0" 500 0 "-" "Mozilla/5.0 (compatible; AwarioBot/1.0; +https://awario.com/bots.html)"
95.217.139.6 - - [25/Aug/2026:17:54:28 +0000] "GET /buy.php??a=005024900 HTTP/2.0" 500 0 "-" "Mozilla/5.0 (compatible; AwarioBot/1.0; +https://awario.com/bots.html)"
95.217.139.6 - - [25/Aug/2026:17:54:29 +0000] "GET /buy.php??a=005039412 HTTP/2.0" 500 0 "-" "Mozilla/5.0 (compatible; AwarioBot/1.0; +https://awario.com/bots.html)"
95.217.139.6 - - [25/Aug/2026:17:54:31 +0000] "GET /buy.php??a=006000585 HTTP/2.0" 500 0 "-" "Mozilla/5.0 (compatible; AwarioBot/1.0; +https://awario.com/bots.html)"
95.217.139.6 - - [25/Aug/2026:17:54:32 +0000] "GET /buy.php??a=006005795 HTTP/2.0" 500 0 "-" "Mozilla/5.0 (compatible; AwarioBot/1.0; +https://awario.com/bots.html)"
95.217.139.6 - - [25/Aug/2026:17:54:34 +0000] "GET /buy.php??a=007001024 HTTP/2.0" 500 0 "-" "Mozilla/5.0 (compatible; AwarioBot/1.0; +https://awario.com/bots.html)"
95.217.139.6 - - [25/Aug/2026:17:54:36 +0000] "GET /buy.php??a=007017256 HTTP/2.0" 500 0 "-" "Mozilla/5.0 (compatible; AwarioBot/1.0; +https://awario.com/bots.html)"
95.217.139.6 - - [25/Aug/2026:17:54:38 +0000] "GET /buy.php??a=008018551 HTTP/2.0" 500 0 "-" "Mozilla/5.0 (compatible; AwarioBot/1.0; +https://awario.com/bots.html)"
95.217.139.6 - - [25/Aug/2026:17:54:40 +0000] "GET /buy.php??a=008022325 HTTP/2.0" 500 0 "-" "Mozilla/5.0 (compatible; AwarioBot/1.0; +https://awario.com/bots.html)"
95.217.139.6 - - [25/Aug/2026:17:54:40 +0000] "GET /buy.php??a=057028672 HTTP/2.0" 500 0 "-" "Mozilla/5.0 (compatible; AwarioBot/1.0; +https://awario.com/bots.html)"
74.7.227.54 - - [25/Aug/2026:17:54:41 +0000] "GET /buy.php?goods/163002474 HTTP/2.0" 500 0 "https://bioredlite.com/buy.php?detail/16300350979096" "Mozilla/5.0 AppleWebKit/537.36 (KHTML, like Gecko; compatible; GPTBot/1.4; +https://openai.com/gptbot)"
95.217.139.6 - - [25/Aug/2026:17:54:41 +0000] "GET /buy.php??a=008023005 HTTP/2.0" 500 0 "-" "Mozilla/5.0 (compatible; AwarioBot/1.0; +https://awario.com/bots.html)"
95.217.139.6 - - [25/Aug/2026:17:54:43 +0000] "GET /buy.php??a=009014750 HTTP/2.0" 500 0 "-" "Mozilla/5.0 (compatible; AwarioBot/1.0; +https://awario.com/bots.html)"
95.217.139.6 - - [25/Aug/2026:17:54:45 +0000] "GET /buy.php??a=009031042 HTTP/2.0" 500 0 "-" "Mozilla/5.0 (compatible; AwarioBot/1.0; +https://awario.com/bots.html)"
95.217.139.6 - - [25/Aug/2026:17:54:47 +0000] "GET /buy.php??a=009044296 HTTP/2.0" 500 0 "-" "Mozilla/5.0 (compatible; AwarioBot/1.0; +https://awario.com/bots.html)"
95.217.139.6 - - [25/Aug/2026:17:54:47 +0000] "GET /buy.php??a=057033382 HTTP/2.0" 500 0 "-" "Mozilla/5.0 (compatible; AwarioBot/1.0; +https://awario.com/bots.html)"
95.217.139.6 - - [25/Aug/2026:17:54:48 +0000] "GET /buy.php??a=010005887 HTTP/2.0" 500 0 "-" "Mozilla/5.0 (compatible; AwarioBot/1.0; +https://awario.com/bots.html)"
95.217.139.6 - - [25/Aug/2026:17:54:50 +0000] "GET /buy.php??a=010049813 HTTP/2.0" 500 0 "-" "Mozilla/5.0 (compatible; AwarioBot/1.0; +https://awario.com/bots.html)"
95.217.139.6 - - [25/Aug/2026:17:54:51 +0000] "GET /buy.php??a=011004804 HTTP/2.0" 500 0 "-" "Mozilla/5.0 (compatible; AwarioBot/1.0; +https://awario.com/bots.html)"
95.217.139.6 - - [25/Aug/2026:17:54:53 +0000] "GET /buy.php??a=011015960 HTTP/2.0" 500 0 "-" "Mozilla/5.0 (compatible; AwarioBot/1.0; +https://awario.com/bots.html)"
192.178.6.35 - - [25/Aug/2026:17:54:54 +0000] "GET /?e=58270263716 HTTP/2.0" 500 0 "-" "Mozilla/5.0 (Linux; Android 6.0.1; Nexus 5X Build/MMB29P) AppleWebKit/537.36 (KHTML, like Gecko) Chrome/151.0.7922.137 Mobile Safari/537.36 (compatible; Googlebot/2.1; +http://www.google.com/bot.html)"
192.178.6.36 - - [25/Aug/2026:17:54:54 +0000] "GET /prizes/235437347 HTTP/2.0" 500 0 "-" "Mozilla/5.0 (Linux; Android 6.0.1; Nexus 5X Build/MMB29P) AppleWebKit/537.36 (KHTML, like Gecko) Chrome/151.0.7922.137 Mobile Safari/537.36 (compatible; Googlebot/2.1; +http://www.google.com/bot.html)"
95.217.139.6 - - [25/Aug/2026:17:54:55 +0000] "GET /buy.php??a=011021186 HTTP/2.0" 500 0 "-" "Mozilla/5.0 (compatible; AwarioBot/1.0; +https://awario.com/bots.html)"
66.249.69.71 - - [25/Aug/2026:17:54:55 +0000] "GET /detail.php?q=4359221298 HTTP/2.0" 500 0 "-" "Mozilla/5.0 (Linux; Android 6.0.1; Nexus 5X Build/MMB29P) AppleWebKit/537.36 (KHTML, like Gecko) Chrome/151.0.7922.137 Mobile Safari/537.36 (compatible; Googlebot/2.1; +http://www.google.com/bot.html)"
95.217.139.6 - - [25/Aug/2026:17:54:56 +0000] "GET /buy.php??a=057049698 HTTP/2.0" 500 0 "-" "Mozilla/5.0 (compatible; AwarioBot/1.0; +https://awario.com/bots.html)"
95.217.139.6 - - [25/Aug/2026:17:54:58 +0000] "GET /buy.php??a=011048652 HTTP/2.0" 500 0 "-" "Mozilla/5.0 (compatible; AwarioBot/1.0; +https://awario.com/bots.html)"
95.217.139.6 - - [25/Aug/2026:17:54:59 +0000] "GET /buy.php??a=012003237 HTTP/2.0" 500 0 "-" "Mozilla/5.0 (compatible; AwarioBot/1.0; +https://awario.com/bots.html)"
95.217.139.6 - - [25/Aug/2026:17:55:00 +0000] "GET /buy.php??a=058007253 HTTP/2.0" 500 0 "-" "Mozilla/5.0 (compatible; AwarioBot/1.0; +https://awario.com/bots.html)"
95.217.139.6 - - [25/Aug/2026:17:55:02 +0000] "GET /buy.php??a=012029607 HTTP/2.0" 500 0 "-" "Mozilla/5.0 (compatible; AwarioBot/1.0; +https://awario.com/bots.html)"
74.7.227.54 - - [25/Aug/2026:17:55:02 +0000] "GET /buy.php?goods/201043585 HTTP/2.0" 500 0 "https://bioredlite.com/buy.php?detail/201003181570" "Mozilla/5.0 AppleWebKit/537.36 (KHTML, like Gecko; compatible; GPTBot/1.4; +https://openai.com/gptbot)"
95.217.139.6 - - [25/Aug/2026:17:55:02 +0000] "GET /buy.php??a=058016283 HTTP/2.0" 500 0 "-" "Mozilla/5.0 (compatible; AwarioBot/1.0; +https://awario.com/bots.html)"
95.217.139.6 - - [25/Aug/2026:17:55:04 +0000] "GET /buy.php??a=012031739 HTTP/2.0" 500 0 "-" "Mozilla/5.0 (compatible; AwarioBot/1.0; +https://awario.com/bots.html)"
95.217.139.6 - - [25/Aug/2026:17:55:05 +0000] "GET /buy.php??a=012036275 HTTP/2.0" 500 0 "-" "Mozilla/5.0 (compatible; AwarioBot/1.0; +https://awario.com/bots.html)"
95.217.139.6 - - [25/Aug/2026:17:55:07 +0000] "GET /buy.php??a=058039217 HTTP/2.0" 500 0 "-" "Mozilla/5.0 (compatible; AwarioBot/1.0; +https://awario.com/bots.html)"
95.217.139.6 - - [25/Aug/2026:17:55:07 +0000] "GET /buy.php??a=013028048 HTTP/2.0" 500 0 "-" "Mozilla/5.0 (compatible; AwarioBot/1.0; +https://awario.com/bots.html)"
95.217.139.6 - - [25/Aug/2026:17:55:08 +0000] "GET /buy.php??a=013030962 HTTP/2.0" 500 0 "-" "Mozilla/5.0 (compatible; AwarioBot/1.0; +https://awario.com/bots.html)"
95.217.139.6 - - [25/Aug/2026:17:55:09 +0000] "GET /buy.php??a=059001114 HTTP/2.0" 500 0 "-" "Mozilla/5.0 (compatible; AwarioBot/1.0; +https://awario.com/bots.html)"
95.217.139.6 - - [25/Aug/2026:17:55:10 +0000] "GET /buy.php??a=014003663 HTTP/2.0" 500 0 "-" "Mozilla/5.0 (compatible; AwarioBot/1.0; +https://awario.com/bots.html)"
95.217.139.6 - - [25/Aug/2026:17:55:11 +0000] "GET /buy.php??a=059026202 HTTP/2.0" 500 0 "-" "Mozilla/5.0 (compatible; AwarioBot/1.0; +https://awario.com/bots.html)"
95.217.139.6 - - [25/Aug/2026:17:55:12 +0000] "GET /buy.php??a=014004801 HTTP/2.0" 500 0 "-" "Mozilla/5.0 (compatible; AwarioBot/1.0; +https://awario.com/bots.html)"
95.217.139.6 - - [25/Aug/2026:17:55:14 +0000] "GET /buy.php??a=014019735 HTTP/2.0" 500 0 "-" "Mozilla/5.0 (compatible; AwarioBot/1.0; +https://awario.com/bots.html)"
95.217.139.6 - - [25/Aug/2026:17:55:14 +0000] "GET /buy.php??a=059027394 HTTP/2.0" 500 0 "-" "Mozilla/5.0 (compatible; AwarioBot/1.0; +https://awario.com/bots.html)"
95.217.139.6 - - [25/Aug/2026:17:55:16 +0000] "GET /buy.php??a=014021091 HTTP/2.0" 500 0 "-" "Mozilla/5.0 (compatible; AwarioBot/1.0; +https://awario.com/bots.html)"
95.217.139.6 - - [25/Aug/2026:17:55:17 +0000] "GET /buy.php??a=059040598 HTTP/2.0" 500 0 "-" "Mozilla/5.0 (compatible; AwarioBot/1.0; +https://awario.com/bots.html)"
95.217.139.6 - - [25/Aug/2026:17:55:17 +0000] "GET /buy.php??a=014033767 HTTP/2.0" 500 0 "-" "Mozilla/5.0 (compatible; AwarioBot/1.0; +https://awario.com/bots.html)"
95.217.139.6 - - [25/Aug/2026:17:55:19 +0000] "GET /buy.php??a=015010728 HTTP/2.0" 500 0 "-" "Mozilla/5.0 (compatible; AwarioBot/1.0; +https://awario.com/bots.html)"
95.217.139.6 - - [25/Aug/2026:17:55:19 +0000] "GET /buy.php??a=059042596 HTTP/2.0" 500 0 "-" "Mozilla/5.0 (compatible; AwarioBot/1.0; +https://awario.com/bots.html)"
95.217.139.6 - - [25/Aug/2026:17:55:21 +0000] "GET /buy.php??a=015013852 HTTP/2.0" 500 0 "-" "Mozilla/5.0 (compatible; AwarioBot/1.0; +https://awario.com/bots.html)"
95.217.139.6 - - [25/Aug/2026:17:55:21 +0000] "GET /buy.php??a=059044876 HTTP/2.0" 500 0 "-" "Mozilla/5.0 (compatible; AwarioBot/1.0; +https://awario.com/bots.html)"
74.7.227.54 - - [25/Aug/2026:17:55:23 +0000] "GET /buy.php?goods/278026579 HTTP/2.0" 500 0 "https://bioredlite.com/buy.php?detail/02200043864680" "Mozilla/5.0 AppleWebKit/537.36 (KHTML, like Gecko; compatible; GPTBot/1.4; +https://openai.com/gptbot)"
95.217.139.6 - - [25/Aug/2026:17:55:23 +0000] "GET /buy.php??a=015014654 HTTP/2.0" 500 0 "-" "Mozilla/5.0 (compatible; AwarioBot/1.0; +https://awario.com/bots.html)"
95.217.139.6 - - [25/Aug/2026:17:55:23 +0000] "GET /buy.php??a=060003961 HTTP/2.0" 500 0 "-" "Mozilla/5.0 (compatible; AwarioBot/1.0; +https://awario.com/bots.html)"
95.217.139.6 - - [25/Aug/2026:17:55:24 +0000] "GET /buy.php??a=015020542 HTTP/2.0" 500 0 "-" "Mozilla/5.0 (compatible; AwarioBot/1.0; +https://awario.com/bots.html)"
95.217.139.6 - - [25/Aug/2026:17:55:25 +0000] "GET /buy.php??a=060025137 HTTP/2.0" 500 0 "-" "Mozilla/5.0 (compatible; AwarioBot/1.0; +https://awario.com/bots.html)"
95.217.139.6 - - [25/Aug/2026:17:55:26 +0000] "GET /buy.php??a=015031332 HTTP/2.0" 500 0 "-" "Mozilla/5.0 (compatible; AwarioBot/1.0; +https://awario.com/bots.html)"
95.217.139.6 - - [25/Aug/2026:17:55:27 +0000] "GET /buy.php??a=060049223 HTTP/2.0" 500 0 "-" "Mozilla/5.0 (compatible; AwarioBot/1.0; +https://awario.com/bots.html)"
95.217.139.6 - - [25/Aug/2026:17:55:28 +0000] "GET /buy.php??a=015032886 HTTP/2.0" 500 0 "-" "Mozilla/5.0 (compatible; AwarioBot/1.0; +https://awario.com/bots.html)"
95.217.139.6 - - [25/Aug/2026:17:55:29 +0000] "GET /buy.php??a=061000290 HTTP/2.0" 500 0 "-" "Mozilla/5.0 (compatible; AwarioBot/1.0; +https://awario.com/bots.html)"
95.217.139.6 - - [25/Aug/2026:17:55:29 +0000] "GET /buy.php??a=015040006 HTTP/2.0" 500 0 "-" "Mozilla/5.0 (compatible; AwarioBot/1.0; +https://awario.com/bots.html)"
3.89.176.255 - - [25/Aug/2026:17:55:31 +0000] "GET /2023/09/traumatic-brain-injuries/ HTTP/2.0" 500 0 "-" "Mozilla/5.0 AppleWebKit/537.36 (KHTML, like Gecko; compatible; Amazonbot/0.1; +https://developer.amazon.com/support/amazonbot) Chrome/119.0.6045.214 Safari/537.36"
95.217.139.6 - - [25/Aug/2026:17:55:31 +0000] "GET /buy.php??a=061002464 HTTP/2.0" 500 0 "-" "Mozilla/5.0 (compatible; AwarioBot/1.0; +https://awario.com/bots.html)"
95.217.139.6 - - [25/Aug/2026:17:55:31 +0000] "GET /buy.php??a=015049268 HTTP/2.0" 500 0 "-" "Mozilla/5.0 (compatible; AwarioBot/1.0; +https://awario.com/bots.html)"
2a03:2880:f812:50:: - - [25/Aug/2026:17:55:32 +0000] "GET / HTTP/2.0" 500 0 "-" "facebookexternalhit/1.1 (+http://www.facebook.com/externalhit_uatext.php)"
95.217.139.6 - - [25/Aug/2026:17:55:33 +0000] "GET /buy.php??a=061013462 HTTP/2.0" 500 0 "-" "Mozilla/5.0 (compatible; AwarioBot/1.0; +https://awario.com/bots.html)"
95.217.139.6 - - [25/Aug/2026:17:55:33 +0000] "GET /buy.php??a=016014067 HTTP/2.0" 500 0 "-" "Mozilla/5.0 (compatible; AwarioBot/1.0; +https://awario.com/bots.html)"
95.217.139.6 - - [25/Aug/2026:17:55:34 +0000] "GET /buy.php??a=017014670 HTTP/2.0" 500 0 "-" "Mozilla/5.0 (compatible; AwarioBot/1.0; +https://awario.com/bots.html)"
95.217.139.6 - - [25/Aug/2026:17:55:35 +0000] "GET /buy.php??a=062033403 HTTP/2.0" 500 0 "-" "Mozilla/5.0 (compatible; AwarioBot/1.0; +https://awario.com/bots.html)"
95.217.139.6 - - [25/Aug/2026:17:55:36 +0000] "GET /buy.php??a=017035030 HTTP/2.0" 500 0 "-" "Mozilla/5.0 (compatible; AwarioBot/1.0; +https://awario.com/bots.html)"
95.217.139.6 - - [25/Aug/2026:17:55:36 +0000] "GET /buy.php??a=062042843 HTTP/2.0" 500 0 "-" "Mozilla/5.0 (compatible; AwarioBot/1.0; +https://awario.com/bots.html)"
95.217.139.6 - - [25/Aug/2026:17:55:38 +0000] "GET /buy.php??a=018006331 HTTP/2.0" 500 0 "-" "Mozilla/5.0 (compatible; AwarioBot/1.0; +https://awario.com/bots.html)"
95.217.139.6 - - [25/Aug/2026:17:55:38 +0000] "GET /buy.php??a=062045625 HTTP/2.0" 500 0 "-" "Mozilla/5.0 (compatible; AwarioBot/1.0; +https://awario.com/bots.html)"
95.217.139.6 - - [25/Aug/2026:17:55:40 +0000] "GET /buy.php??a=018029729 HTTP/2.0" 500 0 "-" "Mozilla/5.0 (compatible; AwarioBot/1.0; +https://awario.com/bots.html)"
95.217.139.6 - - [25/Aug/2026:17:55:41 +0000] "GET /buy.php??a=063001696 HTTP/2.0" 500 0 "-" "Mozilla/5.0 (compatible; AwarioBot/1.0; +https://awario.com/bots.html)"
95.217.139.6 - - [25/Aug/2026:17:55:41 +0000] "GET /buy.php??a=018032655 HTTP/2.0" 500 0 "-" "Mozilla/5.0 (compatible; AwarioBot/1.0; +https://awario.com/bots.html)"
95.217.139.6 - - [25/Aug/2026:17:55:43 +0000] "GET /buy.php??a=018033247 HTTP/2.0" 500 0 "-" "Mozilla/5.0 (compatible; AwarioBot/1.0; +https://awario.com/bots.html)"
74.7.227.54 - - [25/Aug/2026:17:55:43 +0000] "GET /buy.php?goods/064042975 HTTP/2.0" 500 0 "https://bioredlite.com/buy.php?detail/2300011580657" "Mozilla/5.0 AppleWebKit/537.36 (KHTML, like Gecko; compatible; GPTBot/1.4; +https://openai.com/gptbot)"
95.217.139.6 - - [25/Aug/2026:17:55:43 +0000] "GET /buy.php??a=063004982 HTTP/2.0" 500 0 "-" "Mozilla/5.0 (compatible; AwarioBot/1.0; +https://awario.com/bots.html)"
95.217.139.6 - - [25/Aug/2026:17:55:44 +0000] "GET /buy.php??a=018038051 HTTP/2.0" 500 0 "-" "Mozilla/5.0 (compatible; AwarioBot/1.0; +https://awario.com/bots.html)"
95.217.139.6 - - [25/Aug/2026:17:55:45 +0000] "GET /buy.php??a=063010530 HTTP/2.0" 500 0 "-" "Mozilla/5.0 (compatible; AwarioBot/1.0; +https://awario.com/bots.html)"
204.12.208.18 - - [25/Aug/2026:17:55:46 +0000] "GET /wp-content/ime13628/index.php HTTP/2.0" 200 26 "https://bioredlite.com/wp-content/ime13628/index.php" "Mozilla/5.0 (Macintosh; U; PPC Mac OS X; ja-jp) AppleWebKit/523.12 (KHTML, like Gecko) Version/3.0.4 Safari/523.12"
95.217.139.6 - - [25/Aug/2026:17:55:47 +0000] "GET /buy.php??a=063011632 HTTP/2.0" 500 0 "-" "Mozilla/5.0 (compatible; AwarioBot/1.0; +https://awario.com/bots.html)"
95.217.139.6 - - [25/Aug/2026:17:55:48 +0000] "GET /buy.php??a=018039399 HTTP/2.0" 500 0 "-" "Mozilla/5.0 (compatible; AwarioBot/1.0; +https://awario.com/bots.html)"
95.217.139.6 - - [25/Aug/2026:17:55:49 +0000] "GET /buy.php??a=063025236 HTTP/2.0" 500 0 "-" "Mozilla/5.0 (compatible; AwarioBot/1.0; +https://awario.com/bots.html)"
95.217.139.6 - - [25/Aug/2026:17:55:50 +0000] "GET /buy.php??a=063030534 HTTP/2.0" 500 0 "-" "Mozilla/5.0 (compatible; AwarioBot/1.0; +https://awario.com/bots.html)"
95.217.139.6 - - [25/Aug/2026:17:55:50 +0000] "GET /buy.php??a=019005000 HTTP/2.0" 500 0 "-" "Mozilla/5.0 (compatible; AwarioBot/1.0; +https://awario.com/bots.html)"
95.217.139.6 - - [25/Aug/2026:17:55:52 +0000] "GET /buy.php??a=063039630 HTTP/2.0" 500 0 "-" "Mozilla/5.0 (compatible; AwarioBot/1.0; +https://awario.com/bots.html)"
95.217.139.6 - - [25/Aug/2026:17:55:54 +0000] "GET /buy.php??a=019005434 HTTP/2.0" 500 0 "-" "Mozilla/5.0 (compatible; AwarioBot/1.0; +https://awario.com/bots.html)"
95.217.139.6 - - [25/Aug/2026:17:55:54 +0000] "GET /buy.php??a=063040500 HTTP/2.0" 500 0 "-" "Mozilla/5.0 (compatible; AwarioBot/1.0; +https://awario.com/bots.html)"
95.217.139.6 - - [25/Aug/2026:17:55:56 +0000] "GET /buy.php??a=064000181 HTTP/2.0" 500 0 "-" "Mozilla/5.0 (compatible; AwarioBot/1.0; +https://awario.com/bots.html)"
192.178.6.36 - - [25/Aug/2026:17:55:56 +0000] "GET /?x=19393117394 HTTP/2.0" 500 0 "-" "Mozilla/5.0 (Linux; Android 6.0.1; Nexus 5X Build/MMB29P) AppleWebKit/537.36 (KHTML, like Gecko) Chrome/151.0.7922.137 Mobile Safari/537.36 (compatible; Googlebot/2.1; +http://www.google.com/bot.html)"
95.217.139.6 - - [25/Aug/2026:17:55:56 +0000] "GET /buy.php??a=019032986 HTTP/2.0" 500 0 "-" "Mozilla/5.0 (compatible; AwarioBot/1.0; +https://awario.com/bots.html)"
95.217.139.6 - - [25/Aug/2026:17:55:57 +0000] "GET /buy.php??a=064002823 HTTP/2.0" 500 0 "-" "Mozilla/5.0 (compatible; AwarioBot/1.0; +https://awario.com/bots.html)"
95.217.139.6 - - [25/Aug/2026:17:55:59 +0000] "GET /buy.php??a=019038674 HTTP/2.0" 500 0 "-" "Mozilla/5.0 (compatible; AwarioBot/1.0; +https://awario.com/bots.html)"
95.217.139.6 - - [25/Aug/2026:17:55:59 +0000] "GET /buy.php??a=064021839 HTTP/2.0" 500 0 "-" "Mozilla/5.0 (compatible; AwarioBot/1.0; +https://awario.com/bots.html)"
95.217.139.6 - - [25/Aug/2026:17:56:01 +0000] "GET /buy.php??a=064038453 HTTP/2.0" 500 0 "-" "Mozilla/5.0 (compatible; AwarioBot/1.0; +https://awario.com/bots.html)"
95.217.139.6 - - [25/Aug/2026:17:56:02 +0000] "GET /buy.php??a=019039638 HTTP/2.0" 500 0 "-" "Mozilla/5.0 (compatible; AwarioBot/1.0; +https://awario.com/bots.html)"
95.217.139.6 - - [25/Aug/2026:17:56:03 +0000] "GET /buy.php??a=064044087 HTTP/2.0" 500 0 "-" "Mozilla/5.0 (compatible; AwarioBot/1.0; +https://awario.com/bots.html)"
95.217.139.6 - - [25/Aug/2026:17:56:04 +0000] "GET /buy.php??a=019041630 HTTP/2.0" 500 0 "-" "Mozilla/5.0 (compatible; AwarioBot/1.0; +https://awario.com/bots.html)"
95.217.139.6 - - [25/Aug/2026:17:56:04 +0000] "GET /buy.php??a=065004466 HTTP/2.0" 500 0 "-" "Mozilla/5.0 (compatible; AwarioBot/1.0; +https://awario.com/bots.html)"
74.7.227.54 - - [25/Aug/2026:17:56:04 +0000] "GET /buy.php?goods/161005497 HTTP/2.0" 500 0 "https://bioredlite.com/buy.php?detail/17601460039910" "Mozilla/5.0 AppleWebKit/537.36 (KHTML, like Gecko; compatible; GPTBot/1.4; +https://openai.com/gptbot)"
95.217.139.6 - - [25/Aug/2026:17:56:06 +0000] "GET /buy.php??a=065030710 HTTP/2.0" 500 0 "-" "Mozilla/5.0 (compatible; AwarioBot/1.0; +https://awario.com/bots.html)"
95.217.139.6 - - [25/Aug/2026:17:56:07 +0000] "GET /buy.php??a=020002703 HTTP/2.0" 500 0 "-" "Mozilla/5.0 (compatible; AwarioBot/1.0; +https://awario.com/bots.html)"
95.217.139.6 - - [25/Aug/2026:17:56:08 +0000] "GET /buy.php??a=065036082 HTTP/2.0" 500 0 "-" "Mozilla/5.0 (compatible; AwarioBot/1.0; +https://awario.com/bots.html)"
95.217.139.6 - - [25/Aug/2026:17:56:10 +0000] "GET /buy.php??a=066000179 HTTP/2.0" 500 0 "-" "Mozilla/5.0 (compatible; AwarioBot/1.0; +https://awario.com/bots.html)"
95.217.139.6 - - [25/Aug/2026:17:56:10 +0000] "GET /buy.php??a=020048847 HTTP/2.0" 500 0 "-" "Mozilla/5.0 (compatible; AwarioBot/1.0; +https://awario.com/bots.html)"
95.217.139.6 - - [25/Aug/2026:17:56:11 +0000] "GET /buy.php??a=066018357 HTTP/2.0" 500 0 "-" "Mozilla/5.0 (compatible; AwarioBot/1.0; +https://awario.com/bots.html)"
95.217.139.6 - - [25/Aug/2026:17:56:12 +0000] "GET /buy.php??a=021000250 HTTP/2.0" 500 0 "-" "Mozilla/5.0 (compatible; AwarioBot/1.0; +https://awario.com/bots.html)"
95.217.139.6 - - [25/Aug/2026:17:56:13 +0000] "GET /buy.php??a=066032809 HTTP/2.0" 500 0 "-" "Mozilla/5.0 (compatible; AwarioBot/1.0; +https://awario.com/bots.html)"
95.217.139.6 - - [25/Aug/2026:17:56:14 +0000] "GET /buy.php??a=021003936 HTTP/2.0" 500 0 "-" "Mozilla/5.0 (compatible; AwarioBot/1.0; +https://awario.com/bots.html)"
95.217.139.6 - - [25/Aug/2026:17:56:15 +0000] "GET /buy.php??a=066038053 HTTP/2.0" 500 0 "-" "Mozilla/5.0 (compatible; AwarioBot/1.0; +https://awario.com/bots.html)"
95.217.139.6 - - [25/Aug/2026:17:56:17 +0000] "GET /buy.php??a=067033490 HTTP/2.0" 500 0 "-" "Mozilla/5.0 (compatible; AwarioBot/1.0; +https://awario.com/bots.html)"
95.217.139.6 - - [25/Aug/2026:17:56:17 +0000] "GET /buy.php??a=021006310 HTTP/2.0" 500 0 "-" "Mozilla/5.0 (compatible; AwarioBot/1.0; +https://awario.com/bots.html)"
2a03:2880:f806:38:: - - [25/Aug/2026:17:56:17 +0000] "GET /products.php?s=7534081381 HTTP/2.0" 500 0 "-" "Mozilla/5.0 (Macintosh; Intel Mac OS X 10_15_7) AppleWebKit/537.36 (KHTML, like Gecko) Chrome/145.0.0.0 Safari/537.36 (compatible; meta-externalagent/1.1 (+https://developers.facebook.com/docs/sharing/webmasters/crawler))"
95.217.139.6 - - [25/Aug/2026:17:56:19 +0000] "GET /buy.php??a=067039280 HTTP/2.0" 500 0 "-" "Mozilla/5.0 (compatible; AwarioBot/1.0; +https://awario.com/bots.html)"
95.217.139.6 - - [25/Aug/2026:17:56:20 +0000] "GET /buy.php??a=021024996 HTTP/2.0" 500 0 "-" "Mozilla/5.0 (compatible; AwarioBot/1.0; +https://awario.com/bots.html)"
95.217.139.6 - - [25/Aug/2026:17:56:20 +0000] "GET /buy.php??a=067042114 HTTP/2.0" 500 0 "-" "Mozilla/5.0 (compatible; AwarioBot/1.0; +https://awario.com/bots.html)"
95.217.139.6 - - [25/Aug/2026:17:56:22 +0000] "GET /buy.php??a=067045584 HTTP/2.0" 500 0 "-" "Mozilla/5.0 (compatible; AwarioBot/1.0; +https://awario.com/bots.html)"
95.217.139.6 - - [25/Aug/2026:17:56:22 +0000] "GET /buy.php??a=021034640 HTTP/2.0" 500 0 "-" "Mozilla/5.0 (compatible; AwarioBot/1.0; +https://awario.com/bots.html)"
95.217.139.6 - - [25/Aug/2026:17:56:24 +0000] "GET /buy.php??a=068004047 HTTP/2.0" 500 0 "-" "Mozilla/5.0 (compatible; AwarioBot/1.0; +https://awario.com/bots.html)"
95.217.139.6 - - [25/Aug/2026:17:56:25 +0000] "GET /buy.php??a=021038726 HTTP/2.0" 500 0 "-" "Mozilla/5.0 (compatible; AwarioBot/1.0; +https://awario.com/bots.html)"
74.7.227.54 - - [25/Aug/2026:17:56:25 +0000] "GET /buy.php?goods/192036773 HTTP/2.0" 500 0 "https://bioredlite.com/buy.php?detail/27903411523312" "Mozilla/5.0 AppleWebKit/537.36 (KHTML, like Gecko; compatible; GPTBot/1.4; +https://openai.com/gptbot)"
95.217.139.6 - - [25/Aug/2026:17:56:26 +0000] "GET /buy.php??a=068007085 HTTP/2.0" 500 0 "-" "Mozilla/5.0 (compatible; AwarioBot/1.0; +https://awario.com/bots.html)"
192.178.6.36 - - [25/Aug/2026:17:56:26 +0000] "GET /?x=95183100334 HTTP/2.0" 500 0 "-" "Mozilla/5.0 (Linux; Android 6.0.1; Nexus 5X Build/MMB29P) AppleWebKit/537.36 (KHTML, like Gecko) Chrome/151.0.7922.137 Mobile Safari/537.36 (compatible; Googlebot/2.1; +http://www.google.com/bot.html)"
95.217.139.6 - - [25/Aug/2026:17:56:27 +0000] "GET /buy.php??a=021039884 HTTP/2.0" 500 0 "-" "Mozilla/5.0 (compatible; AwarioBot/1.0; +https://awario.com/bots.html)"
95.217.139.6 - - [25/Aug/2026:17:56:27 +0000] "GET /buy.php??a=068012759 HTTP/2.0" 500 0 "-" "Mozilla/5.0 (compatible; AwarioBot/1.0; +https://awario.com/bots.html)"
95.217.139.6 - - [25/Aug/2026:17:56:29 +0000] "GET /buy.php??a=068015481 HTTP/2.0" 500 0 "-" "Mozilla/5.0 (compatible; AwarioBot/1.0; +https://awario.com/bots.html)"
95.217.139.6 - - [25/Aug/2026:17:56:30 +0000] "GET /buy.php??a=022011327 HTTP/2.0" 500 0 "-" "Mozilla/5.0 (compatible; AwarioBot/1.0; +https://awario.com/bots.html)"
95.217.139.6 - - [25/Aug/2026:17:56:31 +0000] "GET /buy.php??a=068032369 HTTP/2.0" 500 0 "-" "Mozilla/5.0 (compatible; AwarioBot/1.0; +https://awario.com/bots.html)"
95.217.139.6 - - [25/Aug/2026:17:56:32 +0000] "GET /buy.php??a=022031659 HTTP/2.0" 500 0 "-" "Mozilla/5.0 (compatible; AwarioBot/1.0; +https://awario.com/bots.html)"
95.217.139.6 - - [25/Aug/2026:17:56:33 +0000] "GET /buy.php??a=068040111 HTTP/2.0" 500 0 "-" "Mozilla/5.0 (compatible; AwarioBot/1.0; +https://awario.com/bots.html)"
95.217.139.6 - - [25/Aug/2026:17:56:34 +0000] "GET /buy.php??a=023005536 HTTP/2.0" 500 0 "-" "Mozilla/5.0 (compatible; AwarioBot/1.0; +https://awario.com/bots.html)"
95.217.139.6 - - [25/Aug/2026:17:56:35 +0000] "GET /buy.php??a=069022482 HTTP/2.0" 500 0 "-" "Mozilla/5.0 (compatible; AwarioBot/1.0; +https://awario.com/bots.html)"
95.217.139.6 - - [25/Aug/2026:17:56:36 +0000] "GET /buy.php??a=023016198 HTTP/2.0" 500 0 "-" "Mozilla/5.0 (compatible; AwarioBot/1.0; +https://awario.com/bots.html)"
95.217.139.6 - - [25/Aug/2026:17:56:37 +0000] "GET /buy.php??a=069027534 HTTP/2.0" 500 0 "-" "Mozilla/5.0 (compatible; AwarioBot/1.0; +https://awario.com/bots.html)"
95.217.139.6 - - [25/Aug/2026:17:56:38 +0000] "GET /buy.php??a=023017126 HTTP/2.0" 500 0 "-" "Mozilla/5.0 (compatible; AwarioBot/1.0; +https://awario.com/bots.html)"
95.217.139.6 - - [25/Aug/2026:17:56:39 +0000] "GET /buy.php??a=069044616 HTTP/2.0" 500 0 "-" "Mozilla/5.0 (compatible; AwarioBot/1.0; +https://awario.com/bots.html)"
44.215.235.20 - - [25/Aug/2026:17:56:39 +0000] "GET /2024/03/skin-rejuvenation/ HTTP/2.0" 500 0 "-" "Mozilla/5.0 AppleWebKit/537.36 (KHTML, like Gecko; compatible; Amazonbot/0.1; +https://developer.amazon.com/support/amazonbot) Chrome/119.0.6045.214 Safari/537.36"
95.217.139.6 - - [25/Aug/2026:17:56:40 +0000] "GET /buy.php??a=023027580 HTTP/2.0" 500 0 "-" "Mozilla/5.0 (compatible; AwarioBot/1.0; +https://awario.com/bots.html)"
95.217.139.6 - - [25/Aug/2026:17:56:41 +0000] "GET /buy.php??a=070002653 HTTP/2.0" 500 0 "-" "Mozilla/5.0 (compatible; AwarioBot/1.0; +https://awario.com/bots.html)"
95.217.139.6 - - [25/Aug/2026:17:56:42 +0000] "GET /buy.php??a=070007865 HTTP/2.0" 500 0 "-" "Mozilla/5.0 (compatible; AwarioBot/1.0; +https://awario.com/bots.html)"
95.217.139.6 - - [25/Aug/2026:17:56:42 +0000] "GET /buy.php??a=024001007 HTTP/2.0" 500 0 "-" "Mozilla/5.0 (compatible; AwarioBot/1.0; +https://awario.com/bots.html)"
95.217.139.6 - - [25/Aug/2026:17:56:45 +0000] "GET /buy.php??a=024004321 HTTP/2.0" 500 0 "-" "Mozilla/5.0 (compatible; AwarioBot/1.0; +https://awario.com/bots.html)"
95.217.139.6 - - [25/Aug/2026:17:56:45 +0000] "GET /buy.php??a=070033105 HTTP/2.0" 500 0 "-" "Mozilla/5.0 (compatible; AwarioBot/1.0; +https://awario.com/bots.html)"
74.7.227.54 - - [25/Aug/2026:17:56:46 +0000] "GET /buy.php?goods/213047901 HTTP/2.0" 500 0 "https://bioredlite.com/buy.php?detail/21304404093517" "Mozilla/5.0 AppleWebKit/537.36 (KHTML, like Gecko; compatible; GPTBot/1.4; +https://openai.com/gptbot)"
95.217.139.6 - - [25/Aug/2026:17:56:47 +0000] "GET /buy.php??a=024004775 HTTP/2.0" 500 0 "-" "Mozilla/5.0 (compatible; AwarioBot/1.0; +https://awario.com/bots.html)"
95.217.139.6 - - [25/Aug/2026:17:56:47 +0000] "GET /buy.php??a=070034247 HTTP/2.0" 500 0 "-" "Mozilla/5.0 (compatible; AwarioBot/1.0; +https://awario.com/bots.html)"
95.217.139.6 - - [25/Aug/2026:17:56:49 +0000] "GET /buy.php??a=024008577 HTTP/2.0" 500 0 "-" "Mozilla/5.0 (compatible; AwarioBot/1.0; +https://awario.com/bots.html)"
95.217.139.6 - - [25/Aug/2026:17:56:49 +0000] "GET /buy.php??a=070034257 HTTP/2.0" 500 0 "-" "Mozilla/5.0 (compatible; AwarioBot/1.0; +https://awario.com/bots.html)"
95.217.139.6 - - [25/Aug/2026:17:56:51 +0000] "GET /buy.php??a=070039729 HTTP/2.0" 500 0 "-" "Mozilla/5.0 (compatible; AwarioBot/1.0; +https://awario.com/bots.html)"
95.217.139.6 - - [25/Aug/2026:17:56:52 +0000] "GET /buy.php??a=024012555 HTTP/2.0" 500 0 "-" "Mozilla/5.0 (compatible; AwarioBot/1.0; +https://awario.com/bots.html)"
95.217.139.6 - - [25/Aug/2026:17:56:53 +0000] "GET /buy.php??a=092008697 HTTP/2.0" 500 0 "-" "Mozilla/5.0 (compatible; AwarioBot/1.0; +https://awario.com/bots.html)"
204.12.208.18 - - [25/Aug/2026:17:56:53 +0000] "GET /wp-content/ime13628/index.php HTTP/2.0" 200 0 "https://bioredlite.com/wp-content/ime13628/index.php" "Opera/9.80 (Windows NT 6.1; U; ja) Presto/2.10.229 Version/11.60"
95.217.139.6 - - [25/Aug/2026:17:56:54 +0000] "GET /buy.php??a=024020845 HTTP/2.0" 500 0 "-" "Mozilla/5.0 (compatible; AwarioBot/1.0; +https://awario.com/bots.html)"
95.217.139.6 - - [25/Aug/2026:17:56:55 +0000] "GET /buy.php??a=092013047 HTTP/2.0" 500 0 "-" "Mozilla/5.0 (compatible; AwarioBot/1.0; +https://awario.com/bots.html)"
192.178.6.35 - - [25/Aug/2026:17:56:56 +0000] "GET /?c=77456249956 HTTP/2.0" 500 0 "-" "Mozilla/5.0 (Linux; Android 6.0.1; Nexus 5X Build/MMB29P) AppleWebKit/537.36 (KHTML, like Gecko) Chrome/151.0.7922.137 Mobile Safari/537.36 (compatible; Googlebot/2.1; +http://www.google.com/bot.html)"
95.217.139.6 - - [25/Aug/2026:17:56:56 +0000] "GET /buy.php??a=024030827 HTTP/2.0" 500 0 "-" "Mozilla/5.0 (compatible; AwarioBot/1.0; +https://awario.com/bots.html)"
95.217.139.6 - - [25/Aug/2026:17:56:57 +0000] "GET /buy.php??a=092028289 HTTP/2.0" 500 0 "-" "Mozilla/5.0 (compatible; AwarioBot/1.0; +https://awario.com/bots.html)"
95.217.139.6 - - [25/Aug/2026:17:56:58 +0000] "GET /buy.php??a=093020834 HTTP/2.0" 500 0 "-" "Mozilla/5.0 (compatible; AwarioBot/1.0; +https://awario.com/bots.html)"
95.217.139.6 - - [25/Aug/2026:17:57:00 +0000] "GET /buy.php??a=024042193 HTTP/2.0" 500 0 "-" "Mozilla/5.0 (compatible; AwarioBot/1.0; +https://awario.com/bots.html)"
95.217.139.6 - - [25/Aug/2026:17:57:00 +0000] "GET /buy.php??a=093030758 HTTP/2.0" 500 0 "-" "Mozilla/5.0 (compatible; AwarioBot/1.0; +https://awario.com/bots.html)"
95.217.139.6 - - [25/Aug/2026:17:57:02 +0000] "GET /buy.php??a=025007850 HTTP/2.0" 500 0 "-" "Mozilla/5.0 (compatible; AwarioBot/1.0; +https://awario.com/bots.html)"
95.217.139.6 - - [25/Aug/2026:17:57:02 +0000] "GET /buy.php??a=093033356 HTTP/2.0" 500 0 "-" "Mozilla/5.0 (compatible; AwarioBot/1.0; +https://awario.com/bots.html)"
95.217.139.6 - - [25/Aug/2026:17:57:03 +0000] "GET /buy.php??a=025008172 HTTP/2.0" 500 0 "-" "Mozilla/5.0 (compatible; AwarioBot/1.0; +https://awario.com/bots.html)"
95.217.139.6 - - [25/Aug/2026:17:57:04 +0000] "GET /buy.php??a=093047872 HTTP/2.0" 500 0 "-" "Mozilla/5.0 (compatible; AwarioBot/1.0; +https://awario.com/bots.html)"
95.217.139.6 - - [25/Aug/2026:17:57:05 +0000] "GET /buy.php??a=025024992 HTTP/2.0" 500 0 "-" "Mozilla/5.0 (compatible; AwarioBot/1.0; +https://awario.com/bots.html)"
95.217.139.6 - - [25/Aug/2026:17:57:05 +0000] "GET /buy.php??a=094001013 HTTP/2.0" 500 0 "-" "Mozilla/5.0 (compatible; AwarioBot/1.0; +https://awario.com/bots.html)"
95.217.139.6 - - [25/Aug/2026:17:57:06 +0000] "GET /buy.php??a=025032518 HTTP/2.0" 500 0 "-" "Mozilla/5.0 (compatible; AwarioBot/1.0; +https://awario.com/bots.html)"
74.7.227.54 - - [25/Aug/2026:17:57:07 +0000] "GET /buy.php?goods/215030958 HTTP/2.0" 500 0 "https://bioredlite.com/buy.php?detail/21502630066760" "Mozilla/5.0 AppleWebKit/537.36 (KHTML, like Gecko; compatible; GPTBot/1.4; +https://openai.com/gptbot)"
