95.217.139.6 - - [25/Aug/2026:17:57:07 +0000] "GET /buy.php??a=094002669 HTTP/2.0" 500 0 "-" "Mozilla/5.0 (compatible; AwarioBot/1.0; +https://awario.com/bots.html)"
95.217.139.6 - - [25/Aug/2026:17:57:08 +0000] "GET /buy.php??a=025035704 HTTP/2.0" 500 0 "-" "Mozilla/5.0 (compatible; AwarioBot/1.0; +https://awario.com/bots.html)"
95.217.139.6 - - [25/Aug/2026:17:57:09 +0000] "GET /buy.php??a=095014758 HTTP/2.0" 500 0 "-" "Mozilla/5.0 (compatible; AwarioBot/1.0; +https://awario.com/bots.html)"
95.217.139.6 - - [25/Aug/2026:17:57:09 +0000] "GET /buy.php??a=025036414 HTTP/2.0" 500 0 "-" "Mozilla/5.0 (compatible; AwarioBot/1.0; +https://awario.com/bots.html)"
95.217.139.6 - - [25/Aug/2026:17:57:11 +0000] "GET /buy.php??a=095024766 HTTP/2.0" 500 0 "-" "Mozilla/5.0 (compatible; AwarioBot/1.0; +https://awario.com/bots.html)"
95.217.139.6 - - [25/Aug/2026:17:57:11 +0000] "GET /buy.php??a=025037052 HTTP/2.0" 500 0 "-" "Mozilla/5.0 (compatible; AwarioBot/1.0; +https://awario.com/bots.html)"
95.217.139.6 - - [25/Aug/2026:17:57:12 +0000] "GET /buy.php??a=026020843 HTTP/2.0" 500 0 "-" "Mozilla/5.0 (compatible; AwarioBot/1.0; +https://awario.com/bots.html)"
95.217.139.6 - - [25/Aug/2026:17:57:12 +0000] "GET /buy.php??a=095024922 HTTP/2.0" 500 0 "-" "Mozilla/5.0 (compatible; AwarioBot/1.0; +https://awario.com/bots.html)"
95.217.139.6 - - [25/Aug/2026:17:57:14 +0000] "GET /buy.php??a=026031045 HTTP/2.0" 500 0 "-" "Mozilla/5.0 (compatible; AwarioBot/1.0; +https://awario.com/bots.html)"
95.217.139.6 - - [25/Aug/2026:17:57:14 +0000] "GET /buy.php??a=095037642 HTTP/2.0" 500 0 "-" "Mozilla/5.0 (compatible; AwarioBot/1.0; +https://awario.com/bots.html)"
95.217.139.6 - - [25/Aug/2026:17:57:15 +0000] "GET /buy.php??a=027005950 HTTP/2.0" 500 0 "-" "Mozilla/5.0 (compatible; AwarioBot/1.0; +https://awario.com/bots.html)"
95.217.139.6 - - [25/Aug/2026:17:57:16 +0000] "GET /buy.php??a=095043380 HTTP/2.0" 500 0 "-" "Mozilla/5.0 (compatible; AwarioBot/1.0; +https://awario.com/bots.html)"
95.217.139.6 - - [25/Aug/2026:17:57:17 +0000] "GET /buy.php??a=027020852 HTTP/2.0" 500 0 "-" "Mozilla/5.0 (compatible; AwarioBot/1.0; +https://awario.com/bots.html)"
95.217.139.6 - - [25/Aug/2026:17:57:17 +0000] "GET /buy.php??a=096002791 HTTP/2.0" 500 0 "-" "Mozilla/5.0 (compatible; AwarioBot/1.0; +https://awario.com/bots.html)"
95.217.139.6 - - [25/Aug/2026:17:57:19 +0000] "GET /buy.php??a=027031542 HTTP/2.0" 500 0 "-" "Mozilla/5.0 (compatible; AwarioBot/1.0; +https://awario.com/bots.html)"
95.217.139.6 - - [25/Aug/2026:17:57:19 +0000] "GET /buy.php??a=096011207 HTTP/2.0" 500 0 "-" "Mozilla/5.0 (compatible; AwarioBot/1.0; +https://awario.com/bots.html)"
95.217.139.6 - - [25/Aug/2026:17:57:21 +0000] "GET /buy.php??a=027037848 HTTP/2.0" 500 0 "-" "Mozilla/5.0 (compatible; AwarioBot/1.0; +https://awario.com/bots.html)"
95.217.139.6 - - [25/Aug/2026:17:57:21 +0000] "GET /buy.php??a=096018565 HTTP/2.0" 500 0 "-" "Mozilla/5.0 (compatible; AwarioBot/1.0; +https://awario.com/bots.html)"
95.217.139.6 - - [25/Aug/2026:17:57:23 +0000] "GET /buy.php??a=096024915 HTTP/2.0" 500 0 "-" "Mozilla/5.0 (compatible; AwarioBot/1.0; +https://awario.com/bots.html)"
95.217.139.6 - - [25/Aug/2026:17:57:24 +0000] "GET /buy.php??a=027043602 HTTP/2.0" 500 0 "-" "Mozilla/5.0 (compatible; AwarioBot/1.0; +https://awario.com/bots.html)"
95.217.139.6 - - [25/Aug/2026:17:57:25 +0000] "GET /buy.php??a=096038953 HTTP/2.0" 500 0 "-" "Mozilla/5.0 (compatible; AwarioBot/1.0; +https://awario.com/bots.html)"
95.217.139.6 - - [25/Aug/2026:17:57:26 +0000] "GET /buy.php??a=028003649 HTTP/2.0" 500 0 "-" "Mozilla/5.0 (compatible; AwarioBot/1.0; +https://awario.com/bots.html)"
95.217.139.6 - - [25/Aug/2026:17:57:27 +0000] "GET /buy.php??a=097004702 HTTP/2.0" 500 0 "-" "Mozilla/5.0 (compatible; AwarioBot/1.0; +https://awario.com/bots.html)"
74.7.227.54 - - [25/Aug/2026:17:57:28 +0000] "GET /buy.php?goods/105043886 HTTP/2.0" 500 0 "https://bioredlite.com/buy.php?detail/05600041305165" "Mozilla/5.0 AppleWebKit/537.36 (KHTML, like Gecko; compatible; GPTBot/1.4; +https://openai.com/gptbot)"
95.217.139.6 - - [25/Aug/2026:17:57:28 +0000] "GET /buy.php??a=028013539 HTTP/2.0" 500 0 "-" "Mozilla/5.0 (compatible; AwarioBot/1.0; +https://awario.com/bots.html)"
95.217.139.6 - - [25/Aug/2026:17:57:29 +0000] "GET /buy.php??a=097007346 HTTP/2.0" 500 0 "-" "Mozilla/5.0 (compatible; AwarioBot/1.0; +https://awario.com/bots.html)"
95.217.139.6 - - [25/Aug/2026:17:57:30 +0000] "GET /buy.php??a=097008100 HTTP/2.0" 500 0 "-" "Mozilla/5.0 (compatible; AwarioBot/1.0; +https://awario.com/bots.html)"
95.217.139.6 - - [25/Aug/2026:17:57:31 +0000] "GET /buy.php??a=028024505 HTTP/2.0" 500 0 "-" "Mozilla/5.0 (compatible; AwarioBot/1.0; +https://awario.com/bots.html)"
95.217.139.6 - - [25/Aug/2026:17:57:32 +0000] "GET /buy.php??a=097011846 HTTP/2.0" 500 0 "-" "Mozilla/5.0 (compatible; AwarioBot/1.0; +https://awario.com/bots.html)"
95.217.139.6 - - [25/Aug/2026:17:57:33 +0000] "GET /buy.php??a=028039721 HTTP/2.0" 500 0 "-" "Mozilla/5.0 (compatible; AwarioBot/1.0; +https://awario.com/bots.html)"
95.217.139.6 - - [25/Aug/2026:17:57:34 +0000] "GET /buy.php??a=098002839 HTTP/2.0" 500 0 "-" "Mozilla/5.0 (compatible; AwarioBot/1.0; +https://awario.com/bots.html)"
95.217.139.6 - - [25/Aug/2026:17:57:36 +0000] "GET /buy.php??a=029000050 HTTP/2.0" 500 0 "-" "Mozilla/5.0 (compatible; AwarioBot/1.0; +https://awario.com/bots.html)"
95.217.139.6 - - [25/Aug/2026:17:57:36 +0000] "GET /buy.php??a=098009105 HTTP/2.0" 500 0 "-" "Mozilla/5.0 (compatible; AwarioBot/1.0; +https://awario.com/bots.html)"
95.217.139.6 - - [25/Aug/2026:17:57:38 +0000] "GET /buy.php??a=098029757 HTTP/2.0" 500 0 "-" "Mozilla/5.0 (compatible; AwarioBot/1.0; +https://awario.com/bots.html)"
95.217.139.6 - - [25/Aug/2026:17:57:38 +0000] "GET /buy.php??a=029032962 HTTP/2.0" 500 0 "-" "Mozilla/5.0 (compatible; AwarioBot/1.0; +https://awario.com/bots.html)"
95.217.139.6 - - [25/Aug/2026:17:57:39 +0000] "GET /buy.php??a=098038817 HTTP/2.0" 500 0 "-" "Mozilla/5.0 (compatible; AwarioBot/1.0; +https://awario.com/bots.html)"
95.217.139.6 - - [25/Aug/2026:17:57:40 +0000] "GET /buy.php??a=029038488 HTTP/2.0" 500 0 "-" "Mozilla/5.0 (compatible; AwarioBot/1.0; +https://awario.com/bots.html)"
95.217.139.6 - - [25/Aug/2026:17:57:41 +0000] "GET /buy.php??a=099002664 HTTP/2.0" 500 0 "-" "Mozilla/5.0 (compatible; AwarioBot/1.0; +https://awario.com/bots.html)"
95.217.139.6 - - [25/Aug/2026:17:57:43 +0000] "GET /buy.php??a=030026251 HTTP/2.0" 500 0 "-" "Mozilla/5.0 (compatible; AwarioBot/1.0; +https://awario.com/bots.html)"
95.217.139.6 - - [25/Aug/2026:17:57:43 +0000] "GET /buy.php??a=099032034 HTTP/2.0" 500 0 "-" "Mozilla/5.0 (compatible; AwarioBot/1.0; +https://awario.com/bots.html)"
95.217.139.6 - - [25/Aug/2026:17:57:45 +0000] "GET /buy.php??a=099037492 HTTP/2.0" 500 0 "-" "Mozilla/5.0 (compatible; AwarioBot/1.0; +https://awario.com/bots.html)"
95.217.139.6 - - [25/Aug/2026:17:57:45 +0000] "GET /buy.php??a=031001000 HTTP/2.0" 500 0 "-" "Mozilla/5.0 (compatible; AwarioBot/1.0; +https://awario.com/bots.html)"
95.217.139.6 - - [25/Aug/2026:17:57:47 +0000] "GET /buy.php??a=100002447 HTTP/2.0" 500 0 "-" "Mozilla/5.0 (compatible; AwarioBot/1.0; +https://awario.com/bots.html)"
95.217.139.6 - - [25/Aug/2026:17:57:48 +0000] "GET /buy.php??a=031011538 HTTP/2.0" 500 0 "-" "Mozilla/5.0 (compatible; AwarioBot/1.0; +https://awario.com/bots.html)"
95.217.139.6 - - [25/Aug/2026:17:57:48 +0000] "GET /buy.php??a=100012755 HTTP/2.0" 500 0 "-" "Mozilla/5.0 (compatible; AwarioBot/1.0; +https://awario.com/bots.html)"
74.7.227.54 - - [25/Aug/2026:17:57:48 +0000] "GET /buy.php?goods/195027337 HTTP/2.0" 500 0 "https://bioredlite.com/buy.php?detail/05904559188855" "Mozilla/5.0 AppleWebKit/537.36 (KHTML, like Gecko; compatible; GPTBot/1.4; +https://openai.com/gptbot)"
95.217.139.6 - - [25/Aug/2026:17:57:50 +0000] "GET /buy.php??a=100018129 HTTP/2.0" 500 0 "-" "Mozilla/5.0 (compatible; AwarioBot/1.0; +https://awario.com/bots.html)"
95.217.139.6 - - [25/Aug/2026:17:57:50 +0000] "GET /buy.php??a=031026464 HTTP/2.0" 500 0 "-" "Mozilla/5.0 (compatible; AwarioBot/1.0; +https://awario.com/bots.html)"
95.217.139.6 - - [25/Aug/2026:17:57:52 +0000] "GET /buy.php??a=100038417 HTTP/2.0" 500 0 "-" "Mozilla/5.0 (compatible; AwarioBot/1.0; +https://awario.com/bots.html)"
95.217.139.6 - - [25/Aug/2026:17:57:54 +0000] "GET /buy.php??a=100040509 HTTP/2.0" 500 0 "-" "Mozilla/5.0 (compatible; AwarioBot/1.0; +https://awario.com/bots.html)"
95.217.139.6 - - [25/Aug/2026:17:57:54 +0000] "GET /buy.php??a=031032406 HTTP/2.0" 500 0 "-" "Mozilla/5.0 (compatible; AwarioBot/1.0; +https://awario.com/bots.html)"
95.217.139.6 - - [25/Aug/2026:17:57:56 +0000] "GET /buy.php??a=100041287 HTTP/2.0" 500 0 "-" "Mozilla/5.0 (compatible; AwarioBot/1.0; +https://awario.com/bots.html)"
95.217.139.6 - - [25/Aug/2026:17:57:57 +0000] "GET /buy.php??a=101003152 HTTP/2.0" 500 0 "-" "Mozilla/5.0 (compatible; AwarioBot/1.0; +https://awario.com/bots.html)"
95.217.139.6 - - [25/Aug/2026:17:57:58 +0000] "GET /buy.php??a=031042928 HTTP/2.0" 500 0 "-" "Mozilla/5.0 (compatible; AwarioBot/1.0; +https://awario.com/bots.html)"
95.217.139.6 - - [25/Aug/2026:17:57:59 +0000] "GET /buy.php??a=101003918 HTTP/2.0" 500 0 "-" "Mozilla/5.0 (compatible; AwarioBot/1.0; +https://awario.com/bots.html)"
95.217.139.6 - - [25/Aug/2026:17:58:01 +0000] "GET /buy.php??a=101024616 HTTP/2.0" 500 0 "-" "Mozilla/5.0 (compatible; AwarioBot/1.0; +https://awario.com/bots.html)"
95.217.139.6 - - [25/Aug/2026:17:58:03 +0000] "GET /buy.php??a=101029810 HTTP/2.0" 500 0 "-" "Mozilla/5.0 (compatible; AwarioBot/1.0; +https://awario.com/bots.html)"
95.217.139.6 - - [25/Aug/2026:17:58:04 +0000] "GET /buy.php??a=032024565 HTTP/2.0" 500 0 "-" "Mozilla/5.0 (compatible; AwarioBot/1.0; +https://awario.com/bots.html)"
95.217.139.6 - - [25/Aug/2026:17:58:04 +0000] "GET /buy.php??a=101031818 HTTP/2.0" 500 0 "-" "Mozilla/5.0 (compatible; AwarioBot/1.0; +https://awario.com/bots.html)"
95.217.139.6 - - [25/Aug/2026:17:58:06 +0000] "GET /buy.php??a=101039164 HTTP/2.0" 500 0 "-" "Mozilla/5.0 (compatible; AwarioBot/1.0; +https://awario.com/bots.html)"
95.217.139.6 - - [25/Aug/2026:17:58:08 +0000] "GET /buy.php??a=101049410 HTTP/2.0" 500 0 "-" "Mozilla/5.0 (compatible; AwarioBot/1.0; +https://awario.com/bots.html)"
74.7.227.54 - - [25/Aug/2026:17:58:10 +0000] "GET /buy.php?goods/248047367 HTTP/2.0" 500 0 "https://bioredlite.com/buy.php?detail/21303895009688" "Mozilla/5.0 AppleWebKit/537.36 (KHTML, like Gecko; compatible; GPTBot/1.4; +https://openai.com/gptbot)"
95.217.139.6 - - [25/Aug/2026:17:58:10 +0000] "GET /buy.php??a=102009199 HTTP/2.0" 500 0 "-" "Mozilla/5.0 (compatible; AwarioBot/1.0; +https://awario.com/bots.html)"
95.217.139.6 - - [25/Aug/2026:17:58:11 +0000] "GET /buy.php??a=032035029 HTTP/2.0" 500 0 "-" "Mozilla/5.0 (compatible; AwarioBot/1.0; +https://awario.com/bots.html)"
95.217.139.6 - - [25/Aug/2026:17:58:13 +0000] "GET /buy.php??a=102016989 HTTP/2.0" 500 0 "-" "Mozilla/5.0 (compatible; AwarioBot/1.0; +https://awario.com/bots.html)"
95.217.139.6 - - [25/Aug/2026:17:58:13 +0000] "GET /buy.php??a=032039443 HTTP/2.0" 500 0 "-" "Mozilla/5.0 (compatible; AwarioBot/1.0; +https://awario.com/bots.html)"
95.217.139.6 - - [25/Aug/2026:17:58:14 +0000] "GET /buy.php??a=102026531 HTTP/2.0" 500 0 "-" "Mozilla/5.0 (compatible; AwarioBot/1.0; +https://awario.com/bots.html)"
95.217.139.6 - - [25/Aug/2026:17:58:16 +0000] "GET /buy.php??a=032040147 HTTP/2.0" 500 0 "-" "Mozilla/5.0 (compatible; AwarioBot/1.0; +https://awario.com/bots.html)"
95.217.139.6 - - [25/Aug/2026:17:58:16 +0000] "GET /buy.php??a=102037931 HTTP/2.0" 500 0 "-" "Mozilla/5.0 (compatible; AwarioBot/1.0; +https://awario.com/bots.html)"
95.217.139.6 - - [25/Aug/2026:17:58:18 +0000] "GET /buy.php??a=102049593 HTTP/2.0" 500 0 "-" "Mozilla/5.0 (compatible; AwarioBot/1.0; +https://awario.com/bots.html)"
95.217.139.6 - - [25/Aug/2026:17:58:20 +0000] "GET /buy.php??a=103003150 HTTP/2.0" 500 0 "-" "Mozilla/5.0 (compatible; AwarioBot/1.0; +https://awario.com/bots.html)"
95.217.139.6 - - [25/Aug/2026:17:58:20 +0000] "GET /buy.php??a=032040307 HTTP/2.0" 500 0 "-" "Mozilla/5.0 (compatible; AwarioBot/1.0; +https://awario.com/bots.html)"
95.217.139.6 - - [25/Aug/2026:17:58:21 +0000] "GET /buy.php??a=103031512 HTTP/2.0" 500 0 "-" "Mozilla/5.0 (compatible; AwarioBot/1.0; +https://awario.com/bots.html)"
2a03:2880:f808:2d:: - - [25/Aug/2026:17:58:25 +0000] "GET / HTTP/2.0" 500 0 "-" "facebookexternalhit/1.1 (+http://www.facebook.com/externalhit_uatext.php)"
95.217.139.6 - - [25/Aug/2026:17:58:26 +0000] "GET /buy.php??a=103034558 HTTP/2.0" 500 0 "-" "Mozilla/5.0 (compatible; AwarioBot/1.0; +https://awario.com/bots.html)"
95.217.139.6 - - [25/Aug/2026:17:58:26 +0000] "GET /buy.php??a=032043551 HTTP/2.0" 500 0 "-" "Mozilla/5.0 (compatible; AwarioBot/1.0; +https://awario.com/bots.html)"
192.178.6.34 - - [25/Aug/2026:17:58:27 +0000] "GET /?n=70135145390 HTTP/2.0" 500 0 "-" "Mozilla/5.0 (Linux; Android 6.0.1; Nexus 5X Build/MMB29P) AppleWebKit/537.36 (KHTML, like Gecko) Chrome/151.0.7922.137 Mobile Safari/537.36 (compatible; Googlebot/2.1; +http://www.google.com/bot.html)"
95.217.139.6 - - [25/Aug/2026:17:58:27 +0000] "GET /buy.php??a=103041986 HTTP/2.0" 500 0 "-" "Mozilla/5.0 (compatible; AwarioBot/1.0; +https://awario.com/bots.html)"
95.217.139.6 - - [25/Aug/2026:17:58:29 +0000] "GET /buy.php??a=033002730 HTTP/2.0" 500 0 "-" "Mozilla/5.0 (compatible; AwarioBot/1.0; +https://awario.com/bots.html)"
95.217.139.6 - - [25/Aug/2026:17:58:29 +0000] "GET /buy.php??a=103047682 HTTP/2.0" 500 0 "-" "Mozilla/5.0 (compatible; AwarioBot/1.0; +https://awario.com/bots.html)"
95.217.139.6 - - [25/Aug/2026:17:58:32 +0000] "GET /buy.php??a=104012355 HTTP/2.0" 500 0 "-" "Mozilla/5.0 (compatible; AwarioBot/1.0; +https://awario.com/bots.html)"
74.7.227.54 - - [25/Aug/2026:17:58:32 +0000] "GET /buy.php?goods/149018502 HTTP/2.0" 500 0 "https://bioredlite.com/buy.php?detail/14901974795237" "Mozilla/5.0 AppleWebKit/537.36 (KHTML, like Gecko; compatible; GPTBot/1.4; +https://openai.com/gptbot)"
95.217.139.6 - - [25/Aug/2026:17:58:34 +0000] "GET /buy.php??a=104016237 HTTP/2.0" 500 0 "-" "Mozilla/5.0 (compatible; AwarioBot/1.0; +https://awario.com/bots.html)"
95.217.139.6 - - [25/Aug/2026:17:58:34 +0000] "GET /buy.php??a=033030742 HTTP/2.0" 500 0 "-" "Mozilla/5.0 (compatible; AwarioBot/1.0; +https://awario.com/bots.html)"
95.217.139.6 - - [25/Aug/2026:17:58:35 +0000] "GET /buy.php??a=104033335 HTTP/2.0" 500 0 "-" "Mozilla/5.0 (compatible; AwarioBot/1.0; +https://awario.com/bots.html)"
95.217.139.6 - - [25/Aug/2026:17:58:37 +0000] "GET /buy.php??a=104041921 HTTP/2.0" 500 0 "-" "Mozilla/5.0 (compatible; AwarioBot/1.0; +https://awario.com/bots.html)"
95.217.139.6 - - [25/Aug/2026:17:58:39 +0000] "GET /buy.php??a=105006824 HTTP/2.0" 500 0 "-" "Mozilla/5.0 (compatible; AwarioBot/1.0; +https://awario.com/bots.html)"
95.217.139.6 - - [25/Aug/2026:17:58:39 +0000] "GET /buy.php??a=033042108 HTTP/2.0" 500 0 "-" "Mozilla/5.0 (compatible; AwarioBot/1.0; +https://awario.com/bots.html)"
95.217.139.6 - - [25/Aug/2026:17:58:41 +0000] "GET /buy.php??a=105030932 HTTP/2.0" 500 0 "-" "Mozilla/5.0 (compatible; AwarioBot/1.0; +https://awario.com/bots.html)"
95.217.139.6 - - [25/Aug/2026:17:58:43 +0000] "GET /buy.php??a=105035822 HTTP/2.0" 500 0 "-" "Mozilla/5.0 (compatible; AwarioBot/1.0; +https://awario.com/bots.html)"
95.217.139.6 - - [25/Aug/2026:17:58:43 +0000] "GET /buy.php??a=033046888 HTTP/2.0" 500 0 "-" "Mozilla/5.0 (compatible; AwarioBot/1.0; +https://awario.com/bots.html)"
95.217.139.6 - - [25/Aug/2026:17:58:44 +0000] "GET /buy.php??a=105047300 HTTP/2.0" 500 0 "-" "Mozilla/5.0 (compatible; AwarioBot/1.0; +https://awario.com/bots.html)"
95.217.139.6 - - [25/Aug/2026:17:58:47 +0000] "GET /buy.php??a=106012151 HTTP/2.0" 500 0 "-" "Mozilla/5.0 (compatible; AwarioBot/1.0; +https://awario.com/bots.html)"
95.217.139.6 - - [25/Aug/2026:17:58:48 +0000] "GET /buy.php??a=034001679 HTTP/2.0" 500 0 "-" "Mozilla/5.0 (compatible; AwarioBot/1.0; +https://awario.com/bots.html)"
95.217.139.6 - - [25/Aug/2026:17:58:49 +0000] "GET /buy.php??a=106046555 HTTP/2.0" 500 0 "-" "Mozilla/5.0 (compatible; AwarioBot/1.0; +https://awario.com/bots.html)"
95.217.139.6 - - [25/Aug/2026:17:58:50 +0000] "GET /buy.php??a=107035714 HTTP/2.0" 500 0 "-" "Mozilla/5.0 (compatible; AwarioBot/1.0; +https://awario.com/bots.html)"
95.217.139.6 - - [25/Aug/2026:17:58:52 +0000] "GET /buy.php??a=107047818 HTTP/2.0" 500 0 "-" "Mozilla/5.0 (compatible; AwarioBot/1.0; +https://awario.com/bots.html)"
74.7.227.54 - - [25/Aug/2026:17:58:53 +0000] "GET /buy.php?goods/191047284 HTTP/2.0" 500 0 "https://bioredlite.com/buy.php?goods/171004345" "Mozilla/5.0 AppleWebKit/537.36 (KHTML, like Gecko; compatible; GPTBot/1.4; +https://openai.com/gptbot)"
95.217.139.6 - - [25/Aug/2026:17:58:53 +0000] "GET /buy.php??a=034012761 HTTP/2.0" 500 0 "-" "Mozilla/5.0 (compatible; AwarioBot/1.0; +https://awario.com/bots.html)"
95.217.139.6 - - [25/Aug/2026:17:58:54 +0000] "GET /buy.php??a=108000163 HTTP/2.0" 500 0 "-" "Mozilla/5.0 (compatible; AwarioBot/1.0; +https://awario.com/bots.html)"
95.217.139.6 - - [25/Aug/2026:17:58:56 +0000] "GET /buy.php??a=108000449 HTTP/2.0" 500 0 "-" "Mozilla/5.0 (compatible; AwarioBot/1.0; +https://awario.com/bots.html)"
95.217.139.6 - - [25/Aug/2026:17:58:58 +0000] "GET /buy.php??a=108009193 HTTP/2.0" 500 0 "-" "Mozilla/5.0 (compatible; AwarioBot/1.0; +https://awario.com/bots.html)"
95.217.139.6 - - [25/Aug/2026:17:58:58 +0000] "GET /buy.php??a=034012793 HTTP/2.0" 500 0 "-" "Mozilla/5.0 (compatible; AwarioBot/1.0; +https://awario.com/bots.html)"
95.217.139.6 - - [25/Aug/2026:17:58:59 +0000] "GET /buy.php??a=108025239 HTTP/2.0" 500 0 "-" "Mozilla/5.0 (compatible; AwarioBot/1.0; +https://awario.com/bots.html)"
95.217.139.6 - - [25/Aug/2026:17:59:01 +0000] "GET /buy.php??a=108035557 HTTP/2.0" 500 0 "-" "Mozilla/5.0 (compatible; AwarioBot/1.0; +https://awario.com/bots.html)"
95.217.139.6 - - [25/Aug/2026:17:59:02 +0000] "GET /buy.php??a=108036727 HTTP/2.0" 500 0 "-" "Mozilla/5.0 (compatible; AwarioBot/1.0; +https://awario.com/bots.html)"
95.217.139.6 - - [25/Aug/2026:17:59:04 +0000] "GET /buy.php??a=109006840 HTTP/2.0" 500 0 "-" "Mozilla/5.0 (compatible; AwarioBot/1.0; +https://awario.com/bots.html)"
95.217.139.6 - - [25/Aug/2026:17:59:05 +0000] "GET /buy.php??a=034015937 HTTP/2.0" 500 0 "-" "Mozilla/5.0 (compatible; AwarioBot/1.0; +https://awario.com/bots.html)"
95.217.139.6 - - [25/Aug/2026:17:59:07 +0000] "GET /buy.php??a=109024486 HTTP/2.0" 500 0 "-" "Mozilla/5.0 (compatible; AwarioBot/1.0; +https://awario.com/bots.html)"
95.217.139.6 - - [25/Aug/2026:17:59:08 +0000] "GET /buy.php??a=109030028 HTTP/2.0" 500 0 "-" "Mozilla/5.0 (compatible; AwarioBot/1.0; +https://awario.com/bots.html)"
95.217.139.6 - - [25/Aug/2026:17:59:09 +0000] "GET /buy.php??a=034024439 HTTP/2.0" 500 0 "-" "Mozilla/5.0 (compatible; AwarioBot/1.0; +https://awario.com/bots.html)"
95.217.139.6 - - [25/Aug/2026:17:59:10 +0000] "GET /buy.php??a=110007333 HTTP/2.0" 500 0 "-" "Mozilla/5.0 (compatible; AwarioBot/1.0; +https://awario.com/bots.html)"
95.217.139.6 - - [25/Aug/2026:17:59:11 +0000] "GET /buy.php??a=110008679 HTTP/2.0" 500 0 "-" "Mozilla/5.0 (compatible; AwarioBot/1.0; +https://awario.com/bots.html)"
95.217.139.6 - - [25/Aug/2026:17:59:13 +0000] "GET /buy.php??a=034028559 HTTP/2.0" 500 0 "-" "Mozilla/5.0 (compatible; AwarioBot/1.0; +https://awario.com/bots.html)"
74.7.227.54 - - [25/Aug/2026:17:59:13 +0000] "GET /buy.php?goods/190039728 HTTP/2.0" 500 0 "https://bioredlite.com/buy.php?detail/06904386649735" "Mozilla/5.0 AppleWebKit/537.36 (KHTML, like Gecko; compatible; GPTBot/1.4; +https://openai.com/gptbot)"
95.217.139.6 - - [25/Aug/2026:17:59:14 +0000] "GET /buy.php??a=110010551 HTTP/2.0" 500 0 "-" "Mozilla/5.0 (compatible; AwarioBot/1.0; +https://awario.com/bots.html)"
95.217.139.6 - - [25/Aug/2026:17:59:16 +0000] "GET /buy.php??a=110027069 HTTP/2.0" 500 0 "-" "Mozilla/5.0 (compatible; AwarioBot/1.0; +https://awario.com/bots.html)"
95.217.139.6 - - [25/Aug/2026:17:59:17 +0000] "GET /buy.php??a=110040069 HTTP/2.0" 500 0 "-" "Mozilla/5.0 (compatible; AwarioBot/1.0; +https://awario.com/bots.html)"
95.217.139.6 - - [25/Aug/2026:17:59:19 +0000] "GET /buy.php??a=034035771 HTTP/2.0" 500 0 "-" "Mozilla/5.0 (compatible; AwarioBot/1.0; +https://awario.com/bots.html)"
95.217.139.6 - - [25/Aug/2026:17:59:19 +0000] "GET /buy.php??a=111013028 HTTP/2.0" 500 0 "-" "Mozilla/5.0 (compatible; AwarioBot/1.0; +https://awario.com/bots.html)"
95.217.139.6 - - [25/Aug/2026:17:59:21 +0000] "GET /buy.php??a=111013030 HTTP/2.0" 500 0 "-" "Mozilla/5.0 (compatible; AwarioBot/1.0; +https://awario.com/bots.html)"
95.217.139.6 - - [25/Aug/2026:17:59:22 +0000] "GET /buy.php??a=111021108 HTTP/2.0" 500 0 "-" "Mozilla/5.0 (compatible; AwarioBot/1.0; +https://awario.com/bots.html)"
95.217.139.6 - - [25/Aug/2026:17:59:22 +0000] "GET /buy.php??a=035006314 HTTP/2.0" 500 0 "-" "Mozilla/5.0 (compatible; AwarioBot/1.0; +https://awario.com/bots.html)"
95.217.139.6 - - [25/Aug/2026:17:59:26 +0000] "GET /buy.php??a=111025380 HTTP/2.0" 500 0 "-" "Mozilla/5.0 (compatible; AwarioBot/1.0; +https://awario.com/bots.html)"
95.217.139.6 - - [25/Aug/2026:17:59:27 +0000] "GET /buy.php??a=035007390 HTTP/2.0" 500 0 "-" "Mozilla/5.0 (compatible; AwarioBot/1.0; +https://awario.com/bots.html)"
192.178.6.34 - - [25/Aug/2026:17:59:27 +0000] "GET /?m=2986073193 HTTP/2.0" 500 0 "-" "Mozilla/5.0 (Linux; Android 6.0.1; Nexus 5X Build/MMB29P) AppleWebKit/537.36 (KHTML, like Gecko) Chrome/151.0.7922.137 Mobile Safari/537.36 (compatible; Googlebot/2.1; +http://www.google.com/bot.html)"
95.217.139.6 - - [25/Aug/2026:17:59:27 +0000] "GET /buy.php??a=111028670 HTTP/2.0" 500 0 "-" "Mozilla/5.0 (compatible; AwarioBot/1.0; +https://awario.com/bots.html)"
192.178.6.33 - - [25/Aug/2026:17:59:28 +0000] "GET /?x=9518363887 HTTP/2.0" 500 0 "-" "Mozilla/5.0 (Linux; Android 6.0.1; Nexus 5X Build/MMB29P) AppleWebKit/537.36 (KHTML, like Gecko) Chrome/151.0.7922.137 Mobile Safari/537.36 (compatible; Googlebot/2.1; +http://www.google.com/bot.html)"
95.217.139.6 - - [25/Aug/2026:17:59:29 +0000] "GET /buy.php??a=111029742 HTTP/2.0" 500 0 "-" "Mozilla/5.0 (compatible; AwarioBot/1.0; +https://awario.com/bots.html)"
95.217.139.6 - - [25/Aug/2026:17:59:31 +0000] "GET /buy.php??a=111037908 HTTP/2.0" 500 0 "-" "Mozilla/5.0 (compatible; AwarioBot/1.0; +https://awario.com/bots.html)"
95.217.139.6 - - [25/Aug/2026:17:59:32 +0000] "GET /buy.php??a=035013412 HTTP/2.0" 500 0 "-" "Mozilla/5.0 (compatible; AwarioBot/1.0; +https://awario.com/bots.html)"
95.217.139.6 - - [25/Aug/2026:17:59:32 +0000] "GET /buy.php??a=111041566 HTTP/2.0" 500 0 "-" "Mozilla/5.0 (compatible; AwarioBot/1.0; +https://awario.com/bots.html)"
95.217.139.6 - - [25/Aug/2026:17:59:34 +0000] "GET /buy.php??a=111042030 HTTP/2.0" 500 0 "-" "Mozilla/5.0 (compatible; AwarioBot/1.0; +https://awario.com/bots.html)"
74.7.227.54 - - [25/Aug/2026:17:59:35 +0000] "GET /buy.php?goods/206043856 HTTP/2.0" 500 0 "https://bioredlite.com/buy.php?detail/20604323530697" "Mozilla/5.0 AppleWebKit/537.36 (KHTML, like Gecko; compatible; GPTBot/1.4; +https://openai.com/gptbot)"
95.217.139.6 - - [25/Aug/2026:17:59:36 +0000] "GET /buy.php??a=111047152 HTTP/2.0" 500 0 "-" "Mozilla/5.0 (compatible; AwarioBot/1.0; +https://awario.com/bots.html)"
95.217.139.6 - - [25/Aug/2026:17:59:38 +0000] "GET /buy.php??a=113042608 HTTP/2.0" 500 0 "-" "Mozilla/5.0 (compatible; AwarioBot/1.0; +https://awario.com/bots.html)"
35.169.119.108 - - [25/Aug/2026:17:59:39 +0000] "GET /2024/03/breathing-better/ HTTP/2.0" 500 0 "-" "Mozilla/5.0 AppleWebKit/537.36 (KHTML, like Gecko; compatible; Amazonbot/0.1; +https://developer.amazon.com/support/amazonbot) Chrome/119.0.6045.214 Safari/537.36"
95.217.139.6 - - [25/Aug/2026:17:59:39 +0000] "GET /buy.php??a=114024481 HTTP/2.0" 500 0 "-" "Mozilla/5.0 (compatible; AwarioBot/1.0; +https://awario.com/bots.html)"
95.217.139.6 - - [25/Aug/2026:17:59:41 +0000] "GET /buy.php??a=114033155 HTTP/2.0" 500 0 "-" "Mozilla/5.0 (compatible; AwarioBot/1.0; +https://awario.com/bots.html)"
95.217.139.6 - - [25/Aug/2026:17:59:43 +0000] "GET /buy.php??a=114036501 HTTP/2.0" 500 0 "-" "Mozilla/5.0 (compatible; AwarioBot/1.0; +https://awario.com/bots.html)"
95.217.139.6 - - [25/Aug/2026:17:59:44 +0000] "GET /buy.php??a=115026538 HTTP/2.0" 500 0 "-" "Mozilla/5.0 (compatible; AwarioBot/1.0; +https://awario.com/bots.html)"
95.217.139.6 - - [25/Aug/2026:17:59:47 +0000] "GET /buy.php??a=115034202 HTTP/2.0" 500 0 "-" "Mozilla/5.0 (compatible; AwarioBot/1.0; +https://awario.com/bots.html)"
95.217.139.6 - - [25/Aug/2026:17:59:50 +0000] "GET /buy.php??a=116009197 HTTP/2.0" 500 0 "-" "Mozilla/5.0 (compatible; AwarioBot/1.0; +https://awario.com/bots.html)"
95.217.139.6 - - [25/Aug/2026:17:59:52 +0000] "GET /buy.php??a=116012605 HTTP/2.0" 500 0 "-" "Mozilla/5.0 (compatible; AwarioBot/1.0; +https://awario.com/bots.html)"
95.217.139.6 - - [25/Aug/2026:17:59:54 +0000] "GET /buy.php??a=116014737 HTTP/2.0" 500 0 "-" "Mozilla/5.0 (compatible; AwarioBot/1.0; +https://awario.com/bots.html)"
74.7.227.54 - - [25/Aug/2026:17:59:55 +0000] "GET /buy.php?goods/211035490 HTTP/2.0" 500 0 "https://bioredlite.com/buy.php?detail/00801006093742" "Mozilla/5.0 AppleWebKit/537.36 (KHTML, like Gecko; compatible; GPTBot/1.4; +https://openai.com/gptbot)"
95.217.139.6 - - [25/Aug/2026:17:59:55 +0000] "GET /buy.php??a=116026109 HTTP/2.0" 500 0 "-" "Mozilla/5.0 (compatible; AwarioBot/1.0; +https://awario.com/bots.html)"
95.217.139.6 - - [25/Aug/2026:17:59:59 +0000] "GET /buy.php??a=116031311 HTTP/2.0" 500 0 "-" "Mozilla/5.0 (compatible; AwarioBot/1.0; +https://awario.com/bots.html)"
95.217.139.6 - - [25/Aug/2026:18:00:00 +0000] "GET /buy.php??a=116042065 HTTP/2.0" 500 0 "-" "Mozilla/5.0 (compatible; AwarioBot/1.0; +https://awario.com/bots.html)"
95.217.139.6 - - [25/Aug/2026:18:00:06 +0000] "GET /buy.php??a=116042289 HTTP/2.0" 500 0 "-" "Mozilla/5.0 (compatible; AwarioBot/1.0; +https://awario.com/bots.html)"
95.217.139.6 - - [25/Aug/2026:18:00:07 +0000] "GET /buy.php??a=035014652 HTTP/2.0" 500 0 "-" "Mozilla/5.0 (compatible; AwarioBot/1.0; +https://awario.com/bots.html)"
95.217.139.6 - - [25/Aug/2026:18:00:08 +0000] "GET /buy.php??a=116048007 HTTP/2.0" 500 0 "-" "Mozilla/5.0 (compatible; AwarioBot/1.0; +https://awario.com/bots.html)"
95.217.139.6 - - [25/Aug/2026:18:00:09 +0000] "GET /buy.php??a=117008468 HTTP/2.0" 500 0 "-" "Mozilla/5.0 (compatible; AwarioBot/1.0; +https://awario.com/bots.html)"
95.217.139.6 - - [25/Aug/2026:18:00:10 +0000] "GET /buy.php??a=035032638 HTTP/2.0" 500 0 "-" "Mozilla/5.0 (compatible; AwarioBot/1.0; +https://awario.com/bots.html)"
95.217.139.6 - - [25/Aug/2026:18:00:11 +0000] "GET /buy.php??a=117009806 HTTP/2.0" 500 0 "-" "Mozilla/5.0 (compatible; AwarioBot/1.0; +https://awario.com/bots.html)"
95.217.139.6 - - [25/Aug/2026:18:00:14 +0000] "GET /buy.php??a=117012022 HTTP/2.0" 500 0 "-" "Mozilla/5.0 (compatible; AwarioBot/1.0; +https://awario.com/bots.html)"
95.217.139.6 - - [25/Aug/2026:18:00:15 +0000] "GET /buy.php??a=035033654 HTTP/2.0" 500 0 "-" "Mozilla/5.0 (compatible; AwarioBot/1.0; +https://awario.com/bots.html)"
95.217.139.6 - - [25/Aug/2026:18:00:15 +0000] "GET /buy.php??a=117012666 HTTP/2.0" 500 0 "-" "Mozilla/5.0 (compatible; AwarioBot/1.0; +https://awario.com/bots.html)"
74.7.227.54 - - [25/Aug/2026:18:00:16 +0000] "GET /buy.php?goods/084026187 HTTP/2.0" 500 0 "https://bioredlite.com/buy.php?detail/16203875680507" "Mozilla/5.0 AppleWebKit/537.36 (KHTML, like Gecko; compatible; GPTBot/1.4; +https://openai.com/gptbot)"
95.217.139.6 - - [25/Aug/2026:18:00:17 +0000] "GET /buy.php??a=117014510 HTTP/2.0" 500 0 "-" "Mozilla/5.0 (compatible; AwarioBot/1.0; +https://awario.com/bots.html)"
95.217.139.6 - - [25/Aug/2026:18:00:18 +0000] "GET /buy.php??a=035040880 HTTP/2.0" 500 0 "-" "Mozilla/5.0 (compatible; AwarioBot/1.0; +https://awario.com/bots.html)"
3.208.156.9 - - [25/Aug/2026:18:00:19 +0000] "GET /author/dr-armin-aalami-harandi-md/ HTTP/2.0" 500 0 "-" "Mozilla/5.0 AppleWebKit/537.36 (KHTML, like Gecko; compatible; Amazonbot/0.1; +https://developer.amazon.com/support/amazonbot) Chrome/119.0.6045.214 Safari/537.36"
95.217.139.6 - - [25/Aug/2026:18:00:20 +0000] "GET /buy.php??a=117031440 HTTP/2.0" 500 0 "-" "Mozilla/5.0 (compatible; AwarioBot/1.0; +https://awario.com/bots.html)"
95.217.139.6 - - [25/Aug/2026:18:00:21 +0000] "GET /buy.php??a=117032632 HTTP/2.0" 500 0 "-" "Mozilla/5.0 (compatible; AwarioBot/1.0; +https://awario.com/bots.html)"
95.217.139.6 - - [25/Aug/2026:18:00:22 +0000] "GET /buy.php??a=036000787 HTTP/2.0" 500 0 "-" "Mozilla/5.0 (compatible; AwarioBot/1.0; +https://awario.com/bots.html)"
95.217.139.6 - - [25/Aug/2026:18:00:23 +0000] "GET /buy.php??a=117033152 HTTP/2.0" 500 0 "-" "Mozilla/5.0 (compatible; AwarioBot/1.0; +https://awario.com/bots.html)"
95.217.139.6 - - [25/Aug/2026:18:00:24 +0000] "GET /buy.php??a=117044168 HTTP/2.0" 500 0 "-" "Mozilla/5.0 (compatible; AwarioBot/1.0; +https://awario.com/bots.html)"
95.217.139.6 - - [25/Aug/2026:18:00:28 +0000] "GET /buy.php??a=036004495 HTTP/2.0" 500 0 "-" "Mozilla/5.0 (compatible; AwarioBot/1.0; +https://awario.com/bots.html)"
95.217.139.6 - - [25/Aug/2026:18:00:28 +0000] "GET /buy.php??a=118002341 HTTP/2.0" 500 0 "-" "Mozilla/5.0 (compatible; AwarioBot/1.0; +https://awario.com/bots.html)"
192.178.6.33 - - [25/Aug/2026:18:00:28 +0000] "GET /?j=70651171390 HTTP/2.0" 500 0 "-" "Mozilla/5.0 (Linux; Android 6.0.1; Nexus 5X Build/MMB29P) AppleWebKit/537.36 (KHTML, like Gecko) Chrome/151.0.7922.137 Mobile Safari/537.36 (compatible; Googlebot/2.1; +http://www.google.com/bot.html)"
95.217.139.6 - - [25/Aug/2026:18:00:29 +0000] "GET /buy.php??a=118004901 HTTP/2.0" 500 0 "-" "Mozilla/5.0 (compatible; AwarioBot/1.0; +https://awario.com/bots.html)"
66.249.69.70 - - [25/Aug/2026:18:00:30 +0000] "GET /products.php?q=93720117805 HTTP/2.0" 500 0 "-" "Mozilla/5.0 (Linux; Android 6.0.1; Nexus 5X Build/MMB29P) AppleWebKit/537.36 (KHTML, like Gecko) Chrome/151.0.7922.137 Mobile Safari/537.36 (compatible; Googlebot/2.1; +http://www.google.com/bot.html)"
95.217.139.6 - - [25/Aug/2026:18:00:30 +0000] "GET /buy.php??a=036010563 HTTP/2.0" 500 0 "-" "Mozilla/5.0 (compatible; AwarioBot/1.0; +https://awario.com/bots.html)"
95.217.139.6 - - [25/Aug/2026:18:00:32 +0000] "GET /buy.php??a=118021821 HTTP/2.0" 500 0 "-" "Mozilla/5.0 (compatible; AwarioBot/1.0; +https://awario.com/bots.html)"
95.217.139.6 - - [25/Aug/2026:18:00:33 +0000] "GET /buy.php??a=119000330 HTTP/2.0" 500 0 "-" "Mozilla/5.0 (compatible; AwarioBot/1.0; +https://awario.com/bots.html)"
95.217.139.6 - - [25/Aug/2026:18:00:35 +0000] "GET /buy.php??a=119049412 HTTP/2.0" 500 0 "-" "Mozilla/5.0 (compatible; AwarioBot/1.0; +https://awario.com/bots.html)"
95.217.139.6 - - [25/Aug/2026:18:00:37 +0000] "GET /buy.php??a=120000703 HTTP/2.0" 500 0 "-" "Mozilla/5.0 (compatible; AwarioBot/1.0; +https://awario.com/bots.html)"
74.7.227.54 - - [25/Aug/2026:18:00:37 +0000] "GET /buy.php?goods/161027284 HTTP/2.0" 500 0 "https://bioredlite.com/buy.php?detail/14203992622192" "Mozilla/5.0 AppleWebKit/537.36 (KHTML, like Gecko; compatible; GPTBot/1.4; +https://openai.com/gptbot)"
95.217.139.6 - - [25/Aug/2026:18:00:38 +0000] "GET /buy.php??a=120011393 HTTP/2.0" 500 0 "-" "Mozilla/5.0 (compatible; AwarioBot/1.0; +https://awario.com/bots.html)"
95.217.139.6 - - [25/Aug/2026:18:00:40 +0000] "GET /buy.php??a=120015043 HTTP/2.0" 500 0 "-" "Mozilla/5.0 (compatible; AwarioBot/1.0; +https://awario.com/bots.html)"
95.217.139.6 - - [25/Aug/2026:18:00:41 +0000] "GET /buy.php??a=036011489 HTTP/2.0" 500 0 "-" "Mozilla/5.0 (compatible; AwarioBot/1.0; +https://awario.com/bots.html)"
95.217.139.6 - - [25/Aug/2026:18:00:41 +0000] "GET /buy.php??a=120022893 HTTP/2.0" 500 0 "-" "Mozilla/5.0 (compatible; AwarioBot/1.0; +https://awario.com/bots.html)"
95.217.139.6 - - [25/Aug/2026:18:00:43 +0000] "GET /buy.php??a=120035699 HTTP/2.0" 500 0 "-" "Mozilla/5.0 (compatible; AwarioBot/1.0; +https://awario.com/bots.html)"
95.217.139.6 - - [25/Aug/2026:18:00:45 +0000] "GET /buy.php??a=120037993 HTTP/2.0" 500 0 "-" "Mozilla/5.0 (compatible; AwarioBot/1.0; +https://awario.com/bots.html)"
95.217.139.6 - - [25/Aug/2026:18:00:46 +0000] "GET /buy.php??a=037012220 HTTP/2.0" 500 0 "-" "Mozilla/5.0 (compatible; AwarioBot/1.0; +https://awario.com/bots.html)"
95.217.139.6 - - [25/Aug/2026:18:00:46 +0000] "GET /buy.php??a=120039367 HTTP/2.0" 500 0 "-" "Mozilla/5.0 (compatible; AwarioBot/1.0; +https://awario.com/bots.html)"
95.217.139.6 - - [25/Aug/2026:18:00:49 +0000] "GET /buy.php??a=120049111 HTTP/2.0" 500 0 "-" "Mozilla/5.0 (compatible; AwarioBot/1.0; +https://awario.com/bots.html)"
95.217.139.6 - - [25/Aug/2026:18:00:49 +0000] "GET /buy.php??a=037012790 HTTP/2.0" 500 0 "-" "Mozilla/5.0 (compatible; AwarioBot/1.0; +https://awario.com/bots.html)"
95.217.139.6 - - [25/Aug/2026:18:00:50 +0000] "GET /buy.php??a=120049593 HTTP/2.0" 500 0 "-" "Mozilla/5.0 (compatible; AwarioBot/1.0; +https://awario.com/bots.html)"
95.217.139.6 - - [25/Aug/2026:18:00:52 +0000] "GET /buy.php??a=121000002 HTTP/2.0" 500 0 "-" "Mozilla/5.0 (compatible; AwarioBot/1.0; +https://awario.com/bots.html)"
95.217.139.6 - - [25/Aug/2026:18:00:53 +0000] "GET /buy.php??a=037031578 HTTP/2.0" 500 0 "-" "Mozilla/5.0 (compatible; AwarioBot/1.0; +https://awario.com/bots.html)"
95.217.139.6 - - [25/Aug/2026:18:00:54 +0000] "GET /buy.php??a=121005856 HTTP/2.0" 500 0 "-" "Mozilla/5.0 (compatible; AwarioBot/1.0; +https://awario.com/bots.html)"
95.217.139.6 - - [25/Aug/2026:18:00:56 +0000] "GET /buy.php??a=121012904 HTTP/2.0" 500 0 "-" "Mozilla/5.0 (compatible; AwarioBot/1.0; +https://awario.com/bots.html)"
95.217.139.6 - - [25/Aug/2026:18:00:57 +0000] "GET /buy.php??a=121019592 HTTP/2.0" 500 0 "-" "Mozilla/5.0 (compatible; AwarioBot/1.0; +https://awario.com/bots.html)"
74.7.227.54 - - [25/Aug/2026:18:00:58 +0000] "GET /buy.php?goods/291046726 HTTP/2.0" 500 0 "https://bioredlite.com/buy.php?detail/29104776081662" "Mozilla/5.0 AppleWebKit/537.36 (KHTML, like Gecko; compatible; GPTBot/1.4; +https://openai.com/gptbot)"
95.217.139.6 - - [25/Aug/2026:18:00:59 +0000] "GET /buy.php??a=037047464 HTTP/2.0" 500 0 "-" "Mozilla/5.0 (compatible; AwarioBot/1.0; +https://awario.com/bots.html)"
95.217.139.6 - - [25/Aug/2026:18:00:59 +0000] "GET /buy.php??a=121019606 HTTP/2.0" 500 0 "-" "Mozilla/5.0 (compatible; AwarioBot/1.0; +https://awario.com/bots.html)"
192.178.6.34 - - [25/Aug/2026:18:01:00 +0000] "GET /prizes/55383781 HTTP/2.0" 500 0 "-" "Mozilla/5.0 (Linux; Android 6.0.1; Nexus 5X Build/MMB29P) AppleWebKit/537.36 (KHTML, like Gecko) Chrome/151.0.7922.137 Mobile Safari/537.36 (compatible; Googlebot/2.1; +http://www.google.com/bot.html)"
95.217.139.6 - - [25/Aug/2026:18:01:01 +0000] "GET /buy.php??a=121024896 HTTP/2.0" 500 0 "-" "Mozilla/5.0 (compatible; AwarioBot/1.0; +https://awario.com/bots.html)"
66.249.69.70 - - [25/Aug/2026:18:01:01 +0000] "GET /products.php?s=7534042164 HTTP/2.0" 500 0 "-" "Mozilla/5.0 (Linux; Android 6.0.1; Nexus 5X Build/MMB29P) AppleWebKit/537.36 (KHTML, like Gecko) Chrome/151.0.7922.137 Mobile Safari/537.36 (compatible; Googlebot/2.1; +http://www.google.com/bot.html)"
95.217.139.6 - - [25/Aug/2026:18:01:02 +0000] "GET /buy.php??a=121029626 HTTP/2.0" 500 0 "-" "Mozilla/5.0 (compatible; AwarioBot/1.0; +https://awario.com/bots.html)"
95.217.139.6 - - [25/Aug/2026:18:01:02 +0000] "GET /buy.php??a=038000233 HTTP/2.0" 500 0 "-" "Mozilla/5.0 (compatible; AwarioBot/1.0; +https://awario.com/bots.html)"
95.217.139.6 - - [25/Aug/2026:18:01:04 +0000] "GET /buy.php??a=121037704 HTTP/2.0" 500 0 "-" "Mozilla/5.0 (compatible; AwarioBot/1.0; +https://awario.com/bots.html)"
95.217.139.6 - - [25/Aug/2026:18:01:05 +0000] "GET /buy.php??a=121042882 HTTP/2.0" 500 0 "-" "Mozilla/5.0 (compatible; AwarioBot/1.0; +https://awario.com/bots.html)"
95.217.139.6 - - [25/Aug/2026:18:01:07 +0000] "GET /buy.php??a=121046156 HTTP/2.0" 500 0 "-" "Mozilla/5.0 (compatible; AwarioBot/1.0; +https://awario.com/bots.html)"
95.217.139.6 - - [25/Aug/2026:18:01:09 +0000] "GET /buy.php??a=038003079 HTTP/2.0" 500 0 "-" "Mozilla/5.0 (compatible; AwarioBot/1.0; +https://awario.com/bots.html)"
95.217.139.6 - - [25/Aug/2026:18:01:12 +0000] "GET /buy.php??a=038004981 HTTP/2.0" 500 0 "-" "Mozilla/5.0 (compatible; AwarioBot/1.0; +https://awario.com/bots.html)"
95.217.139.6 - - [25/Aug/2026:18:01:13 +0000] "GET /buy.php??a=121047518 HTTP/2.0" 500 0 "-" "Mozilla/5.0 (compatible; AwarioBot/1.0; +https://awario.com/bots.html)"
95.217.139.6 - - [25/Aug/2026:18:01:15 +0000] "GET /buy.php??a=121049304 HTTP/2.0" 500 0 "-" "Mozilla/5.0 (compatible; AwarioBot/1.0; +https://awario.com/bots.html)"
95.217.139.6 - - [25/Aug/2026:18:01:16 +0000] "GET /buy.php??a=038007517 HTTP/2.0" 500 0 "-" "Mozilla/5.0 (compatible; AwarioBot/1.0; +https://awario.com/bots.html)"
95.217.139.6 - - [25/Aug/2026:18:01:17 +0000] "GET /buy.php??a=122000149 HTTP/2.0" 500 0 "-" "Mozilla/5.0 (compatible; AwarioBot/1.0; +https://awario.com/bots.html)"
74.7.227.54 - - [25/Aug/2026:18:01:18 +0000] "GET /buy.php?goods/271036153 HTTP/2.0" 500 0 "https://bioredlite.com/buy.php?detail/20902964926691" "Mozilla/5.0 AppleWebKit/537.36 (KHTML, like Gecko; compatible; GPTBot/1.4; +https://openai.com/gptbot)"
95.217.139.6 - - [25/Aug/2026:18:01:18 +0000] "GET /buy.php??a=122007905 HTTP/2.0" 500 0 "-" "Mozilla/5.0 (compatible; AwarioBot/1.0; +https://awario.com/bots.html)"
95.217.139.6 - - [25/Aug/2026:18:01:22 +0000] "GET /buy.php??a=038008491 HTTP/2.0" 500 0 "-" "Mozilla/5.0 (compatible; AwarioBot/1.0; +https://awario.com/bots.html)"
95.217.139.6 - - [25/Aug/2026:18:01:23 +0000] "GET /buy.php??a=122048721 HTTP/2.0" 500 0 "-" "Mozilla/5.0 (compatible; AwarioBot/1.0; +https://awario.com/bots.html)"
95.217.139.6 - - [25/Aug/2026:18:01:25 +0000] "GET /buy.php??a=123005904 HTTP/2.0" 500 0 "-" "Mozilla/5.0 (compatible; AwarioBot/1.0; +https://awario.com/bots.html)"
95.217.139.6 - - [25/Aug/2026:18:01:26 +0000] "GET /buy.php??a=123014650 HTTP/2.0" 500 0 "-" "Mozilla/5.0 (compatible; AwarioBot/1.0; +https://awario.com/bots.html)"
95.217.139.6 - - [25/Aug/2026:18:01:27 +0000] "GET /buy.php??a=038016323 HTTP/2.0" 500 0 "-" "Mozilla/5.0 (compatible; AwarioBot/1.0; +https://awario.com/bots.html)"
95.217.139.6 - - [25/Aug/2026:18:01:28 +0000] "GET /buy.php??a=123034176 HTTP/2.0" 500 0 "-" "Mozilla/5.0 (compatible; AwarioBot/1.0; +https://awario.com/bots.html)"
95.217.139.6 - - [25/Aug/2026:18:01:29 +0000] "GET /buy.php??a=123045564 HTTP/2.0" 500 0 "-" "Mozilla/5.0 (compatible; AwarioBot/1.0; +https://awario.com/bots.html)"
95.217.139.6 - - [25/Aug/2026:18:01:30 +0000] "GET /buy.php??a=038018011 HTTP/2.0" 500 0 "-" "Mozilla/5.0 (compatible; AwarioBot/1.0; +https://awario.com/bots.html)"
95.217.139.6 - - [25/Aug/2026:18:01:31 +0000] "GET /buy.php??a=123045830 HTTP/2.0" 500 0 "-" "Mozilla/5.0 (compatible; AwarioBot/1.0; +https://awario.com/bots.html)"
66.249.69.71 - - [25/Aug/2026:18:01:31 +0000] "GET /products.php?q=1678623447 HTTP/2.0" 500 0 "-" "Mozilla/5.0 (Linux; Android 6.0.1; Nexus 5X Build/MMB29P) AppleWebKit/537.36 (KHTML, like Gecko) Chrome/151.0.7922.137 Mobile Safari/537.36 (compatible; Googlebot/2.1; +http://www.google.com/bot.html)"
95.217.139.6 - - [25/Aug/2026:18:01:32 +0000] "GET /buy.php??a=038029533 HTTP/2.0" 500 0 "-" "Mozilla/5.0 (compatible; AwarioBot/1.0; +https://awario.com/bots.html)"
192.178.6.32 - - [25/Aug/2026:18:01:32 +0000] "GET /?s=89068215099 HTTP/2.0" 500 0 "-" "Mozilla/5.0 (Linux; Android 6.0.1; Nexus 5X Build/MMB29P) AppleWebKit/537.36 (KHTML, like Gecko) Chrome/151.0.7922.137 Mobile Safari/537.36 (compatible; Googlebot/2.1; +http://www.google.com/bot.html)"
192.178.6.32 - - [25/Aug/2026:18:01:33 +0000] "GET /prizes/286007337 HTTP/2.0" 500 0 "-" "Mozilla/5.0 (Linux; Android 6.0.1; Nexus 5X Build/MMB29P) AppleWebKit/537.36 (KHTML, like Gecko) Chrome/151.0.7922.137 Mobile Safari/537.36 (compatible; Googlebot/2.1; +http://www.google.com/bot.html)"
95.217.139.6 - - [25/Aug/2026:18:01:33 +0000] "GET /buy.php??a=124008477 HTTP/2.0" 500 0 "-" "Mozilla/5.0 (compatible; AwarioBot/1.0; +https://awario.com/bots.html)"
95.217.139.6 - - [25/Aug/2026:18:01:33 +0000] "GET /buy.php??a=038043087 HTTP/2.0" 500 0 "-" "Mozilla/5.0 (compatible; AwarioBot/1.0; +https://awario.com/bots.html)"
95.217.139.6 - - [25/Aug/2026:18:01:34 +0000] "GET /buy.php??a=124016799 HTTP/2.0" 500 0 "-" "Mozilla/5.0 (compatible; AwarioBot/1.0; +https://awario.com/bots.html)"
95.217.139.6 - - [25/Aug/2026:18:01:36 +0000] "GET /buy.php??a=124040013 HTTP/2.0" 500 0 "-" "Mozilla/5.0 (compatible; AwarioBot/1.0; +https://awario.com/bots.html)"
95.217.139.6 - - [25/Aug/2026:18:01:36 +0000] "GET /buy.php??a=040012787 HTTP/2.0" 500 0 "-" "Mozilla/5.0 (compatible; AwarioBot/1.0; +https://awario.com/bots.html)"
95.217.139.6 - - [25/Aug/2026:18:01:37 +0000] "GET /buy.php??a=124045633 HTTP/2.0" 500 0 "-" "Mozilla/5.0 (compatible; AwarioBot/1.0; +https://awario.com/bots.html)"
95.217.139.6 - - [25/Aug/2026:18:01:37 +0000] "GET /buy.php??a=040015941 HTTP/2.0" 500 0 "-" "Mozilla/5.0 (compatible; AwarioBot/1.0; +https://awario.com/bots.html)"
74.7.227.54 - - [25/Aug/2026:18:01:38 +0000] "GET /buy.php?goods/126039208 HTTP/2.0" 500 0 "https://bioredlite.com/buy.php?goods/050010097" "Mozilla/5.0 AppleWebKit/537.36 (KHTML, like Gecko; compatible; GPTBot/1.4; +https://openai.com/gptbot)"
95.217.139.6 - - [25/Aug/2026:18:01:39 +0000] "GET /buy.php??a=125001720 HTTP/2.0" 500 0 "-" "Mozilla/5.0 (compatible; AwarioBot/1.0; +https://awario.com/bots.html)"
95.217.139.6 - - [25/Aug/2026:18:01:40 +0000] "GET /buy.php??a=125018380 HTTP/2.0" 500 0 "-" "Mozilla/5.0 (compatible; AwarioBot/1.0; +https://awario.com/bots.html)"
95.217.139.6 - - [25/Aug/2026:18:01:40 +0000] "GET /buy.php??a=040048481 HTTP/2.0" 500 0 "-" "Mozilla/5.0 (compatible; AwarioBot/1.0; +https://awario.com/bots.html)"
95.217.139.6 - - [25/Aug/2026:18:01:42 +0000] "GET /buy.php??a=125024886 HTTP/2.0" 500 0 "-" "Mozilla/5.0 (compatible; AwarioBot/1.0; +https://awario.com/bots.html)"
95.217.139.6 - - [25/Aug/2026:18:01:42 +0000] "GET /buy.php??a=041008118 HTTP/2.0" 500 0 "-" "Mozilla/5.0 (compatible; AwarioBot/1.0; +https://awario.com/bots.html)"
95.217.139.6 - - [25/Aug/2026:18:01:44 +0000] "GET /buy.php??a=041014812 HTTP/2.0" 500 0 "-" "Mozilla/5.0 (compatible; AwarioBot/1.0; +https://awario.com/bots.html)"
95.217.139.6 - - [25/Aug/2026:18:01:46 +0000] "GET /buy.php??a=041027706 HTTP/2.0" 500 0 "-" "Mozilla/5.0 (compatible; AwarioBot/1.0; +https://awario.com/bots.html)"
95.217.139.6 - - [25/Aug/2026:18:01:48 +0000] "GET /buy.php??a=041034554 HTTP/2.0" 500 0 "-" "Mozilla/5.0 (compatible; AwarioBot/1.0; +https://awario.com/bots.html)"
95.217.139.6 - - [25/Aug/2026:18:01:50 +0000] "GET /buy.php??a=041043360 HTTP/2.0" 500 0 "-" "Mozilla/5.0 (compatible; AwarioBot/1.0; +https://awario.com/bots.html)"
95.217.139.6 - - [25/Aug/2026:18:01:52 +0000] "GET /buy.php??a=041045296 HTTP/2.0" 500 0 "-" "Mozilla/5.0 (compatible; AwarioBot/1.0; +https://awario.com/bots.html)"
95.217.139.6 - - [25/Aug/2026:18:01:54 +0000] "GET /buy.php??a=042000407 HTTP/2.0" 500 0 "-" "Mozilla/5.0 (compatible; AwarioBot/1.0; +https://awario.com/bots.html)"
95.217.139.6 - - [25/Aug/2026:18:01:56 +0000] "GET /buy.php??a=042003301 HTTP/2.0" 500 0 "-" "Mozilla/5.0 (compatible; AwarioBot/1.0; +https://awario.com/bots.html)"
74.7.227.54 - - [25/Aug/2026:18:01:59 +0000] "GET /buy.php?goods/087018253 HTTP/2.0" 500 0 "https://bioredlite.com/buy.php?jp/184031770.html" "Mozilla/5.0 AppleWebKit/537.36 (KHTML, like Gecko; compatible; GPTBot/1.4; +https://openai.com/gptbot)"
95.217.139.6 - - [25/Aug/2026:18:01:59 +0000] "GET /buy.php??a=042012785 HTTP/2.0" 500 0 "-" "Mozilla/5.0 (compatible; AwarioBot/1.0; +https://awario.com/bots.html)"
95.217.139.6 - - [25/Aug/2026:18:02:02 +0000] "GET /buy.php??a=042019243 HTTP/2.0" 500 0 "-" "Mozilla/5.0 (compatible; AwarioBot/1.0; +https://awario.com/bots.html)"
95.217.139.6 - - [25/Aug/2026:18:02:03 +0000] "GET /buy.php??a=042035387 HTTP/2.0" 500 0 "-" "Mozilla/5.0 (compatible; AwarioBot/1.0; +https://awario.com/bots.html)"
95.217.139.6 - - [25/Aug/2026:18:02:05 +0000] "GET /buy.php??a=042037833 HTTP/2.0" 500 0 "-" "Mozilla/5.0 (compatible; AwarioBot/1.0; +https://awario.com/bots.html)"
95.217.139.6 - - [25/Aug/2026:18:02:08 +0000] "GET /buy.php??a=042039651 HTTP/2.0" 500 0 "-" "Mozilla/5.0 (compatible; AwarioBot/1.0; +https://awario.com/bots.html)"
95.217.139.6 - - [25/Aug/2026:18:02:14 +0000] "GET /buy.php??a=042048801 HTTP/2.0" 500 0 "-" "Mozilla/5.0 (compatible; AwarioBot/1.0; +https://awario.com/bots.html)"
95.217.139.6 - - [25/Aug/2026:18:02:14 +0000] "GET /buy.php??a=125027772 HTTP/2.0" 500 0 "-" "Mozilla/5.0 (compatible; AwarioBot/1.0; +https://awario.com/bots.html)"
66.249.69.70 - - [25/Aug/2026:18:02:15 +0000] "GET /products.php?l=36775235504 HTTP/2.0" 500 0 "-" "Mozilla/5.0 (Linux; Android 6.0.1; Nexus 5X Build/MMB29P) AppleWebKit/537.36 (KHTML, like Gecko) Chrome/151.0.7922.137 Mobile Safari/537.36 (compatible; Googlebot/2.1; +http://www.google.com/bot.html)"
95.217.139.6 - - [25/Aug/2026:18:02:16 +0000] "GET /buy.php??a=125034886 HTTP/2.0" 500 0 "-" "Mozilla/5.0 (compatible; AwarioBot/1.0; +https://awario.com/bots.html)"
95.217.139.6 - - [25/Aug/2026:18:02:16 +0000] "GET /buy.php??a=043005612 HTTP/2.0" 500 0 "-" "Mozilla/5.0 (compatible; AwarioBot/1.0; +https://awario.com/bots.html)"
192.178.6.33 - - [25/Aug/2026:18:02:17 +0000] "GET /?x=95183278405 HTTP/2.0" 500 0 "-" "Mozilla/5.0 (Linux; Android 6.0.1; Nexus 5X Build/MMB29P) AppleWebKit/537.36 (KHTML, like Gecko) Chrome/151.0.7922.137 Mobile Safari/537.36 (compatible; Googlebot/2.1; +http://www.google.com/bot.html)"
95.217.139.6 - - [25/Aug/2026:18:02:17 +0000] "GET /buy.php??a=125035272 HTTP/2.0" 500 0 "-" "Mozilla/5.0 (compatible; AwarioBot/1.0; +https://awario.com/bots.html)"
95.217.139.6 - - [25/Aug/2026:18:02:18 +0000] "GET /buy.php??a=043007036 HTTP/2.0" 500 0 "-" "Mozilla/5.0 (compatible; AwarioBot/1.0; +https://awario.com/bots.html)"
95.217.139.6 - - [25/Aug/2026:18:02:19 +0000] "GET /buy.php??a=125038824 HTTP/2.0" 500 0 "-" "Mozilla/5.0 (compatible; AwarioBot/1.0; +https://awario.com/bots.html)"
74.7.227.54 - - [25/Aug/2026:18:02:19 +0000] "GET /buy.php?goods/257011283 HTTP/2.0" 500 0 "https://bioredlite.com/buy.php?detail/25701233066187" "Mozilla/5.0 AppleWebKit/537.36 (KHTML, like Gecko; compatible; GPTBot/1.4; +https://openai.com/gptbot)"
95.217.139.6 - - [25/Aug/2026:18:02:21 +0000] "GET /buy.php??a=126045841 HTTP/2.0" 500 0 "-" "Mozilla/5.0 (compatible; AwarioBot/1.0; +https://awario.com/bots.html)"
95.217.139.6 - - [25/Aug/2026:18:02:21 +0000] "GET /buy.php??a=043015952 HTTP/2.0" 500 0 "-" "Mozilla/5.0 (compatible; AwarioBot/1.0; +https://awario.com/bots.html)"
95.217.139.6 - - [25/Aug/2026:18:02:22 +0000] "GET /buy.php??a=127018962 HTTP/2.0" 500 0 "-" "Mozilla/5.0 (compatible; AwarioBot/1.0; +https://awario.com/bots.html)"
95.217.139.6 - - [25/Aug/2026:18:02:24 +0000] "GET /buy.php??a=043029310 HTTP/2.0" 500 0 "-" "Mozilla/5.0 (compatible; AwarioBot/1.0; +https://awario.com/bots.html)"
95.217.139.6 - - [25/Aug/2026:18:02:24 +0000] "GET /buy.php??a=127039980 HTTP/2.0" 500 0 "-" "Mozilla/5.0 (compatible; AwarioBot/1.0; +https://awario.com/bots.html)"
95.217.139.6 - - [25/Aug/2026:18:02:26 +0000] "GET /buy.php??a=128015427 HTTP/2.0" 500 0 "-" "Mozilla/5.0 (compatible; AwarioBot/1.0; +https://awario.com/bots.html)"
95.217.139.6 - - [25/Aug/2026:18:02:27 +0000] "GET /buy.php??a=128018295 HTTP/2.0" 500 0 "-" "Mozilla/5.0 (compatible; AwarioBot/1.0; +https://awario.com/bots.html)"
95.217.139.6 - - [25/Aug/2026:18:02:28 +0000] "GET /buy.php??a=043033912 HTTP/2.0" 500 0 "-" "Mozilla/5.0 (compatible; AwarioBot/1.0; +https://awario.com/bots.html)"
95.217.139.6 - - [25/Aug/2026:18:02:29 +0000] "GET /buy.php??a=043035832 HTTP/2.0" 500 0 "-" "Mozilla/5.0 (compatible; AwarioBot/1.0; +https://awario.com/bots.html)"
95.217.139.6 - - [25/Aug/2026:18:02:30 +0000] "GET /buy.php??a=128037697 HTTP/2.0" 500 0 "-" "Mozilla/5.0 (compatible; AwarioBot/1.0; +https://awario.com/bots.html)"
95.217.139.6 - - [25/Aug/2026:18:02:31 +0000] "GET /buy.php??a=128037891 HTTP/2.0" 500 0 "-" "Mozilla/5.0 (compatible; AwarioBot/1.0; +https://awario.com/bots.html)"
95.217.139.6 - - [25/Aug/2026:18:02:32 +0000] "GET /buy.php??a=044002219 HTTP/2.0" 500 0 "-" "Mozilla/5.0 (compatible; AwarioBot/1.0; +https://awario.com/bots.html)"
95.217.139.6 - - [25/Aug/2026:18:02:33 +0000] "GET /buy.php??a=128041597 HTTP/2.0" 500 0 "-" "Mozilla/5.0 (compatible; AwarioBot/1.0; +https://awario.com/bots.html)"
95.217.139.6 - - [25/Aug/2026:18:02:35 +0000] "GET /buy.php??a=128046579 HTTP/2.0" 500 0 "-" "Mozilla/5.0 (compatible; AwarioBot/1.0; +https://awario.com/bots.html)"
95.217.139.6 - - [25/Aug/2026:18:02:36 +0000] "GET /buy.php??a=044004163 HTTP/2.0" 500 0 "-" "Mozilla/5.0 (compatible; AwarioBot/1.0; +https://awario.com/bots.html)"
95.217.139.6 - - [25/Aug/2026:18:02:36 +0000] "GET /buy.php??a=128049575 HTTP/2.0" 500 0 "-" "Mozilla/5.0 (compatible; AwarioBot/1.0; +https://awario.com/bots.html)"
95.217.139.6 - - [25/Aug/2026:18:02:38 +0000] "GET /buy.php??a=129000606 HTTP/2.0" 500 0 "-" "Mozilla/5.0 (compatible; AwarioBot/1.0; +https://awario.com/bots.html)"
95.217.139.6 - - [25/Aug/2026:18:02:38 +0000] "GET /buy.php??a=044009879 HTTP/2.0" 500 0 "-" "Mozilla/5.0 (compatible; AwarioBot/1.0; +https://awario.com/bots.html)"
95.217.139.6 - - [25/Aug/2026:18:02:40 +0000] "GET /buy.php??a=129005526 HTTP/2.0" 500 0 "-" "Mozilla/5.0 (compatible; AwarioBot/1.0; +https://awario.com/bots.html)"
74.7.227.54 - - [25/Aug/2026:18:02:40 +0000] "GET /buy.php?goods/256039315 HTTP/2.0" 500 0 "https://bioredlite.com/buy.php?detail/18000827091927" "Mozilla/5.0 AppleWebKit/537.36 (KHTML, like Gecko; compatible; GPTBot/1.4; +https://openai.com/gptbot)"
