192.178.6.32 - - [25/Aug/2026:19:12:46 +0000] "GET /prizes/206407842 HTTP/2.0" 500 0 "-" "Mozilla/5.0 (Linux; Android 6.0.1; Nexus 5X Build/MMB29P) AppleWebKit/537.36 (KHTML, like Gecko) Chrome/151.0.7922.173 Mobile Safari/537.36 (compatible; Googlebot/2.1; +http://www.google.com/bot.html)"
95.217.139.6 - - [25/Aug/2026:19:12:49 +0000] "GET /buy.php??b=194044423 HTTP/2.0" 500 0 "-" "Mozilla/5.0 (compatible; AwarioBot/1.0; +https://awario.com/bots.html)"
95.217.139.6 - - [25/Aug/2026:19:12:52 +0000] "GET /buy.php??b=195005892 HTTP/2.0" 500 0 "-" "Mozilla/5.0 (compatible; AwarioBot/1.0; +https://awario.com/bots.html)"
95.217.139.6 - - [25/Aug/2026:19:12:55 +0000] "GET /buy.php??b=195017786 HTTP/2.0" 500 0 "-" "Mozilla/5.0 (compatible; AwarioBot/1.0; +https://awario.com/bots.html)"
95.217.139.6 - - [25/Aug/2026:19:12:57 +0000] "GET /buy.php??b=195021494 HTTP/2.0" 500 0 "-" "Mozilla/5.0 (compatible; AwarioBot/1.0; +https://awario.com/bots.html)"
192.178.6.32 - - [25/Aug/2026:19:12:59 +0000] "GET /prizes/51881559 HTTP/2.0" 500 0 "-" "Mozilla/5.0 (Linux; Android 6.0.1; Nexus 5X Build/MMB29P) AppleWebKit/537.36 (KHTML, like Gecko) Chrome/151.0.7922.173 Mobile Safari/537.36 (compatible; Googlebot/2.1; +http://www.google.com/bot.html)"
95.217.139.6 - - [25/Aug/2026:19:13:00 +0000] "GET /buy.php??b=195023740 HTTP/2.0" 500 0 "-" "Mozilla/5.0 (compatible; AwarioBot/1.0; +https://awario.com/bots.html)"
95.217.139.6 - - [25/Aug/2026:19:13:03 +0000] "GET /buy.php??b=195032198 HTTP/2.0" 500 0 "-" "Mozilla/5.0 (compatible; AwarioBot/1.0; +https://awario.com/bots.html)"
74.7.227.54 - - [25/Aug/2026:19:13:03 +0000] "GET /buy.php?detail/05802139762496 HTTP/2.0" 500 0 "https://bioredlite.com/buy.php?jp/296012144.html" "Mozilla/5.0 AppleWebKit/537.36 (KHTML, like Gecko; compatible; GPTBot/1.4; +https://openai.com/gptbot)"
95.217.139.6 - - [25/Aug/2026:19:13:05 +0000] "GET /buy.php??b=195049362 HTTP/2.0" 500 0 "-" "Mozilla/5.0 (compatible; AwarioBot/1.0; +https://awario.com/bots.html)"
95.217.139.6 - - [25/Aug/2026:19:13:07 +0000] "GET /buy.php??b=196004061 HTTP/2.0" 500 0 "-" "Mozilla/5.0 (compatible; AwarioBot/1.0; +https://awario.com/bots.html)"
95.217.139.6 - - [25/Aug/2026:19:13:09 +0000] "GET /buy.php??b=196018643 HTTP/2.0" 500 0 "-" "Mozilla/5.0 (compatible; AwarioBot/1.0; +https://awario.com/bots.html)"
95.217.139.6 - - [25/Aug/2026:19:13:11 +0000] "GET /buy.php??b=196026165 HTTP/2.0" 500 0 "-" "Mozilla/5.0 (compatible; AwarioBot/1.0; +https://awario.com/bots.html)"
95.217.139.6 - - [25/Aug/2026:19:13:14 +0000] "GET /buy.php??b=196040993 HTTP/2.0" 500 0 "-" "Mozilla/5.0 (compatible; AwarioBot/1.0; +https://awario.com/bots.html)"
95.217.139.6 - - [25/Aug/2026:19:13:17 +0000] "GET /buy.php??b=196041153 HTTP/2.0" 500 0 "-" "Mozilla/5.0 (compatible; AwarioBot/1.0; +https://awario.com/bots.html)"
192.178.6.33 - - [25/Aug/2026:19:13:19 +0000] "GET /prizes/188967973 HTTP/2.0" 500 0 "-" "Mozilla/5.0 (Linux; Android 6.0.1; Nexus 5X Build/MMB29P) AppleWebKit/537.36 (KHTML, like Gecko) Chrome/151.0.7922.173 Mobile Safari/537.36 (compatible; Googlebot/2.1; +http://www.google.com/bot.html)"
95.217.139.6 - - [25/Aug/2026:19:13:20 +0000] "GET /buy.php??b=197000372 HTTP/2.0" 500 0 "-" "Mozilla/5.0 (compatible; AwarioBot/1.0; +https://awario.com/bots.html)"
95.217.139.6 - - [25/Aug/2026:19:13:23 +0000] "GET /buy.php??b=197023400 HTTP/2.0" 500 0 "-" "Mozilla/5.0 (compatible; AwarioBot/1.0; +https://awario.com/bots.html)"
118.89.49.150 - - [25/Aug/2026:19:13:25 +0000] "GET / HTTP/2.0" 500 0 "-" "Mozilla/5.0 (Windows NT 10.0; Win64; x64) AppleWebKit/537.36 (KHTML, like Gecko) Chrome/117.0.0.0 Safari/537.36 Edg/117.0.2045.60"
118.89.49.150 - - [25/Aug/2026:19:13:25 +0000] "GET / HTTP/2.0" 500 0 "-" "Mozilla/5.0 (Windows NT 10.0; Win64; x64) AppleWebKit/537.36 (KHTML, like Gecko) Chrome/120.0.0.0 Safari/537.36"
74.7.227.54 - - [25/Aug/2026:19:13:25 +0000] "GET /buy.php?detail/06701721843599 HTTP/2.0" 500 0 "https://bioredlite.com/buy.php?detail/06701788110699" "Mozilla/5.0 AppleWebKit/537.36 (KHTML, like Gecko; compatible; GPTBot/1.4; +https://openai.com/gptbot)"
118.89.49.150 - - [25/Aug/2026:19:13:25 +0000] "GET /img/favicon.ico HTTP/2.0" 500 0 "-" "Go-http-client/2.0"
118.89.49.150 - - [25/Aug/2026:19:13:25 +0000] "GET /static/favicon.ico HTTP/2.0" 500 0 "-" "Go-http-client/2.0"
118.89.49.150 - - [25/Aug/2026:19:13:25 +0000] "GET /favicon.ico HTTP/2.0" 500 0 "-" "Go-http-client/2.0"
118.89.49.150 - - [25/Aug/2026:19:13:25 +0000] "GET /favicon.png HTTP/2.0" 500 0 "-" "Go-http-client/2.0"
118.89.49.150 - - [25/Aug/2026:19:13:25 +0000] "GET /images/favicon.ico HTTP/2.0" 500 0 "-" "Go-http-client/2.0"
118.89.49.150 - - [25/Aug/2026:19:13:25 +0000] "GET /assets/favicon.ico HTTP/2.0" 500 0 "-" "Go-http-client/2.0"
118.89.49.150 - - [25/Aug/2026:19:13:25 +0000] "GET /icon/favicon.ico HTTP/2.0" 500 0 "-" "Go-http-client/2.0"
118.89.49.150 - - [25/Aug/2026:19:13:26 +0000] "GET /images/favicon.ico HTTP/2.0" 500 0 "-" "Go-http-client/2.0"
118.89.49.150 - - [25/Aug/2026:19:13:26 +0000] "GET /static/favicon.ico HTTP/2.0" 500 0 "-" "Go-http-client/2.0"
118.89.49.150 - - [25/Aug/2026:19:13:26 +0000] "GET /favicon.png HTTP/2.0" 500 0 "-" "Go-http-client/2.0"
118.89.49.150 - - [25/Aug/2026:19:13:26 +0000] "GET /favicon.ico HTTP/2.0" 500 0 "-" "Go-http-client/2.0"
118.89.49.150 - - [25/Aug/2026:19:13:26 +0000] "GET /icon/favicon.ico HTTP/2.0" 500 0 "-" "Go-http-client/2.0"
118.89.49.150 - - [25/Aug/2026:19:13:26 +0000] "GET /img/favicon.ico HTTP/2.0" 500 0 "-" "Go-http-client/2.0"
118.89.49.150 - - [25/Aug/2026:19:13:26 +0000] "GET /assets/favicon.ico HTTP/2.0" 500 0 "-" "Go-http-client/2.0"
95.217.139.6 - - [25/Aug/2026:19:13:26 +0000] "GET /buy.php??b=197040170 HTTP/2.0" 500 0 "-" "Mozilla/5.0 (compatible; AwarioBot/1.0; +https://awario.com/bots.html)"
95.217.139.6 - - [25/Aug/2026:19:13:28 +0000] "GET /buy.php??b=198012977 HTTP/2.0" 500 0 "-" "Mozilla/5.0 (compatible; AwarioBot/1.0; +https://awario.com/bots.html)"
95.217.139.6 - - [25/Aug/2026:19:13:31 +0000] "GET /buy.php??b=198037867 HTTP/2.0" 500 0 "-" "Mozilla/5.0 (compatible; AwarioBot/1.0; +https://awario.com/bots.html)"
95.217.139.6 - - [25/Aug/2026:19:13:34 +0000] "GET /buy.php??b=198041833 HTTP/2.0" 500 0 "-" "Mozilla/5.0 (compatible; AwarioBot/1.0; +https://awario.com/bots.html)"
95.217.139.6 - - [25/Aug/2026:19:13:36 +0000] "GET /buy.php??b=199006754 HTTP/2.0" 500 0 "-" "Mozilla/5.0 (compatible; AwarioBot/1.0; +https://awario.com/bots.html)"
192.178.6.35 - - [25/Aug/2026:19:13:38 +0000] "GET /prizes/173513630 HTTP/2.0" 500 0 "-" "Mozilla/5.0 (Linux; Android 6.0.1; Nexus 5X Build/MMB29P) AppleWebKit/537.36 (KHTML, like Gecko) Chrome/151.0.7922.173 Mobile Safari/537.36 (compatible; Googlebot/2.1; +http://www.google.com/bot.html)"
95.217.139.6 - - [25/Aug/2026:19:13:39 +0000] "GET /buy.php??b=199011904 HTTP/2.0" 500 0 "-" "Mozilla/5.0 (compatible; AwarioBot/1.0; +https://awario.com/bots.html)"
95.217.139.6 - - [25/Aug/2026:19:13:44 +0000] "GET /buy.php??b=199034618 HTTP/2.0" 500 0 "-" "Mozilla/5.0 (compatible; AwarioBot/1.0; +https://awario.com/bots.html)"
74.7.227.54 - - [25/Aug/2026:19:13:46 +0000] "GET /buy.php?detail/16403429589706 HTTP/2.0" 500 0 "https://bioredlite.com/buy.php?detail/16403370394284" "Mozilla/5.0 AppleWebKit/537.36 (KHTML, like Gecko; compatible; GPTBot/1.4; +https://openai.com/gptbot)"
95.217.139.6 - - [25/Aug/2026:19:13:46 +0000] "GET /buy.php??b=199040232 HTTP/2.0" 500 0 "-" "Mozilla/5.0 (compatible; AwarioBot/1.0; +https://awario.com/bots.html)"
95.217.139.6 - - [25/Aug/2026:19:13:50 +0000] "GET /buy.php??b=200018173 HTTP/2.0" 500 0 "-" "Mozilla/5.0 (compatible; AwarioBot/1.0; +https://awario.com/bots.html)"
95.217.139.6 - - [25/Aug/2026:19:13:53 +0000] "GET /buy.php??b=200027299 HTTP/2.0" 500 0 "-" "Mozilla/5.0 (compatible; AwarioBot/1.0; +https://awario.com/bots.html)"
95.217.139.6 - - [25/Aug/2026:19:13:57 +0000] "GET /buy.php??b=200028419 HTTP/2.0" 500 0 "-" "Mozilla/5.0 (compatible; AwarioBot/1.0; +https://awario.com/bots.html)"
192.178.6.35 - - [25/Aug/2026:19:13:57 +0000] "GET /prizes/69735428 HTTP/2.0" 500 0 "-" "Mozilla/5.0 (Linux; Android 6.0.1; Nexus 5X Build/MMB29P) AppleWebKit/537.36 (KHTML, like Gecko) Chrome/151.0.7922.173 Mobile Safari/537.36 (compatible; Googlebot/2.1; +http://www.google.com/bot.html)"
95.217.139.6 - - [25/Aug/2026:19:13:59 +0000] "GET /buy.php??b=200044183 HTTP/2.0" 500 0 "-" "Mozilla/5.0 (compatible; AwarioBot/1.0; +https://awario.com/bots.html)"
95.217.139.6 - - [25/Aug/2026:19:14:01 +0000] "GET /buy.php??b=201018972 HTTP/2.0" 500 0 "-" "Mozilla/5.0 (compatible; AwarioBot/1.0; +https://awario.com/bots.html)"
95.217.139.6 - - [25/Aug/2026:19:14:04 +0000] "GET /buy.php??b=201028468 HTTP/2.0" 500 0 "-" "Mozilla/5.0 (compatible; AwarioBot/1.0; +https://awario.com/bots.html)"
95.217.139.6 - - [25/Aug/2026:19:14:06 +0000] "GET /buy.php??b=201032474 HTTP/2.0" 500 0 "-" "Mozilla/5.0 (compatible; AwarioBot/1.0; +https://awario.com/bots.html)"
74.7.227.54 - - [25/Aug/2026:19:14:08 +0000] "GET /buy.php?detail/12902137946875 HTTP/2.0" 500 0 "https://bioredlite.com/buy.php?goods/129020885" "Mozilla/5.0 AppleWebKit/537.36 (KHTML, like Gecko; compatible; GPTBot/1.4; +https://openai.com/gptbot)"
95.217.139.6 - - [25/Aug/2026:19:14:08 +0000] "GET /buy.php??b=202005193 HTTP/2.0" 500 0 "-" "Mozilla/5.0 (compatible; AwarioBot/1.0; +https://awario.com/bots.html)"
95.217.139.6 - - [25/Aug/2026:19:14:10 +0000] "GET /buy.php??b=202007629 HTTP/2.0" 500 0 "-" "Mozilla/5.0 (compatible; AwarioBot/1.0; +https://awario.com/bots.html)"
95.217.139.6 - - [25/Aug/2026:19:14:13 +0000] "GET /buy.php??b=202017331 HTTP/2.0" 500 0 "-" "Mozilla/5.0 (compatible; AwarioBot/1.0; +https://awario.com/bots.html)"
95.217.139.6 - - [25/Aug/2026:19:14:16 +0000] "GET /buy.php??b=202030049 HTTP/2.0" 500 0 "-" "Mozilla/5.0 (compatible; AwarioBot/1.0; +https://awario.com/bots.html)"
192.178.6.36 - - [25/Aug/2026:19:14:17 +0000] "GET /prizes/25906327 HTTP/2.0" 500 0 "-" "Mozilla/5.0 (Linux; Android 6.0.1; Nexus 5X Build/MMB29P) AppleWebKit/537.36 (KHTML, like Gecko) Chrome/151.0.7922.173 Mobile Safari/537.36 (compatible; Googlebot/2.1; +http://www.google.com/bot.html)"
95.217.139.6 - - [25/Aug/2026:19:14:18 +0000] "GET /buy.php??b=202031657 HTTP/2.0" 500 0 "-" "Mozilla/5.0 (compatible; AwarioBot/1.0; +https://awario.com/bots.html)"
95.217.139.6 - - [25/Aug/2026:19:14:20 +0000] "GET /buy.php??b=203022540 HTTP/2.0" 500 0 "-" "Mozilla/5.0 (compatible; AwarioBot/1.0; +https://awario.com/bots.html)"
95.217.139.6 - - [25/Aug/2026:19:14:23 +0000] "GET /buy.php??b=204000451 HTTP/2.0" 500 0 "-" "Mozilla/5.0 (compatible; AwarioBot/1.0; +https://awario.com/bots.html)"
95.217.139.6 - - [25/Aug/2026:19:14:27 +0000] "GET /buy.php??b=204023801 HTTP/2.0" 500 0 "-" "Mozilla/5.0 (compatible; AwarioBot/1.0; +https://awario.com/bots.html)"
74.7.227.54 - - [25/Aug/2026:19:14:29 +0000] "GET /buy.php?detail/19502379671486 HTTP/2.0" 500 0 "https://bioredlite.com/buy.php?detail/19502328886654" "Mozilla/5.0 AppleWebKit/537.36 (KHTML, like Gecko; compatible; GPTBot/1.4; +https://openai.com/gptbot)"
2a03:2880:f806:1a:: - - [25/Aug/2026:19:14:30 +0000] "GET /products.php?s=1132824911 HTTP/2.0" 500 0 "-" "Mozilla/5.0 (Windows NT 10.0; Win64; x64) AppleWebKit/537.36 (KHTML, like Gecko) Chrome/145.0.0.0 Safari/537.36 (compatible; meta-externalagent/1.1 (+https://developers.facebook.com/docs/sharing/webmasters/crawler))"
2a03:2880:f806:43:: - - [25/Aug/2026:19:14:31 +0000] "GET /products.php?s=11328231631 HTTP/2.0" 500 0 "-" "Mozilla/5.0 (Macintosh; Intel Mac OS X 10_15_7) AppleWebKit/537.36 (KHTML, like Gecko) Chrome/145.0.0.0 Safari/537.36 (compatible; meta-externalagent/1.1 (+https://developers.facebook.com/docs/sharing/webmasters/crawler))"
95.217.139.6 - - [25/Aug/2026:19:14:34 +0000] "GET /buy.php??b=204043237 HTTP/2.0" 500 0 "-" "Mozilla/5.0 (compatible; AwarioBot/1.0; +https://awario.com/bots.html)"
192.178.6.36 - - [25/Aug/2026:19:14:36 +0000] "GET /prizes/293875246 HTTP/2.0" 500 0 "-" "Mozilla/5.0 (Linux; Android 6.0.1; Nexus 5X Build/MMB29P) AppleWebKit/537.36 (KHTML, like Gecko) Chrome/151.0.7922.173 Mobile Safari/537.36 (compatible; Googlebot/2.1; +http://www.google.com/bot.html)"
95.217.139.6 - - [25/Aug/2026:19:14:37 +0000] "GET /buy.php??b=204049105 HTTP/2.0" 500 0 "-" "Mozilla/5.0 (compatible; AwarioBot/1.0; +https://awario.com/bots.html)"
95.217.139.6 - - [25/Aug/2026:19:14:40 +0000] "GET /buy.php??b=205005608 HTTP/2.0" 500 0 "-" "Mozilla/5.0 (compatible; AwarioBot/1.0; +https://awario.com/bots.html)"
95.217.139.6 - - [25/Aug/2026:19:14:43 +0000] "GET /buy.php??b=205040586 HTTP/2.0" 500 0 "-" "Mozilla/5.0 (compatible; AwarioBot/1.0; +https://awario.com/bots.html)"
95.217.139.6 - - [25/Aug/2026:19:14:45 +0000] "GET /buy.php??b=206007523 HTTP/2.0" 500 0 "-" "Mozilla/5.0 (compatible; AwarioBot/1.0; +https://awario.com/bots.html)"
95.217.139.6 - - [25/Aug/2026:19:14:49 +0000] "GET /buy.php??b=206007865 HTTP/2.0" 500 0 "-" "Mozilla/5.0 (compatible; AwarioBot/1.0; +https://awario.com/bots.html)"
74.7.227.54 - - [25/Aug/2026:19:14:50 +0000] "GET /buy.php?detail/18102758639294 HTTP/2.0" 500 0 "https://bioredlite.com/buy.php?detail/28504922346823" "Mozilla/5.0 AppleWebKit/537.36 (KHTML, like Gecko; compatible; GPTBot/1.4; +https://openai.com/gptbot)"
95.217.139.6 - - [25/Aug/2026:19:14:51 +0000] "GET /buy.php??b=206019845 HTTP/2.0" 500 0 "-" "Mozilla/5.0 (compatible; AwarioBot/1.0; +https://awario.com/bots.html)"
95.217.139.6 - - [25/Aug/2026:19:14:52 +0000] "GET /buy.php??b=206035179 HTTP/2.0" 500 0 "-" "Mozilla/5.0 (compatible; AwarioBot/1.0; +https://awario.com/bots.html)"
95.217.139.6 - - [25/Aug/2026:19:14:55 +0000] "GET /buy.php??b=206045819 HTTP/2.0" 500 0 "-" "Mozilla/5.0 (compatible; AwarioBot/1.0; +https://awario.com/bots.html)"
2a03:2880:f806:40:: - - [25/Aug/2026:19:14:55 +0000] "GET /products.php?f=54241202472 HTTP/2.0" 500 0 "-" "Mozilla/5.0 (Windows NT 10.0; Win64; x64) AppleWebKit/537.36 (KHTML, like Gecko) Chrome/145.0.0.0 Safari/537.36 (compatible; meta-externalagent/1.1 (+https://developers.facebook.com/docs/sharing/webmasters/crawler))"
95.217.139.6 - - [25/Aug/2026:19:15:00 +0000] "GET /buy.php??b=207001178 HTTP/2.0" 500 0 "-" "Mozilla/5.0 (compatible; AwarioBot/1.0; +https://awario.com/bots.html)"
95.217.139.6 - - [25/Aug/2026:19:15:03 +0000] "GET /buy.php??b=207018678 HTTP/2.0" 500 0 "-" "Mozilla/5.0 (compatible; AwarioBot/1.0; +https://awario.com/bots.html)"
95.217.139.6 - - [25/Aug/2026:19:15:05 +0000] "GET /buy.php??b=208003107 HTTP/2.0" 500 0 "-" "Mozilla/5.0 (compatible; AwarioBot/1.0; +https://awario.com/bots.html)"
95.217.139.6 - - [25/Aug/2026:19:15:09 +0000] "GET /buy.php??b=208022333 HTTP/2.0" 500 0 "-" "Mozilla/5.0 (compatible; AwarioBot/1.0; +https://awario.com/bots.html)"
74.7.227.54 - - [25/Aug/2026:19:15:11 +0000] "GET /buy.php?detail/18100556234497 HTTP/2.0" 500 0 "https://bioredlite.com/buy.php?detail/18100519542209" "Mozilla/5.0 AppleWebKit/537.36 (KHTML, like Gecko; compatible; GPTBot/1.4; +https://openai.com/gptbot)"
95.217.139.6 - - [25/Aug/2026:19:15:12 +0000] "GET /buy.php??b=208036189 HTTP/2.0" 500 0 "-" "Mozilla/5.0 (compatible; AwarioBot/1.0; +https://awario.com/bots.html)"
95.217.139.6 - - [25/Aug/2026:19:15:14 +0000] "GET /buy.php??b=209011718 HTTP/2.0" 500 0 "-" "Mozilla/5.0 (compatible; AwarioBot/1.0; +https://awario.com/bots.html)"
95.217.139.6 - - [25/Aug/2026:19:15:17 +0000] "GET /buy.php??b=209015112 HTTP/2.0" 500 0 "-" "Mozilla/5.0 (compatible; AwarioBot/1.0; +https://awario.com/bots.html)"
95.217.139.6 - - [25/Aug/2026:19:15:20 +0000] "GET /buy.php??b=209021554 HTTP/2.0" 500 0 "-" "Mozilla/5.0 (compatible; AwarioBot/1.0; +https://awario.com/bots.html)"
95.217.139.6 - - [25/Aug/2026:19:15:24 +0000] "GET /buy.php??b=210001893 HTTP/2.0" 500 0 "-" "Mozilla/5.0 (compatible; AwarioBot/1.0; +https://awario.com/bots.html)"
95.217.139.6 - - [25/Aug/2026:19:15:27 +0000] "GET /buy.php??b=210004023 HTTP/2.0" 500 0 "-" "Mozilla/5.0 (compatible; AwarioBot/1.0; +https://awario.com/bots.html)"
192.178.6.36 - - [25/Aug/2026:19:15:28 +0000] "GET /prizes/180839286 HTTP/2.0" 500 0 "-" "Mozilla/5.0 (Linux; Android 6.0.1; Nexus 5X Build/MMB29P) AppleWebKit/537.36 (KHTML, like Gecko) Chrome/151.0.7922.173 Mobile Safari/537.36 (compatible; Googlebot/2.1; +http://www.google.com/bot.html)"
95.217.139.6 - - [25/Aug/2026:19:15:30 +0000] "GET /buy.php??b=210006571 HTTP/2.0" 500 0 "-" "Mozilla/5.0 (compatible; AwarioBot/1.0; +https://awario.com/bots.html)"
74.7.227.54 - - [25/Aug/2026:19:15:32 +0000] "GET /buy.php?detail/26801405489237 HTTP/2.0" 500 0 "https://bioredlite.com/buy.php?detail/14701305005199" "Mozilla/5.0 AppleWebKit/537.36 (KHTML, like Gecko; compatible; GPTBot/1.4; +https://openai.com/gptbot)"
95.217.139.6 - - [25/Aug/2026:19:15:33 +0000] "GET /buy.php??b=210011321 HTTP/2.0" 500 0 "-" "Mozilla/5.0 (compatible; AwarioBot/1.0; +https://awario.com/bots.html)"
95.217.139.6 - - [25/Aug/2026:19:15:36 +0000] "GET /buy.php??b=210011729 HTTP/2.0" 500 0 "-" "Mozilla/5.0 (compatible; AwarioBot/1.0; +https://awario.com/bots.html)"
95.217.139.6 - - [25/Aug/2026:19:15:40 +0000] "GET /buy.php??b=210031157 HTTP/2.0" 500 0 "-" "Mozilla/5.0 (compatible; AwarioBot/1.0; +https://awario.com/bots.html)"
95.217.139.6 - - [25/Aug/2026:19:15:43 +0000] "GET /buy.php??b=210044173 HTTP/2.0" 500 0 "-" "Mozilla/5.0 (compatible; AwarioBot/1.0; +https://awario.com/bots.html)"
192.178.6.36 - - [25/Aug/2026:19:15:48 +0000] "GET /prizes/127522842 HTTP/2.0" 500 0 "-" "Mozilla/5.0 (Linux; Android 6.0.1; Nexus 5X Build/MMB29P) AppleWebKit/537.36 (KHTML, like Gecko) Chrome/151.0.7922.173 Mobile Safari/537.36 (compatible; Googlebot/2.1; +http://www.google.com/bot.html)"
95.217.139.6 - - [25/Aug/2026:19:15:48 +0000] "GET /buy.php??b=210045597 HTTP/2.0" 500 0 "-" "Mozilla/5.0 (compatible; AwarioBot/1.0; +https://awario.com/bots.html)"
95.217.139.6 - - [25/Aug/2026:19:15:51 +0000] "GET /buy.php??b=211003978 HTTP/2.0" 500 0 "-" "Mozilla/5.0 (compatible; AwarioBot/1.0; +https://awario.com/bots.html)"
74.7.227.54 - - [25/Aug/2026:19:15:53 +0000] "GET /buy.php?detail/24801285993167 HTTP/2.0" 500 0 "https://bioredlite.com/buy.php?detail/24801250072088" "Mozilla/5.0 AppleWebKit/537.36 (KHTML, like Gecko; compatible; GPTBot/1.4; +https://openai.com/gptbot)"
95.217.139.6 - - [25/Aug/2026:19:15:54 +0000] "GET /buy.php??b=211023388 HTTP/2.0" 500 0 "-" "Mozilla/5.0 (compatible; AwarioBot/1.0; +https://awario.com/bots.html)"
2a03:2880:f806:7:: - - [25/Aug/2026:19:15:56 +0000] "GET /products.php?y=11152296516 HTTP/2.0" 500 0 "-" "Mozilla/5.0 (Windows NT 10.0; Win64; x64) AppleWebKit/537.36 (KHTML, like Gecko) Chrome/145.0.0.0 Safari/537.36 (compatible; meta-externalagent/1.1 (+https://developers.facebook.com/docs/sharing/webmasters/crawler))"
95.217.139.6 - - [25/Aug/2026:19:15:56 +0000] "GET /buy.php??b=211023406 HTTP/2.0" 500 0 "-" "Mozilla/5.0 (compatible; AwarioBot/1.0; +https://awario.com/bots.html)"
95.217.139.6 - - [25/Aug/2026:19:15:59 +0000] "GET /buy.php??b=211024850 HTTP/2.0" 500 0 "-" "Mozilla/5.0 (compatible; AwarioBot/1.0; +https://awario.com/bots.html)"
95.217.139.6 - - [25/Aug/2026:19:16:01 +0000] "GET /buy.php??b=211046384 HTTP/2.0" 500 0 "-" "Mozilla/5.0 (compatible; AwarioBot/1.0; +https://awario.com/bots.html)"
192.178.6.36 - - [25/Aug/2026:19:16:04 +0000] "GET /prizes/167625610 HTTP/2.0" 500 0 "-" "Mozilla/5.0 (Linux; Android 6.0.1; Nexus 5X Build/MMB29P) AppleWebKit/537.36 (KHTML, like Gecko) Chrome/151.0.7922.173 Mobile Safari/537.36 (compatible; Googlebot/2.1; +http://www.google.com/bot.html)"
95.217.139.6 - - [25/Aug/2026:19:16:06 +0000] "GET /buy.php??b=211049848 HTTP/2.0" 500 0 "-" "Mozilla/5.0 (compatible; AwarioBot/1.0; +https://awario.com/bots.html)"
95.217.139.6 - - [25/Aug/2026:19:16:09 +0000] "GET /buy.php??b=212003977 HTTP/2.0" 500 0 "-" "Mozilla/5.0 (compatible; AwarioBot/1.0; +https://awario.com/bots.html)"
95.217.139.6 - - [25/Aug/2026:19:16:11 +0000] "GET /buy.php??b=212011527 HTTP/2.0" 500 0 "-" "Mozilla/5.0 (compatible; AwarioBot/1.0; +https://awario.com/bots.html)"
74.7.227.54 - - [25/Aug/2026:19:16:13 +0000] "GET /buy.php?detail/16203957581947 HTTP/2.0" 500 0 "https://bioredlite.com/buy.php?detail/08301705880591" "Mozilla/5.0 AppleWebKit/537.36 (KHTML, like Gecko; compatible; GPTBot/1.4; +https://openai.com/gptbot)"
95.217.139.6 - - [25/Aug/2026:19:16:14 +0000] "GET /buy.php??b=212024047 HTTP/2.0" 500 0 "-" "Mozilla/5.0 (compatible; AwarioBot/1.0; +https://awario.com/bots.html)"
95.217.139.6 - - [25/Aug/2026:19:16:18 +0000] "GET /buy.php??b=212024439 HTTP/2.0" 500 0 "-" "Mozilla/5.0 (compatible; AwarioBot/1.0; +https://awario.com/bots.html)"
192.178.6.35 - - [25/Aug/2026:19:16:20 +0000] "GET /prizes/31724822 HTTP/2.0" 500 0 "-" "Mozilla/5.0 (Linux; Android 6.0.1; Nexus 5X Build/MMB29P) AppleWebKit/537.36 (KHTML, like Gecko) Chrome/151.0.7922.173 Mobile Safari/537.36 (compatible; Googlebot/2.1; +http://www.google.com/bot.html)"
95.217.139.6 - - [25/Aug/2026:19:16:21 +0000] "GET /buy.php??b=212025501 HTTP/2.0" 500 0 "-" "Mozilla/5.0 (compatible; AwarioBot/1.0; +https://awario.com/bots.html)"
95.217.139.6 - - [25/Aug/2026:19:16:24 +0000] "GET /buy.php??b=213013198 HTTP/2.0" 500 0 "-" "Mozilla/5.0 (compatible; AwarioBot/1.0; +https://awario.com/bots.html)"
95.217.139.6 - - [25/Aug/2026:19:16:26 +0000] "GET /buy.php??b=213031224 HTTP/2.0" 500 0 "-" "Mozilla/5.0 (compatible; AwarioBot/1.0; +https://awario.com/bots.html)"
95.217.139.6 - - [25/Aug/2026:19:16:28 +0000] "GET /buy.php??b=213042806 HTTP/2.0" 500 0 "-" "Mozilla/5.0 (compatible; AwarioBot/1.0; +https://awario.com/bots.html)"
95.217.139.6 - - [25/Aug/2026:19:16:30 +0000] "GET /buy.php??b=214011663 HTTP/2.0" 500 0 "-" "Mozilla/5.0 (compatible; AwarioBot/1.0; +https://awario.com/bots.html)"
95.217.139.6 - - [25/Aug/2026:19:16:32 +0000] "GET /buy.php??b=215028414 HTTP/2.0" 500 0 "-" "Mozilla/5.0 (compatible; AwarioBot/1.0; +https://awario.com/bots.html)"
74.7.227.54 - - [25/Aug/2026:19:16:34 +0000] "GET /buy.php?detail/05903489672118 HTTP/2.0" 500 0 "https://bioredlite.com/buy.php?detail/26001725103911" "Mozilla/5.0 AppleWebKit/537.36 (KHTML, like Gecko; compatible; GPTBot/1.4; +https://openai.com/gptbot)"
95.217.139.6 - - [25/Aug/2026:19:16:34 +0000] "GET /buy.php??b=215033694 HTTP/2.0" 500 0 "-" "Mozilla/5.0 (compatible; AwarioBot/1.0; +https://awario.com/bots.html)"
95.217.139.6 - - [25/Aug/2026:19:16:37 +0000] "GET /buy.php??b=215045772 HTTP/2.0" 500 0 "-" "Mozilla/5.0 (compatible; AwarioBot/1.0; +https://awario.com/bots.html)"
95.217.139.6 - - [25/Aug/2026:19:16:40 +0000] "GET /buy.php??b=216008409 HTTP/2.0" 500 0 "-" "Mozilla/5.0 (compatible; AwarioBot/1.0; +https://awario.com/bots.html)"
95.217.139.6 - - [25/Aug/2026:19:16:43 +0000] "GET /buy.php??b=216010863 HTTP/2.0" 500 0 "-" "Mozilla/5.0 (compatible; AwarioBot/1.0; +https://awario.com/bots.html)"
95.217.139.6 - - [25/Aug/2026:19:16:45 +0000] "GET /buy.php??b=216029323 HTTP/2.0" 500 0 "-" "Mozilla/5.0 (compatible; AwarioBot/1.0; +https://awario.com/bots.html)"
95.217.139.6 - - [25/Aug/2026:19:16:47 +0000] "GET /buy.php??b=216048063 HTTP/2.0" 500 0 "-" "Mozilla/5.0 (compatible; AwarioBot/1.0; +https://awario.com/bots.html)"
95.217.139.6 - - [25/Aug/2026:19:16:49 +0000] "GET /buy.php??b=216048309 HTTP/2.0" 500 0 "-" "Mozilla/5.0 (compatible; AwarioBot/1.0; +https://awario.com/bots.html)"
95.217.139.6 - - [25/Aug/2026:19:16:51 +0000] "GET /buy.php??b=216048463 HTTP/2.0" 500 0 "-" "Mozilla/5.0 (compatible; AwarioBot/1.0; +https://awario.com/bots.html)"
192.178.6.35 - - [25/Aug/2026:19:16:53 +0000] "GET /prizes/110147337 HTTP/2.0" 500 0 "-" "Mozilla/5.0 (Linux; Android 6.0.1; Nexus 5X Build/MMB29P) AppleWebKit/537.36 (KHTML, like Gecko) Chrome/151.0.7922.173 Mobile Safari/537.36 (compatible; Googlebot/2.1; +http://www.google.com/bot.html)"
95.217.139.6 - - [25/Aug/2026:19:16:54 +0000] "GET /buy.php??b=217005490 HTTP/2.0" 500 0 "-" "Mozilla/5.0 (compatible; AwarioBot/1.0; +https://awario.com/bots.html)"
74.7.227.54 - - [25/Aug/2026:19:16:55 +0000] "GET /buy.php?detail/29403650187981 HTTP/2.0" 500 0 "https://bioredlite.com/buy.php?detail/29400394366893" "Mozilla/5.0 AppleWebKit/537.36 (KHTML, like Gecko; compatible; GPTBot/1.4; +https://openai.com/gptbot)"
192.178.6.35 - - [25/Aug/2026:19:16:55 +0000] "GET /?c=77456184655 HTTP/2.0" 500 0 "-" "Mozilla/5.0 (Linux; Android 6.0.1; Nexus 5X Build/MMB29P) AppleWebKit/537.36 (KHTML, like Gecko) Chrome/151.0.7922.173 Mobile Safari/537.36 (compatible; Googlebot/2.1; +http://www.google.com/bot.html)"
95.217.139.6 - - [25/Aug/2026:19:16:56 +0000] "GET /buy.php??b=217011026 HTTP/2.0" 500 0 "-" "Mozilla/5.0 (compatible; AwarioBot/1.0; +https://awario.com/bots.html)"
95.217.139.6 - - [25/Aug/2026:19:17:00 +0000] "GET /buy.php??b=217014738 HTTP/2.0" 500 0 "-" "Mozilla/5.0 (compatible; AwarioBot/1.0; +https://awario.com/bots.html)"
95.217.139.6 - - [25/Aug/2026:19:17:03 +0000] "GET /buy.php??b=217016648 HTTP/2.0" 500 0 "-" "Mozilla/5.0 (compatible; AwarioBot/1.0; +https://awario.com/bots.html)"
95.217.139.6 - - [25/Aug/2026:19:17:07 +0000] "GET /buy.php??b=218009301 HTTP/2.0" 500 0 "-" "Mozilla/5.0 (compatible; AwarioBot/1.0; +https://awario.com/bots.html)"
95.217.139.6 - - [25/Aug/2026:19:17:09 +0000] "GET /buy.php??b=218016291 HTTP/2.0" 500 0 "-" "Mozilla/5.0 (compatible; AwarioBot/1.0; +https://awario.com/bots.html)"
192.178.6.35 - - [25/Aug/2026:19:17:12 +0000] "GET /prizes/44050084 HTTP/2.0" 500 0 "-" "Mozilla/5.0 (Linux; Android 6.0.1; Nexus 5X Build/MMB29P) AppleWebKit/537.36 (KHTML, like Gecko) Chrome/151.0.7922.173 Mobile Safari/537.36 (compatible; Googlebot/2.1; +http://www.google.com/bot.html)"
95.217.139.6 - - [25/Aug/2026:19:17:13 +0000] "GET /buy.php??b=218023651 HTTP/2.0" 500 0 "-" "Mozilla/5.0 (compatible; AwarioBot/1.0; +https://awario.com/bots.html)"
74.7.227.54 - - [25/Aug/2026:19:17:15 +0000] "GET /buy.php?detail/13802949724506 HTTP/2.0" 500 0 "https://bioredlite.com/buy.php?detail/13803012665664" "Mozilla/5.0 AppleWebKit/537.36 (KHTML, like Gecko; compatible; GPTBot/1.4; +https://openai.com/gptbot)"
95.217.139.6 - - [25/Aug/2026:19:17:17 +0000] "GET /buy.php??b=218034255 HTTP/2.0" 500 0 "-" "Mozilla/5.0 (compatible; AwarioBot/1.0; +https://awario.com/bots.html)"
95.217.139.6 - - [25/Aug/2026:19:17:20 +0000] "GET /buy.php??b=218042779 HTTP/2.0" 500 0 "-" "Mozilla/5.0 (compatible; AwarioBot/1.0; +https://awario.com/bots.html)"
95.217.139.6 - - [25/Aug/2026:19:17:23 +0000] "GET /buy.php??b=219000350 HTTP/2.0" 500 0 "-" "Mozilla/5.0 (compatible; AwarioBot/1.0; +https://awario.com/bots.html)"
95.217.139.6 - - [25/Aug/2026:19:17:26 +0000] "GET /buy.php??b=219005880 HTTP/2.0" 500 0 "-" "Mozilla/5.0 (compatible; AwarioBot/1.0; +https://awario.com/bots.html)"
95.217.139.6 - - [25/Aug/2026:19:17:28 +0000] "GET /buy.php??b=219006806 HTTP/2.0" 500 0 "-" "Mozilla/5.0 (compatible; AwarioBot/1.0; +https://awario.com/bots.html)"
192.178.6.36 - - [25/Aug/2026:19:17:28 +0000] "GET /prizes/299984903 HTTP/2.0" 500 0 "-" "Mozilla/5.0 (Linux; Android 6.0.1; Nexus 5X Build/MMB29P) AppleWebKit/537.36 (KHTML, like Gecko) Chrome/151.0.7922.173 Mobile Safari/537.36 (compatible; Googlebot/2.1; +http://www.google.com/bot.html)"
95.217.139.6 - - [25/Aug/2026:19:17:30 +0000] "GET /buy.php??b=219022684 HTTP/2.0" 500 0 "-" "Mozilla/5.0 (compatible; AwarioBot/1.0; +https://awario.com/bots.html)"
95.217.139.6 - - [25/Aug/2026:19:17:33 +0000] "GET /buy.php??b=219048820 HTTP/2.0" 500 0 "-" "Mozilla/5.0 (compatible; AwarioBot/1.0; +https://awario.com/bots.html)"
95.217.139.6 - - [25/Aug/2026:19:17:36 +0000] "GET /buy.php??b=220002387 HTTP/2.0" 500 0 "-" "Mozilla/5.0 (compatible; AwarioBot/1.0; +https://awario.com/bots.html)"
74.7.227.54 - - [25/Aug/2026:19:17:37 +0000] "GET /buy.php?detail/08302491615779 HTTP/2.0" 500 0 "https://bioredlite.com/buy.php?detail/08304571472729" "Mozilla/5.0 AppleWebKit/537.36 (KHTML, like Gecko; compatible; GPTBot/1.4; +https://openai.com/gptbot)"
95.217.139.6 - - [25/Aug/2026:19:17:39 +0000] "GET /buy.php??b=220011891 HTTP/2.0" 500 0 "-" "Mozilla/5.0 (compatible; AwarioBot/1.0; +https://awario.com/bots.html)"
95.217.139.6 - - [25/Aug/2026:19:17:41 +0000] "GET /buy.php??b=220014005 HTTP/2.0" 500 0 "-" "Mozilla/5.0 (compatible; AwarioBot/1.0; +https://awario.com/bots.html)"
95.217.139.6 - - [25/Aug/2026:19:17:44 +0000] "GET /buy.php??b=220017167 HTTP/2.0" 500 0 "-" "Mozilla/5.0 (compatible; AwarioBot/1.0; +https://awario.com/bots.html)"
192.178.6.35 - - [25/Aug/2026:19:17:44 +0000] "GET /prizes/308226074 HTTP/2.0" 500 0 "-" "Mozilla/5.0 (Linux; Android 6.0.1; Nexus 5X Build/MMB29P) AppleWebKit/537.36 (KHTML, like Gecko) Chrome/151.0.7922.173 Mobile Safari/537.36 (compatible; Googlebot/2.1; +http://www.google.com/bot.html)"
95.217.139.6 - - [25/Aug/2026:19:17:50 +0000] "GET /buy.php??b=220021163 HTTP/2.0" 500 0 "-" "Mozilla/5.0 (compatible; AwarioBot/1.0; +https://awario.com/bots.html)"
95.217.139.6 - - [25/Aug/2026:19:17:52 +0000] "GET /buy.php??b=220027557 HTTP/2.0" 500 0 "-" "Mozilla/5.0 (compatible; AwarioBot/1.0; +https://awario.com/bots.html)"
95.217.139.6 - - [25/Aug/2026:19:17:55 +0000] "GET /buy.php??b=220040293 HTTP/2.0" 500 0 "-" "Mozilla/5.0 (compatible; AwarioBot/1.0; +https://awario.com/bots.html)"
74.7.227.54 - - [25/Aug/2026:19:17:58 +0000] "GET /buy.php?detail/22903887534661 HTTP/2.0" 500 0 "https://bioredlite.com/buy.php?goods/229011304" "Mozilla/5.0 AppleWebKit/537.36 (KHTML, like Gecko; compatible; GPTBot/1.4; +https://openai.com/gptbot)"
95.217.139.6 - - [25/Aug/2026:19:17:58 +0000] "GET /buy.php??b=220042029 HTTP/2.0" 500 0 "-" "Mozilla/5.0 (compatible; AwarioBot/1.0; +https://awario.com/bots.html)"
95.217.139.6 - - [25/Aug/2026:19:18:01 +0000] "GET /buy.php??b=220045473 HTTP/2.0" 500 0 "-" "Mozilla/5.0 (compatible; AwarioBot/1.0; +https://awario.com/bots.html)"
95.217.139.6 - - [25/Aug/2026:19:18:06 +0000] "GET /buy.php??b=221011034 HTTP/2.0" 500 0 "-" "Mozilla/5.0 (compatible; AwarioBot/1.0; +https://awario.com/bots.html)"
95.217.139.6 - - [25/Aug/2026:19:18:11 +0000] "GET /buy.php??b=221015312 HTTP/2.0" 500 0 "-" "Mozilla/5.0 (compatible; AwarioBot/1.0; +https://awario.com/bots.html)"
95.217.139.6 - - [25/Aug/2026:19:18:14 +0000] "GET /buy.php??b=221026138 HTTP/2.0" 500 0 "-" "Mozilla/5.0 (compatible; AwarioBot/1.0; +https://awario.com/bots.html)"
95.217.139.6 - - [25/Aug/2026:19:18:16 +0000] "GET /buy.php??b=221036240 HTTP/2.0" 500 0 "-" "Mozilla/5.0 (compatible; AwarioBot/1.0; +https://awario.com/bots.html)"
192.178.6.35 - - [25/Aug/2026:19:18:17 +0000] "GET /prizes/234491559/ HTTP/2.0" 500 0 "-" "Mozilla/5.0 (Linux; Android 6.0.1; Nexus 5X Build/MMB29P) AppleWebKit/537.36 (KHTML, like Gecko) Chrome/151.0.7922.173 Mobile Safari/537.36 (compatible; Googlebot/2.1; +http://www.google.com/bot.html)"
74.7.227.54 - - [25/Aug/2026:19:18:18 +0000] "GET /buy.php?detail/11403862690573 HTTP/2.0" 500 0 "https://bioredlite.com/buy.php?detail/07501561276407" "Mozilla/5.0 AppleWebKit/537.36 (KHTML, like Gecko; compatible; GPTBot/1.4; +https://openai.com/gptbot)"
95.217.139.6 - - [25/Aug/2026:19:18:20 +0000] "GET /buy.php??b=222000293 HTTP/2.0" 500 0 "-" "Mozilla/5.0 (compatible; AwarioBot/1.0; +https://awario.com/bots.html)"
95.217.139.6 - - [25/Aug/2026:19:18:22 +0000] "GET /buy.php??b=222006671 HTTP/2.0" 500 0 "-" "Mozilla/5.0 (compatible; AwarioBot/1.0; +https://awario.com/bots.html)"
95.217.139.6 - - [25/Aug/2026:19:18:27 +0000] "GET /buy.php??b=222023685 HTTP/2.0" 500 0 "-" "Mozilla/5.0 (compatible; AwarioBot/1.0; +https://awario.com/bots.html)"
95.217.139.6 - - [25/Aug/2026:19:18:28 +0000] "GET /buy.php??b=222023807 HTTP/2.0" 500 0 "-" "Mozilla/5.0 (compatible; AwarioBot/1.0; +https://awario.com/bots.html)"
95.217.139.6 - - [25/Aug/2026:19:18:31 +0000] "GET /buy.php??b=222024543 HTTP/2.0" 500 0 "-" "Mozilla/5.0 (compatible; AwarioBot/1.0; +https://awario.com/bots.html)"
192.178.6.35 - - [25/Aug/2026:19:18:33 +0000] "GET /prizes/182876337 HTTP/2.0" 500 0 "-" "Mozilla/5.0 (Linux; Android 6.0.1; Nexus 5X Build/MMB29P) AppleWebKit/537.36 (KHTML, like Gecko) Chrome/151.0.7922.173 Mobile Safari/537.36 (compatible; Googlebot/2.1; +http://www.google.com/bot.html)"
95.217.139.6 - - [25/Aug/2026:19:18:36 +0000] "GET /buy.php??b=222039525 HTTP/2.0" 500 0 "-" "Mozilla/5.0 (compatible; AwarioBot/1.0; +https://awario.com/bots.html)"
74.7.227.54 - - [25/Aug/2026:19:18:39 +0000] "GET /buy.php?detail/19803427617595 HTTP/2.0" 500 0 "https://bioredlite.com/buy.php?detail/19803556569365" "Mozilla/5.0 AppleWebKit/537.36 (KHTML, like Gecko; compatible; GPTBot/1.4; +https://openai.com/gptbot)"
95.217.139.6 - - [25/Aug/2026:19:18:40 +0000] "GET /buy.php??b=222042069 HTTP/2.0" 500 0 "-" "Mozilla/5.0 (compatible; AwarioBot/1.0; +https://awario.com/bots.html)"
95.217.139.6 - - [25/Aug/2026:19:18:44 +0000] "GET /buy.php??b=222044031 HTTP/2.0" 500 0 "-" "Mozilla/5.0 (compatible; AwarioBot/1.0; +https://awario.com/bots.html)"
95.217.139.6 - - [25/Aug/2026:19:18:48 +0000] "GET /buy.php??b=223005974 HTTP/2.0" 500 0 "-" "Mozilla/5.0 (compatible; AwarioBot/1.0; +https://awario.com/bots.html)"
192.178.6.32 - - [25/Aug/2026:19:18:49 +0000] "GET /prizes/21615125 HTTP/2.0" 500 0 "-" "Mozilla/5.0 (Linux; Android 6.0.1; Nexus 5X Build/MMB29P) AppleWebKit/537.36 (KHTML, like Gecko) Chrome/151.0.7922.173 Mobile Safari/537.36 (compatible; Googlebot/2.1; +http://www.google.com/bot.html)"
95.217.139.6 - - [25/Aug/2026:19:18:53 +0000] "GET /buy.php??b=223006866 HTTP/2.0" 500 0 "-" "Mozilla/5.0 (compatible; AwarioBot/1.0; +https://awario.com/bots.html)"
95.217.139.6 - - [25/Aug/2026:19:18:55 +0000] "GET /buy.php??b=223011020 HTTP/2.0" 500 0 "-" "Mozilla/5.0 (compatible; AwarioBot/1.0; +https://awario.com/bots.html)"
95.217.139.6 - - [25/Aug/2026:19:18:59 +0000] "GET /buy.php??b=223024762 HTTP/2.0" 500 0 "-" "Mozilla/5.0 (compatible; AwarioBot/1.0; +https://awario.com/bots.html)"
74.7.227.54 - - [25/Aug/2026:19:19:00 +0000] "GET /buy.php?detail/27404551863919 HTTP/2.0" 500 0 "https://bioredlite.com/buy.php?detail/24100910035506" "Mozilla/5.0 AppleWebKit/537.36 (KHTML, like Gecko; compatible; GPTBot/1.4; +https://openai.com/gptbot)"
95.217.139.6 - - [25/Aug/2026:19:19:01 +0000] "GET /buy.php??b=223027940 HTTP/2.0" 500 0 "-" "Mozilla/5.0 (compatible; AwarioBot/1.0; +https://awario.com/bots.html)"
95.217.139.6 - - [25/Aug/2026:19:19:04 +0000] "GET /buy.php??b=223033126 HTTP/2.0" 500 0 "-" "Mozilla/5.0 (compatible; AwarioBot/1.0; +https://awario.com/bots.html)"
192.178.6.33 - - [25/Aug/2026:19:19:06 +0000] "GET /prizes/270143478/ HTTP/2.0" 500 0 "-" "Mozilla/5.0 (Linux; Android 6.0.1; Nexus 5X Build/MMB29P) AppleWebKit/537.36 (KHTML, like Gecko) Chrome/151.0.7922.173 Mobile Safari/537.36 (compatible; Googlebot/2.1; +http://www.google.com/bot.html)"
95.217.139.6 - - [25/Aug/2026:19:19:09 +0000] "GET /buy.php??b=223038652 HTTP/2.0" 500 0 "-" "Mozilla/5.0 (compatible; AwarioBot/1.0; +https://awario.com/bots.html)"
95.217.139.6 - - [25/Aug/2026:19:19:12 +0000] "GET /buy.php??b=224013187 HTTP/2.0" 500 0 "-" "Mozilla/5.0 (compatible; AwarioBot/1.0; +https://awario.com/bots.html)"
95.217.139.6 - - [25/Aug/2026:19:19:16 +0000] "GET /buy.php??b=224016725 HTTP/2.0" 500 0 "-" "Mozilla/5.0 (compatible; AwarioBot/1.0; +https://awario.com/bots.html)"
95.217.139.6 - - [25/Aug/2026:19:19:20 +0000] "GET /buy.php??b=224031357 HTTP/2.0" 500 0 "-" "Mozilla/5.0 (compatible; AwarioBot/1.0; +https://awario.com/bots.html)"
74.7.227.54 - - [25/Aug/2026:19:19:22 +0000] "GET /buy.php?detail/14402836539107 HTTP/2.0" 500 0 "https://bioredlite.com/buy.php?detail/07601447798213" "Mozilla/5.0 AppleWebKit/537.36 (KHTML, like Gecko; compatible; GPTBot/1.4; +https://openai.com/gptbot)"
95.217.139.6 - - [25/Aug/2026:19:19:23 +0000] "GET /buy.php??b=224036869 HTTP/2.0" 500 0 "-" "Mozilla/5.0 (compatible; AwarioBot/1.0; +https://awario.com/bots.html)"
95.217.139.6 - - [25/Aug/2026:19:19:25 +0000] "GET /buy.php??b=225013668 HTTP/2.0" 500 0 "-" "Mozilla/5.0 (compatible; AwarioBot/1.0; +https://awario.com/bots.html)"
95.217.139.6 - - [25/Aug/2026:19:19:28 +0000] "GET /buy.php??b=225027254 HTTP/2.0" 500 0 "-" "Mozilla/5.0 (compatible; AwarioBot/1.0; +https://awario.com/bots.html)"
95.217.139.6 - - [25/Aug/2026:19:19:30 +0000] "GET /buy.php??b=225028714 HTTP/2.0" 500 0 "-" "Mozilla/5.0 (compatible; AwarioBot/1.0; +https://awario.com/bots.html)"
95.217.139.6 - - [25/Aug/2026:19:19:33 +0000] "GET /buy.php??b=226001675 HTTP/2.0" 500 0 "-" "Mozilla/5.0 (compatible; AwarioBot/1.0; +https://awario.com/bots.html)"
95.217.139.6 - - [25/Aug/2026:19:19:35 +0000] "GET /buy.php??b=226013485 HTTP/2.0" 500 0 "-" "Mozilla/5.0 (compatible; AwarioBot/1.0; +https://awario.com/bots.html)"
101.99.88.90 - - [25/Aug/2026:19:19:36 +0000] "GET / HTTP/2.0" 500 0 "-" "Mozilla/5.0 (compatible; Googlebot/2.1; +http://www.google.com/bot.html)"
192.178.6.32 - - [25/Aug/2026:19:19:39 +0000] "GET /prizes/286760307 HTTP/2.0" 500 0 "-" "Mozilla/5.0 (Linux; Android 6.0.1; Nexus 5X Build/MMB29P) AppleWebKit/537.36 (KHTML, like Gecko) Chrome/151.0.7922.173 Mobile Safari/537.36 (compatible; Googlebot/2.1; +http://www.google.com/bot.html)"
95.217.139.6 - - [25/Aug/2026:19:19:40 +0000] "GET /buy.php??b=226034751 HTTP/2.0" 500 0 "-" "Mozilla/5.0 (compatible; AwarioBot/1.0; +https://awario.com/bots.html)"
95.217.139.6 - - [25/Aug/2026:19:19:43 +0000] "GET /buy.php??b=226040647 HTTP/2.0" 500 0 "-" "Mozilla/5.0 (compatible; AwarioBot/1.0; +https://awario.com/bots.html)"
74.7.227.54 - - [25/Aug/2026:19:19:44 +0000] "GET /buy.php?detail/07603552814719 HTTP/2.0" 500 0 "https://bioredlite.com/buy.php?detail/16601377449799" "Mozilla/5.0 AppleWebKit/537.36 (KHTML, like Gecko; compatible; GPTBot/1.4; +https://openai.com/gptbot)"
95.217.139.6 - - [25/Aug/2026:19:19:46 +0000] "GET /buy.php??b=226041497 HTTP/2.0" 500 0 "-" "Mozilla/5.0 (compatible; AwarioBot/1.0; +https://awario.com/bots.html)"
95.217.139.6 - - [25/Aug/2026:19:19:49 +0000] "GET /buy.php??b=227002502 HTTP/2.0" 500 0 "-" "Mozilla/5.0 (compatible; AwarioBot/1.0; +https://awario.com/bots.html)"
95.217.139.6 - - [25/Aug/2026:19:19:54 +0000] "GET /buy.php??b=227012376 HTTP/2.0" 500 0 "-" "Mozilla/5.0 (compatible; AwarioBot/1.0; +https://awario.com/bots.html)"
192.178.6.32 - - [25/Aug/2026:19:19:55 +0000] "GET /prizes/114574983 HTTP/2.0" 500 0 "-" "Mozilla/5.0 (Linux; Android 6.0.1; Nexus 5X Build/MMB29P) AppleWebKit/537.36 (KHTML, like Gecko) Chrome/151.0.7922.173 Mobile Safari/537.36 (compatible; Googlebot/2.1; +http://www.google.com/bot.html)"
192.178.6.32 - - [25/Aug/2026:19:19:56 +0000] "GET /?e=58270258647 HTTP/2.0" 500 0 "-" "Mozilla/5.0 (Linux; Android 6.0.1; Nexus 5X Build/MMB29P) AppleWebKit/537.36 (KHTML, like Gecko) Chrome/151.0.7922.173 Mobile Safari/537.36 (compatible; Googlebot/2.1; +http://www.google.com/bot.html)"
95.217.139.6 - - [25/Aug/2026:19:19:57 +0000] "GET /buy.php??b=227012980 HTTP/2.0" 500 0 "-" "Mozilla/5.0 (compatible; AwarioBot/1.0; +https://awario.com/bots.html)"
95.217.139.6 - - [25/Aug/2026:19:20:02 +0000] "GET /buy.php??b=227024758 HTTP/2.0" 500 0 "-" "Mozilla/5.0 (compatible; AwarioBot/1.0; +https://awario.com/bots.html)"
192.178.6.33 - - [25/Aug/2026:19:20:04 +0000] "GET /prizes/263863387/ HTTP/2.0" 500 0 "-" "Mozilla/5.0 (Linux; Android 6.0.1; Nexus 5X Build/MMB29P) AppleWebKit/537.36 (KHTML, like Gecko) Chrome/151.0.7922.173 Mobile Safari/537.36 (compatible; Googlebot/2.1; +http://www.google.com/bot.html)"
74.7.227.54 - - [25/Aug/2026:19:20:05 +0000] "GET /buy.php?detail/24903656281870 HTTP/2.0" 500 0 "https://bioredlite.com/buy.php?detail/07004143386538" "Mozilla/5.0 AppleWebKit/537.36 (KHTML, like Gecko; compatible; GPTBot/1.4; +https://openai.com/gptbot)"
95.217.139.6 - - [25/Aug/2026:19:20:06 +0000] "GET /buy.php??b=227030702 HTTP/2.0" 500 0 "-" "Mozilla/5.0 (compatible; AwarioBot/1.0; +https://awario.com/bots.html)"
95.217.139.6 - - [25/Aug/2026:19:20:09 +0000] "GET /buy.php??b=227035374 HTTP/2.0" 500 0 "-" "Mozilla/5.0 (compatible; AwarioBot/1.0; +https://awario.com/bots.html)"
95.217.139.6 - - [25/Aug/2026:19:20:12 +0000] "GET /buy.php??b=227037808 HTTP/2.0" 500 0 "-" "Mozilla/5.0 (compatible; AwarioBot/1.0; +https://awario.com/bots.html)"
95.217.139.6 - - [25/Aug/2026:19:20:15 +0000] "GET /buy.php??b=228014973 HTTP/2.0" 500 0 "-" "Mozilla/5.0 (compatible; AwarioBot/1.0; +https://awario.com/bots.html)"
95.217.139.6 - - [25/Aug/2026:19:20:19 +0000] "GET /buy.php??b=228026667 HTTP/2.0" 500 0 "-" "Mozilla/5.0 (compatible; AwarioBot/1.0; +https://awario.com/bots.html)"
95.217.139.6 - - [25/Aug/2026:19:20:23 +0000] "GET /buy.php??b=228037527 HTTP/2.0" 500 0 "-" "Mozilla/5.0 (compatible; AwarioBot/1.0; +https://awario.com/bots.html)"
95.217.139.6 - - [25/Aug/2026:19:20:25 +0000] "GET /buy.php??b=228044389 HTTP/2.0" 500 0 "-" "Mozilla/5.0 (compatible; AwarioBot/1.0; +https://awario.com/bots.html)"
74.7.227.54 - - [25/Aug/2026:19:20:25 +0000] "GET /buy.php?detail/06702738494561 HTTP/2.0" 500 0 "https://bioredlite.com/buy.php?detail/12103513259393" "Mozilla/5.0 AppleWebKit/537.36 (KHTML, like Gecko; compatible; GPTBot/1.4; +https://openai.com/gptbot)"
95.217.139.6 - - [25/Aug/2026:19:20:27 +0000] "GET /buy.php??b=229028390 HTTP/2.0" 500 0 "-" "Mozilla/5.0 (compatible; AwarioBot/1.0; +https://awario.com/bots.html)"
95.217.139.6 - - [25/Aug/2026:19:20:30 +0000] "GET /buy.php??b=229032676 HTTP/2.0" 500 0 "-" "Mozilla/5.0 (compatible; AwarioBot/1.0; +https://awario.com/bots.html)"
192.178.6.32 - - [25/Aug/2026:19:20:30 +0000] "GET /prizes/195019701 HTTP/2.0" 500 0 "-" "Mozilla/5.0 (Linux; Android 6.0.1; Nexus 5X Build/MMB29P) AppleWebKit/537.36 (KHTML, like Gecko) Chrome/151.0.7922.173 Mobile Safari/537.36 (compatible; Googlebot/2.1; +http://www.google.com/bot.html)"
95.217.139.6 - - [25/Aug/2026:19:20:33 +0000] "GET /buy.php??b=229045758 HTTP/2.0" 500 0 "-" "Mozilla/5.0 (compatible; AwarioBot/1.0; +https://awario.com/bots.html)"
95.217.139.6 - - [25/Aug/2026:19:20:36 +0000] "GET /buy.php??b=230012945 HTTP/2.0" 500 0 "-" "Mozilla/5.0 (compatible; AwarioBot/1.0; +https://awario.com/bots.html)"
95.217.139.6 - - [25/Aug/2026:19:20:38 +0000] "GET /buy.php??b=230020241 HTTP/2.0" 500 0 "-" "Mozilla/5.0 (compatible; AwarioBot/1.0; +https://awario.com/bots.html)"
192.178.6.32 - - [25/Aug/2026:19:20:40 +0000] "GET /prizes/32888852 HTTP/2.0" 500 0 "-" "Mozilla/5.0 (Linux; Android 6.0.1; Nexus 5X Build/MMB29P) AppleWebKit/537.36 (KHTML, like Gecko) Chrome/151.0.7922.173 Mobile Safari/537.36 (compatible; Googlebot/2.1; +http://www.google.com/bot.html)"
95.217.139.6 - - [25/Aug/2026:19:20:43 +0000] "GET /buy.php??b=231012974 HTTP/2.0" 500 0 "-" "Mozilla/5.0 (compatible; AwarioBot/1.0; +https://awario.com/bots.html)"
74.7.227.54 - - [25/Aug/2026:19:20:46 +0000] "GET /buy.php?detail/03204561295847 HTTP/2.0" 500 0 "https://bioredlite.com/buy.php?detail/03204557072179" "Mozilla/5.0 AppleWebKit/537.36 (KHTML, like Gecko; compatible; GPTBot/1.4; +https://openai.com/gptbot)"
95.217.139.6 - - [25/Aug/2026:19:20:46 +0000] "GET /buy.php??b=231013906 HTTP/2.0" 500 0 "-" "Mozilla/5.0 (compatible; AwarioBot/1.0; +https://awario.com/bots.html)"
95.217.139.6 - - [25/Aug/2026:19:20:50 +0000] "GET /buy.php??b=231017302 HTTP/2.0" 500 0 "-" "Mozilla/5.0 (compatible; AwarioBot/1.0; +https://awario.com/bots.html)"
95.217.139.6 - - [25/Aug/2026:19:20:53 +0000] "GET /buy.php??b=231047444 HTTP/2.0" 500 0 "-" "Mozilla/5.0 (compatible; AwarioBot/1.0; +https://awario.com/bots.html)"
95.217.139.6 - - [25/Aug/2026:19:20:55 +0000] "GET /buy.php??b=231047856 HTTP/2.0" 500 0 "-" "Mozilla/5.0 (compatible; AwarioBot/1.0; +https://awario.com/bots.html)"
95.217.139.6 - - [25/Aug/2026:19:20:59 +0000] "GET /buy.php??b=231049004 HTTP/2.0" 500 0 "-" "Mozilla/5.0 (compatible; AwarioBot/1.0; +https://awario.com/bots.html)"
192.178.6.32 - - [25/Aug/2026:19:20:59 +0000] "GET /prizes/212701761/ HTTP/2.0" 500 0 "-" "Mozilla/5.0 (Linux; Android 6.0.1; Nexus 5X Build/MMB29P) AppleWebKit/537.36 (KHTML, like Gecko) Chrome/151.0.7922.173 Mobile Safari/537.36 (compatible; Googlebot/2.1; +http://www.google.com/bot.html)"
95.217.139.6 - - [25/Aug/2026:19:21:04 +0000] "GET /buy.php??b=232001313 HTTP/2.0" 500 0 "-" "Mozilla/5.0 (compatible; AwarioBot/1.0; +https://awario.com/bots.html)"
101.99.88.90 - - [25/Aug/2026:19:21:04 +0000] "GET /wp-content/wpa083f4/index.php HTTP/2.0" 200 0 "-" "-"
74.7.227.54 - - [25/Aug/2026:19:21:06 +0000] "GET /buy.php?detail/14301728558296 HTTP/2.0" 500 0 "https://bioredlite.com/buy.php?detail/20901043400410" "Mozilla/5.0 AppleWebKit/537.36 (KHTML, like Gecko; compatible; GPTBot/1.4; +https://openai.com/gptbot)"
95.217.139.6 - - [25/Aug/2026:19:21:10 +0000] "GET /buy.php??b=233000422 HTTP/2.0" 500 0 "-" "Mozilla/5.0 (compatible; AwarioBot/1.0; +https://awario.com/bots.html)"
95.217.139.6 - - [25/Aug/2026:19:21:13 +0000] "GET /buy.php??b=233002134 HTTP/2.0" 500 0 "-" "Mozilla/5.0 (compatible; AwarioBot/1.0; +https://awario.com/bots.html)"
95.217.139.6 - - [25/Aug/2026:19:21:16 +0000] "GET /buy.php??b=233006260 HTTP/2.0" 500 0 "-" "Mozilla/5.0 (compatible; AwarioBot/1.0; +https://awario.com/bots.html)"
192.178.6.32 - - [25/Aug/2026:19:21:16 +0000] "GET /prizes/294781084 HTTP/2.0" 500 0 "-" "Mozilla/5.0 (Linux; Android 6.0.1; Nexus 5X Build/MMB29P) AppleWebKit/537.36 (KHTML, like Gecko) Chrome/151.0.7922.173 Mobile Safari/537.36 (compatible; Googlebot/2.1; +http://www.google.com/bot.html)"
95.217.139.6 - - [25/Aug/2026:19:21:19 +0000] "GET /buy.php??b=233011644 HTTP/2.0" 500 0 "-" "Mozilla/5.0 (compatible; AwarioBot/1.0; +https://awario.com/bots.html)"
2a03:2880:f806:14:: - - [25/Aug/2026:19:21:20 +0000] "GET /products.php?y=1115295662 HTTP/2.0" 500 0 "-" "Mozilla/5.0 (X11; Linux x86_64) AppleWebKit/537.36 (KHTML, like Gecko) Chrome/145.0.0.0 Safari/537.36 (compatible; meta-externalagent/1.1 (+https://developers.facebook.com/docs/sharing/webmasters/crawler))"
95.217.139.6 - - [25/Aug/2026:19:21:22 +0000] "GET /buy.php??b=233039826 HTTP/2.0" 500 0 "-" "Mozilla/5.0 (compatible; AwarioBot/1.0; +https://awario.com/bots.html)"
95.217.139.6 - - [25/Aug/2026:19:21:25 +0000] "GET /buy.php??b=233042916 HTTP/2.0" 500 0 "-" "Mozilla/5.0 (compatible; AwarioBot/1.0; +https://awario.com/bots.html)"
74.7.227.54 - - [25/Aug/2026:19:21:27 +0000] "GET /buy.php?detail/23804475683519 HTTP/2.0" 500 0 "https://bioredlite.com/buy.php?detail/00101710561273" "Mozilla/5.0 AppleWebKit/537.36 (KHTML, like Gecko; compatible; GPTBot/1.4; +https://openai.com/gptbot)"
95.217.139.6 - - [25/Aug/2026:19:21:29 +0000] "GET /buy.php??b=235000420 HTTP/2.0" 500 0 "-" "Mozilla/5.0 (compatible; AwarioBot/1.0; +https://awario.com/bots.html)"
95.217.139.6 - - [25/Aug/2026:19:21:32 +0000] "GET /buy.php??b=235003540 HTTP/2.0" 500 0 "-" "Mozilla/5.0 (compatible; AwarioBot/1.0; +https://awario.com/bots.html)"
192.178.6.32 - - [25/Aug/2026:19:21:32 +0000] "GET /prizes/192675317 HTTP/2.0" 500 0 "-" "Mozilla/5.0 (Linux; Android 6.0.1; Nexus 5X Build/MMB29P) AppleWebKit/537.36 (KHTML, like Gecko) Chrome/151.0.7922.173 Mobile Safari/537.36 (compatible; Googlebot/2.1; +http://www.google.com/bot.html)"
95.217.139.6 - - [25/Aug/2026:19:21:36 +0000] "GET /buy.php??b=235028024 HTTP/2.0" 500 0 "-" "Mozilla/5.0 (compatible; AwarioBot/1.0; +https://awario.com/bots.html)"
95.217.139.6 - - [25/Aug/2026:19:21:40 +0000] "GET /buy.php??b=235029684 HTTP/2.0" 500 0 "-" "Mozilla/5.0 (compatible; AwarioBot/1.0; +https://awario.com/bots.html)"
95.217.139.6 - - [25/Aug/2026:19:21:43 +0000] "GET /buy.php??b=235043184 HTTP/2.0" 500 0 "-" "Mozilla/5.0 (compatible; AwarioBot/1.0; +https://awario.com/bots.html)"
95.217.139.6 - - [25/Aug/2026:19:21:47 +0000] "GET /buy.php??b=236005655 HTTP/2.0" 500 0 "-" "Mozilla/5.0 (compatible; AwarioBot/1.0; +https://awario.com/bots.html)"
74.7.227.54 - - [25/Aug/2026:19:21:49 +0000] "GET /buy.php?detail/18203574845691 HTTP/2.0" 500 0 "https://bioredlite.com/buy.php?detail/10501707749957" "Mozilla/5.0 AppleWebKit/537.36 (KHTML, like Gecko; compatible; GPTBot/1.4; +https://openai.com/gptbot)"
95.217.139.6 - - [25/Aug/2026:19:21:52 +0000] "GET /buy.php??b=236005839 HTTP/2.0" 500 0 "-" "Mozilla/5.0 (compatible; AwarioBot/1.0; +https://awario.com/bots.html)"
95.217.139.6 - - [25/Aug/2026:19:21:55 +0000] "GET /buy.php??b=236006375 HTTP/2.0" 500 0 "-" "Mozilla/5.0 (compatible; AwarioBot/1.0; +https://awario.com/bots.html)"
95.217.139.6 - - [25/Aug/2026:19:21:58 +0000] "GET /buy.php??b=236014971 HTTP/2.0" 500 0 "-" "Mozilla/5.0 (compatible; AwarioBot/1.0; +https://awario.com/bots.html)"
95.217.139.6 - - [25/Aug/2026:19:22:02 +0000] "GET /buy.php??b=236020243 HTTP/2.0" 500 0 "-" "Mozilla/5.0 (compatible; AwarioBot/1.0; +https://awario.com/bots.html)"
192.178.6.32 - - [25/Aug/2026:19:22:05 +0000] "GET /prizes/81013327 HTTP/2.0" 500 0 "-" "Mozilla/5.0 (Linux; Android 6.0.1; Nexus 5X Build/MMB29P) AppleWebKit/537.36 (KHTML, like Gecko) Chrome/151.0.7922.173 Mobile Safari/537.36 (compatible; Googlebot/2.1; +http://www.google.com/bot.html)"
95.217.139.6 - - [25/Aug/2026:19:22:05 +0000] "GET /buy.php??b=236026157 HTTP/2.0" 500 0 "-" "Mozilla/5.0 (compatible; AwarioBot/1.0; +https://awario.com/bots.html)"
95.217.139.6 - - [25/Aug/2026:19:22:07 +0000] "GET /buy.php??b=236037067 HTTP/2.0" 500 0 "-" "Mozilla/5.0 (compatible; AwarioBot/1.0; +https://awario.com/bots.html)"
74.7.227.54 - - [25/Aug/2026:19:22:09 +0000] "GET /buy.php?detail/12104468253097 HTTP/2.0" 500 0 "https://bioredlite.com/buy.php?detail/27503646064950" "Mozilla/5.0 AppleWebKit/537.36 (KHTML, like Gecko; compatible; GPTBot/1.4; +https://openai.com/gptbot)"
95.217.139.6 - - [25/Aug/2026:19:22:09 +0000] "GET /buy.php??b=236037829 HTTP/2.0" 500 0 "-" "Mozilla/5.0 (compatible; AwarioBot/1.0; +https://awario.com/bots.html)"
95.217.139.6 - - [25/Aug/2026:19:22:13 +0000] "GET /buy.php??b=236049321 HTTP/2.0" 500 0 "-" "Mozilla/5.0 (compatible; AwarioBot/1.0; +https://awario.com/bots.html)"
