95.217.139.6 - - [25/Aug/2026:18:26:10 +0000] "GET /buy.php??a=271014582 HTTP/2.0" 500 0 "-" "Mozilla/5.0 (compatible; AwarioBot/1.0; +https://awario.com/bots.html)"
95.217.139.6 - - [25/Aug/2026:18:26:12 +0000] "GET /buy.php??a=271024746 HTTP/2.0" 500 0 "-" "Mozilla/5.0 (compatible; AwarioBot/1.0; +https://awario.com/bots.html)"
204.12.208.18 - - [25/Aug/2026:18:26:14 +0000] "GET /wp-content/ime13628/index.php HTTP/2.0" 200 0 "https://bioredlite.com/wp-content/ime13628/index.php" "Mozilla/4.0 (compatible; MSIE 7.0; Windows NT 6.0; SLCC1; .NET CLR 2.0.50727; Media Center PC 5.0; .NET CLR 3.0.04506)"
95.217.139.6 - - [25/Aug/2026:18:26:15 +0000] "GET /buy.php??a=271032786 HTTP/2.0" 500 0 "-" "Mozilla/5.0 (compatible; AwarioBot/1.0; +https://awario.com/bots.html)"
95.217.139.6 - - [25/Aug/2026:18:26:18 +0000] "GET /buy.php??a=271037660 HTTP/2.0" 500 0 "-" "Mozilla/5.0 (compatible; AwarioBot/1.0; +https://awario.com/bots.html)"
95.217.139.6 - - [25/Aug/2026:18:26:20 +0000] "GET /buy.php??a=271043212 HTTP/2.0" 500 0 "-" "Mozilla/5.0 (compatible; AwarioBot/1.0; +https://awario.com/bots.html)"
95.217.139.6 - - [25/Aug/2026:18:26:23 +0000] "GET /buy.php??a=272000463 HTTP/2.0" 500 0 "-" "Mozilla/5.0 (compatible; AwarioBot/1.0; +https://awario.com/bots.html)"
74.7.227.54 - - [25/Aug/2026:18:26:24 +0000] "GET /buy.php?detail/28304107129965 HTTP/2.0" 500 0 "https://bioredlite.com/buy.php?detail/05401547676193" "Mozilla/5.0 AppleWebKit/537.36 (KHTML, like Gecko; compatible; GPTBot/1.4; +https://openai.com/gptbot)"
95.217.139.6 - - [25/Aug/2026:18:26:25 +0000] "GET /buy.php??a=272003685 HTTP/2.0" 500 0 "-" "Mozilla/5.0 (compatible; AwarioBot/1.0; +https://awario.com/bots.html)"
95.217.139.6 - - [25/Aug/2026:18:26:28 +0000] "GET /buy.php??a=272024573 HTTP/2.0" 500 0 "-" "Mozilla/5.0 (compatible; AwarioBot/1.0; +https://awario.com/bots.html)"
95.217.139.6 - - [25/Aug/2026:18:26:30 +0000] "GET /buy.php??a=273008930 HTTP/2.0" 500 0 "-" "Mozilla/5.0 (compatible; AwarioBot/1.0; +https://awario.com/bots.html)"
95.217.139.6 - - [25/Aug/2026:18:26:33 +0000] "GET /buy.php??a=273020772 HTTP/2.0" 500 0 "-" "Mozilla/5.0 (compatible; AwarioBot/1.0; +https://awario.com/bots.html)"
95.217.139.6 - - [25/Aug/2026:18:26:36 +0000] "GET /buy.php??a=273032424 HTTP/2.0" 500 0 "-" "Mozilla/5.0 (compatible; AwarioBot/1.0; +https://awario.com/bots.html)"
95.217.139.6 - - [25/Aug/2026:18:26:38 +0000] "GET /buy.php??a=274009027 HTTP/2.0" 500 0 "-" "Mozilla/5.0 (compatible; AwarioBot/1.0; +https://awario.com/bots.html)"
95.217.139.6 - - [25/Aug/2026:18:26:41 +0000] "GET /buy.php??a=274013809 HTTP/2.0" 500 0 "-" "Mozilla/5.0 (compatible; AwarioBot/1.0; +https://awario.com/bots.html)"
2a03:2880:f806:1e:: - - [25/Aug/2026:18:26:41 +0000] "GET /products.php?z=84265255072 HTTP/2.0" 500 0 "-" "Mozilla/5.0 (Macintosh; Intel Mac OS X 10_15_7) AppleWebKit/537.36 (KHTML, like Gecko) Chrome/145.0.0.0 Safari/537.36 (compatible; meta-externalagent/1.1 (+https://developers.facebook.com/docs/sharing/webmasters/crawler))"
95.217.139.6 - - [25/Aug/2026:18:26:43 +0000] "GET /buy.php??a=275008356 HTTP/2.0" 500 0 "-" "Mozilla/5.0 (compatible; AwarioBot/1.0; +https://awario.com/bots.html)"
74.7.227.54 - - [25/Aug/2026:18:26:44 +0000] "GET /buy.php?detail/27600537128394 HTTP/2.0" 500 0 "https://bioredlite.com/buy.php?detail/20904937432416" "Mozilla/5.0 AppleWebKit/537.36 (KHTML, like Gecko; compatible; GPTBot/1.4; +https://openai.com/gptbot)"
95.217.139.6 - - [25/Aug/2026:18:26:46 +0000] "GET /buy.php??a=275034656 HTTP/2.0" 500 0 "-" "Mozilla/5.0 (compatible; AwarioBot/1.0; +https://awario.com/bots.html)"
95.217.139.6 - - [25/Aug/2026:18:26:48 +0000] "GET /buy.php??a=275035956 HTTP/2.0" 500 0 "-" "Mozilla/5.0 (compatible; AwarioBot/1.0; +https://awario.com/bots.html)"
95.217.139.6 - - [25/Aug/2026:18:26:50 +0000] "GET /buy.php??a=275046496 HTTP/2.0" 500 0 "-" "Mozilla/5.0 (compatible; AwarioBot/1.0; +https://awario.com/bots.html)"
95.217.139.6 - - [25/Aug/2026:18:26:52 +0000] "GET /buy.php??a=275047998 HTTP/2.0" 500 0 "-" "Mozilla/5.0 (compatible; AwarioBot/1.0; +https://awario.com/bots.html)"
95.217.139.6 - - [25/Aug/2026:18:26:55 +0000] "GET /buy.php??a=276002183 HTTP/2.0" 500 0 "-" "Mozilla/5.0 (compatible; AwarioBot/1.0; +https://awario.com/bots.html)"
95.217.139.6 - - [25/Aug/2026:18:26:57 +0000] "GET /buy.php??a=276008215 HTTP/2.0" 500 0 "-" "Mozilla/5.0 (compatible; AwarioBot/1.0; +https://awario.com/bots.html)"
95.217.139.6 - - [25/Aug/2026:18:27:00 +0000] "GET /buy.php??a=276036641 HTTP/2.0" 500 0 "-" "Mozilla/5.0 (compatible; AwarioBot/1.0; +https://awario.com/bots.html)"
95.217.139.6 - - [25/Aug/2026:18:27:02 +0000] "GET /buy.php??a=277002870 HTTP/2.0" 500 0 "-" "Mozilla/5.0 (compatible; AwarioBot/1.0; +https://awario.com/bots.html)"
74.7.227.54 - - [25/Aug/2026:18:27:04 +0000] "GET /buy.php?detail/13900827426551 HTTP/2.0" 500 0 "https://bioredlite.com/buy.php?detail/20303860323028" "Mozilla/5.0 AppleWebKit/537.36 (KHTML, like Gecko; compatible; GPTBot/1.4; +https://openai.com/gptbot)"
95.217.139.6 - - [25/Aug/2026:18:27:05 +0000] "GET /buy.php??a=277003598 HTTP/2.0" 500 0 "-" "Mozilla/5.0 (compatible; AwarioBot/1.0; +https://awario.com/bots.html)"
95.217.139.6 - - [25/Aug/2026:18:27:08 +0000] "GET /buy.php??a=277012404 HTTP/2.0" 500 0 "-" "Mozilla/5.0 (compatible; AwarioBot/1.0; +https://awario.com/bots.html)"
95.217.139.6 - - [25/Aug/2026:18:27:10 +0000] "GET /buy.php??a=277015284 HTTP/2.0" 500 0 "-" "Mozilla/5.0 (compatible; AwarioBot/1.0; +https://awario.com/bots.html)"
192.178.6.33 - - [25/Aug/2026:18:27:11 +0000] "GET /?v=91047196825 HTTP/2.0" 500 0 "-" "Mozilla/5.0 (Linux; Android 6.0.1; Nexus 5X Build/MMB29P) AppleWebKit/537.36 (KHTML, like Gecko) Chrome/151.0.7922.173 Mobile Safari/537.36 (compatible; Googlebot/2.1; +http://www.google.com/bot.html)"
192.178.6.34 - - [25/Aug/2026:18:27:12 +0000] "GET /?s=89068177247 HTTP/2.0" 500 0 "-" "Mozilla/5.0 (Linux; Android 6.0.1; Nexus 5X Build/MMB29P) AppleWebKit/537.36 (KHTML, like Gecko) Chrome/151.0.7922.173 Mobile Safari/537.36 (compatible; Googlebot/2.1; +http://www.google.com/bot.html)"
95.217.139.6 - - [25/Aug/2026:18:27:14 +0000] "GET /buy.php??a=277024318 HTTP/2.0" 500 0 "-" "Mozilla/5.0 (compatible; AwarioBot/1.0; +https://awario.com/bots.html)"
95.217.139.6 - - [25/Aug/2026:18:27:18 +0000] "GET /buy.php??a=277029856 HTTP/2.0" 500 0 "-" "Mozilla/5.0 (compatible; AwarioBot/1.0; +https://awario.com/bots.html)"
95.217.139.6 - - [25/Aug/2026:18:27:22 +0000] "GET /buy.php??a=277031622 HTTP/2.0" 500 0 "-" "Mozilla/5.0 (compatible; AwarioBot/1.0; +https://awario.com/bots.html)"
95.217.139.6 - - [25/Aug/2026:18:27:25 +0000] "GET /buy.php??a=277038416 HTTP/2.0" 500 0 "-" "Mozilla/5.0 (compatible; AwarioBot/1.0; +https://awario.com/bots.html)"
74.7.227.54 - - [25/Aug/2026:18:27:26 +0000] "GET /buy.php?detail/16400819293527 HTTP/2.0" 500 0 "https://bioredlite.com/buy.php?detail/16400815683803" "Mozilla/5.0 AppleWebKit/537.36 (KHTML, like Gecko; compatible; GPTBot/1.4; +https://openai.com/gptbot)"
95.217.139.6 - - [25/Aug/2026:18:27:27 +0000] "GET /buy.php??a=277038736 HTTP/2.0" 500 0 "-" "Mozilla/5.0 (compatible; AwarioBot/1.0; +https://awario.com/bots.html)"
95.217.139.6 - - [25/Aug/2026:18:27:30 +0000] "GET /buy.php??a=277042726 HTTP/2.0" 500 0 "-" "Mozilla/5.0 (compatible; AwarioBot/1.0; +https://awario.com/bots.html)"
95.217.139.6 - - [25/Aug/2026:18:27:32 +0000] "GET /buy.php??a=278011951 HTTP/2.0" 500 0 "-" "Mozilla/5.0 (compatible; AwarioBot/1.0; +https://awario.com/bots.html)"
95.217.139.6 - - [25/Aug/2026:18:27:34 +0000] "GET /buy.php??a=278011979 HTTP/2.0" 500 0 "-" "Mozilla/5.0 (compatible; AwarioBot/1.0; +https://awario.com/bots.html)"
95.217.139.6 - - [25/Aug/2026:18:27:35 +0000] "GET /buy.php??a=278020591 HTTP/2.0" 500 0 "-" "Mozilla/5.0 (compatible; AwarioBot/1.0; +https://awario.com/bots.html)"
95.217.139.6 - - [25/Aug/2026:18:27:38 +0000] "GET /buy.php??a=278029163 HTTP/2.0" 500 0 "-" "Mozilla/5.0 (compatible; AwarioBot/1.0; +https://awario.com/bots.html)"
95.217.139.6 - - [25/Aug/2026:18:27:40 +0000] "GET /buy.php??a=278029855 HTTP/2.0" 500 0 "-" "Mozilla/5.0 (compatible; AwarioBot/1.0; +https://awario.com/bots.html)"
95.217.139.6 - - [25/Aug/2026:18:27:42 +0000] "GET /buy.php??a=278032159 HTTP/2.0" 500 0 "-" "Mozilla/5.0 (compatible; AwarioBot/1.0; +https://awario.com/bots.html)"
192.178.6.32 - - [25/Aug/2026:18:27:43 +0000] "GET /?n=70135158677 HTTP/2.0" 500 0 "-" "Mozilla/5.0 (Linux; Android 6.0.1; Nexus 5X Build/MMB29P) AppleWebKit/537.36 (KHTML, like Gecko) Chrome/151.0.7922.173 Mobile Safari/537.36 (compatible; Googlebot/2.1; +http://www.google.com/bot.html)"
74.7.227.54 - - [25/Aug/2026:18:27:46 +0000] "GET /buy.php?detail/19504207368894 HTTP/2.0" 500 0 "https://bioredlite.com/buy.php?detail/15400383935497" "Mozilla/5.0 AppleWebKit/537.36 (KHTML, like Gecko; compatible; GPTBot/1.4; +https://openai.com/gptbot)"
2a03:2880:f806:: - - [25/Aug/2026:18:27:47 +0000] "GET /products.php?m=77128139123 HTTP/2.0" 500 0 "-" "Mozilla/5.0 (Windows NT 10.0; Win64; x64) AppleWebKit/537.36 (KHTML, like Gecko) Chrome/145.0.0.0 Safari/537.36 (compatible; meta-externalagent/1.1 (+https://developers.facebook.com/docs/sharing/webmasters/crawler))"
95.217.139.6 - - [25/Aug/2026:18:27:48 +0000] "GET /buy.php??a=278040061 HTTP/2.0" 500 0 "-" "Mozilla/5.0 (compatible; AwarioBot/1.0; +https://awario.com/bots.html)"
95.217.139.6 - - [25/Aug/2026:18:27:50 +0000] "GET /buy.php??a=278043937 HTTP/2.0" 500 0 "-" "Mozilla/5.0 (compatible; AwarioBot/1.0; +https://awario.com/bots.html)"
95.217.139.6 - - [25/Aug/2026:18:27:52 +0000] "GET /buy.php??a=279018810 HTTP/2.0" 500 0 "-" "Mozilla/5.0 (compatible; AwarioBot/1.0; +https://awario.com/bots.html)"
95.217.139.6 - - [25/Aug/2026:18:27:54 +0000] "GET /buy.php??a=279019448 HTTP/2.0" 500 0 "-" "Mozilla/5.0 (compatible; AwarioBot/1.0; +https://awario.com/bots.html)"
95.217.139.6 - - [25/Aug/2026:18:27:56 +0000] "GET /buy.php??a=279039520 HTTP/2.0" 500 0 "-" "Mozilla/5.0 (compatible; AwarioBot/1.0; +https://awario.com/bots.html)"
95.217.139.6 - - [25/Aug/2026:18:27:58 +0000] "GET /buy.php??a=280004107 HTTP/2.0" 500 0 "-" "Mozilla/5.0 (compatible; AwarioBot/1.0; +https://awario.com/bots.html)"
95.217.139.6 - - [25/Aug/2026:18:28:00 +0000] "GET /buy.php??a=280008495 HTTP/2.0" 500 0 "-" "Mozilla/5.0 (compatible; AwarioBot/1.0; +https://awario.com/bots.html)"
95.217.139.6 - - [25/Aug/2026:18:28:02 +0000] "GET /buy.php??a=280008509 HTTP/2.0" 500 0 "-" "Mozilla/5.0 (compatible; AwarioBot/1.0; +https://awario.com/bots.html)"
95.217.139.6 - - [25/Aug/2026:18:28:03 +0000] "GET /buy.php??a=280012551 HTTP/2.0" 500 0 "-" "Mozilla/5.0 (compatible; AwarioBot/1.0; +https://awario.com/bots.html)"
95.217.139.6 - - [25/Aug/2026:18:28:06 +0000] "GET /buy.php??a=280038467 HTTP/2.0" 500 0 "-" "Mozilla/5.0 (compatible; AwarioBot/1.0; +https://awario.com/bots.html)"
74.7.227.54 - - [25/Aug/2026:18:28:07 +0000] "GET /buy.php?detail/14603272885197 HTTP/2.0" 500 0 "https://bioredlite.com/buy.php?detail/27502306070565" "Mozilla/5.0 AppleWebKit/537.36 (KHTML, like Gecko; compatible; GPTBot/1.4; +https://openai.com/gptbot)"
95.217.139.6 - - [25/Aug/2026:18:28:08 +0000] "GET /buy.php??a=280039373 HTTP/2.0" 500 0 "-" "Mozilla/5.0 (compatible; AwarioBot/1.0; +https://awario.com/bots.html)"
95.217.139.6 - - [25/Aug/2026:18:28:11 +0000] "GET /buy.php??a=280044979 HTTP/2.0" 500 0 "-" "Mozilla/5.0 (compatible; AwarioBot/1.0; +https://awario.com/bots.html)"
192.178.6.33 - - [25/Aug/2026:18:28:13 +0000] "GET /prizes/36933569 HTTP/2.0" 500 0 "-" "Mozilla/5.0 (Linux; Android 6.0.1; Nexus 5X Build/MMB29P) AppleWebKit/537.36 (KHTML, like Gecko) Chrome/151.0.7922.173 Mobile Safari/537.36 (compatible; Googlebot/2.1; +http://www.google.com/bot.html)"
95.217.139.6 - - [25/Aug/2026:18:28:13 +0000] "GET /buy.php??a=280047207 HTTP/2.0" 500 0 "-" "Mozilla/5.0 (compatible; AwarioBot/1.0; +https://awario.com/bots.html)"
66.249.69.67 - - [25/Aug/2026:18:28:14 +0000] "GET /products.php?q=1678613711 HTTP/2.0" 500 0 "-" "Mozilla/5.0 (Linux; Android 6.0.1; Nexus 5X Build/MMB29P) AppleWebKit/537.36 (KHTML, like Gecko) Chrome/151.0.7922.173 Mobile Safari/537.36 (compatible; Googlebot/2.1; +http://www.google.com/bot.html)"
192.178.6.34 - - [25/Aug/2026:18:28:14 +0000] "GET /?v=9104731866 HTTP/2.0" 500 0 "-" "Mozilla/5.0 (Linux; Android 6.0.1; Nexus 5X Build/MMB29P) AppleWebKit/537.36 (KHTML, like Gecko) Chrome/151.0.7922.173 Mobile Safari/537.36 (compatible; Googlebot/2.1; +http://www.google.com/bot.html)"
192.178.6.34 - - [25/Aug/2026:18:28:15 +0000] "GET /prizes/52140973 HTTP/2.0" 500 0 "-" "Mozilla/5.0 (Linux; Android 6.0.1; Nexus 5X Build/MMB29P) AppleWebKit/537.36 (KHTML, like Gecko) Chrome/151.0.7922.173 Mobile Safari/537.36 (compatible; Googlebot/2.1; +http://www.google.com/bot.html)"
95.217.139.6 - - [25/Aug/2026:18:28:15 +0000] "GET /buy.php??a=280048443 HTTP/2.0" 500 0 "-" "Mozilla/5.0 (compatible; AwarioBot/1.0; +https://awario.com/bots.html)"
95.217.139.6 - - [25/Aug/2026:18:28:17 +0000] "GET /buy.php??a=280048707 HTTP/2.0" 500 0 "-" "Mozilla/5.0 (compatible; AwarioBot/1.0; +https://awario.com/bots.html)"
95.217.139.6 - - [25/Aug/2026:18:28:19 +0000] "GET /buy.php??a=281014492 HTTP/2.0" 500 0 "-" "Mozilla/5.0 (compatible; AwarioBot/1.0; +https://awario.com/bots.html)"
95.217.139.6 - - [25/Aug/2026:18:28:22 +0000] "GET /buy.php??a=281024916 HTTP/2.0" 500 0 "-" "Mozilla/5.0 (compatible; AwarioBot/1.0; +https://awario.com/bots.html)"
95.217.139.6 - - [25/Aug/2026:18:28:24 +0000] "GET /buy.php??a=281031032 HTTP/2.0" 500 0 "-" "Mozilla/5.0 (compatible; AwarioBot/1.0; +https://awario.com/bots.html)"
95.217.139.6 - - [25/Aug/2026:18:28:26 +0000] "GET /buy.php??a=281035540 HTTP/2.0" 500 0 "-" "Mozilla/5.0 (compatible; AwarioBot/1.0; +https://awario.com/bots.html)"
74.7.227.54 - - [25/Aug/2026:18:28:28 +0000] "GET /buy.php?detail/19500626537448 HTTP/2.0" 500 0 "https://bioredlite.com/buy.php?detail/19500585754526" "Mozilla/5.0 AppleWebKit/537.36 (KHTML, like Gecko; compatible; GPTBot/1.4; +https://openai.com/gptbot)"
95.217.139.6 - - [25/Aug/2026:18:28:28 +0000] "GET /buy.php??a=281035830 HTTP/2.0" 500 0 "-" "Mozilla/5.0 (compatible; AwarioBot/1.0; +https://awario.com/bots.html)"
95.217.139.6 - - [25/Aug/2026:18:28:31 +0000] "GET /buy.php??a=282002073 HTTP/2.0" 500 0 "-" "Mozilla/5.0 (compatible; AwarioBot/1.0; +https://awario.com/bots.html)"
95.217.139.6 - - [25/Aug/2026:18:28:33 +0000] "GET /buy.php??a=282004279 HTTP/2.0" 500 0 "-" "Mozilla/5.0 (compatible; AwarioBot/1.0; +https://awario.com/bots.html)"
95.217.139.6 - - [25/Aug/2026:18:28:36 +0000] "GET /buy.php??a=282006871 HTTP/2.0" 500 0 "-" "Mozilla/5.0 (compatible; AwarioBot/1.0; +https://awario.com/bots.html)"
95.217.139.6 - - [25/Aug/2026:18:28:38 +0000] "GET /buy.php??a=282011133 HTTP/2.0" 500 0 "-" "Mozilla/5.0 (compatible; AwarioBot/1.0; +https://awario.com/bots.html)"
95.217.139.6 - - [25/Aug/2026:18:28:42 +0000] "GET /buy.php??a=282029841 HTTP/2.0" 500 0 "-" "Mozilla/5.0 (compatible; AwarioBot/1.0; +https://awario.com/bots.html)"
95.217.139.6 - - [25/Aug/2026:18:28:44 +0000] "GET /buy.php??a=283002864 HTTP/2.0" 500 0 "-" "Mozilla/5.0 (compatible; AwarioBot/1.0; +https://awario.com/bots.html)"
95.217.139.6 - - [25/Aug/2026:18:28:47 +0000] "GET /buy.php??a=283017190 HTTP/2.0" 500 0 "-" "Mozilla/5.0 (compatible; AwarioBot/1.0; +https://awario.com/bots.html)"
74.7.227.54 - - [25/Aug/2026:18:28:49 +0000] "GET /buy.php?detail/06301495326817 HTTP/2.0" 500 0 "https://bioredlite.com/buy.php?detail/06700824715297" "Mozilla/5.0 AppleWebKit/537.36 (KHTML, like Gecko; compatible; GPTBot/1.4; +https://openai.com/gptbot)"
95.217.139.6 - - [25/Aug/2026:18:28:49 +0000] "GET /buy.php??a=283020914 HTTP/2.0" 500 0 "-" "Mozilla/5.0 (compatible; AwarioBot/1.0; +https://awario.com/bots.html)"
95.217.139.6 - - [25/Aug/2026:18:28:52 +0000] "GET /buy.php??a=283031692 HTTP/2.0" 500 0 "-" "Mozilla/5.0 (compatible; AwarioBot/1.0; +https://awario.com/bots.html)"
95.217.139.6 - - [25/Aug/2026:18:28:54 +0000] "GET /buy.php??a=283033200 HTTP/2.0" 500 0 "-" "Mozilla/5.0 (compatible; AwarioBot/1.0; +https://awario.com/bots.html)"
2a03:2880:f806:39:: - - [25/Aug/2026:18:28:55 +0000] "GET /products.php?z=8426525629 HTTP/2.0" 500 0 "-" "Mozilla/5.0 (Windows NT 10.0; Win64; x64) AppleWebKit/537.36 (KHTML, like Gecko) Chrome/145.0.0.0 Safari/537.36 (compatible; meta-externalagent/1.1 (+https://developers.facebook.com/docs/sharing/webmasters/crawler))"
95.217.139.6 - - [25/Aug/2026:18:28:57 +0000] "GET /buy.php??a=283037836 HTTP/2.0" 500 0 "-" "Mozilla/5.0 (compatible; AwarioBot/1.0; +https://awario.com/bots.html)"
95.217.139.6 - - [25/Aug/2026:18:29:01 +0000] "GET /buy.php??a=284019429 HTTP/2.0" 500 0 "-" "Mozilla/5.0 (compatible; AwarioBot/1.0; +https://awario.com/bots.html)"
95.217.139.6 - - [25/Aug/2026:18:29:03 +0000] "GET /buy.php??a=284020721 HTTP/2.0" 500 0 "-" "Mozilla/5.0 (compatible; AwarioBot/1.0; +https://awario.com/bots.html)"
95.217.139.6 - - [25/Aug/2026:18:29:05 +0000] "GET /buy.php??a=285002050 HTTP/2.0" 500 0 "-" "Mozilla/5.0 (compatible; AwarioBot/1.0; +https://awario.com/bots.html)"
95.217.139.6 - - [25/Aug/2026:18:29:09 +0000] "GET /buy.php??a=285009016 HTTP/2.0" 500 0 "-" "Mozilla/5.0 (compatible; AwarioBot/1.0; +https://awario.com/bots.html)"
74.7.227.54 - - [25/Aug/2026:18:29:10 +0000] "GET /buy.php?detail/12603475408599 HTTP/2.0" 500 0 "https://bioredlite.com/buy.php?detail/22404526349854" "Mozilla/5.0 AppleWebKit/537.36 (KHTML, like Gecko; compatible; GPTBot/1.4; +https://openai.com/gptbot)"
95.217.139.6 - - [25/Aug/2026:18:29:11 +0000] "GET /buy.php??a=285011228 HTTP/2.0" 500 0 "-" "Mozilla/5.0 (compatible; AwarioBot/1.0; +https://awario.com/bots.html)"
95.217.139.6 - - [25/Aug/2026:18:29:15 +0000] "GET /buy.php??a=285039062 HTTP/2.0" 500 0 "-" "Mozilla/5.0 (compatible; AwarioBot/1.0; +https://awario.com/bots.html)"
192.178.6.32 - - [25/Aug/2026:18:29:17 +0000] "GET /?c=7745652892 HTTP/2.0" 500 0 "-" "Mozilla/5.0 (Linux; Android 6.0.1; Nexus 5X Build/MMB29P) AppleWebKit/537.36 (KHTML, like Gecko) Chrome/151.0.7922.173 Mobile Safari/537.36 (compatible; Googlebot/2.1; +http://www.google.com/bot.html)"
95.217.139.6 - - [25/Aug/2026:18:29:17 +0000] "GET /buy.php??a=286011017 HTTP/2.0" 500 0 "-" "Mozilla/5.0 (compatible; AwarioBot/1.0; +https://awario.com/bots.html)"
95.217.139.6 - - [25/Aug/2026:18:29:21 +0000] "GET /buy.php??a=286017943 HTTP/2.0" 500 0 "-" "Mozilla/5.0 (compatible; AwarioBot/1.0; +https://awario.com/bots.html)"
95.217.139.6 - - [25/Aug/2026:18:29:24 +0000] "GET /buy.php??a=286019519 HTTP/2.0" 500 0 "-" "Mozilla/5.0 (compatible; AwarioBot/1.0; +https://awario.com/bots.html)"
95.217.139.6 - - [25/Aug/2026:18:29:27 +0000] "GET /buy.php??a=286041855 HTTP/2.0" 500 0 "-" "Mozilla/5.0 (compatible; AwarioBot/1.0; +https://awario.com/bots.html)"
95.217.139.6 - - [25/Aug/2026:18:29:31 +0000] "GET /buy.php??a=287000254 HTTP/2.0" 500 0 "-" "Mozilla/5.0 (compatible; AwarioBot/1.0; +https://awario.com/bots.html)"
74.7.227.54 - - [25/Aug/2026:18:29:32 +0000] "GET /buy.php?detail/13804397455261 HTTP/2.0" 500 0 "https://bioredlite.com/buy.php?detail/23802769480708" "Mozilla/5.0 AppleWebKit/537.36 (KHTML, like Gecko; compatible; GPTBot/1.4; +https://openai.com/gptbot)"
95.217.139.6 - - [25/Aug/2026:18:29:34 +0000] "GET /buy.php??a=287000536 HTTP/2.0" 500 0 "-" "Mozilla/5.0 (compatible; AwarioBot/1.0; +https://awario.com/bots.html)"
95.217.139.6 - - [25/Aug/2026:18:29:36 +0000] "GET /buy.php??a=287003080 HTTP/2.0" 500 0 "-" "Mozilla/5.0 (compatible; AwarioBot/1.0; +https://awario.com/bots.html)"
95.217.139.6 - - [25/Aug/2026:18:29:39 +0000] "GET /buy.php??a=287003530 HTTP/2.0" 500 0 "-" "Mozilla/5.0 (compatible; AwarioBot/1.0; +https://awario.com/bots.html)"
95.217.139.6 - - [25/Aug/2026:18:29:43 +0000] "GET /buy.php??a=287011016 HTTP/2.0" 500 0 "-" "Mozilla/5.0 (compatible; AwarioBot/1.0; +https://awario.com/bots.html)"
95.217.139.6 - - [25/Aug/2026:18:29:46 +0000] "GET /buy.php??a=287022566 HTTP/2.0" 500 0 "-" "Mozilla/5.0 (compatible; AwarioBot/1.0; +https://awario.com/bots.html)"
95.217.139.6 - - [25/Aug/2026:18:29:49 +0000] "GET /buy.php??a=287025340 HTTP/2.0" 500 0 "-" "Mozilla/5.0 (compatible; AwarioBot/1.0; +https://awario.com/bots.html)"
95.217.139.6 - - [25/Aug/2026:18:29:51 +0000] "GET /buy.php??a=287034760 HTTP/2.0" 500 0 "-" "Mozilla/5.0 (compatible; AwarioBot/1.0; +https://awario.com/bots.html)"
74.7.227.54 - - [25/Aug/2026:18:29:53 +0000] "GET /buy.php?detail/24101867309953 HTTP/2.0" 500 0 "https://bioredlite.com/buy.php?detail/03101645228213" "Mozilla/5.0 AppleWebKit/537.36 (KHTML, like Gecko; compatible; GPTBot/1.4; +https://openai.com/gptbot)"
95.217.139.6 - - [25/Aug/2026:18:29:55 +0000] "GET /buy.php??a=287035860 HTTP/2.0" 500 0 "-" "Mozilla/5.0 (compatible; AwarioBot/1.0; +https://awario.com/bots.html)"
95.217.139.6 - - [25/Aug/2026:18:29:58 +0000] "GET /buy.php??a=287038662 HTTP/2.0" 500 0 "-" "Mozilla/5.0 (compatible; AwarioBot/1.0; +https://awario.com/bots.html)"
95.217.139.6 - - [25/Aug/2026:18:30:00 +0000] "GET /buy.php??a=287040628 HTTP/2.0" 500 0 "-" "Mozilla/5.0 (compatible; AwarioBot/1.0; +https://awario.com/bots.html)"
2a03:2880:f806:3a:: - - [25/Aug/2026:18:30:01 +0000] "GET /products.php?y=11152129358 HTTP/2.0" 500 0 "-" "Mozilla/5.0 (Windows NT 10.0; Win64; x64) AppleWebKit/537.36 (KHTML, like Gecko) Chrome/145.0.0.0 Safari/537.36 (compatible; meta-externalagent/1.1 (+https://developers.facebook.com/docs/sharing/webmasters/crawler))"
95.217.139.6 - - [25/Aug/2026:18:30:02 +0000] "GET /buy.php??a=287042838 HTTP/2.0" 500 0 "-" "Mozilla/5.0 (compatible; AwarioBot/1.0; +https://awario.com/bots.html)"
95.217.139.6 - - [25/Aug/2026:18:30:05 +0000] "GET /buy.php??a=287047498 HTTP/2.0" 500 0 "-" "Mozilla/5.0 (compatible; AwarioBot/1.0; +https://awario.com/bots.html)"
95.217.139.6 - - [25/Aug/2026:18:30:08 +0000] "GET /buy.php??a=288004617 HTTP/2.0" 500 0 "-" "Mozilla/5.0 (compatible; AwarioBot/1.0; +https://awario.com/bots.html)"
95.217.139.6 - - [25/Aug/2026:18:30:10 +0000] "GET /buy.php??a=288017747 HTTP/2.0" 500 0 "-" "Mozilla/5.0 (compatible; AwarioBot/1.0; +https://awario.com/bots.html)"
95.217.139.6 - - [25/Aug/2026:18:30:12 +0000] "GET /buy.php??a=288021505 HTTP/2.0" 500 0 "-" "Mozilla/5.0 (compatible; AwarioBot/1.0; +https://awario.com/bots.html)"
74.7.227.54 - - [25/Aug/2026:18:30:15 +0000] "GET /buy.php?detail/22803654753491 HTTP/2.0" 500 0 "https://bioredlite.com/buy.php?detail/18303898465565" "Mozilla/5.0 AppleWebKit/537.36 (KHTML, like Gecko; compatible; GPTBot/1.4; +https://openai.com/gptbot)"
95.217.139.6 - - [25/Aug/2026:18:30:15 +0000] "GET /buy.php??a=288031917 HTTP/2.0" 500 0 "-" "Mozilla/5.0 (compatible; AwarioBot/1.0; +https://awario.com/bots.html)"
192.178.6.32 - - [25/Aug/2026:18:30:17 +0000] "GET /?n=70135123019 HTTP/2.0" 500 0 "-" "Mozilla/5.0 (Linux; Android 6.0.1; Nexus 5X Build/MMB29P) AppleWebKit/537.36 (KHTML, like Gecko) Chrome/151.0.7922.173 Mobile Safari/537.36 (compatible; Googlebot/2.1; +http://www.google.com/bot.html)"
95.217.139.6 - - [25/Aug/2026:18:30:17 +0000] "GET /buy.php??a=288040563 HTTP/2.0" 500 0 "-" "Mozilla/5.0 (compatible; AwarioBot/1.0; +https://awario.com/bots.html)"
66.249.69.67 - - [25/Aug/2026:18:30:18 +0000] "GET /detail.php?t=93567143447 HTTP/2.0" 500 0 "-" "Mozilla/5.0 (Linux; Android 6.0.1; Nexus 5X Build/MMB29P) AppleWebKit/537.36 (KHTML, like Gecko) Chrome/151.0.7922.173 Mobile Safari/537.36 (compatible; Googlebot/2.1; +http://www.google.com/bot.html)"
95.217.139.6 - - [25/Aug/2026:18:30:20 +0000] "GET /buy.php??a=289005678 HTTP/2.0" 500 0 "-" "Mozilla/5.0 (compatible; AwarioBot/1.0; +https://awario.com/bots.html)"
95.217.139.6 - - [25/Aug/2026:18:30:23 +0000] "GET /buy.php??a=289020590 HTTP/2.0" 500 0 "-" "Mozilla/5.0 (compatible; AwarioBot/1.0; +https://awario.com/bots.html)"
95.217.139.6 - - [25/Aug/2026:18:30:26 +0000] "GET /buy.php??a=289021512 HTTP/2.0" 500 0 "-" "Mozilla/5.0 (compatible; AwarioBot/1.0; +https://awario.com/bots.html)"
95.217.139.6 - - [25/Aug/2026:18:30:27 +0000] "GET /buy.php??a=289022608 HTTP/2.0" 500 0 "-" "Mozilla/5.0 (compatible; AwarioBot/1.0; +https://awario.com/bots.html)"
95.217.139.6 - - [25/Aug/2026:18:30:29 +0000] "GET /buy.php??a=289031962 HTTP/2.0" 500 0 "-" "Mozilla/5.0 (compatible; AwarioBot/1.0; +https://awario.com/bots.html)"
95.217.139.6 - - [25/Aug/2026:18:30:31 +0000] "GET /buy.php??a=289034722 HTTP/2.0" 500 0 "-" "Mozilla/5.0 (compatible; AwarioBot/1.0; +https://awario.com/bots.html)"
95.217.139.6 - - [25/Aug/2026:18:30:33 +0000] "GET /buy.php??a=289049270 HTTP/2.0" 500 0 "-" "Mozilla/5.0 (compatible; AwarioBot/1.0; +https://awario.com/bots.html)"
95.217.139.6 - - [25/Aug/2026:18:30:35 +0000] "GET /buy.php??a=290001469 HTTP/2.0" 500 0 "-" "Mozilla/5.0 (compatible; AwarioBot/1.0; +https://awario.com/bots.html)"
74.7.227.54 - - [25/Aug/2026:18:30:36 +0000] "GET /buy.php?detail/25600647313798 HTTP/2.0" 500 0 "https://bioredlite.com/buy.php?detail/25600550263650" "Mozilla/5.0 AppleWebKit/537.36 (KHTML, like Gecko; compatible; GPTBot/1.4; +https://openai.com/gptbot)"
95.217.139.6 - - [25/Aug/2026:18:30:37 +0000] "GET /buy.php??a=290008201 HTTP/2.0" 500 0 "-" "Mozilla/5.0 (compatible; AwarioBot/1.0; +https://awario.com/bots.html)"
95.217.139.6 - - [25/Aug/2026:18:30:39 +0000] "GET /buy.php??a=290013277 HTTP/2.0" 500 0 "-" "Mozilla/5.0 (compatible; AwarioBot/1.0; +https://awario.com/bots.html)"
95.217.139.6 - - [25/Aug/2026:18:30:41 +0000] "GET /buy.php??a=290027103 HTTP/2.0" 500 0 "-" "Mozilla/5.0 (compatible; AwarioBot/1.0; +https://awario.com/bots.html)"
95.217.139.6 - - [25/Aug/2026:18:30:43 +0000] "GET /buy.php??a=290037779 HTTP/2.0" 500 0 "-" "Mozilla/5.0 (compatible; AwarioBot/1.0; +https://awario.com/bots.html)"
95.217.139.6 - - [25/Aug/2026:18:30:47 +0000] "GET /buy.php??a=290042933 HTTP/2.0" 500 0 "-" "Mozilla/5.0 (compatible; AwarioBot/1.0; +https://awario.com/bots.html)"
192.178.6.35 - - [25/Aug/2026:18:30:48 +0000] "GET /?s=89068164170 HTTP/2.0" 500 0 "-" "Mozilla/5.0 (Linux; Android 6.0.1; Nexus 5X Build/MMB29P) AppleWebKit/537.36 (KHTML, like Gecko) Chrome/151.0.7922.173 Mobile Safari/537.36 (compatible; Googlebot/2.1; +http://www.google.com/bot.html)"
95.217.139.6 - - [25/Aug/2026:18:30:49 +0000] "GET /buy.php??a=291009624 HTTP/2.0" 500 0 "-" "Mozilla/5.0 (compatible; AwarioBot/1.0; +https://awario.com/bots.html)"
95.217.139.6 - - [25/Aug/2026:18:30:51 +0000] "GET /buy.php??a=291035514 HTTP/2.0" 500 0 "-" "Mozilla/5.0 (compatible; AwarioBot/1.0; +https://awario.com/bots.html)"
95.217.139.6 - - [25/Aug/2026:18:30:54 +0000] "GET /buy.php??a=291038658 HTTP/2.0" 500 0 "-" "Mozilla/5.0 (compatible; AwarioBot/1.0; +https://awario.com/bots.html)"
95.217.139.6 - - [25/Aug/2026:18:30:57 +0000] "GET /buy.php??a=291039212 HTTP/2.0" 500 0 "-" "Mozilla/5.0 (compatible; AwarioBot/1.0; +https://awario.com/bots.html)"
74.7.227.54 - - [25/Aug/2026:18:30:57 +0000] "GET /buy.php?detail/23603078541942 HTTP/2.0" 500 0 "https://bioredlite.com/buy.php?detail/23603582622010" "Mozilla/5.0 AppleWebKit/537.36 (KHTML, like Gecko; compatible; GPTBot/1.4; +https://openai.com/gptbot)"
95.217.139.6 - - [25/Aug/2026:18:31:00 +0000] "GET /buy.php??a=291041798 HTTP/2.0" 500 0 "-" "Mozilla/5.0 (compatible; AwarioBot/1.0; +https://awario.com/bots.html)"
2a03:2880:f814:19:: - - [25/Aug/2026:18:31:03 +0000] "GET / HTTP/2.0" 500 0 "-" "facebookexternalhit/1.1 (+http://www.facebook.com/externalhit_uatext.php)"
95.217.139.6 - - [25/Aug/2026:18:31:05 +0000] "GET /buy.php??a=292000739 HTTP/2.0" 500 0 "-" "Mozilla/5.0 (compatible; AwarioBot/1.0; +https://awario.com/bots.html)"
2a03:2880:f806:3c:: - - [25/Aug/2026:18:31:07 +0000] "GET /products.php?f=54241164345 HTTP/2.0" 500 0 "-" "Mozilla/5.0 (Windows NT 10.0; Win64; x64) AppleWebKit/537.36 (KHTML, like Gecko) Chrome/145.0.0.0 Safari/537.36 (compatible; meta-externalagent/1.1 (+https://developers.facebook.com/docs/sharing/webmasters/crawler))"
95.217.139.6 - - [25/Aug/2026:18:31:08 +0000] "GET /buy.php??a=292010369 HTTP/2.0" 500 0 "-" "Mozilla/5.0 (compatible; AwarioBot/1.0; +https://awario.com/bots.html)"
95.217.139.6 - - [25/Aug/2026:18:31:10 +0000] "GET /buy.php??a=292013791 HTTP/2.0" 500 0 "-" "Mozilla/5.0 (compatible; AwarioBot/1.0; +https://awario.com/bots.html)"
95.217.139.6 - - [25/Aug/2026:18:31:13 +0000] "GET /buy.php??a=292017703 HTTP/2.0" 500 0 "-" "Mozilla/5.0 (compatible; AwarioBot/1.0; +https://awario.com/bots.html)"
95.217.139.6 - - [25/Aug/2026:18:31:16 +0000] "GET /buy.php??a=292019175 HTTP/2.0" 500 0 "-" "Mozilla/5.0 (compatible; AwarioBot/1.0; +https://awario.com/bots.html)"
95.217.139.6 - - [25/Aug/2026:18:31:18 +0000] "GET /buy.php??a=292023781 HTTP/2.0" 500 0 "-" "Mozilla/5.0 (compatible; AwarioBot/1.0; +https://awario.com/bots.html)"
74.7.227.54 - - [25/Aug/2026:18:31:19 +0000] "GET /buy.php?detail/21604683579031 HTTP/2.0" 500 0 "https://bioredlite.com/buy.php?detail/21604660141692" "Mozilla/5.0 AppleWebKit/537.36 (KHTML, like Gecko; compatible; GPTBot/1.4; +https://openai.com/gptbot)"
95.217.139.6 - - [25/Aug/2026:18:31:20 +0000] "GET /buy.php??a=292025105 HTTP/2.0" 500 0 "-" "Mozilla/5.0 (compatible; AwarioBot/1.0; +https://awario.com/bots.html)"
95.217.139.6 - - [25/Aug/2026:18:31:23 +0000] "GET /buy.php??a=292028963 HTTP/2.0" 500 0 "-" "Mozilla/5.0 (compatible; AwarioBot/1.0; +https://awario.com/bots.html)"
95.217.139.6 - - [25/Aug/2026:18:31:24 +0000] "GET /buy.php??a=292040623 HTTP/2.0" 500 0 "-" "Mozilla/5.0 (compatible; AwarioBot/1.0; +https://awario.com/bots.html)"
95.217.139.6 - - [25/Aug/2026:18:31:28 +0000] "GET /buy.php??a=292048343 HTTP/2.0" 500 0 "-" "Mozilla/5.0 (compatible; AwarioBot/1.0; +https://awario.com/bots.html)"
95.217.139.6 - - [25/Aug/2026:18:31:30 +0000] "GET /buy.php??a=293017742 HTTP/2.0" 500 0 "-" "Mozilla/5.0 (compatible; AwarioBot/1.0; +https://awario.com/bots.html)"
95.217.139.6 - - [25/Aug/2026:18:31:33 +0000] "GET /buy.php??a=293031388 HTTP/2.0" 500 0 "-" "Mozilla/5.0 (compatible; AwarioBot/1.0; +https://awario.com/bots.html)"
95.217.139.6 - - [25/Aug/2026:18:31:36 +0000] "GET /buy.php??a=293037044 HTTP/2.0" 500 0 "-" "Mozilla/5.0 (compatible; AwarioBot/1.0; +https://awario.com/bots.html)"
95.217.139.6 - - [25/Aug/2026:18:31:38 +0000] "GET /buy.php??a=294003725 HTTP/2.0" 500 0 "-" "Mozilla/5.0 (compatible; AwarioBot/1.0; +https://awario.com/bots.html)"
74.7.227.54 - - [25/Aug/2026:18:31:39 +0000] "GET /buy.php?detail/17204558389916 HTTP/2.0" 500 0 "https://bioredlite.com/buy.php?detail/22101204276418" "Mozilla/5.0 AppleWebKit/537.36 (KHTML, like Gecko; compatible; GPTBot/1.4; +https://openai.com/gptbot)"
95.217.139.6 - - [25/Aug/2026:18:31:40 +0000] "GET /buy.php??a=294005361 HTTP/2.0" 500 0 "-" "Mozilla/5.0 (compatible; AwarioBot/1.0; +https://awario.com/bots.html)"
95.217.139.6 - - [25/Aug/2026:18:31:42 +0000] "GET /buy.php??a=294025987 HTTP/2.0" 500 0 "-" "Mozilla/5.0 (compatible; AwarioBot/1.0; +https://awario.com/bots.html)"
95.217.139.6 - - [25/Aug/2026:18:31:44 +0000] "GET /buy.php??a=294031433 HTTP/2.0" 500 0 "-" "Mozilla/5.0 (compatible; AwarioBot/1.0; +https://awario.com/bots.html)"
95.217.139.6 - - [25/Aug/2026:18:31:45 +0000] "GET /buy.php??a=294033395 HTTP/2.0" 500 0 "-" "Mozilla/5.0 (compatible; AwarioBot/1.0; +https://awario.com/bots.html)"
95.217.139.6 - - [25/Aug/2026:18:31:48 +0000] "GET /buy.php??a=294048677 HTTP/2.0" 500 0 "-" "Mozilla/5.0 (compatible; AwarioBot/1.0; +https://awario.com/bots.html)"
95.217.139.6 - - [25/Aug/2026:18:31:50 +0000] "GET /buy.php??a=295005530 HTTP/2.0" 500 0 "-" "Mozilla/5.0 (compatible; AwarioBot/1.0; +https://awario.com/bots.html)"
95.217.139.6 - - [25/Aug/2026:18:31:53 +0000] "GET /buy.php??a=295035370 HTTP/2.0" 500 0 "-" "Mozilla/5.0 (compatible; AwarioBot/1.0; +https://awario.com/bots.html)"
95.217.139.6 - - [25/Aug/2026:18:31:56 +0000] "GET /buy.php??a=295040550 HTTP/2.0" 500 0 "-" "Mozilla/5.0 (compatible; AwarioBot/1.0; +https://awario.com/bots.html)"
74.7.227.54 - - [25/Aug/2026:18:31:59 +0000] "GET /buy.php?detail/03201247155986 HTTP/2.0" 500 0 "https://bioredlite.com/buy.php?ranking/silent/ajkbam8zer1clftsvxt_4597.phtml" "Mozilla/5.0 AppleWebKit/537.36 (KHTML, like Gecko; compatible; GPTBot/1.4; +https://openai.com/gptbot)"
95.217.139.6 - - [25/Aug/2026:18:32:00 +0000] "GET /buy.php??a=296023617 HTTP/2.0" 500 0 "-" "Mozilla/5.0 (compatible; AwarioBot/1.0; +https://awario.com/bots.html)"
95.217.139.6 - - [25/Aug/2026:18:32:01 +0000] "GET /buy.php??a=296044963 HTTP/2.0" 500 0 "-" "Mozilla/5.0 (compatible; AwarioBot/1.0; +https://awario.com/bots.html)"
95.217.139.6 - - [25/Aug/2026:18:32:03 +0000] "GET /buy.php??a=297024714 HTTP/2.0" 500 0 "-" "Mozilla/5.0 (compatible; AwarioBot/1.0; +https://awario.com/bots.html)"
95.217.139.6 - - [25/Aug/2026:18:32:07 +0000] "GET /buy.php??a=297025928 HTTP/2.0" 500 0 "-" "Mozilla/5.0 (compatible; AwarioBot/1.0; +https://awario.com/bots.html)"
95.217.139.6 - - [25/Aug/2026:18:32:10 +0000] "GET /buy.php??a=297031454 HTTP/2.0" 500 0 "-" "Mozilla/5.0 (compatible; AwarioBot/1.0; +https://awario.com/bots.html)"
95.217.139.6 - - [25/Aug/2026:18:32:13 +0000] "GET /buy.php??a=298007899 HTTP/2.0" 500 0 "-" "Mozilla/5.0 (compatible; AwarioBot/1.0; +https://awario.com/bots.html)"
2a03:2880:f806:3e:: - - [25/Aug/2026:18:32:14 +0000] "GET /products.php?z=84265100343 HTTP/2.0" 500 0 "-" "Mozilla/5.0 (Windows NT 10.0; Win64; x64) AppleWebKit/537.36 (KHTML, like Gecko) Chrome/145.0.0.0 Safari/537.36 (compatible; meta-externalagent/1.1 (+https://developers.facebook.com/docs/sharing/webmasters/crawler))"
95.217.139.6 - - [25/Aug/2026:18:32:16 +0000] "GET /buy.php??a=298011645 HTTP/2.0" 500 0 "-" "Mozilla/5.0 (compatible; AwarioBot/1.0; +https://awario.com/bots.html)"
95.217.139.6 - - [25/Aug/2026:18:32:19 +0000] "GET /buy.php??a=298018791 HTTP/2.0" 500 0 "-" "Mozilla/5.0 (compatible; AwarioBot/1.0; +https://awario.com/bots.html)"
74.7.227.54 - - [25/Aug/2026:18:32:21 +0000] "GET /buy.php?detail/29503601747528 HTTP/2.0" 500 0 "https://bioredlite.com/buy.php?detail/24300723876982" "Mozilla/5.0 AppleWebKit/537.36 (KHTML, like Gecko; compatible; GPTBot/1.4; +https://openai.com/gptbot)"
95.217.139.6 - - [25/Aug/2026:18:32:22 +0000] "GET /buy.php??a=298034297 HTTP/2.0" 500 0 "-" "Mozilla/5.0 (compatible; AwarioBot/1.0; +https://awario.com/bots.html)"
95.217.139.6 - - [25/Aug/2026:18:32:25 +0000] "GET /buy.php??a=299005326 HTTP/2.0" 500 0 "-" "Mozilla/5.0 (compatible; AwarioBot/1.0; +https://awario.com/bots.html)"
95.217.139.6 - - [25/Aug/2026:18:32:28 +0000] "GET /buy.php??a=299007636 HTTP/2.0" 500 0 "-" "Mozilla/5.0 (compatible; AwarioBot/1.0; +https://awario.com/bots.html)"
95.217.139.6 - - [25/Aug/2026:18:32:31 +0000] "GET /buy.php??a=299018986 HTTP/2.0" 500 0 "-" "Mozilla/5.0 (compatible; AwarioBot/1.0; +https://awario.com/bots.html)"
192.178.6.37 - - [25/Aug/2026:18:32:34 +0000] "GET /?c=774569505 HTTP/2.0" 500 0 "-" "Mozilla/5.0 (Linux; Android 6.0.1; Nexus 5X Build/MMB29P) AppleWebKit/537.36 (KHTML, like Gecko) Chrome/151.0.7922.173 Mobile Safari/537.36 (compatible; Googlebot/2.1; +http://www.google.com/bot.html)"
95.217.139.6 - - [25/Aug/2026:18:32:34 +0000] "GET /buy.php??a=300007889 HTTP/2.0" 500 0 "-" "Mozilla/5.0 (compatible; AwarioBot/1.0; +https://awario.com/bots.html)"
192.178.6.36 - - [25/Aug/2026:18:32:35 +0000] "GET /?j=70651139553 HTTP/2.0" 500 0 "-" "Mozilla/5.0 (Linux; Android 6.0.1; Nexus 5X Build/MMB29P) AppleWebKit/537.36 (KHTML, like Gecko) Chrome/151.0.7922.173 Mobile Safari/537.36 (compatible; Googlebot/2.1; +http://www.google.com/bot.html)"
95.217.139.6 - - [25/Aug/2026:18:32:36 +0000] "GET /buy.php??a=300017581 HTTP/2.0" 500 0 "-" "Mozilla/5.0 (compatible; AwarioBot/1.0; +https://awario.com/bots.html)"
95.217.139.6 - - [25/Aug/2026:18:32:39 +0000] "GET /buy.php??a=300025981 HTTP/2.0" 500 0 "-" "Mozilla/5.0 (compatible; AwarioBot/1.0; +https://awario.com/bots.html)"
95.217.139.6 - - [25/Aug/2026:18:32:41 +0000] "GET /buy.php??a=300037769 HTTP/2.0" 500 0 "-" "Mozilla/5.0 (compatible; AwarioBot/1.0; +https://awario.com/bots.html)"
74.7.227.54 - - [25/Aug/2026:18:32:41 +0000] "GET /buy.php?detail/13604425027897 HTTP/2.0" 500 0 "https://bioredlite.com/buy.php?detail/07802257604803" "Mozilla/5.0 AppleWebKit/537.36 (KHTML, like Gecko; compatible; GPTBot/1.4; +https://openai.com/gptbot)"
95.217.139.6 - - [25/Aug/2026:18:32:44 +0000] "GET /buy.php??a=300039129 HTTP/2.0" 500 0 "-" "Mozilla/5.0 (compatible; AwarioBot/1.0; +https://awario.com/bots.html)"
95.217.139.6 - - [25/Aug/2026:18:32:47 +0000] "GET /buy.php??a=300042369 HTTP/2.0" 500 0 "-" "Mozilla/5.0 (compatible; AwarioBot/1.0; +https://awario.com/bots.html)"
95.217.139.6 - - [25/Aug/2026:18:32:49 +0000] "GET /buy.php??b=001014894 HTTP/2.0" 500 0 "-" "Mozilla/5.0 (compatible; AwarioBot/1.0; +https://awario.com/bots.html)"
95.217.139.6 - - [25/Aug/2026:18:32:51 +0000] "GET /buy.php??b=001021612 HTTP/2.0" 500 0 "-" "Mozilla/5.0 (compatible; AwarioBot/1.0; +https://awario.com/bots.html)"
95.217.139.6 - - [25/Aug/2026:18:32:53 +0000] "GET /buy.php??b=002007087 HTTP/2.0" 500 0 "-" "Mozilla/5.0 (compatible; AwarioBot/1.0; +https://awario.com/bots.html)"
95.217.139.6 - - [25/Aug/2026:18:32:55 +0000] "GET /buy.php??b=002010167 HTTP/2.0" 500 0 "-" "Mozilla/5.0 (compatible; AwarioBot/1.0; +https://awario.com/bots.html)"
95.217.139.6 - - [25/Aug/2026:18:32:58 +0000] "GET /buy.php??b=002015199 HTTP/2.0" 500 0 "-" "Mozilla/5.0 (compatible; AwarioBot/1.0; +https://awario.com/bots.html)"
95.217.139.6 - - [25/Aug/2026:18:32:59 +0000] "GET /buy.php??b=002020343 HTTP/2.0" 500 0 "-" "Mozilla/5.0 (compatible; AwarioBot/1.0; +https://awario.com/bots.html)"
74.7.227.54 - - [25/Aug/2026:18:33:02 +0000] "GET /buy.php?detail/02604319489573 HTTP/2.0" 500 0 "https://bioredlite.com/buy.php?detail/02801308231881" "Mozilla/5.0 AppleWebKit/537.36 (KHTML, like Gecko; compatible; GPTBot/1.4; +https://openai.com/gptbot)"
95.217.139.6 - - [25/Aug/2026:18:33:03 +0000] "GET /buy.php??b=002023315 HTTP/2.0" 500 0 "-" "Mozilla/5.0 (compatible; AwarioBot/1.0; +https://awario.com/bots.html)"
66.249.69.68 - - [25/Aug/2026:18:33:05 +0000] "GET /detail.php?u=75420154196 HTTP/2.0" 500 0 "-" "Mozilla/5.0 (Linux; Android 6.0.1; Nexus 5X Build/MMB29P) AppleWebKit/537.36 (KHTML, like Gecko) Chrome/151.0.7922.173 Mobile Safari/537.36 (compatible; Googlebot/2.1; +http://www.google.com/bot.html)"
192.178.6.36 - - [25/Aug/2026:18:33:05 +0000] "GET /?c=774562396 HTTP/2.0" 500 0 "-" "Mozilla/5.0 (Linux; Android 6.0.1; Nexus 5X Build/MMB29P) AppleWebKit/537.36 (KHTML, like Gecko) Chrome/151.0.7922.173 Mobile Safari/537.36 (compatible; Googlebot/2.1; +http://www.google.com/bot.html)"
95.217.139.6 - - [25/Aug/2026:18:33:05 +0000] "GET /buy.php??b=002024279 HTTP/2.0" 500 0 "-" "Mozilla/5.0 (compatible; AwarioBot/1.0; +https://awario.com/bots.html)"
95.217.139.6 - - [25/Aug/2026:18:33:07 +0000] "GET /buy.php??b=002039107 HTTP/2.0" 500 0 "-" "Mozilla/5.0 (compatible; AwarioBot/1.0; +https://awario.com/bots.html)"
2a03:2880:f80a:1c:: - - [25/Aug/2026:18:33:08 +0000] "GET / HTTP/2.0" 500 0 "-" "facebookexternalhit/1.1 (+http://www.facebook.com/externalhit_uatext.php)"
95.217.139.6 - - [25/Aug/2026:18:33:10 +0000] "GET /buy.php??b=002049307 HTTP/2.0" 500 0 "-" "Mozilla/5.0 (compatible; AwarioBot/1.0; +https://awario.com/bots.html)"
95.217.139.6 - - [25/Aug/2026:18:33:13 +0000] "GET /buy.php??b=003030926 HTTP/2.0" 500 0 "-" "Mozilla/5.0 (compatible; AwarioBot/1.0; +https://awario.com/bots.html)"
95.217.139.6 - - [25/Aug/2026:18:33:14 +0000] "GET /buy.php??b=003040992 HTTP/2.0" 500 0 "-" "Mozilla/5.0 (compatible; AwarioBot/1.0; +https://awario.com/bots.html)"
95.217.139.6 - - [25/Aug/2026:18:33:17 +0000] "GET /buy.php??b=003047588 HTTP/2.0" 500 0 "-" "Mozilla/5.0 (compatible; AwarioBot/1.0; +https://awario.com/bots.html)"
95.217.139.6 - - [25/Aug/2026:18:33:18 +0000] "GET /buy.php??b=004021379 HTTP/2.0" 500 0 "-" "Mozilla/5.0 (compatible; AwarioBot/1.0; +https://awario.com/bots.html)"
95.217.139.6 - - [25/Aug/2026:18:33:20 +0000] "GET /buy.php??b=004022227 HTTP/2.0" 500 0 "-" "Mozilla/5.0 (compatible; AwarioBot/1.0; +https://awario.com/bots.html)"
2a03:2880:f806:3c:: - - [25/Aug/2026:18:33:21 +0000] "GET /products.php?s=1132892269 HTTP/2.0" 500 0 "-" "Mozilla/5.0 (Macintosh; Intel Mac OS X 10_15_7) AppleWebKit/537.36 (KHTML, like Gecko) Chrome/145.0.0.0 Safari/537.36 (compatible; meta-externalagent/1.1 (+https://developers.facebook.com/docs/sharing/webmasters/crawler))"
95.217.139.6 - - [25/Aug/2026:18:33:22 +0000] "GET /buy.php??b=004026133 HTTP/2.0" 500 0 "-" "Mozilla/5.0 (compatible; AwarioBot/1.0; +https://awario.com/bots.html)"
74.7.227.54 - - [25/Aug/2026:18:33:23 +0000] "GET /buy.php?detail/19002773568954 HTTP/2.0" 500 0 "https://bioredlite.com/buy.php?detail/09604603517800" "Mozilla/5.0 AppleWebKit/537.36 (KHTML, like Gecko; compatible; GPTBot/1.4; +https://openai.com/gptbot)"
95.217.139.6 - - [25/Aug/2026:18:33:25 +0000] "GET /buy.php??b=004046815 HTTP/2.0" 500 0 "-" "Mozilla/5.0 (compatible; AwarioBot/1.0; +https://awario.com/bots.html)"
95.217.139.6 - - [25/Aug/2026:18:33:27 +0000] "GET /buy.php??b=005001356 HTTP/2.0" 500 0 "-" "Mozilla/5.0 (compatible; AwarioBot/1.0; +https://awario.com/bots.html)"
95.217.139.6 - - [25/Aug/2026:18:33:30 +0000] "GET /buy.php??b=005004746 HTTP/2.0" 500 0 "-" "Mozilla/5.0 (compatible; AwarioBot/1.0; +https://awario.com/bots.html)"
95.217.139.6 - - [25/Aug/2026:18:33:31 +0000] "GET /buy.php??b=005008532 HTTP/2.0" 500 0 "-" "Mozilla/5.0 (compatible; AwarioBot/1.0; +https://awario.com/bots.html)"
95.217.139.6 - - [25/Aug/2026:18:33:33 +0000] "GET /buy.php??b=005013496 HTTP/2.0" 500 0 "-" "Mozilla/5.0 (compatible; AwarioBot/1.0; +https://awario.com/bots.html)"
95.217.139.6 - - [25/Aug/2026:18:33:35 +0000] "GET /buy.php??b=005019160 HTTP/2.0" 500 0 "-" "Mozilla/5.0 (compatible; AwarioBot/1.0; +https://awario.com/bots.html)"
95.217.139.6 - - [25/Aug/2026:18:33:38 +0000] "GET /buy.php??b=005032620 HTTP/2.0" 500 0 "-" "Mozilla/5.0 (compatible; AwarioBot/1.0; +https://awario.com/bots.html)"
192.178.6.35 - - [25/Aug/2026:18:33:40 +0000] "GET /?x=95183236533 HTTP/2.0" 500 0 "-" "Mozilla/5.0 (Linux; Android 6.0.1; Nexus 5X Build/MMB29P) AppleWebKit/537.36 (KHTML, like Gecko) Chrome/151.0.7922.173 Mobile Safari/537.36 (compatible; Googlebot/2.1; +http://www.google.com/bot.html)"
95.217.139.6 - - [25/Aug/2026:18:33:41 +0000] "GET /buy.php??b=006011237 HTTP/2.0" 500 0 "-" "Mozilla/5.0 (compatible; AwarioBot/1.0; +https://awario.com/bots.html)"
95.217.139.6 - - [25/Aug/2026:18:33:44 +0000] "GET /buy.php??b=006016429 HTTP/2.0" 500 0 "-" "Mozilla/5.0 (compatible; AwarioBot/1.0; +https://awario.com/bots.html)"
74.7.227.54 - - [25/Aug/2026:18:33:44 +0000] "GET /buy.php?detail/11904795726038 HTTP/2.0" 500 0 "https://bioredlite.com/buy.php?detail/27102766378456" "Mozilla/5.0 AppleWebKit/537.36 (KHTML, like Gecko; compatible; GPTBot/1.4; +https://openai.com/gptbot)"
95.217.139.6 - - [25/Aug/2026:18:33:46 +0000] "GET /buy.php??b=006026003 HTTP/2.0" 500 0 "-" "Mozilla/5.0 (compatible; AwarioBot/1.0; +https://awario.com/bots.html)"
95.217.139.6 - - [25/Aug/2026:18:33:50 +0000] "GET /buy.php??b=006030957 HTTP/2.0" 500 0 "-" "Mozilla/5.0 (compatible; AwarioBot/1.0; +https://awario.com/bots.html)"
95.217.139.6 - - [25/Aug/2026:18:33:53 +0000] "GET /buy.php??b=007005806 HTTP/2.0" 500 0 "-" "Mozilla/5.0 (compatible; AwarioBot/1.0; +https://awario.com/bots.html)"
95.217.139.6 - - [25/Aug/2026:18:33:56 +0000] "GET /buy.php??b=007035378 HTTP/2.0" 500 0 "-" "Mozilla/5.0 (compatible; AwarioBot/1.0; +https://awario.com/bots.html)"
95.217.139.6 - - [25/Aug/2026:18:33:58 +0000] "GET /buy.php??b=007040042 HTTP/2.0" 500 0 "-" "Mozilla/5.0 (compatible; AwarioBot/1.0; +https://awario.com/bots.html)"
95.217.139.6 - - [25/Aug/2026:18:34:00 +0000] "GET /buy.php??b=007043434 HTTP/2.0" 500 0 "-" "Mozilla/5.0 (compatible; AwarioBot/1.0; +https://awario.com/bots.html)"
95.217.139.6 - - [25/Aug/2026:18:34:03 +0000] "GET /buy.php??b=008015345 HTTP/2.0" 500 0 "-" "Mozilla/5.0 (compatible; AwarioBot/1.0; +https://awario.com/bots.html)"
95.217.139.6 - - [25/Aug/2026:18:34:05 +0000] "GET /buy.php??b=008024129 HTTP/2.0" 500 0 "-" "Mozilla/5.0 (compatible; AwarioBot/1.0; +https://awario.com/bots.html)"
74.7.227.54 - - [25/Aug/2026:18:34:05 +0000] "GET /buy.php?detail/28402693476551 HTTP/2.0" 500 0 "https://bioredlite.com/buy.php?detail/28402771137482" "Mozilla/5.0 AppleWebKit/537.36 (KHTML, like Gecko; compatible; GPTBot/1.4; +https://openai.com/gptbot)"
95.217.139.6 - - [25/Aug/2026:18:34:07 +0000] "GET /buy.php??b=009019592 HTTP/2.0" 500 0 "-" "Mozilla/5.0 (compatible; AwarioBot/1.0; +https://awario.com/bots.html)"
95.217.139.6 - - [25/Aug/2026:18:34:10 +0000] "GET /buy.php??b=009042348 HTTP/2.0" 500 0 "-" "Mozilla/5.0 (compatible; AwarioBot/1.0; +https://awario.com/bots.html)"
66.249.69.68 - - [25/Aug/2026:18:34:11 +0000] "GET /detail.php?q=43592156694 HTTP/2.0" 500 0 "-" "Mozilla/5.0 (Linux; Android 6.0.1; Nexus 5X Build/MMB29P) AppleWebKit/537.36 (KHTML, like Gecko) Chrome/151.0.7922.173 Mobile Safari/537.36 (compatible; Googlebot/2.1; +http://www.google.com/bot.html)"
95.217.139.6 - - [25/Aug/2026:18:34:13 +0000] "GET /buy.php??b=010011729 HTTP/2.0" 500 0 "-" "Mozilla/5.0 (compatible; AwarioBot/1.0; +https://awario.com/bots.html)"
95.217.139.6 - - [25/Aug/2026:18:34:16 +0000] "GET /buy.php??b=010023283 HTTP/2.0" 500 0 "-" "Mozilla/5.0 (compatible; AwarioBot/1.0; +https://awario.com/bots.html)"
95.217.139.6 - - [25/Aug/2026:18:34:17 +0000] "GET /buy.php??b=010037299 HTTP/2.0" 500 0 "-" "Mozilla/5.0 (compatible; AwarioBot/1.0; +https://awario.com/bots.html)"
95.217.139.6 - - [25/Aug/2026:18:34:20 +0000] "GET /buy.php??b=010040015 HTTP/2.0" 500 0 "-" "Mozilla/5.0 (compatible; AwarioBot/1.0; +https://awario.com/bots.html)"
95.217.139.6 - - [25/Aug/2026:18:34:26 +0000] "GET /buy.php??b=010040357 HTTP/2.0" 500 0 "-" "Mozilla/5.0 (compatible; AwarioBot/1.0; +https://awario.com/bots.html)"
74.7.227.54 - - [25/Aug/2026:18:34:26 +0000] "GET /buy.php?detail/12703468076985 HTTP/2.0" 500 0 "https://bioredlite.com/buy.php?detail/15002608103232" "Mozilla/5.0 AppleWebKit/537.36 (KHTML, like Gecko; compatible; GPTBot/1.4; +https://openai.com/gptbot)"
2a03:2880:f806:45:: - - [25/Aug/2026:18:34:27 +0000] "GET /products.php?s=75340274766 HTTP/2.0" 500 0 "-" "Mozilla/5.0 (Windows NT 10.0; Win64; x64) AppleWebKit/537.36 (KHTML, like Gecko) Chrome/145.0.0.0 Safari/537.36 (compatible; meta-externalagent/1.1 (+https://developers.facebook.com/docs/sharing/webmasters/crawler))"
95.217.139.6 - - [25/Aug/2026:18:34:27 +0000] "GET /buy.php??b=010041339 HTTP/2.0" 500 0 "-" "Mozilla/5.0 (compatible; AwarioBot/1.0; +https://awario.com/bots.html)"
95.217.139.6 - - [25/Aug/2026:18:34:30 +0000] "GET /buy.php??b=011014126 HTTP/2.0" 500 0 "-" "Mozilla/5.0 (compatible; AwarioBot/1.0; +https://awario.com/bots.html)"
95.217.139.6 - - [25/Aug/2026:18:34:32 +0000] "GET /buy.php??b=011024116 HTTP/2.0" 500 0 "-" "Mozilla/5.0 (compatible; AwarioBot/1.0; +https://awario.com/bots.html)"
95.217.139.6 - - [25/Aug/2026:18:34:34 +0000] "GET /buy.php??b=011047342 HTTP/2.0" 500 0 "-" "Mozilla/5.0 (compatible; AwarioBot/1.0; +https://awario.com/bots.html)"
95.217.139.6 - - [25/Aug/2026:18:34:39 +0000] "GET /buy.php??b=012024563 HTTP/2.0" 500 0 "-" "Mozilla/5.0 (compatible; AwarioBot/1.0; +https://awario.com/bots.html)"
95.217.139.6 - - [25/Aug/2026:18:34:40 +0000] "GET /buy.php??b=012039067 HTTP/2.0" 500 0 "-" "Mozilla/5.0 (compatible; AwarioBot/1.0; +https://awario.com/bots.html)"
95.217.139.6 - - [25/Aug/2026:18:34:42 +0000] "GET /buy.php??b=013012698 HTTP/2.0" 500 0 "-" "Mozilla/5.0 (compatible; AwarioBot/1.0; +https://awario.com/bots.html)"
95.217.139.6 - - [25/Aug/2026:18:34:43 +0000] "GET /buy.php??b=013021840 HTTP/2.0" 500 0 "-" "Mozilla/5.0 (compatible; AwarioBot/1.0; +https://awario.com/bots.html)"
95.217.139.6 - - [25/Aug/2026:18:34:45 +0000] "GET /buy.php??b=013044370 HTTP/2.0" 500 0 "-" "Mozilla/5.0 (compatible; AwarioBot/1.0; +https://awario.com/bots.html)"
192.178.6.37 - - [25/Aug/2026:18:34:46 +0000] "GET /?s=89068170147 HTTP/2.0" 500 0 "-" "Mozilla/5.0 (Linux; Android 6.0.1; Nexus 5X Build/MMB29P) AppleWebKit/537.36 (KHTML, like Gecko) Chrome/151.0.7922.173 Mobile Safari/537.36 (compatible; Googlebot/2.1; +http://www.google.com/bot.html)"
74.7.227.54 - - [25/Aug/2026:18:34:46 +0000] "GET /buy.php?detail/19304634982175 HTTP/2.0" 500 0 "https://bioredlite.com/buy.php?detail/04700782978540" "Mozilla/5.0 AppleWebKit/537.36 (KHTML, like Gecko; compatible; GPTBot/1.4; +https://openai.com/gptbot)"
95.217.139.6 - - [25/Aug/2026:18:34:47 +0000] "GET /buy.php??b=014027981 HTTP/2.0" 500 0 "-" "Mozilla/5.0 (compatible; AwarioBot/1.0; +https://awario.com/bots.html)"
95.217.139.6 - - [25/Aug/2026:18:34:49 +0000] "GET /buy.php??b=014029267 HTTP/2.0" 500 0 "-" "Mozilla/5.0 (compatible; AwarioBot/1.0; +https://awario.com/bots.html)"
95.217.139.6 - - [25/Aug/2026:18:34:51 +0000] "GET /buy.php??b=014044307 HTTP/2.0" 500 0 "-" "Mozilla/5.0 (compatible; AwarioBot/1.0; +https://awario.com/bots.html)"
2a03:2880:f806:3:: - - [25/Aug/2026:18:34:54 +0000] "GET /products.php?y=11152113473 HTTP/2.0" 500 0 "-" "Mozilla/5.0 (Windows NT 10.0; Win64; x64) AppleWebKit/537.36 (KHTML, like Gecko) Chrome/145.0.0.0 Safari/537.36 (compatible; meta-externalagent/1.1 (+https://developers.facebook.com/docs/sharing/webmasters/crawler))"
95.217.139.6 - - [25/Aug/2026:18:34:54 +0000] "GET /buy.php??b=015004072 HTTP/2.0" 500 0 "-" "Mozilla/5.0 (compatible; AwarioBot/1.0; +https://awario.com/bots.html)"
95.217.139.6 - - [25/Aug/2026:18:34:56 +0000] "GET /buy.php??b=015006226 HTTP/2.0" 500 0 "-" "Mozilla/5.0 (compatible; AwarioBot/1.0; +https://awario.com/bots.html)"
