74.7.227.54 - - [25/Aug/2026:13:42:23 +0000] "GET /buy.php?ranking/pole/hhspio8gsqdtpa9ie_535.phtml HTTP/2.0" 500 0 "https://bioredlite.com/buy.php?ranking/worried/hhspio8gsqdtpa9ie_535.phtml" "Mozilla/5.0 AppleWebKit/537.36 (KHTML, like Gecko; compatible; GPTBot/1.4; +https://openai.com/gptbot)"
192.178.6.32 - - [25/Aug/2026:13:42:26 +0000] "GET /?v=91047109719 HTTP/2.0" 500 0 "-" "Mozilla/5.0 (Linux; Android 6.0.1; Nexus 5X Build/MMB29P) AppleWebKit/537.36 (KHTML, like Gecko) Chrome/151.0.7922.137 Mobile Safari/537.36 (compatible; Googlebot/2.1; +http://www.google.com/bot.html)"
192.178.6.32 - - [25/Aug/2026:13:42:34 +0000] "GET /?x=95183279736 HTTP/2.0" 500 0 "-" "Mozilla/5.0 (Linux; Android 6.0.1; Nexus 5X Build/MMB29P) AppleWebKit/537.36 (KHTML, like Gecko) Chrome/151.0.7922.137 Mobile Safari/537.36 (compatible; Googlebot/2.1; +http://www.google.com/bot.html)"
176.88.191.237 - - [25/Aug/2026:13:42:37 +0000] "GET / HTTP/2.0" 500 0 "-" "Mozilla/5.0 (Windows NT 10.0; Win64; x64) AppleWebKit/537.36 (KHTML, like Gecko) Chrome/58.0.3029.110 Safari/537.3"
45.61.58.213 - - [25/Aug/2026:13:42:37 +0000] "GET / HTTP/2.0" 500 0 "-" "Mozilla/5.0 (Windows NT 10.0; Win64; x64) AppleWebKit/537.36 (KHTML, like Gecko) Chrome/58.0.3029.110 Safari/537.3"
45.172.60.50 - - [25/Aug/2026:13:42:39 +0000] "GET / HTTP/2.0" 500 0 "-" "Mozilla/5.0 (Windows NT 10.0; Win64; x64) AppleWebKit/537.36 (KHTML, like Gecko) Chrome/58.0.3029.110 Safari/537.3"
192.178.6.32 - - [25/Aug/2026:13:42:43 +0000] "GET /?x=1939387876 HTTP/2.0" 500 0 "-" "Mozilla/5.0 (Linux; Android 6.0.1; Nexus 5X Build/MMB29P) AppleWebKit/537.36 (KHTML, like Gecko) Chrome/151.0.7922.137 Mobile Safari/537.36 (compatible; Googlebot/2.1; +http://www.google.com/bot.html)"
74.7.227.54 - - [25/Aug/2026:13:42:45 +0000] "GET /buy.php?ranking/soar/hhspio8gsqdtpa9ie_535.phtml HTTP/2.0" 500 0 "https://bioredlite.com/buy.php?ranking/transform/ozrnvp8srd2px2izj_4537.phtml" "Mozilla/5.0 AppleWebKit/537.36 (KHTML, like Gecko; compatible; GPTBot/1.4; +https://openai.com/gptbot)"
2405:6586:9320:5900:21a5:cae0:6edc:99d6 - - [25/Aug/2026:13:42:46 +0000] "GET /detail.php?t=66683240056 HTTP/2.0" 500 0 "https://www.google.com/" "Mozilla/5.0 (Windows NT 10.0; Win64; x64) AppleWebKit/537.36 (KHTML, like Gecko) Chrome/151.0.0.0 Safari/537.36"
66.249.69.64 - - [25/Aug/2026:13:42:50 +0000] "GET /detail.php?v=8124510745 HTTP/2.0" 500 0 "-" "Mozilla/5.0 (Linux; Android 6.0.1; Nexus 5X Build/MMB29P) AppleWebKit/537.36 (KHTML, like Gecko) Chrome/151.0.7922.137 Mobile Safari/537.36 (compatible; Googlebot/2.1; +http://www.google.com/bot.html)"
192.178.6.32 - - [25/Aug/2026:13:42:53 +0000] "GET /?x=95183239667 HTTP/2.0" 500 0 "-" "Mozilla/5.0 (Linux; Android 6.0.1; Nexus 5X Build/MMB29P) AppleWebKit/537.36 (KHTML, like Gecko) Chrome/151.0.7922.137 Mobile Safari/537.36 (compatible; Googlebot/2.1; +http://www.google.com/bot.html)"
74.7.227.54 - - [25/Aug/2026:13:43:05 +0000] "GET /buy.php?ranking/partly/epj8enmivyfijh_1835.phtml HTTP/2.0" 500 0 "https://bioredlite.com/buy.php?ranking/weekly/loblso8cthzlef5kq_1037.phtml" "Mozilla/5.0 AppleWebKit/537.36 (KHTML, like Gecko; compatible; GPTBot/1.4; +https://openai.com/gptbot)"
192.178.6.33 - - [25/Aug/2026:13:43:11 +0000] "GET /?s=89068233044 HTTP/2.0" 500 0 "-" "Mozilla/5.0 (Linux; Android 6.0.1; Nexus 5X Build/MMB29P) AppleWebKit/537.36 (KHTML, like Gecko) Chrome/151.0.7922.137 Mobile Safari/537.36 (compatible; Googlebot/2.1; +http://www.google.com/bot.html)"
179.41.13.214 - - [25/Aug/2026:13:43:17 +0000] "GET /wp-login.php HTTP/2.0" 403 166 "-" "Mozilla/5.0 (Windows NT 10.0; Win64; x64) AppleWebKit/537.36 (KHTML, like Gecko) Chrome/151.0.0.0 Safari/537.36"
179.41.13.214 - - [25/Aug/2026:13:43:19 +0000] "GET /favicon.ico HTTP/2.0" 500 0 "https://www.bioredlite.com/wp-login.php" "Mozilla/5.0 (Windows NT 10.0; Win64; x64) AppleWebKit/537.36 (KHTML, like Gecko) Chrome/151.0.0.0 Safari/537.36"
74.7.227.54 - - [25/Aug/2026:13:43:26 +0000] "GET /buy.php?ranking/cartoon/neeh8hjfcnflc_1929.phtml HTTP/2.0" 500 0 "https://bioredlite.com/buy.php?ranking/breathe/nivmj8yrqzxc0uztm_1147.phtml" "Mozilla/5.0 AppleWebKit/537.36 (KHTML, like Gecko; compatible; GPTBot/1.4; +https://openai.com/gptbot)"
192.178.6.36 - - [25/Aug/2026:13:43:30 +0000] "GET /?s=89068148238 HTTP/2.0" 500 0 "-" "Mozilla/5.0 (Linux; Android 6.0.1; Nexus 5X Build/MMB29P) AppleWebKit/537.36 (KHTML, like Gecko) Chrome/151.0.7922.137 Mobile Safari/537.36 (compatible; Googlebot/2.1; +http://www.google.com/bot.html)"
74.7.227.54 - - [25/Aug/2026:13:43:48 +0000] "GET /buy.php?ranking/critic/vzob8lamr2byimy_117.phtml HTTP/2.0" 500 0 "https://bioredlite.com/buy.php?ranking/supposedly/ldvc8blzwejg2ssnk_1799.phtml" "Mozilla/5.0 AppleWebKit/537.36 (KHTML, like Gecko; compatible; GPTBot/1.4; +https://openai.com/gptbot)"
192.178.6.35 - - [25/Aug/2026:13:44:00 +0000] "GET /?x=16715165337 HTTP/2.0" 500 0 "-" "Mozilla/5.0 (Linux; Android 6.0.1; Nexus 5X Build/MMB29P) AppleWebKit/537.36 (KHTML, like Gecko) Chrome/151.0.7922.137 Mobile Safari/537.36 (compatible; Googlebot/2.1; +http://www.google.com/bot.html)"
66.249.69.70 - - [25/Aug/2026:13:44:07 +0000] "GET /detail.php?q=43592112670 HTTP/2.0" 500 0 "-" "Mozilla/5.0 (Linux; Android 6.0.1; Nexus 5X Build/MMB29P) AppleWebKit/537.36 (KHTML, like Gecko) Chrome/151.0.7922.137 Mobile Safari/537.36 (compatible; Googlebot/2.1; +http://www.google.com/bot.html)"
74.7.227.54 - - [25/Aug/2026:13:44:09 +0000] "GET /buy.php?ranking/vision/vzob8lamr2byimy_117.phtml HTTP/2.0" 500 0 "https://bioredlite.com/buy.php?ranking/food/eqhsad8wzahtv2dwtju3_385.phtml" "Mozilla/5.0 AppleWebKit/537.36 (KHTML, like Gecko; compatible; GPTBot/1.4; +https://openai.com/gptbot)"
74.7.227.54 - - [25/Aug/2026:13:44:30 +0000] "GET /buy.php?ranking/decorate/gr28gjgittgd6l_27.phtml HTTP/2.0" 500 0 "https://bioredlite.com/buy.php??shop/items/G028000050/" "Mozilla/5.0 AppleWebKit/537.36 (KHTML, like Gecko; compatible; GPTBot/1.4; +https://openai.com/gptbot)"
192.178.6.36 - - [25/Aug/2026:13:44:36 +0000] "GET /?x=19393163501 HTTP/2.0" 500 0 "-" "Mozilla/5.0 (Linux; Android 6.0.1; Nexus 5X Build/MMB29P) AppleWebKit/537.36 (KHTML, like Gecko) Chrome/151.0.7922.137 Mobile Safari/537.36 (compatible; Googlebot/2.1; +http://www.google.com/bot.html)"
66.249.69.71 - - [25/Aug/2026:13:44:37 +0000] "GET /products.php?f=54241103361 HTTP/2.0" 500 0 "-" "Mozilla/5.0 (compatible; Googlebot/2.1; +http://www.google.com/bot.html)"
192.178.6.35 - - [25/Aug/2026:13:44:45 +0000] "GET /?n=7013553023 HTTP/2.0" 500 0 "-" "Mozilla/5.0 (Linux; Android 6.0.1; Nexus 5X Build/MMB29P) AppleWebKit/537.36 (KHTML, like Gecko) Chrome/151.0.7922.137 Mobile Safari/537.36 (compatible; Googlebot/2.1; +http://www.google.com/bot.html)"
74.7.227.54 - - [25/Aug/2026:13:44:51 +0000] "GET /buy.php?ranking/damn/hhspio8gsqdtpa9ie_535.phtml HTTP/2.0" 500 0 "https://bioredlite.com/buy.php?ranking/transmit/nivmj8yrqzxc0uztm_1147.phtml" "Mozilla/5.0 AppleWebKit/537.36 (KHTML, like Gecko; compatible; GPTBot/1.4; +https://openai.com/gptbot)"
2a03:2880:f806:2a:: - - [25/Aug/2026:13:45:05 +0000] "GET /products.php?f=54241161490 HTTP/2.0" 500 0 "-" "Mozilla/5.0 (Windows NT 10.0; Win64; x64) AppleWebKit/537.36 (KHTML, like Gecko) Chrome/145.0.0.0 Safari/537.36 (compatible; meta-externalagent/1.1 (+https://developers.facebook.com/docs/sharing/webmasters/crawler))"
2a03:2880:f806:15:: - - [25/Aug/2026:13:45:07 +0000] "GET /products.php?y=11152100928 HTTP/2.0" 500 0 "-" "Mozilla/5.0 (Windows NT 10.0; Win64; x64) AppleWebKit/537.36 (KHTML, like Gecko) Chrome/145.0.0.0 Safari/537.36 (compatible; meta-externalagent/1.1 (+https://developers.facebook.com/docs/sharing/webmasters/crawler))"
74.7.227.54 - - [25/Aug/2026:13:45:13 +0000] "GET /buy.php?ranking/bean/hhspio8gsqdtpa9ie_535.phtml HTTP/2.0" 500 0 "https://bioredlite.com/buy.php?ranking/natural/cvqy8fxkvvbkrescp_4583.phtml" "Mozilla/5.0 AppleWebKit/537.36 (KHTML, like Gecko; compatible; GPTBot/1.4; +https://openai.com/gptbot)"
192.178.6.36 - - [25/Aug/2026:13:45:23 +0000] "GET /?m=29860131455 HTTP/2.0" 500 0 "-" "Mozilla/5.0 (Linux; Android 6.0.1; Nexus 5X Build/MMB29P) AppleWebKit/537.36 (KHTML, like Gecko) Chrome/151.0.7922.137 Mobile Safari/537.36 (compatible; Googlebot/2.1; +http://www.google.com/bot.html)"
192.178.6.35 - - [25/Aug/2026:13:45:33 +0000] "GET /?x=16715137575 HTTP/2.0" 500 0 "-" "Mozilla/5.0 (Linux; Android 6.0.1; Nexus 5X Build/MMB29P) AppleWebKit/537.36 (KHTML, like Gecko) Chrome/151.0.7922.137 Mobile Safari/537.36 (compatible; Googlebot/2.1; +http://www.google.com/bot.html)"
74.7.227.54 - - [25/Aug/2026:13:45:33 +0000] "GET /buy.php?ranking/primary/wxbj8viqxavkb_1885.phtml HTTP/2.0" 500 0 "https://bioredlite.com/buy.php?ranking/hire/eqhsad8wzahtv2dwtju3_385.phtml" "Mozilla/5.0 AppleWebKit/537.36 (KHTML, like Gecko; compatible; GPTBot/1.4; +https://openai.com/gptbot)"
192.178.6.35 - - [25/Aug/2026:13:45:42 +0000] "GET /?x=16715246255 HTTP/2.0" 500 0 "-" "Mozilla/5.0 (Linux; Android 6.0.1; Nexus 5X Build/MMB29P) AppleWebKit/537.36 (KHTML, like Gecko) Chrome/151.0.7922.137 Mobile Safari/537.36 (compatible; Googlebot/2.1; +http://www.google.com/bot.html)"
192.178.6.35 - - [25/Aug/2026:13:45:50 +0000] "GET /?c=7745636750 HTTP/2.0" 500 0 "-" "Mozilla/5.0 (Linux; Android 6.0.1; Nexus 5X Build/MMB29P) AppleWebKit/537.36 (KHTML, like Gecko) Chrome/151.0.7922.137 Mobile Safari/537.36 (compatible; Googlebot/2.1; +http://www.google.com/bot.html)"
74.7.227.54 - - [25/Aug/2026:13:45:53 +0000] "GET /buy.php?ranking/kill/hhspio8gsqdtpa9ie_535.phtml HTTP/2.0" 500 0 "https://bioredlite.com/buy.php?ranking/diplomat/hhspio8gsqdtpa9ie_535.phtml" "Mozilla/5.0 AppleWebKit/537.36 (KHTML, like Gecko; compatible; GPTBot/1.4; +https://openai.com/gptbot)"
66.249.69.65 - - [25/Aug/2026:13:46:13 +0000] "GET /products.php?f=5424146662 HTTP/2.0" 500 0 "-" "Mozilla/5.0 (Linux; Android 6.0.1; Nexus 5X Build/MMB29P) AppleWebKit/537.36 (KHTML, like Gecko) Chrome/151.0.7922.137 Mobile Safari/537.36 (compatible; Googlebot/2.1; +http://www.google.com/bot.html)"
74.7.227.54 - - [25/Aug/2026:13:46:14 +0000] "GET /buy.php?ranking/bill/hhspio8gsqdtpa9ie_535.phtml HTTP/2.0" 500 0 "https://bioredlite.com/buy.php?ranking/objection/ajkbam8zer1clftsvxt_4597.phtml" "Mozilla/5.0 AppleWebKit/537.36 (KHTML, like Gecko; compatible; GPTBot/1.4; +https://openai.com/gptbot)"
192.178.6.35 - - [25/Aug/2026:13:46:30 +0000] "GET /?c=77456170176 HTTP/2.0" 500 0 "-" "Mozilla/5.0 (Linux; Android 6.0.1; Nexus 5X Build/MMB29P) AppleWebKit/537.36 (KHTML, like Gecko) Chrome/151.0.7922.137 Mobile Safari/537.36 (compatible; Googlebot/2.1; +http://www.google.com/bot.html)"
74.7.227.54 - - [25/Aug/2026:13:46:36 +0000] "GET /?sitemap820.xml HTTP/2.0" 500 0 "-" "Mozilla/5.0 AppleWebKit/537.36 (KHTML, like Gecko; compatible; GPTBot/1.4; +https://openai.com/gptbot)"
192.178.6.35 - - [25/Aug/2026:13:46:53 +0000] "GET /?x=19393109991 HTTP/2.0" 500 0 "-" "Mozilla/5.0 (Linux; Android 6.0.1; Nexus 5X Build/MMB29P) AppleWebKit/537.36 (KHTML, like Gecko) Chrome/151.0.7922.137 Mobile Safari/537.36 (compatible; Googlebot/2.1; +http://www.google.com/bot.html)"
74.7.227.54 - - [25/Aug/2026:13:46:56 +0000] "GET /buy.php?ranking/dining/vzob8lamr2byimy_117.phtml HTTP/2.0" 500 0 "https://bioredlite.com/buy.php?ranking/separate/gfagv8relrizkzno_1865.phtml" "Mozilla/5.0 AppleWebKit/537.36 (KHTML, like Gecko; compatible; GPTBot/1.4; +https://openai.com/gptbot)"
192.178.6.35 - - [25/Aug/2026:13:47:02 +0000] "GET /?m=2986019691 HTTP/2.0" 500 0 "-" "Mozilla/5.0 (Linux; Android 6.0.1; Nexus 5X Build/MMB29P) AppleWebKit/537.36 (KHTML, like Gecko) Chrome/151.0.7922.137 Mobile Safari/537.36 (compatible; Googlebot/2.1; +http://www.google.com/bot.html)"
74.7.227.54 - - [25/Aug/2026:13:47:18 +0000] "GET /buy.php?ranking/behalf/epj8enmivyfijh_1835.phtml HTTP/2.0" 500 0 "https://bioredlite.com/buy.php?ranking/cooperative/epj8enmivyfijh_1835.phtml" "Mozilla/5.0 AppleWebKit/537.36 (KHTML, like Gecko; compatible; GPTBot/1.4; +https://openai.com/gptbot)"
192.178.6.36 - - [25/Aug/2026:13:47:28 +0000] "GET /?x=9518367861 HTTP/2.0" 500 0 "-" "Mozilla/5.0 (Linux; Android 6.0.1; Nexus 5X Build/MMB29P) AppleWebKit/537.36 (KHTML, like Gecko) Chrome/151.0.7922.137 Mobile Safari/537.36 (compatible; Googlebot/2.1; +http://www.google.com/bot.html)"
66.249.69.67 - - [25/Aug/2026:13:47:32 +0000] "GET /detail.php?q=4359214886 HTTP/2.0" 500 0 "-" "Mozilla/5.0 (Linux; Android 6.0.1; Nexus 5X Build/MMB29P) AppleWebKit/537.36 (KHTML, like Gecko) Chrome/151.0.7922.137 Mobile Safari/537.36 (compatible; Googlebot/2.1; +http://www.google.com/bot.html)"
2a03:2880:f80c:19:: - - [25/Aug/2026:13:47:34 +0000] "GET / HTTP/2.0" 500 0 "-" "facebookexternalhit/1.1 (+http://www.facebook.com/externalhit_uatext.php)"
66.249.69.65 - - [25/Aug/2026:13:47:38 +0000] "GET /products.php?m=77128138827 HTTP/2.0" 500 0 "-" "Mozilla/5.0 (Linux; Android 6.0.1; Nexus 5X Build/MMB29P) AppleWebKit/537.36 (KHTML, like Gecko) Chrome/151.0.7922.137 Mobile Safari/537.36 (compatible; Googlebot/2.1; +http://www.google.com/bot.html)"
74.7.227.54 - - [25/Aug/2026:13:47:39 +0000] "GET /buy.php?ranking/secular/neeh8hjfcnflc_1929.phtml HTTP/2.0" 500 0 "https://bioredlite.com/buy.php?ranking/another/loblso8cthzlef5kq_1037.phtml" "Mozilla/5.0 AppleWebKit/537.36 (KHTML, like Gecko; compatible; GPTBot/1.4; +https://openai.com/gptbot)"
74.7.227.54 - - [25/Aug/2026:13:48:00 +0000] "GET /buy.php?ranking/bind/hhspio8gsqdtpa9ie_535.phtml HTTP/2.0" 500 0 "https://bioredlite.com/buy.php?ranking/announce/gczqmf8cpylkqqg8yip_211.phtml" "Mozilla/5.0 AppleWebKit/537.36 (KHTML, like Gecko; compatible; GPTBot/1.4; +https://openai.com/gptbot)"
192.178.6.37 - - [25/Aug/2026:13:48:00 +0000] "GET /?v=91047159764 HTTP/2.0" 500 0 "-" "Mozilla/5.0 (Linux; Android 6.0.1; Nexus 5X Build/MMB29P) AppleWebKit/537.36 (KHTML, like Gecko) Chrome/151.0.7922.137 Mobile Safari/537.36 (compatible; Googlebot/2.1; +http://www.google.com/bot.html)"
192.178.6.35 - - [25/Aug/2026:13:48:09 +0000] "GET /?n=70135119738 HTTP/2.0" 500 0 "-" "Mozilla/5.0 (Linux; Android 6.0.1; Nexus 5X Build/MMB29P) AppleWebKit/537.36 (KHTML, like Gecko) Chrome/151.0.7922.137 Mobile Safari/537.36 (compatible; Googlebot/2.1; +http://www.google.com/bot.html)"
66.249.69.66 - - [25/Aug/2026:13:48:19 +0000] "GET /products.php?m=77128165276 HTTP/2.0" 500 0 "-" "Mozilla/5.0 (Linux; Android 6.0.1; Nexus 5X Build/MMB29P) AppleWebKit/537.36 (KHTML, like Gecko) Chrome/151.0.7922.137 Mobile Safari/537.36 (compatible; Googlebot/2.1; +http://www.google.com/bot.html)"
74.7.227.54 - - [25/Aug/2026:13:48:21 +0000] "GET /?sitemapindex.xml HTTP/2.0" 500 0 "-" "Mozilla/5.0 AppleWebKit/537.36 (KHTML, like Gecko; compatible; GPTBot/1.4; +https://openai.com/gptbot)"
192.178.6.35 - - [25/Aug/2026:13:48:30 +0000] "GET /?x=19393217505 HTTP/2.0" 500 0 "-" "Mozilla/5.0 (Linux; Android 6.0.1; Nexus 5X Build/MMB29P) AppleWebKit/537.36 (KHTML, like Gecko) Chrome/151.0.7922.137 Mobile Safari/537.36 (compatible; Googlebot/2.1; +http://www.google.com/bot.html)"
52.167.144.172 - - [25/Aug/2026:13:48:32 +0000] "GET /2024/11/uk-slot-real-money/ HTTP/2.0" 500 0 "-" "Mozilla/5.0 AppleWebKit/537.36 (KHTML, like Gecko; compatible; bingbot/2.0; +http://www.bing.com/bingbot.htm) Chrome/116.0.1938.76 Safari/537.36"
2a03:2880:f802:49:: - - [25/Aug/2026:13:48:33 +0000] "GET / HTTP/2.0" 500 0 "-" "facebookexternalhit/1.1 (+http://www.facebook.com/externalhit_uatext.php)"
192.178.6.35 - - [25/Aug/2026:13:48:39 +0000] "GET /?n=7013555854 HTTP/2.0" 500 0 "-" "Mozilla/5.0 (Linux; Android 6.0.1; Nexus 5X Build/MMB29P) AppleWebKit/537.36 (KHTML, like Gecko) Chrome/151.0.7922.137 Mobile Safari/537.36 (compatible; Googlebot/2.1; +http://www.google.com/bot.html)"
74.7.227.54 - - [25/Aug/2026:13:48:42 +0000] "GET /buy.php?ranking/that/qrht8thdoyubygjx7_183.phtml HTTP/2.0" 500 0 "https://bioredlite.com/buy.php?ranking/instructor/nivmj8yrqzxc0uztm_1147.phtml" "Mozilla/5.0 AppleWebKit/537.36 (KHTML, like Gecko; compatible; GPTBot/1.4; +https://openai.com/gptbot)"
192.178.6.35 - - [25/Aug/2026:13:48:49 +0000] "GET /?j=7065161182 HTTP/2.0" 500 0 "-" "Mozilla/5.0 (Linux; Android 6.0.1; Nexus 5X Build/MMB29P) AppleWebKit/537.36 (KHTML, like Gecko) Chrome/151.0.7922.137 Mobile Safari/537.36 (compatible; Googlebot/2.1; +http://www.google.com/bot.html)"
2a03:2880:11ff:2:: - - [25/Aug/2026:13:48:57 +0000] "GET /robots.txt HTTP/2.0" 304 0 "-" "facebookexternalhit/1.1 (+http://www.facebook.com/externalhit_uatext.php)"
192.178.6.37 - - [25/Aug/2026:13:49:03 +0000] "GET /?v=91047252734 HTTP/2.0" 500 0 "-" "Mozilla/5.0 (Linux; Android 6.0.1; Nexus 5X Build/MMB29P) AppleWebKit/537.36 (KHTML, like Gecko) Chrome/151.0.7922.137 Mobile Safari/537.36 (compatible; Googlebot/2.1; +http://www.google.com/bot.html)"
74.7.227.54 - - [25/Aug/2026:13:49:04 +0000] "GET /buy.php?ranking/carbon/r8ixnmmuzengxa_1877.phtml HTTP/2.0" 500 0 "https://bioredlite.com/buy.php?ranking/increasing/loblso8cthzlef5kq_1037.phtml" "Mozilla/5.0 AppleWebKit/537.36 (KHTML, like Gecko; compatible; GPTBot/1.4; +https://openai.com/gptbot)"
66.249.69.66 - - [25/Aug/2026:13:49:15 +0000] "GET /products.php?q=1678697555 HTTP/2.0" 500 0 "-" "Mozilla/5.0 (Linux; Android 6.0.1; Nexus 5X Build/MMB29P) AppleWebKit/537.36 (KHTML, like Gecko) Chrome/151.0.7922.137 Mobile Safari/537.36 (compatible; Googlebot/2.1; +http://www.google.com/bot.html)"
192.178.6.36 - - [25/Aug/2026:13:49:23 +0000] "GET /?x=19393231909 HTTP/2.0" 500 0 "-" "Mozilla/5.0 (Linux; Android 6.0.1; Nexus 5X Build/MMB29P) AppleWebKit/537.36 (KHTML, like Gecko) Chrome/151.0.7922.137 Mobile Safari/537.36 (compatible; Googlebot/2.1; +http://www.google.com/bot.html)"
74.7.227.54 - - [25/Aug/2026:13:49:25 +0000] "GET /buy.php?ranking/tide/hhspio8gsqdtpa9ie_535.phtml HTTP/2.0" 500 0 "https://bioredlite.com/buy.php?ranking/understanding/hhspio8gsqdtpa9ie_535.phtml" "Mozilla/5.0 AppleWebKit/537.36 (KHTML, like Gecko; compatible; GPTBot/1.4; +https://openai.com/gptbot)"
192.178.6.35 - - [25/Aug/2026:13:49:38 +0000] "GET /?n=70135138955 HTTP/2.0" 500 0 "-" "Mozilla/5.0 (Linux; Android 6.0.1; Nexus 5X Build/MMB29P) AppleWebKit/537.36 (KHTML, like Gecko) Chrome/151.0.7922.137 Mobile Safari/537.36 (compatible; Googlebot/2.1; +http://www.google.com/bot.html)"
74.7.227.54 - - [25/Aug/2026:13:49:45 +0000] "GET /buy.php?ranking/hard/hhspio8gsqdtpa9ie_535.phtml HTTP/2.0" 500 0 "https://bioredlite.com/buy.php?ranking/liability/hhspio8gsqdtpa9ie_535.phtml" "Mozilla/5.0 AppleWebKit/537.36 (KHTML, like Gecko; compatible; GPTBot/1.4; +https://openai.com/gptbot)"
192.178.6.35 - - [25/Aug/2026:13:49:56 +0000] "GET /?m=29860138409 HTTP/2.0" 500 0 "-" "Mozilla/5.0 (Linux; Android 6.0.1; Nexus 5X Build/MMB29P) AppleWebKit/537.36 (KHTML, like Gecko) Chrome/151.0.7922.137 Mobile Safari/537.36 (compatible; Googlebot/2.1; +http://www.google.com/bot.html)"
74.7.227.54 - - [25/Aug/2026:13:50:06 +0000] "GET /buy.php?ranking/bullet/epj8enmivyfijh_1835.phtml HTTP/2.0" 500 0 "https://bioredlite.com/buy.php?ranking/range/mjhu8sduekdcf4e3_1157.phtml" "Mozilla/5.0 AppleWebKit/537.36 (KHTML, like Gecko; compatible; GPTBot/1.4; +https://openai.com/gptbot)"
40.77.167.156 - - [25/Aug/2026:13:50:06 +0000] "GET /2024/11/sky-city-casino-united-kingdom/ HTTP/2.0" 500 0 "-" "Mozilla/5.0 AppleWebKit/537.36 (KHTML, like Gecko; compatible; bingbot/2.0; +http://www.bing.com/bingbot.htm) Chrome/116.0.1938.76 Safari/537.36"
157.245.138.73 - - [25/Aug/2026:13:50:09 +0000] "HEAD / HTTP/2.0" 500 0 "-" "python-requests/2.33.1"
74.7.227.54 - - [25/Aug/2026:13:50:27 +0000] "GET /buy.php?ranking/make/hhspio8gsqdtpa9ie_535.phtml HTTP/2.0" 500 0 "https://bioredlite.com/buy.php?ranking/punishment/nivmj8yrqzxc0uztm_1147.phtml" "Mozilla/5.0 AppleWebKit/537.36 (KHTML, like Gecko; compatible; GPTBot/1.4; +https://openai.com/gptbot)"
192.178.6.36 - - [25/Aug/2026:13:50:28 +0000] "GET /?x=16715167363 HTTP/2.0" 500 0 "-" "Mozilla/5.0 (Linux; Android 6.0.1; Nexus 5X Build/MMB29P) AppleWebKit/537.36 (KHTML, like Gecko) Chrome/151.0.7922.137 Mobile Safari/537.36 (compatible; Googlebot/2.1; +http://www.google.com/bot.html)"
2a03:2880:f806:21:: - - [25/Aug/2026:13:50:39 +0000] "GET / HTTP/2.0" 500 0 "-" "facebookexternalhit/1.1 (+http://www.facebook.com/externalhit_uatext.php)"
192.178.6.35 - - [25/Aug/2026:13:50:43 +0000] "GET /?v=91047221585 HTTP/2.0" 500 0 "-" "Mozilla/5.0 (Linux; Android 6.0.1; Nexus 5X Build/MMB29P) AppleWebKit/537.36 (KHTML, like Gecko) Chrome/151.0.7922.137 Mobile Safari/537.36 (compatible; Googlebot/2.1; +http://www.google.com/bot.html)"
74.7.227.54 - - [25/Aug/2026:13:50:48 +0000] "GET /buy.php?ranking/instant/neeh8hjfcnflc_1929.phtml HTTP/2.0" 500 0 "https://bioredlite.com/buy.php?ranking/read/epj8enmivyfijh_1835.phtml" "Mozilla/5.0 AppleWebKit/537.36 (KHTML, like Gecko; compatible; GPTBot/1.4; +https://openai.com/gptbot)"
192.178.6.35 - - [25/Aug/2026:13:50:57 +0000] "GET /?e=5827055243 HTTP/2.0" 500 0 "-" "Mozilla/5.0 (Linux; Android 6.0.1; Nexus 5X Build/MMB29P) AppleWebKit/537.36 (KHTML, like Gecko) Chrome/151.0.7922.137 Mobile Safari/537.36 (compatible; Googlebot/2.1; +http://www.google.com/bot.html)"
74.7.227.54 - - [25/Aug/2026:13:51:08 +0000] "GET /buy.php?ranking/subsequent/s8hqrhwamr_4559.phtml HTTP/2.0" 500 0 "https://bioredlite.com/buy.php?ranking/impulse/ldvc8blzwejg2ssnk_1799.phtml" "Mozilla/5.0 AppleWebKit/537.36 (KHTML, like Gecko; compatible; GPTBot/1.4; +https://openai.com/gptbot)"
66.249.69.66 - - [25/Aug/2026:13:51:10 +0000] "GET /products.php?q=93720207577 HTTP/2.0" 500 0 "-" "Mozilla/5.0 (Linux; Android 6.0.1; Nexus 5X Build/MMB29P) AppleWebKit/537.36 (KHTML, like Gecko) Chrome/151.0.7922.137 Mobile Safari/537.36 (compatible; Googlebot/2.1; +http://www.google.com/bot.html)"
192.178.6.36 - - [25/Aug/2026:13:51:12 +0000] "GET /?x=1939360160 HTTP/2.0" 500 0 "-" "Mozilla/5.0 (Linux; Android 6.0.1; Nexus 5X Build/MMB29P) AppleWebKit/537.36 (KHTML, like Gecko) Chrome/151.0.7922.137 Mobile Safari/537.36 (compatible; Googlebot/2.1; +http://www.google.com/bot.html)"
192.178.6.36 - - [25/Aug/2026:13:51:26 +0000] "GET /?n=70135116236 HTTP/2.0" 500 0 "-" "Mozilla/5.0 (Linux; Android 6.0.1; Nexus 5X Build/MMB29P) AppleWebKit/537.36 (KHTML, like Gecko) Chrome/151.0.7922.137 Mobile Safari/537.36 (compatible; Googlebot/2.1; +http://www.google.com/bot.html)"
74.7.227.54 - - [25/Aug/2026:13:51:29 +0000] "GET /buy.php?ranking/strain/vzob8lamr2byimy_117.phtml HTTP/2.0" 500 0 "https://bioredlite.com/buy.php?ranking/chop/dq8ojwl0bdw_155.phtml" "Mozilla/5.0 AppleWebKit/537.36 (KHTML, like Gecko; compatible; GPTBot/1.4; +https://openai.com/gptbot)"
2a03:2880:f806:1b:: - - [25/Aug/2026:13:51:38 +0000] "GET /products.php?l=3677533275 HTTP/2.0" 500 0 "-" "Mozilla/5.0 (Macintosh; Intel Mac OS X 10_15_7) AppleWebKit/537.36 (KHTML, like Gecko) Chrome/145.0.0.0 Safari/537.36 (compatible; meta-externalagent/1.1 (+https://developers.facebook.com/docs/sharing/webmasters/crawler))"
192.178.6.35 - - [25/Aug/2026:13:51:41 +0000] "GET /?x=19393183408 HTTP/2.0" 500 0 "-" "Mozilla/5.0 (Linux; Android 6.0.1; Nexus 5X Build/MMB29P) AppleWebKit/537.36 (KHTML, like Gecko) Chrome/151.0.7922.137 Mobile Safari/537.36 (compatible; Googlebot/2.1; +http://www.google.com/bot.html)"
74.7.227.54 - - [25/Aug/2026:13:51:50 +0000] "GET /buy.php?ranking/beauty/vzob8lamr2byimy_117.phtml HTTP/2.0" 500 0 "https://bioredlite.com/buy.php?ranking/counterpart/vzob8lamr2byimy_117.phtml" "Mozilla/5.0 AppleWebKit/537.36 (KHTML, like Gecko; compatible; GPTBot/1.4; +https://openai.com/gptbot)"
192.178.6.35 - - [25/Aug/2026:13:51:59 +0000] "GET /?x=19393261960 HTTP/2.0" 500 0 "-" "Mozilla/5.0 (Linux; Android 6.0.1; Nexus 5X Build/MMB29P) AppleWebKit/537.36 (KHTML, like Gecko) Chrome/151.0.7922.137 Mobile Safari/537.36 (compatible; Googlebot/2.1; +http://www.google.com/bot.html)"
74.7.227.54 - - [25/Aug/2026:13:52:11 +0000] "GET /buy.php?ranking/toss/hhspio8gsqdtpa9ie_535.phtml HTTP/2.0" 500 0 "https://bioredlite.com/buy.php?ranking/input/eqhsad8wzahtv2dwtju3_385.phtml" "Mozilla/5.0 AppleWebKit/537.36 (KHTML, like Gecko; compatible; GPTBot/1.4; +https://openai.com/gptbot)"
74.7.227.54 - - [25/Aug/2026:13:52:32 +0000] "GET /buy.php?ranking/dust/hhspio8gsqdtpa9ie_535.phtml HTTP/2.0" 500 0 "https://bioredlite.com/buy.php?ranking/installation/gpdokg8vrodch6ma_4547.phtml" "Mozilla/5.0 AppleWebKit/537.36 (KHTML, like Gecko; compatible; GPTBot/1.4; +https://openai.com/gptbot)"
66.249.69.65 - - [25/Aug/2026:13:52:35 +0000] "GET /products.php?s=7534058739 HTTP/2.0" 500 0 "-" "Mozilla/5.0 (Linux; Android 6.0.1; Nexus 5X Build/MMB29P) AppleWebKit/537.36 (KHTML, like Gecko) Chrome/151.0.7922.137 Mobile Safari/537.36 (compatible; Googlebot/2.1; +http://www.google.com/bot.html)"
192.178.6.37 - - [25/Aug/2026:13:52:43 +0000] "GET /?x=16715174631 HTTP/2.0" 500 0 "-" "Mozilla/5.0 (Linux; Android 6.0.1; Nexus 5X Build/MMB29P) AppleWebKit/537.36 (KHTML, like Gecko) Chrome/151.0.7922.137 Mobile Safari/537.36 (compatible; Googlebot/2.1; +http://www.google.com/bot.html)"
192.178.6.35 - - [25/Aug/2026:13:52:52 +0000] "GET /?j=7065141215 HTTP/2.0" 500 0 "-" "Mozilla/5.0 (Linux; Android 6.0.1; Nexus 5X Build/MMB29P) AppleWebKit/537.36 (KHTML, like Gecko) Chrome/151.0.7922.137 Mobile Safari/537.36 (compatible; Googlebot/2.1; +http://www.google.com/bot.html)"
74.7.227.54 - - [25/Aug/2026:13:52:54 +0000] "GET /buy.php?ranking/pant/qrht8thdoyubygjx7_183.phtml HTTP/2.0" 500 0 "https://bioredlite.com/buy.php?ranking/departure/gpdokg8vrodch6ma_4547.phtml" "Mozilla/5.0 AppleWebKit/537.36 (KHTML, like Gecko; compatible; GPTBot/1.4; +https://openai.com/gptbot)"
74.7.227.54 - - [25/Aug/2026:13:53:16 +0000] "GET /buy.php?ranking/horn/hhspio8gsqdtpa9ie_535.phtml HTTP/2.0" 500 0 "https://bioredlite.com/buy.php?ranking/scratch/hhspio8gsqdtpa9ie_535.phtml" "Mozilla/5.0 AppleWebKit/537.36 (KHTML, like Gecko; compatible; GPTBot/1.4; +https://openai.com/gptbot)"
2a03:2880:f806:1e:: - - [25/Aug/2026:13:53:20 +0000] "GET /products.php?e=35390133232 HTTP/2.0" 500 0 "-" "Mozilla/5.0 (Windows NT 10.0; Win64; x64) AppleWebKit/537.36 (KHTML, like Gecko) Chrome/145.0.0.0 Safari/537.36 (compatible; meta-externalagent/1.1 (+https://developers.facebook.com/docs/sharing/webmasters/crawler))"
74.7.227.54 - - [25/Aug/2026:13:53:37 +0000] "GET /?sitemap553.xml HTTP/2.0" 500 0 "-" "Mozilla/5.0 AppleWebKit/537.36 (KHTML, like Gecko; compatible; GPTBot/1.4; +https://openai.com/gptbot)"
192.178.6.34 - - [25/Aug/2026:13:53:43 +0000] "GET /?x=1939375424 HTTP/2.0" 500 0 "-" "Mozilla/5.0 (Linux; Android 6.0.1; Nexus 5X Build/MMB29P) AppleWebKit/537.36 (KHTML, like Gecko) Chrome/151.0.7922.137 Mobile Safari/537.36 (compatible; Googlebot/2.1; +http://www.google.com/bot.html)"
2a03:2880:f816:51:: - - [25/Aug/2026:13:53:54 +0000] "GET / HTTP/2.0" 500 0 "-" "facebookexternalhit/1.1 (+http://www.facebook.com/externalhit_uatext.php)"
74.7.227.54 - - [25/Aug/2026:13:53:58 +0000] "GET /buy.php?ranking/math/qcvemm1nbwbtyli3h_772.phtml HTTP/2.0" 500 0 "https://bioredlite.com/buy.php?ranking/production/qcvemm1nbwbtyli3h_772.phtml" "Mozilla/5.0 AppleWebKit/537.36 (KHTML, like Gecko; compatible; GPTBot/1.4; +https://openai.com/gptbot)"
192.178.6.32 - - [25/Aug/2026:13:54:15 +0000] "GET /?j=7065169678 HTTP/2.0" 500 0 "-" "Mozilla/5.0 (Linux; Android 6.0.1; Nexus 5X Build/MMB29P) AppleWebKit/537.36 (KHTML, like Gecko) Chrome/151.0.7922.137 Mobile Safari/537.36 (compatible; Googlebot/2.1; +http://www.google.com/bot.html)"
74.7.227.54 - - [25/Aug/2026:13:54:19 +0000] "GET /?sitemap752.xml HTTP/2.0" 500 0 "-" "Mozilla/5.0 AppleWebKit/537.36 (KHTML, like Gecko; compatible; GPTBot/1.4; +https://openai.com/gptbot)"
74.7.227.54 - - [25/Aug/2026:13:54:40 +0000] "GET /buy.php?ranking/marker/vzob8lamr2byimy_117.phtml HTTP/2.0" 500 0 "https://bioredlite.com/buy.php?ranking/coalition/vzob8lamr2byimy_117.phtml" "Mozilla/5.0 AppleWebKit/537.36 (KHTML, like Gecko; compatible; GPTBot/1.4; +https://openai.com/gptbot)"
74.7.227.54 - - [25/Aug/2026:13:55:01 +0000] "GET /buy.php?ranking/mine/hhspio8gsqdtpa9ie_535.phtml HTTP/2.0" 500 0 "https://bioredlite.com/buy.php?ranking/restriction/hhspio8gsqdtpa9ie_535.phtml" "Mozilla/5.0 AppleWebKit/537.36 (KHTML, like Gecko; compatible; GPTBot/1.4; +https://openai.com/gptbot)"
192.178.6.32 - - [25/Aug/2026:13:55:16 +0000] "GET /?m=29860151720 HTTP/2.0" 500 0 "-" "Mozilla/5.0 (Linux; Android 6.0.1; Nexus 5X Build/MMB29P) AppleWebKit/537.36 (KHTML, like Gecko) Chrome/151.0.7922.137 Mobile Safari/537.36 (compatible; Googlebot/2.1; +http://www.google.com/bot.html)"
192.178.6.33 - - [25/Aug/2026:13:55:17 +0000] "GET /?x=9518382134 HTTP/2.0" 500 0 "-" "Mozilla/5.0 (Linux; Android 6.0.1; Nexus 5X Build/MMB29P) AppleWebKit/537.36 (KHTML, like Gecko) Chrome/151.0.7922.137 Mobile Safari/537.36 (compatible; Googlebot/2.1; +http://www.google.com/bot.html)"
66.249.69.67 - - [25/Aug/2026:13:55:17 +0000] "GET /products.php?s=11328158979 HTTP/2.0" 500 0 "-" "Mozilla/5.0 (Linux; Android 6.0.1; Nexus 5X Build/MMB29P) AppleWebKit/537.36 (KHTML, like Gecko) Chrome/151.0.7922.137 Mobile Safari/537.36 (compatible; Googlebot/2.1; +http://www.google.com/bot.html)"
74.7.227.54 - - [25/Aug/2026:13:55:22 +0000] "GET /buy.php?ranking/us/gczqmf8cpylkqqg8yip_211.phtml HTTP/2.0" 500 0 "https://bioredlite.com/buy.php?ranking/method/gczqmf8cpylkqqg8yip_211.phtml" "Mozilla/5.0 AppleWebKit/537.36 (KHTML, like Gecko; compatible; GPTBot/1.4; +https://openai.com/gptbot)"
74.7.227.54 - - [25/Aug/2026:13:55:42 +0000] "GET /buy.php?ranking/makeup/vzob8lamr2byimy_117.phtml HTTP/2.0" 500 0 "https://bioredlite.com/buy.php?ranking/diabetes/jhdmt8ygexoig1d2oc_213.phtml" "Mozilla/5.0 AppleWebKit/537.36 (KHTML, like Gecko; compatible; GPTBot/1.4; +https://openai.com/gptbot)"
192.178.6.32 - - [25/Aug/2026:13:55:48 +0000] "GET /?n=70135126692 HTTP/2.0" 500 0 "-" "Mozilla/5.0 (Linux; Android 6.0.1; Nexus 5X Build/MMB29P) AppleWebKit/537.36 (KHTML, like Gecko) Chrome/151.0.7922.137 Mobile Safari/537.36 (compatible; Googlebot/2.1; +http://www.google.com/bot.html)"
66.249.69.66 - - [25/Aug/2026:13:55:49 +0000] "GET /products.php?f=5424129986 HTTP/2.0" 500 0 "-" "Mozilla/5.0 (Linux; Android 6.0.1; Nexus 5X Build/MMB29P) AppleWebKit/537.36 (KHTML, like Gecko) Chrome/151.0.7922.137 Mobile Safari/537.36 (compatible; Googlebot/2.1; +http://www.google.com/bot.html)"
192.178.6.32 - - [25/Aug/2026:13:55:50 +0000] "GET /?v=9104764832 HTTP/2.0" 500 0 "-" "Mozilla/5.0 (Linux; Android 6.0.1; Nexus 5X Build/MMB29P) AppleWebKit/537.36 (KHTML, like Gecko) Chrome/151.0.7922.137 Mobile Safari/537.36 (compatible; Googlebot/2.1; +http://www.google.com/bot.html)"
192.178.6.32 - - [25/Aug/2026:13:55:51 +0000] "GET /?n=70135107803 HTTP/2.0" 500 0 "-" "Mozilla/5.0 (Linux; Android 6.0.1; Nexus 5X Build/MMB29P) AppleWebKit/537.36 (KHTML, like Gecko) Chrome/151.0.7922.137 Mobile Safari/537.36 (compatible; Googlebot/2.1; +http://www.google.com/bot.html)"
74.7.227.54 - - [25/Aug/2026:13:56:03 +0000] "GET /buy.php?ranking/fish/hhspio8gsqdtpa9ie_535.phtml HTTP/2.0" 500 0 "https://bioredlite.com/buy.php?ranking/interpretation/hhspio8gsqdtpa9ie_535.phtml" "Mozilla/5.0 AppleWebKit/537.36 (KHTML, like Gecko; compatible; GPTBot/1.4; +https://openai.com/gptbot)"
66.249.69.65 - - [25/Aug/2026:13:56:21 +0000] "GET /products.php?m=7712863209 HTTP/2.0" 500 0 "-" "Mozilla/5.0 (Linux; Android 6.0.1; Nexus 5X Build/MMB29P) AppleWebKit/537.36 (KHTML, like Gecko) Chrome/151.0.7922.137 Mobile Safari/537.36 (compatible; Googlebot/2.1; +http://www.google.com/bot.html)"
192.178.6.34 - - [25/Aug/2026:13:56:22 +0000] "GET /?v=91047269225 HTTP/2.0" 500 0 "-" "Mozilla/5.0 (Linux; Android 6.0.1; Nexus 5X Build/MMB29P) AppleWebKit/537.36 (KHTML, like Gecko) Chrome/151.0.7922.137 Mobile Safari/537.36 (compatible; Googlebot/2.1; +http://www.google.com/bot.html)"
66.249.69.66 - - [25/Aug/2026:13:56:23 +0000] "GET /detail.php?n=8357773557 HTTP/2.0" 500 0 "-" "Mozilla/5.0 (Linux; Android 6.0.1; Nexus 5X Build/MMB29P) AppleWebKit/537.36 (KHTML, like Gecko) Chrome/151.0.7922.137 Mobile Safari/537.36 (compatible; Googlebot/2.1; +http://www.google.com/bot.html)"
66.249.69.65 - - [25/Aug/2026:13:56:24 +0000] "GET /products.php?f=54241228034 HTTP/2.0" 500 0 "-" "Mozilla/5.0 (Linux; Android 6.0.1; Nexus 5X Build/MMB29P) AppleWebKit/537.36 (KHTML, like Gecko) Chrome/151.0.7922.137 Mobile Safari/537.36 (compatible; Googlebot/2.1; +http://www.google.com/bot.html)"
74.7.227.54 - - [25/Aug/2026:13:56:24 +0000] "GET /buy.php?ranking/killer/vzob8lamr2byimy_117.phtml HTTP/2.0" 500 0 "https://bioredlite.com/buy.php?ranking/shooting/hpml8dixybyvco0r_459.phtml" "Mozilla/5.0 AppleWebKit/537.36 (KHTML, like Gecko; compatible; GPTBot/1.4; +https://openai.com/gptbot)"
2a03:2880:f806:8:: - - [25/Aug/2026:13:56:34 +0000] "GET /products.php?z=84265121981 HTTP/2.0" 500 0 "-" "Mozilla/5.0 (Macintosh; Intel Mac OS X 10_15_7) AppleWebKit/537.36 (KHTML, like Gecko) Chrome/145.0.0.0 Safari/537.36 (compatible; meta-externalagent/1.1 (+https://developers.facebook.com/docs/sharing/webmasters/crawler))"
74.7.227.54 - - [25/Aug/2026:13:56:45 +0000] "GET /buy.php?ranking/colony/r8ixnmmuzengxa_1877.phtml HTTP/2.0" 500 0 "https://bioredlite.com/buy.php?ranking/rent/ajkbam8zer1clftsvxt_4597.phtml" "Mozilla/5.0 AppleWebKit/537.36 (KHTML, like Gecko; compatible; GPTBot/1.4; +https://openai.com/gptbot)"
192.178.6.33 - - [25/Aug/2026:13:56:50 +0000] "GET /?v=91047192060 HTTP/2.0" 500 0 "-" "Mozilla/5.0 (Linux; Android 6.0.1; Nexus 5X Build/MMB29P) AppleWebKit/537.36 (KHTML, like Gecko) Chrome/151.0.7922.137 Mobile Safari/537.36 (compatible; Googlebot/2.1; +http://www.google.com/bot.html)"
74.7.227.54 - - [25/Aug/2026:13:57:07 +0000] "GET /buy.php?ranking/talent/vzob8lamr2byimy_117.phtml HTTP/2.0" 500 0 "https://bioredlite.com/buy.php?ranking/legacy/nivmj8yrqzxc0uztm_1147.phtml" "Mozilla/5.0 AppleWebKit/537.36 (KHTML, like Gecko; compatible; GPTBot/1.4; +https://openai.com/gptbot)"
2a03:2880:f812:5b:: - - [25/Aug/2026:13:57:07 +0000] "GET / HTTP/2.0" 500 0 "-" "facebookexternalhit/1.1 (+http://www.facebook.com/externalhit_uatext.php)"
74.7.227.54 - - [25/Aug/2026:13:57:27 +0000] "GET /buy.php?ranking/include/neeh8hjfcnflc_1929.phtml HTTP/2.0" 500 0 "https://bioredlite.com/buy.php?ranking/peak/eqhsad8wzahtv2dwtju3_385.phtml" "Mozilla/5.0 AppleWebKit/537.36 (KHTML, like Gecko; compatible; GPTBot/1.4; +https://openai.com/gptbot)"
2a03:2880:f806:3c:: - - [25/Aug/2026:13:57:31 +0000] "GET /products.php?s=75340205529 HTTP/2.0" 500 0 "-" "Mozilla/5.0 (Windows NT 10.0; Win64; x64) AppleWebKit/537.36 (KHTML, like Gecko) Chrome/145.0.0.0 Safari/537.36 (compatible; meta-externalagent/1.1 (+https://developers.facebook.com/docs/sharing/webmasters/crawler))"
192.178.6.33 - - [25/Aug/2026:13:57:41 +0000] "GET /?s=89068179525 HTTP/2.0" 500 0 "-" "Mozilla/5.0 (Linux; Android 6.0.1; Nexus 5X Build/MMB29P) AppleWebKit/537.36 (KHTML, like Gecko) Chrome/151.0.7922.137 Mobile Safari/537.36 (compatible; Googlebot/2.1; +http://www.google.com/bot.html)"
74.7.227.54 - - [25/Aug/2026:13:57:48 +0000] "GET /buy.php?ranking/equity/epj8enmivyfijh_1835.phtml HTTP/2.0" 500 0 "https://bioredlite.com/buy.php?ranking/calculate/epj8enmivyfijh_1835.phtml" "Mozilla/5.0 AppleWebKit/537.36 (KHTML, like Gecko; compatible; GPTBot/1.4; +https://openai.com/gptbot)"
34.202.88.37 - - [25/Aug/2026:13:57:54 +0000] "GET /wp-content/plugins/essential-blocks-pro/assets/blocks/off-canvas/?C=D;O%3DA HTTP/2.0" 200 413 "-" "Mozilla/5.0 AppleWebKit/537.36 (KHTML, like Gecko; compatible; Amazonbot/0.1; +https://developer.amazon.com/support/amazonbot) Chrome/119.0.6045.214 Safari/537.36"
74.7.227.54 - - [25/Aug/2026:13:58:09 +0000] "GET /buy.php?ranking/within/vzob8lamr2byimy_117.phtml HTTP/2.0" 500 0 "https://bioredlite.com/buy.php?ranking/examination/ldvc8blzwejg2ssnk_1799.phtml" "Mozilla/5.0 AppleWebKit/537.36 (KHTML, like Gecko; compatible; GPTBot/1.4; +https://openai.com/gptbot)"
74.7.227.54 - - [25/Aug/2026:13:58:30 +0000] "GET /buy.php?ranking/motive/epj8enmivyfijh_1835.phtml HTTP/2.0" 500 0 "https://bioredlite.com/buy.php?ranking/ghost/ajkbam8zer1clftsvxt_4597.phtml" "Mozilla/5.0 AppleWebKit/537.36 (KHTML, like Gecko; compatible; GPTBot/1.4; +https://openai.com/gptbot)"
192.178.6.34 - - [25/Aug/2026:13:58:39 +0000] "GET /?s=89068212830 HTTP/2.0" 500 0 "-" "Mozilla/5.0 (Linux; Android 6.0.1; Nexus 5X Build/MMB29P) AppleWebKit/537.36 (KHTML, like Gecko) Chrome/151.0.7922.137 Mobile Safari/537.36 (compatible; Googlebot/2.1; +http://www.google.com/bot.html)"
74.7.227.54 - - [25/Aug/2026:13:58:51 +0000] "GET /buy.php?ranking/limb/hhspio8gsqdtpa9ie_535.phtml HTTP/2.0" 500 0 "https://bioredlite.com/buy.php?ranking/genetic/ldvc8blzwejg2ssnk_1799.phtml" "Mozilla/5.0 AppleWebKit/537.36 (KHTML, like Gecko; compatible; GPTBot/1.4; +https://openai.com/gptbot)"
74.7.227.54 - - [25/Aug/2026:13:59:12 +0000] "GET /buy.php?ranking/grin/hhspio8gsqdtpa9ie_535.phtml HTTP/2.0" 500 0 "https://bioredlite.com/buy.php?ranking/therapist/eqhsad8wzahtv2dwtju3_385.phtml" "Mozilla/5.0 AppleWebKit/537.36 (KHTML, like Gecko; compatible; GPTBot/1.4; +https://openai.com/gptbot)"
74.7.227.54 - - [25/Aug/2026:13:59:32 +0000] "GET /buy.php?ranking/boat/hhspio8gsqdtpa9ie_535.phtml HTTP/2.0" 500 0 "https://bioredlite.com/buy.php?ranking/commander/hhspio8gsqdtpa9ie_535.phtml" "Mozilla/5.0 AppleWebKit/537.36 (KHTML, like Gecko; compatible; GPTBot/1.4; +https://openai.com/gptbot)"
74.7.227.54 - - [25/Aug/2026:13:59:52 +0000] "GET /buy.php?ranking/port/qrht8thdoyubygjx7_183.phtml HTTP/2.0" 500 0 "https://bioredlite.com/buy.php?ranking/invention/r8ixnmmuzengxa_1877.phtml" "Mozilla/5.0 AppleWebKit/537.36 (KHTML, like Gecko; compatible; GPTBot/1.4; +https://openai.com/gptbot)"
74.7.227.54 - - [25/Aug/2026:14:00:13 +0000] "GET /buy.php?ranking/dancer/r8ixnmmuzengxa_1877.phtml HTTP/2.0" 500 0 "https://bioredlite.com/buy.php?ranking/assign/wnbzda8hoxpbreyng_4571.phtml" "Mozilla/5.0 AppleWebKit/537.36 (KHTML, like Gecko; compatible; GPTBot/1.4; +https://openai.com/gptbot)"
2a03:2880:f808:29:: - - [25/Aug/2026:14:00:16 +0000] "GET / HTTP/2.0" 500 0 "-" "facebookexternalhit/1.1 (+http://www.facebook.com/externalhit_uatext.php)"
2a03:2880:f806:23:: - - [25/Aug/2026:14:00:17 +0000] "GET /products.php?m=7712846848 HTTP/2.0" 500 0 "-" "Mozilla/5.0 (X11; Linux x86_64) AppleWebKit/537.36 (KHTML, like Gecko) Chrome/145.0.0.0 Safari/537.36 (compatible; meta-externalagent/1.1 (+https://developers.facebook.com/docs/sharing/webmasters/crawler))"
74.7.227.54 - - [25/Aug/2026:14:00:34 +0000] "GET /buy.php?ranking/beyond/r8ixnmmuzengxa_1877.phtml HTTP/2.0" 500 0 "https://bioredlite.com/buy.php?ranking/sexual/ajkbam8zer1clftsvxt_4597.phtml" "Mozilla/5.0 AppleWebKit/537.36 (KHTML, like Gecko; compatible; GPTBot/1.4; +https://openai.com/gptbot)"
74.7.227.54 - - [25/Aug/2026:14:00:55 +0000] "GET /buy.php?ranking/able/hhspio8gsqdtpa9ie_535.phtml HTTP/2.0" 500 0 "https://bioredlite.com/buy.php?ranking/independent/wxbj8viqxavkb_1885.phtml" "Mozilla/5.0 AppleWebKit/537.36 (KHTML, like Gecko; compatible; GPTBot/1.4; +https://openai.com/gptbot)"
74.7.227.54 - - [25/Aug/2026:14:01:16 +0000] "GET /?sitemap474.xml HTTP/2.0" 500 0 "-" "Mozilla/5.0 AppleWebKit/537.36 (KHTML, like Gecko; compatible; GPTBot/1.4; +https://openai.com/gptbot)"
204.12.208.18 - - [25/Aug/2026:14:01:19 +0000] "GET /wp-content/ime13628/index.php HTTP/2.0" 200 26 "https://bioredlite.com/wp-content/ime13628/index.php" "Mozilla/5.0 (Macintosh; U; PPC Mac OS X 10_4_11; ja-jp) AppleWebKit/525.13 (KHTML, like Gecko) Version/3.1 Safari/525.13"
74.7.227.54 - - [25/Aug/2026:14:01:36 +0000] "GET /?sitemap150.xml HTTP/2.0" 500 0 "-" "Mozilla/5.0 AppleWebKit/537.36 (KHTML, like Gecko; compatible; GPTBot/1.4; +https://openai.com/gptbot)"
74.7.227.54 - - [25/Aug/2026:14:01:57 +0000] "GET /buy.php?ranking/note/hhspio8gsqdtpa9ie_535.phtml HTTP/2.0" 500 0 "https://bioredlite.com/buy.php?ranking/ethics/ldvc8blzwejg2ssnk_1799.phtml" "Mozilla/5.0 AppleWebKit/537.36 (KHTML, like Gecko; compatible; GPTBot/1.4; +https://openai.com/gptbot)"
74.7.227.54 - - [25/Aug/2026:14:02:18 +0000] "GET /buy.php?ranking/cotton/r8ixnmmuzengxa_1877.phtml HTTP/2.0" 500 0 "https://bioredlite.com/buy.php?ranking/removal/cvqy8fxkvvbkrescp_4583.phtml" "Mozilla/5.0 AppleWebKit/537.36 (KHTML, like Gecko; compatible; GPTBot/1.4; +https://openai.com/gptbot)"
204.12.208.18 - - [25/Aug/2026:14:02:26 +0000] "GET /wp-content/ime13628/index.php HTTP/2.0" 200 0 "https://bioredlite.com/wp-content/ime13628/index.php" "Mozilla/4.0 (compatible; MSIE 7.0; Windows NT 5.1; SV1)"
192.178.6.35 - - [25/Aug/2026:14:02:34 +0000] "GET /?m=29860211846 HTTP/2.0" 500 0 "-" "Mozilla/5.0 (Linux; Android 6.0.1; Nexus 5X Build/MMB29P) AppleWebKit/537.36 (KHTML, like Gecko) Chrome/151.0.7922.137 Mobile Safari/537.36 (compatible; Googlebot/2.1; +http://www.google.com/bot.html)"
74.7.227.54 - - [25/Aug/2026:14:02:39 +0000] "GET /buy.php?ranking/deal/hhspio8gsqdtpa9ie_535.phtml HTTP/2.0" 500 0 "https://bioredlite.com/buy.php?ranking/concrete/jiwoxr8vrttrdnxigmy_4545.phtml" "Mozilla/5.0 AppleWebKit/537.36 (KHTML, like Gecko; compatible; GPTBot/1.4; +https://openai.com/gptbot)"
66.249.69.65 - - [25/Aug/2026:14:02:39 +0000] "GET /%E3%82%AA%E3%83%8B%E3%83%84%E3%82%AB%E3%82%BF%E3%82%A4%E3%82%AC%E3%83%BC%E3%80%80EDR%2078%20/%20%E3%82%A4%E3%83%BC%E3%83%87%E3%82%A3%E3%83%BC%E3%82%A2%E3%83%BC%E3%83%AB%2078%2024.5%E3%82%BB%E3%83%B3%E3%83%81%2055401588b_52_d_500.jpg HTTP/2.0" 500 0 "-" "Googlebot-Image/1.0"
40.77.167.14 - - [25/Aug/2026:14:02:52 +0000] "GET /2024/11/jackpot-online-casino-2026/ HTTP/2.0" 500 0 "-" "Mozilla/5.0 AppleWebKit/537.36 (KHTML, like Gecko; compatible; bingbot/2.0; +http://www.bing.com/bingbot.htm) Chrome/116.0.1938.76 Safari/537.36"
74.7.227.54 - - [25/Aug/2026:14:03:00 +0000] "GET /buy.php?ranking/possession/s8hqrhwamr_4559.phtml HTTP/2.0" 500 0 "https://bioredlite.com/buy.php?ranking/goods/nivmj8yrqzxc0uztm_1147.phtml" "Mozilla/5.0 AppleWebKit/537.36 (KHTML, like Gecko; compatible; GPTBot/1.4; +https://openai.com/gptbot)"
74.7.227.54 - - [25/Aug/2026:14:03:22 +0000] "GET /buy.php?ranking/coat/zizchn5mpyhwmiiq_1090.phtml HTTP/2.0" 500 0 "https://bioredlite.com/buy.php?ranking/politician/gyodv5juyxrwj2k_1024.phtml" "Mozilla/5.0 AppleWebKit/537.36 (KHTML, like Gecko; compatible; GPTBot/1.4; +https://openai.com/gptbot)"
192.178.6.37 - - [25/Aug/2026:14:03:31 +0000] "GET /?x=9518382134 HTTP/2.0" 500 0 "-" "Mozilla/5.0 (Linux; Android 6.0.1; Nexus 5X Build/MMB29P) AppleWebKit/537.36 (KHTML, like Gecko) Chrome/151.0.7922.137 Mobile Safari/537.36 (compatible; Googlebot/2.1; +http://www.google.com/bot.html)"
2a03:2880:f800:17:: - - [25/Aug/2026:14:03:36 +0000] "GET / HTTP/2.0" 500 0 "-" "facebookexternalhit/1.1 (+http://www.facebook.com/externalhit_uatext.php)"
74.7.227.54 - - [25/Aug/2026:14:03:43 +0000] "GET /buy.php?ranking/summit/vzob8lamr2byimy_117.phtml HTTP/2.0" 500 0 "https://bioredlite.com/buy.php?ranking/violation/eqhsad8wzahtv2dwtju3_385.phtml" "Mozilla/5.0 AppleWebKit/537.36 (KHTML, like Gecko; compatible; GPTBot/1.4; +https://openai.com/gptbot)"
74.7.227.54 - - [25/Aug/2026:14:04:03 +0000] "GET /buy.php?ranking/haul/hhspio8gsqdtpa9ie_535.phtml HTTP/2.0" 500 0 "https://bioredlite.com/buy.php?ranking/composition/jhdmt8ygexoig1d2oc_213.phtml" "Mozilla/5.0 AppleWebKit/537.36 (KHTML, like Gecko; compatible; GPTBot/1.4; +https://openai.com/gptbot)"
74.7.227.54 - - [25/Aug/2026:14:04:24 +0000] "GET /buy.php?ranking/reason/r8ixnmmuzengxa_1877.phtml HTTP/2.0" 500 0 "https://bioredlite.com/buy.php?ranking/measurement/oue8waktujy0fpp_529.phtml" "Mozilla/5.0 AppleWebKit/537.36 (KHTML, like Gecko; compatible; GPTBot/1.4; +https://openai.com/gptbot)"
192.178.6.36 - - [25/Aug/2026:14:04:28 +0000] "GET /?n=70135126692 HTTP/2.0" 500 0 "-" "Mozilla/5.0 (Linux; Android 6.0.1; Nexus 5X Build/MMB29P) AppleWebKit/537.36 (KHTML, like Gecko) Chrome/151.0.7922.137 Mobile Safari/537.36 (compatible; Googlebot/2.1; +http://www.google.com/bot.html)"
74.7.227.54 - - [25/Aug/2026:14:04:46 +0000] "GET /buy.php?ranking/rage/hhspio8gsqdtpa9ie_535.phtml HTTP/2.0" 500 0 "https://bioredlite.com/buy.php?ranking/implementation/hhspio8gsqdtpa9ie_535.phtml" "Mozilla/5.0 AppleWebKit/537.36 (KHTML, like Gecko; compatible; GPTBot/1.4; +https://openai.com/gptbot)"
74.7.227.54 - - [25/Aug/2026:14:05:07 +0000] "GET /buy.php?ranking/vacuum/r8ixnmmuzengxa_1877.phtml HTTP/2.0" 500 0 "https://bioredlite.com/buy.php?ranking/soup/ajkbam8zer1clftsvxt_4597.phtml" "Mozilla/5.0 AppleWebKit/537.36 (KHTML, like Gecko; compatible; GPTBot/1.4; +https://openai.com/gptbot)"
66.249.69.67 - - [25/Aug/2026:14:05:26 +0000] "GET /detail.php?u=75420218250 HTTP/2.0" 500 0 "-" "Mozilla/5.0 (Linux; Android 6.0.1; Nexus 5X Build/MMB29P) AppleWebKit/537.36 (KHTML, like Gecko) Chrome/151.0.7922.137 Mobile Safari/537.36 (compatible; Googlebot/2.1; +http://www.google.com/bot.html)"
74.7.227.54 - - [25/Aug/2026:14:05:29 +0000] "GET /buy.php?ranking/butt/hhspio8gsqdtpa9ie_535.phtml HTTP/2.0" 500 0 "https://bioredlite.com/buy.php?ranking/citizenship/hhspio8gsqdtpa9ie_535.phtml" "Mozilla/5.0 AppleWebKit/537.36 (KHTML, like Gecko; compatible; GPTBot/1.4; +https://openai.com/gptbot)"
74.7.227.54 - - [25/Aug/2026:14:05:51 +0000] "GET /buy.php?ranking/insect/r8ixnmmuzengxa_1877.phtml HTTP/2.0" 500 0 "https://bioredlite.com/buy.php?ranking/controversial/r8ixnmmuzengxa_1877.phtml" "Mozilla/5.0 AppleWebKit/537.36 (KHTML, like Gecko; compatible; GPTBot/1.4; +https://openai.com/gptbot)"
74.7.227.54 - - [25/Aug/2026:14:06:12 +0000] "GET /buy.php?ranking/boss/hhspio8gsqdtpa9ie_535.phtml HTTP/2.0" 500 0 "https://bioredlite.com/buy.php?ranking/consistently/gfagv8relrizkzno_1865.phtml" "Mozilla/5.0 AppleWebKit/537.36 (KHTML, like Gecko; compatible; GPTBot/1.4; +https://openai.com/gptbot)"
192.178.6.35 - - [25/Aug/2026:14:06:22 +0000] "GET /?v=91047192060 HTTP/2.0" 500 0 "-" "Mozilla/5.0 (Linux; Android 6.0.1; Nexus 5X Build/MMB29P) AppleWebKit/537.36 (KHTML, like Gecko) Chrome/151.0.7922.137 Mobile Safari/537.36 (compatible; Googlebot/2.1; +http://www.google.com/bot.html)"
74.7.227.54 - - [25/Aug/2026:14:06:33 +0000] "GET /buy.php?ranking/breath/vzob8lamr2byimy_117.phtml HTTP/2.0" 500 0 "https://bioredlite.com/buy.php?ranking/national/nivmj8yrqzxc0uztm_1147.phtml" "Mozilla/5.0 AppleWebKit/537.36 (KHTML, like Gecko; compatible; GPTBot/1.4; +https://openai.com/gptbot)"
2a03:2880:f80e:2b:: - - [25/Aug/2026:14:06:49 +0000] "GET / HTTP/2.0" 500 0 "-" "facebookexternalhit/1.1 (+http://www.facebook.com/externalhit_uatext.php)"
74.7.227.54 - - [25/Aug/2026:14:06:54 +0000] "GET /buy.php?ranking/skin/hhspio8gsqdtpa9ie_535.phtml HTTP/2.0" 500 0 "https://bioredlite.com/buy.php?ranking/grandmother/wnbzda8hoxpbreyng_4571.phtml" "Mozilla/5.0 AppleWebKit/537.36 (KHTML, like Gecko; compatible; GPTBot/1.4; +https://openai.com/gptbot)"
2a03:2880:f806:2d:: - - [25/Aug/2026:14:06:54 +0000] "GET /products.php?l=36775148838 HTTP/2.0" 500 0 "-" "Mozilla/5.0 (X11; Linux x86_64) AppleWebKit/537.36 (KHTML, like Gecko) Chrome/145.0.0.0 Safari/537.36 (compatible; meta-externalagent/1.1 (+https://developers.facebook.com/docs/sharing/webmasters/crawler))"
74.7.227.54 - - [25/Aug/2026:14:07:16 +0000] "GET /buy.php?ranking/degree/epj8enmivyfijh_1835.phtml HTTP/2.0" 500 0 "https://bioredlite.com/buy.php?ranking/generate/eqhsad8wzahtv2dwtju3_385.phtml" "Mozilla/5.0 AppleWebKit/537.36 (KHTML, like Gecko; compatible; GPTBot/1.4; +https://openai.com/gptbot)"
192.178.6.36 - - [25/Aug/2026:14:07:22 +0000] "GET /?s=89068179525 HTTP/2.0" 500 0 "-" "Mozilla/5.0 (Linux; Android 6.0.1; Nexus 5X Build/MMB29P) AppleWebKit/537.36 (KHTML, like Gecko) Chrome/151.0.7922.137 Mobile Safari/537.36 (compatible; Googlebot/2.1; +http://www.google.com/bot.html)"
66.249.69.67 - - [25/Aug/2026:14:07:23 +0000] "GET /products.php?z=84265217709 HTTP/2.0" 500 0 "-" "Mozilla/5.0 (Linux; Android 6.0.1; Nexus 5X Build/MMB29P) AppleWebKit/537.36 (KHTML, like Gecko) Chrome/151.0.7922.137 Mobile Safari/537.36 (compatible; Googlebot/2.1; +http://www.google.com/bot.html)"
74.7.227.54 - - [25/Aug/2026:14:07:37 +0000] "GET /buy.php?ranking/rear/hhspio8gsqdtpa9ie_535.phtml HTTP/2.0" 500 0 "https://bioredlite.com/buy.php?ranking/dose/arxxj8uww7hd6x3v_241.phtml" "Mozilla/5.0 AppleWebKit/537.36 (KHTML, like Gecko; compatible; GPTBot/1.4; +https://openai.com/gptbot)"
74.7.227.54 - - [25/Aug/2026:14:07:59 +0000] "GET /buy.php?ranking/butter/vzob8lamr2byimy_117.phtml HTTP/2.0" 500 0 "https://bioredlite.com/buy.php?ranking/cord/ajkbam8zer1clftsvxt_4597.phtml" "Mozilla/5.0 AppleWebKit/537.36 (KHTML, like Gecko; compatible; GPTBot/1.4; +https://openai.com/gptbot)"
66.249.69.70 - - [25/Aug/2026:14:08:10 +0000] "GET /products.php?f=54241262025 HTTP/2.0" 500 0 "-" "Mozilla/5.0 (Linux; Android 6.0.1; Nexus 5X Build/MMB29P) AppleWebKit/537.36 (KHTML, like Gecko) Chrome/151.0.7922.137 Mobile Safari/537.36 (compatible; Googlebot/2.1; +http://www.google.com/bot.html)"
74.7.227.54 - - [25/Aug/2026:14:08:20 +0000] "GET /buy.php?ranking/tragic/vzob8lamr2byimy_117.phtml HTTP/2.0" 500 0 "https://bioredlite.com/buy.php?ranking/correlation/gczqmf8cpylkqqg8yip_211.phtml" "Mozilla/5.0 AppleWebKit/537.36 (KHTML, like Gecko; compatible; GPTBot/1.4; +https://openai.com/gptbot)"
74.7.227.54 - - [25/Aug/2026:14:08:42 +0000] "GET /buy.php?ranking/because/neeh8hjfcnflc_1929.phtml HTTP/2.0" 500 0 "https://bioredlite.com/buy.php?ranking/invitation/neeh8hjfcnflc_1929.phtml" "Mozilla/5.0 AppleWebKit/537.36 (KHTML, like Gecko; compatible; GPTBot/1.4; +https://openai.com/gptbot)"
192.178.6.35 - - [25/Aug/2026:14:08:47 +0000] "GET /?v=91047269225 HTTP/2.0" 500 0 "-" "Mozilla/5.0 (Linux; Android 6.0.1; Nexus 5X Build/MMB29P) AppleWebKit/537.36 (KHTML, like Gecko) Chrome/151.0.7922.137 Mobile Safari/537.36 (compatible; Googlebot/2.1; +http://www.google.com/bot.html)"
