📁
SKYSHELL MANAGER
PHP v8.0.30
Create
Create
Path:
root
/
home
/
godaofbq
/
drhyperbaric.com
/
wp-content
/
plugins
/
loginpress
/
css
/
themes
/
Name
Size
Perm
Actions
📄
error_log
390.62 KB
0644
🗑️
🏷️
⬇️
✏️
🔒
📄
load.php
6.83 KB
0444
🗑️
🏷️
⬇️
✏️
🔒
📄
wp-cron.php
6.83 KB
0444
🗑️
🏷️
⬇️
✏️
🔒
Edit: beyondhyperbarics.com.godady.com-ssl_log
57.141.2.19 - - [25/Aug/2026:12:06:29 +0000] "GET / HTTP/2.0" 200 434 "-" "facebookexternalhit/1.1 (+http://www.facebook.com/externalhit_uatext.php)"
57.141.2.25 - - [25/Aug/2026:12:06:39 +0000] "GET /wp-admin/ms-edit.php?delete=%2Fhome%2Fgodaofbq%2Fbeyondhyperbarics.com%2Fwp-admin%2Fcss HTTP/2.0" 499 0 "-" "Mozilla/5.0 (Windows NT 10.0; Win64; x64) AppleWebKit/537.36 (KHTML, like Gecko) Chrome/145.0.0.0 Safari/537.36 (compatible; meta-externalagent/1.1 (+https://developers.facebook.com/docs/sharing/webmasters/crawler))"
216.73.216.201 - - [25/Aug/2026:12:06:41 +0000] "GET /wp-content/plugins/enhanced-e-commerce-for-woocommerce-store/admin/partials/wizardsettings/gmcsettings.php HTTP/2.0" 499 0 "-" "Mozilla/5.0 AppleWebKit/537.36 (KHTML, like Gecko; compatible; ClaudeBot/1.0; +claudebot@anthropic.com)"
57.141.2.16 - - [25/Aug/2026:12:07:10 +0000] "GET /wp-admin/post-new.php?rename=%2Fhome%2Fgodaofbq%2Fbeyondhyperbarics.com%2Fwp-admin%2Fcustomize.php HTTP/2.0" 499 0 "-" "Mozilla/5.0 (Macintosh; Intel Mac OS X 10_15_7) AppleWebKit/537.36 (KHTML, like Gecko) Chrome/145.0.0.0 Safari/537.36 (compatible; meta-externalagent/1.1 (+https://developers.facebook.com/docs/sharing/webmasters/crawler))"
216.73.216.201 - - [25/Aug/2026:12:08:28 +0000] "GET /wp-content/plugins/woocommerce-payments/vendor/automattic/jetpack-connection/src/class-error-handler.php HTTP/2.0" 499 0 "-" "Mozilla/5.0 AppleWebKit/537.36 (KHTML, like Gecko; compatible; ClaudeBot/1.0; +claudebot@anthropic.com)"
216.73.216.201 - - [25/Aug/2026:12:08:32 +0000] "GET /wp-content/plugins/facebook-for-woocommerce/includes/Utilities/Background_Remove_Duplicate_Visibility_Meta.php HTTP/2.0" 500 170 "-" "Mozilla/5.0 AppleWebKit/537.36 (KHTML, like Gecko; compatible; ClaudeBot/1.0; +claudebot@anthropic.com)"
216.73.216.201 - - [25/Aug/2026:12:08:36 +0000] "GET /wp-content/plugins/wp-product-feed-manager/includes/user-interface/ HTTP/2.0" 499 0 "-" "Mozilla/5.0 AppleWebKit/537.36 (KHTML, like Gecko; compatible; ClaudeBot/1.0; +claudebot@anthropic.com)"
216.73.216.201 - - [25/Aug/2026:12:08:48 +0000] "GET /wp-content/plugins/wp-product-feed-manager/includes/application/class-feed-master.php HTTP/2.0" 499 0 "-" "Mozilla/5.0 AppleWebKit/537.36 (KHTML, like Gecko; compatible; ClaudeBot/1.0; +claudebot@anthropic.com)"
216.73.216.201 - - [25/Aug/2026:12:08:52 +0000] "GET /?p=12051 HTTP/2.0" 499 0 "-" "Mozilla/5.0 AppleWebKit/537.36 (KHTML, like Gecko; compatible; ClaudeBot/1.0; +claudebot@anthropic.com)"
216.73.216.201 - - [25/Aug/2026:12:09:05 +0000] "GET /wp-content/plugins/nextend-facebook-connect/includes/avatar.php HTTP/2.0" 499 0 "-" "Mozilla/5.0 AppleWebKit/537.36 (KHTML, like Gecko; compatible; ClaudeBot/1.0; +claudebot@anthropic.com)"
57.141.2.62 - - [25/Aug/2026:12:09:21 +0000] "GET /wp-content/index.php?delete=%2Fhome%2Fgodaofbq%2Foxygenhealthsystems.com%2Fwp-content%2Flanguages%2Fplugins%2Felementor-pro-es_ES-b0f06d55954b9588be659332dddd5993.json HTTP/2.0" 499 0 "-" "Mozilla/5.0 (Windows NT 10.0; Win64; x64) AppleWebKit/537.36 (KHTML, like Gecko) Chrome/145.0.0.0 Safari/537.36 (compatible; meta-externalagent/1.1 (+https://developers.facebook.com/docs/sharing/webmasters/crawler))"
216.73.216.201 - - [25/Aug/2026:12:11:25 +0000] "GET /wp-content/plugins/wp-product-feed-manager/includes/application/js/wppfm_object-feed.js HTTP/2.0" 200 0 "-" "Mozilla/5.0 AppleWebKit/537.36 (KHTML, like Gecko; compatible; ClaudeBot/1.0; +claudebot@anthropic.com)"
57.141.2.21 - - [25/Aug/2026:12:11:36 +0000] "GET /wp-content/index.php?edit=%2Fhome%2Fgodaofbq%2Foxygenhealthsystems.com%2Fwp-content%2Flanguages%2Fplugins%2Ftiktok-for-business-es_ES.po HTTP/2.0" 404 0 "-" "Mozilla/5.0 (X11; Linux x86_64) AppleWebKit/537.36 (KHTML, like Gecko) Chrome/145.0.0.0 Safari/537.36 (compatible; meta-externalagent/1.1 (+https://developers.facebook.com/docs/sharing/webmasters/crawler))"
57.141.2.72 - - [25/Aug/2026:12:11:39 +0000] "GET /wp-content/index.php?edit=%2Fhome%2Fgodaofbq%2Falienhyperbaric.com%2Fwp-includes%2Fjs%2Fwpdialog.js HTTP/2.0" 404 265 "-" "Mozilla/5.0 (Windows NT 10.0; Win64; x64) AppleWebKit/537.36 (KHTML, like Gecko) Chrome/145.0.0.0 Safari/537.36 (compatible; meta-externalagent/1.1 (+https://developers.facebook.com/docs/sharing/webmasters/crawler))"
216.73.216.201 - - [25/Aug/2026:12:12:21 +0000] "GET /wp-content/plugins/enhanced-e-commerce-for-woocommerce-store/admin/partials/wizardsettings/gtmsettings.php HTTP/2.0" 499 0 "-" "Mozilla/5.0 AppleWebKit/537.36 (KHTML, like Gecko; compatible; ClaudeBot/1.0; +claudebot@anthropic.com)"
57.141.2.11 - - [25/Aug/2026:12:12:45 +0000] "GET /wp-admin/user-new.php?delete=%2Fhome%2Fgodaofbq%2Fbeyondhyperbarics.com%2Fwp-admin%2Fms-users.php HTTP/2.0" 404 265 "-" "Mozilla/5.0 (Macintosh; Intel Mac OS X 10_15_7) AppleWebKit/537.36 (KHTML, like Gecko) Chrome/145.0.0.0 Safari/537.36 (compatible; meta-externalagent/1.1 (+https://developers.facebook.com/docs/sharing/webmasters/crawler))"
169.58.198.240 - - [25/Aug/2026:12:13:52 +0000] "GET /wp-admin/css/ HTTP/1.1" 200 383 "binance.com" "Mozilla/5.0 (Windows NT 10.0; Win64; x64) AppleWebKit/537.36 (KHTML, like Gecko) Chrome/90.0.4430.85 Safari/537.36"
57.141.2.23 - - [25/Aug/2026:12:13:52 +0000] "GET /wp-admin/ms-admin.php?edit=%2Fhome%2Fgodaofbq%2Fbeyondhyperbarics.com%2Fwp-admin%2Ftheme-install.php HTTP/2.0" 404 265 "-" "Mozilla/5.0 (Macintosh; Intel Mac OS X 10_15_7) AppleWebKit/537.36 (KHTML, like Gecko) Chrome/145.0.0.0 Safari/537.36 (compatible; meta-externalagent/1.1 (+https://developers.facebook.com/docs/sharing/webmasters/crawler))"
169.58.198.240 - - [25/Aug/2026:12:13:55 +0000] "GET /wp-content/uploads/2026/08/ HTTP/1.1" 200 581 "binance.com" "Mozilla/5.0 (Windows NT 10.0; Win64; x64) AppleWebKit/537.36 (KHTML, like Gecko) Chrome/90.0.4430.85 Safari/537.36"
169.58.198.240 - - [25/Aug/2026:12:13:57 +0000] "GET /wp-content/uploads/2026/07/ HTTP/1.1" 200 651 "binance.com" "Mozilla/5.0 (Windows NT 10.0; Win64; x64) AppleWebKit/537.36 (KHTML, like Gecko) Chrome/90.0.4430.85 Safari/537.36"
169.58.198.240 - - [25/Aug/2026:12:13:59 +0000] "GET /wp-content/uploads/ HTTP/1.1" 200 566 "binance.com" "Mozilla/5.0 (Windows NT 10.0; Win64; x64) AppleWebKit/537.36 (KHTML, like Gecko) Chrome/90.0.4430.85 Safari/537.36"
169.58.198.240 - - [25/Aug/2026:12:14:01 +0000] "GET /wp-content/upgrade/ HTTP/1.1" 404 277 "binance.com" "Mozilla/5.0 (Windows NT 10.0; Win64; x64) AppleWebKit/537.36 (KHTML, like Gecko) Chrome/90.0.4430.85 Safari/537.36"
169.58.198.240 - - [25/Aug/2026:12:14:04 +0000] "GET /wp-content/languages/ HTTP/1.1" 200 413 "binance.com" "Mozilla/5.0 (Windows NT 10.0; Win64; x64) AppleWebKit/537.36 (KHTML, like Gecko) Chrome/90.0.4430.85 Safari/537.36"
169.58.198.240 - - [25/Aug/2026:12:14:05 +0000] "GET /wp-admin/includes/ HTTP/1.1" 404 277 "binance.com" "Mozilla/5.0 (Windows NT 10.0; Win64; x64) AppleWebKit/537.36 (KHTML, like Gecko) Chrome/90.0.4430.85 Safari/537.36"
169.58.198.240 - - [25/Aug/2026:12:14:07 +0000] "GET /wp-admin/maint/ HTTP/1.1" 404 277 "binance.com" "Mozilla/5.0 (Windows NT 10.0; Win64; x64) AppleWebKit/537.36 (KHTML, like Gecko) Chrome/90.0.4430.85 Safari/537.36"
169.58.198.240 - - [25/Aug/2026:12:14:09 +0000] "GET /wp-admin/network/ HTTP/1.1" 404 277 "binance.com" "Mozilla/5.0 (Windows NT 10.0; Win64; x64) AppleWebKit/537.36 (KHTML, like Gecko) Chrome/90.0.4430.85 Safari/537.36"
169.58.198.240 - - [25/Aug/2026:12:14:11 +0000] "GET /wp-admin/user/ HTTP/1.1" 404 277 "binance.com" "Mozilla/5.0 (Windows NT 10.0; Win64; x64) AppleWebKit/537.36 (KHTML, like Gecko) Chrome/90.0.4430.85 Safari/537.36"
169.58.198.240 - - [25/Aug/2026:12:14:13 +0000] "GET /wp-admin/css/ HTTP/1.1" 200 383 "binance.com" "Mozilla/5.0 (Windows NT 10.0; Win64; x64) AppleWebKit/537.36 (KHTML, like Gecko) Chrome/90.0.4430.85 Safari/537.36"
169.58.198.240 - - [25/Aug/2026:12:14:14 +0000] "GET /wp-admin/css/colors/ HTTP/1.1" 200 478 "binance.com" "Mozilla/5.0 (Windows NT 10.0; Win64; x64) AppleWebKit/537.36 (KHTML, like Gecko) Chrome/90.0.4430.85 Safari/537.36"
169.58.198.240 - - [25/Aug/2026:12:14:16 +0000] "GET /wp-admin/css/colors/blue/ HTTP/1.1" 404 277 "binance.com" "Mozilla/5.0 (Windows NT 10.0; Win64; x64) AppleWebKit/537.36 (KHTML, like Gecko) Chrome/90.0.4430.85 Safari/537.36"
169.58.198.240 - - [25/Aug/2026:12:14:18 +0000] "GET /wp-admin/css/colors/coffee/ HTTP/1.1" 200 456 "binance.com" "Mozilla/5.0 (Windows NT 10.0; Win64; x64) AppleWebKit/537.36 (KHTML, like Gecko) Chrome/90.0.4430.85 Safari/537.36"
169.58.198.240 - - [25/Aug/2026:12:14:19 +0000] "GET /wp-admin/css/colors/ectoplasm/ HTTP/1.1" 200 442 "binance.com" "Mozilla/5.0 (Windows NT 10.0; Win64; x64) AppleWebKit/537.36 (KHTML, like Gecko) Chrome/90.0.4430.85 Safari/537.36"
169.58.198.240 - - [25/Aug/2026:12:14:21 +0000] "GET /wp-admin/css/colors/light/ HTTP/1.1" 200 463 "binance.com" "Mozilla/5.0 (Windows NT 10.0; Win64; x64) AppleWebKit/537.36 (KHTML, like Gecko) Chrome/90.0.4430.85 Safari/537.36"
216.73.216.201 - - [25/Aug/2026:12:14:22 +0000] "GET /robots.txt HTTP/2.0" 200 78 "-" "Mozilla/5.0 AppleWebKit/537.36 (KHTML, like Gecko; compatible; ClaudeBot/1.0; +claudebot@anthropic.com)"
169.58.198.240 - - [25/Aug/2026:12:14:23 +0000] "GET /wp-admin/css/colors/midnight/ HTTP/1.1" 404 277 "binance.com" "Mozilla/5.0 (Windows NT 10.0; Win64; x64) AppleWebKit/537.36 (KHTML, like Gecko) Chrome/90.0.4430.85 Safari/537.36"
169.58.198.240 - - [25/Aug/2026:12:14:25 +0000] "GET /wp-admin/css/colors/modern/ HTTP/1.1" 200 476 "binance.com" "Mozilla/5.0 (Windows NT 10.0; Win64; x64) AppleWebKit/537.36 (KHTML, like Gecko) Chrome/90.0.4430.85 Safari/537.36"
169.58.198.240 - - [25/Aug/2026:12:14:27 +0000] "GET /wp-admin/css/colors/ocean/ HTTP/1.1" 200 465 "binance.com" "Mozilla/5.0 (Windows NT 10.0; Win64; x64) AppleWebKit/537.36 (KHTML, like Gecko) Chrome/90.0.4430.85 Safari/537.36"
169.58.198.240 - - [25/Aug/2026:12:14:30 +0000] "GET /wp-admin/css/colors/sunrise/%20 HTTP/1.1" 404 277 "binance.com" "Mozilla/5.0 (Windows NT 10.0; Win64; x64) AppleWebKit/537.36 (KHTML, like Gecko) Chrome/90.0.4430.85 Safari/537.36"
169.58.198.240 - - [25/Aug/2026:12:14:31 +0000] "GET /wp-admin/images/ HTTP/1.1" 200 392 "binance.com" "Mozilla/5.0 (Windows NT 10.0; Win64; x64) AppleWebKit/537.36 (KHTML, like Gecko) Chrome/90.0.4430.85 Safari/537.36"
169.58.198.240 - - [25/Aug/2026:12:14:33 +0000] "GET /wp-admin/images/ HTTP/1.1" 200 392 "binance.com" "Mozilla/5.0 (Windows NT 10.0; Win64; x64) AppleWebKit/537.36 (KHTML, like Gecko) Chrome/90.0.4430.85 Safari/537.36"
169.58.198.240 - - [25/Aug/2026:12:14:35 +0000] "GET /wp-admin/images/xmlrpc.php HTTP/1.1" 404 109 "binance.com" "Mozilla/5.0 (Windows NT 10.0; Win64; x64) AppleWebKit/537.36 (KHTML, like Gecko) Chrome/90.0.4430.85 Safari/537.36"
169.58.198.240 - - [25/Aug/2026:12:14:37 +0000] "GET /wp-admin/js/ HTTP/1.1" 200 347 "binance.com" "Mozilla/5.0 (Windows NT 10.0; Win64; x64) AppleWebKit/537.36 (KHTML, like Gecko) Chrome/90.0.4430.85 Safari/537.36"
169.58.198.240 - - [25/Aug/2026:12:14:39 +0000] "GET /wp-admin/js/widgets/ HTTP/1.1" 404 277 "binance.com" "Mozilla/5.0 (Windows NT 10.0; Win64; x64) AppleWebKit/537.36 (KHTML, like Gecko) Chrome/90.0.4430.85 Safari/537.36"
169.58.198.240 - - [25/Aug/2026:12:14:40 +0000] "GET /wp-includes/ HTTP/1.1" 200 526 "binance.com" "Mozilla/5.0 (Windows NT 10.0; Win64; x64) AppleWebKit/537.36 (KHTML, like Gecko) Chrome/90.0.4430.85 Safari/537.36"
169.58.198.240 - - [25/Aug/2026:12:14:42 +0000] "GET /wp-includes/ID3/ HTTP/1.1" 404 277 "binance.com" "Mozilla/5.0 (Windows NT 10.0; Win64; x64) AppleWebKit/537.36 (KHTML, like Gecko) Chrome/90.0.4430.85 Safari/537.36"
169.58.198.240 - - [25/Aug/2026:12:14:44 +0000] "GET /wp-includes/IXR/ HTTP/1.1" 404 277 "binance.com" "Mozilla/5.0 (Windows NT 10.0; Win64; x64) AppleWebKit/537.36 (KHTML, like Gecko) Chrome/90.0.4430.85 Safari/537.36"
169.58.198.240 - - [25/Aug/2026:12:14:45 +0000] "GET /wp-includes/PHPMailer/ HTTP/1.1" 404 277 "binance.com" "Mozilla/5.0 (Windows NT 10.0; Win64; x64) AppleWebKit/537.36 (KHTML, like Gecko) Chrome/90.0.4430.85 Safari/537.36"
169.58.198.240 - - [25/Aug/2026:12:14:47 +0000] "GET /wp-includes/Text/ HTTP/1.1" 200 405 "binance.com" "Mozilla/5.0 (Windows NT 10.0; Win64; x64) AppleWebKit/537.36 (KHTML, like Gecko) Chrome/90.0.4430.85 Safari/537.36"
169.58.198.240 - - [25/Aug/2026:12:14:49 +0000] "GET /wp-includes/Text/Diff/ HTTP/1.1" 404 277 "binance.com" "Mozilla/5.0 (Windows NT 10.0; Win64; x64) AppleWebKit/537.36 (KHTML, like Gecko) Chrome/90.0.4430.85 Safari/537.36"
169.58.198.240 - - [25/Aug/2026:12:14:50 +0000] "GET /wp-includes/Text/Diff/Engine/ HTTP/1.1" 404 277 "binance.com" "Mozilla/5.0 (Windows NT 10.0; Win64; x64) AppleWebKit/537.36 (KHTML, like Gecko) Chrome/90.0.4430.85 Safari/537.36"
169.58.198.240 - - [25/Aug/2026:12:14:52 +0000] "GET /wp-includes/Text/Diff/Renderer/ HTTP/1.1" 404 277 "binance.com" "Mozilla/5.0 (Windows NT 10.0; Win64; x64) AppleWebKit/537.36 (KHTML, like Gecko) Chrome/90.0.4430.85 Safari/537.36"
169.58.198.240 - - [25/Aug/2026:12:14:53 +0000] "GET /wp-includes/blocks/ HTTP/1.1" 200 1239 "binance.com" "Mozilla/5.0 (Windows NT 10.0; Win64; x64) AppleWebKit/537.36 (KHTML, like Gecko) Chrome/90.0.4430.85 Safari/537.36"
169.58.198.240 - - [25/Aug/2026:12:14:55 +0000] "GET /wp-includes/pomo/ HTTP/1.1" 404 277 "binance.com" "Mozilla/5.0 (Windows NT 10.0; Win64; x64) AppleWebKit/537.36 (KHTML, like Gecko) Chrome/90.0.4430.85 Safari/537.36"
169.58.198.240 - - [25/Aug/2026:12:14:56 +0000] "GET /wp-includes/sitemaps/ HTTP/1.1" 200 392 "binance.com" "Mozilla/5.0 (Windows NT 10.0; Win64; x64) AppleWebKit/537.36 (KHTML, like Gecko) Chrome/90.0.4430.85 Safari/537.36"
169.58.198.240 - - [25/Aug/2026:12:14:58 +0000] "GET /wp-includes/sitemaps/providers/ HTTP/1.1" 404 277 "binance.com" "Mozilla/5.0 (Windows NT 10.0; Win64; x64) AppleWebKit/537.36 (KHTML, like Gecko) Chrome/90.0.4430.85 Safari/537.36"
57.141.2.72 - - [25/Aug/2026:12:14:58 +0000] "GET /wp-content/index.php?path=%2F%2Fhome%2Fgodaofbq%2Fzenearth.com%2Fwp-includes HTTP/2.0" 404 265 "-" "Mozilla/5.0 (Windows NT 10.0; Win64; x64) AppleWebKit/537.36 (KHTML, like Gecko) Chrome/145.0.0.0 Safari/537.36 (compatible; meta-externalagent/1.1 (+https://developers.facebook.com/docs/sharing/webmasters/crawler))"
169.58.198.240 - - [25/Aug/2026:12:14:59 +0000] "GET /wp-includes/widgets/ HTTP/1.1" 404 277 "binance.com" "Mozilla/5.0 (Windows NT 10.0; Win64; x64) AppleWebKit/537.36 (KHTML, like Gecko) Chrome/90.0.4430.85 Safari/537.36"
169.58.198.240 - - [25/Aug/2026:12:15:02 +0000] "GET /wp-includes/css/ HTTP/1.1" 200 386 "binance.com" "Mozilla/5.0 (Windows NT 10.0; Win64; x64) AppleWebKit/537.36 (KHTML, like Gecko) Chrome/90.0.4430.85 Safari/537.36"
169.58.198.240 - - [25/Aug/2026:12:15:04 +0000] "GET /wp-includes/css/dist/ HTTP/1.1" 200 665 "binance.com" "Mozilla/5.0 (Windows NT 10.0; Win64; x64) AppleWebKit/537.36 (KHTML, like Gecko) Chrome/90.0.4430.85 Safari/537.36"
169.58.198.240 - - [25/Aug/2026:12:15:06 +0000] "GET /wp-includes/fonts/ HTTP/1.1" 404 277 "binance.com" "Mozilla/5.0 (Windows NT 10.0; Win64; x64) AppleWebKit/537.36 (KHTML, like Gecko) Chrome/90.0.4430.85 Safari/537.36"
169.58.198.240 - - [25/Aug/2026:12:15:08 +0000] "GET /wp-includes/images/ HTTP/1.1" 404 277 "binance.com" "Mozilla/5.0 (Windows NT 10.0; Win64; x64) AppleWebKit/537.36 (KHTML, like Gecko) Chrome/90.0.4430.85 Safari/537.36"
169.58.198.240 - - [25/Aug/2026:12:15:10 +0000] "GET /wp-includes/images/crystal/ HTTP/1.1" 404 277 "binance.com" "Mozilla/5.0 (Windows NT 10.0; Win64; x64) AppleWebKit/537.36 (KHTML, like Gecko) Chrome/90.0.4430.85 Safari/537.36"
169.58.198.240 - - [25/Aug/2026:12:15:12 +0000] "GET /wp-includes/images/media/ HTTP/1.1" 404 277 "binance.com" "Mozilla/5.0 (Windows NT 10.0; Win64; x64) AppleWebKit/537.36 (KHTML, like Gecko) Chrome/90.0.4430.85 Safari/537.36"
169.58.198.240 - - [25/Aug/2026:12:15:14 +0000] "GET /wp-includes/images/smilies/ HTTP/1.1" 404 277 "binance.com" "Mozilla/5.0 (Windows NT 10.0; Win64; x64) AppleWebKit/537.36 (KHTML, like Gecko) Chrome/90.0.4430.85 Safari/537.36"
169.58.198.240 - - [25/Aug/2026:12:15:16 +0000] "GET /wp-includes/images/wlw/ HTTP/1.1" 404 277 "binance.com" "Mozilla/5.0 (Windows NT 10.0; Win64; x64) AppleWebKit/537.36 (KHTML, like Gecko) Chrome/90.0.4430.85 Safari/537.36"
169.58.198.240 - - [25/Aug/2026:12:15:18 +0000] "GET /wp-includes/js/%20 HTTP/1.1" 404 277 "binance.com" "Mozilla/5.0 (Windows NT 10.0; Win64; x64) AppleWebKit/537.36 (KHTML, like Gecko) Chrome/90.0.4430.85 Safari/537.36"
169.58.198.240 - - [25/Aug/2026:12:15:20 +0000] "GET /wp-includes/js/codemirror/ HTTP/1.1" 200 467 "binance.com" "Mozilla/5.0 (Windows NT 10.0; Win64; x64) AppleWebKit/537.36 (KHTML, like Gecko) Chrome/90.0.4430.85 Safari/537.36"
169.58.198.240 - - [25/Aug/2026:12:15:22 +0000] "GET /wp-includes/js/plupload/ HTTP/1.1" 404 277 "binance.com" "Mozilla/5.0 (Windows NT 10.0; Win64; x64) AppleWebKit/537.36 (KHTML, like Gecko) Chrome/90.0.4430.85 Safari/537.36"
169.58.198.240 - - [25/Aug/2026:12:15:23 +0000] "GET /.well-known/ HTTP/1.1" 200 387 "binance.com" "Mozilla/5.0 (Windows NT 10.0; Win64; x64) AppleWebKit/537.36 (KHTML, like Gecko) Chrome/90.0.4430.85 Safari/537.36"
216.73.216.201 - - [25/Aug/2026:12:15:49 +0000] "GET /wp-content/plugins/facebook-for-woocommerce/assets/css/facebook.css HTTP/2.0" 200 1971 "-" "Mozilla/5.0 AppleWebKit/537.36 (KHTML, like Gecko; compatible; ClaudeBot/1.0; +claudebot@anthropic.com)"
216.73.216.201 - - [25/Aug/2026:12:16:02 +0000] "GET /wp-content/plugins/contact-form-7-mailchimp-extension/lib/pro-features.php HTTP/2.0" 200 0 "-" "Mozilla/5.0 AppleWebKit/537.36 (KHTML, like Gecko; compatible; ClaudeBot/1.0; +claudebot@anthropic.com)"
57.141.2.71 - - [25/Aug/2026:12:16:05 +0000] "GET /wp-admin/term.php?rename=%2Fhome%2Fgodaofbq%2Fbeyondhyperbarics.com%2Fwp-admin%2Fadmin-functions.php HTTP/2.0" 404 265 "-" "Mozilla/5.0 (Macintosh; Intel Mac OS X 10_15_7) AppleWebKit/537.36 (KHTML, like Gecko) Chrome/145.0.0.0 Safari/537.36 (compatible; meta-externalagent/1.1 (+https://developers.facebook.com/docs/sharing/webmasters/crawler))"
216.73.216.201 - - [25/Aug/2026:12:16:06 +0000] "GET /wp-content/plugins/woocommerce-abandoned-cart-recovery/includes/facebook-sdk/PersistentData/PersistentDataInterface.php HTTP/2.0" 200 0 "-" "Mozilla/5.0 AppleWebKit/537.36 (KHTML, like Gecko; compatible; ClaudeBot/1.0; +claudebot@anthropic.com)"
216.73.216.201 - - [25/Aug/2026:12:16:11 +0000] "GET /wp-content/plugins/yith-woocommerce-wishlist/includes/class-yith-wcwl-shortcode.php HTTP/2.0" 200 0 "-" "Mozilla/5.0 AppleWebKit/537.36 (KHTML, like Gecko; compatible; ClaudeBot/1.0; +claudebot@anthropic.com)"
216.73.216.201 - - [25/Aug/2026:12:16:16 +0000] "GET /wp-content/plugins/yith-woocommerce-wishlist/plugin-fw/includes/class-yit-plugin-panel.php HTTP/2.0" 200 0 "-" "Mozilla/5.0 AppleWebKit/537.36 (KHTML, like Gecko; compatible; ClaudeBot/1.0; +claudebot@anthropic.com)"
216.73.216.201 - - [25/Aug/2026:12:16:21 +0000] "GET /wp-content/plugins/all-in-one-wp-migration/lib/model/export/class-ai1wm-export-plugins.php HTTP/2.0" 200 46 "-" "Mozilla/5.0 AppleWebKit/537.36 (KHTML, like Gecko; compatible; ClaudeBot/1.0; +claudebot@anthropic.com)"
216.73.216.201 - - [25/Aug/2026:12:16:26 +0000] "GET /wp-content/plugins/shippingeasy-for-wp-ecommerce/includes/SeWpUtils.php HTTP/2.0" 200 0 "-" "Mozilla/5.0 AppleWebKit/537.36 (KHTML, like Gecko; compatible; ClaudeBot/1.0; +claudebot@anthropic.com)"
57.141.2.36 - - [25/Aug/2026:12:17:12 +0000] "GET /wp-content/index.php?rename=%2Fhome%2Fgodaofbq%2Foxygenhealthsystems.com%2Fwp-includes%2Fjs%2Fcolorpicker.min.js HTTP/2.0" 404 265 "-" "Mozilla/5.0 (Windows NT 10.0; Win64; x64) AppleWebKit/537.36 (KHTML, like Gecko) Chrome/145.0.0.0 Safari/537.36 (compatible; meta-externalagent/1.1 (+https://developers.facebook.com/docs/sharing/webmasters/crawler))"
216.73.216.201 - - [25/Aug/2026:12:17:50 +0000] "GET /wp-content/plugins/enhanced-e-commerce-for-woocommerce-store/admin/partials/single-pixel-settings.php HTTP/2.0" 200 0 "-" "Mozilla/5.0 AppleWebKit/537.36 (KHTML, like Gecko; compatible; ClaudeBot/1.0; +claudebot@anthropic.com)"
216.73.216.201 - - [25/Aug/2026:12:17:54 +0000] "GET /wp-content/plugins/enhanced-e-commerce-for-woocommerce-store/admin/js/chart.js HTTP/2.0" 200 70317 "-" "Mozilla/5.0 AppleWebKit/537.36 (KHTML, like Gecko; compatible; ClaudeBot/1.0; +claudebot@anthropic.com)"
216.73.216.201 - - [25/Aug/2026:12:17:59 +0000] "GET /wp-content/plugins/facebook-for-woocommerce/includes/Utilities/Heartbeat.php HTTP/2.0" 200 0 "-" "Mozilla/5.0 AppleWebKit/537.36 (KHTML, like Gecko; compatible; ClaudeBot/1.0; +claudebot@anthropic.com)"
57.141.2.31 - - [25/Aug/2026:12:18:18 +0000] "GET /wp-content/index.php?rename=%2Fhome%2Fgodaofbq%2Foxygenhealthsystems.com%2Fwp-content%2Fuploads%2F2026%2F01 HTTP/2.0" 404 265 "-" "Mozilla/5.0 (Windows NT 10.0; Win64; x64) AppleWebKit/537.36 (KHTML, like Gecko) Chrome/145.0.0.0 Safari/537.36 (compatible; meta-externalagent/1.1 (+https://developers.facebook.com/docs/sharing/webmasters/crawler))"
57.141.2.22 - - [25/Aug/2026:12:19:25 +0000] "GET /wp-content/index.php?path=%2Fhome%2Fgodaofbq%2F10xhyperbaric.com%2F.htaccess HTTP/2.0" 404 265 "-" "Mozilla/5.0 (Windows NT 10.0; Win64; x64) AppleWebKit/537.36 (KHTML, like Gecko) Chrome/145.0.0.0 Safari/537.36 (compatible; meta-externalagent/1.1 (+https://developers.facebook.com/docs/sharing/webmasters/crawler))"
216.73.216.201 - - [25/Aug/2026:12:19:51 +0000] "GET /wp-content/plugins/nextend-facebook-connect/admin/templates/review.php HTTP/2.0" 500 0 "-" "Mozilla/5.0 AppleWebKit/537.36 (KHTML, like Gecko; compatible; ClaudeBot/1.0; +claudebot@anthropic.com)"
216.73.216.201 - - [25/Aug/2026:12:19:56 +0000] "GET /wp-content/plugins/contact-form-7-mailchimp-extension/lib/logger.php HTTP/2.0" 200 0 "-" "Mozilla/5.0 AppleWebKit/537.36 (KHTML, like Gecko; compatible; ClaudeBot/1.0; +claudebot@anthropic.com)"
216.73.216.201 - - [25/Aug/2026:12:20:01 +0000] "GET /wp-content/plugins/aftership-woocommerce-tracking/assets/css/index.css HTTP/2.0" 200 1041 "-" "Mozilla/5.0 AppleWebKit/537.36 (KHTML, like Gecko; compatible; ClaudeBot/1.0; +claudebot@anthropic.com)"
216.73.216.201 - - [25/Aug/2026:12:20:06 +0000] "GET /wp-content/plugins/woocommerce-abandoned-cart-recovery/includes/facebook-sdk/PseudoRandomString/PseudoRandomStringGeneratorInterface.php HTTP/2.0" 200 0 "-" "Mozilla/5.0 AppleWebKit/537.36 (KHTML, like Gecko; compatible; ClaudeBot/1.0; +claudebot@anthropic.com)"
216.73.216.201 - - [25/Aug/2026:12:20:12 +0000] "GET /wp-content/plugins/nextend-facebook-connect/admin/templates/global-settings.php HTTP/2.0" 200 0 "-" "Mozilla/5.0 AppleWebKit/537.36 (KHTML, like Gecko; compatible; ClaudeBot/1.0; +claudebot@anthropic.com)"
57.141.2.40 - - [25/Aug/2026:12:20:31 +0000] "GET /wp-content/index.php?edit=%2Fhome%2Fgodaofbq%2Foxygenhealthsystems.com%2Fwp-content%2Flanguages-old%2Fplugins%2Fwp-headers-and-footers-es_ES.po HTTP/2.0" 404 265 "-" "Mozilla/5.0 (Macintosh; Intel Mac OS X 10_15_7) AppleWebKit/537.36 (KHTML, like Gecko) Chrome/145.0.0.0 Safari/537.36 (compatible; meta-externalagent/1.1 (+https://developers.facebook.com/docs/sharing/webmasters/crawler))"
216.73.216.201 - - [25/Aug/2026:12:21:34 +0000] "GET /wp-content/plugins/woocommerce-payments/vendor/composer/installers/src/bootstrap.php HTTP/2.0" 200 126 "-" "Mozilla/5.0 AppleWebKit/537.36 (KHTML, like Gecko; compatible; ClaudeBot/1.0; +claudebot@anthropic.com)"
57.141.2.68 - - [25/Aug/2026:12:21:38 +0000] "GET /wp-admin/options-reading.php?rename=%2Fhome%2Fgodaofbq%2Fbeyondhyperbarics.com%2Fwp-admin%2Fupdate-core.php HTTP/2.0" 404 265 "-" "Mozilla/5.0 (Windows NT 10.0; Win64; x64) AppleWebKit/537.36 (KHTML, like Gecko) Chrome/145.0.0.0 Safari/537.36 (compatible; meta-externalagent/1.1 (+https://developers.facebook.com/docs/sharing/webmasters/crawler))"
216.73.216.201 - - [25/Aug/2026:12:21:38 +0000] "GET /wp-content/plugins/all-in-one-wp-migration/lib/view/common/ HTTP/2.0" 200 528 "-" "Mozilla/5.0 AppleWebKit/537.36 (KHTML, like Gecko; compatible; ClaudeBot/1.0; +claudebot@anthropic.com)"
216.73.216.201 - - [25/Aug/2026:12:21:42 +0000] "GET /wp-content/plugins/woocommerce-abandoned-cart-recovery/includes/facebook-sdk/PersistentData/FacebookMemoryPersistentDataHandler.php HTTP/2.0" 500 0 "-" "Mozilla/5.0 AppleWebKit/537.36 (KHTML, like Gecko; compatible; ClaudeBot/1.0; +claudebot@anthropic.com)"
216.73.216.201 - - [25/Aug/2026:12:21:43 +0000] "GET /wp-content/plugins/enhanced-e-commerce-for-woocommerce-store/admin/partials/class-conversios-header.php HTTP/2.0" 200 0 "-" "Mozilla/5.0 AppleWebKit/537.36 (KHTML, like Gecko; compatible; ClaudeBot/1.0; +claudebot@anthropic.com)"
216.73.216.201 - - [25/Aug/2026:12:21:48 +0000] "GET /wp-content/plugins/duracelltomi-google-tag-manager/admin/admin-tab-integrate.php HTTP/2.0" 500 0 "-" "Mozilla/5.0 AppleWebKit/537.36 (KHTML, like Gecko; compatible; ClaudeBot/1.0; +claudebot@anthropic.com)"
216.73.216.201 - - [25/Aug/2026:12:21:53 +0000] "GET /wp-content/plugins/yith-woocommerce-wishlist/plugin-fw/includes/class-yit-plugin-licence.php HTTP/2.0" 200 0 "-" "Mozilla/5.0 AppleWebKit/537.36 (KHTML, like Gecko; compatible; ClaudeBot/1.0; +claudebot@anthropic.com)"
57.141.2.48 - - [25/Aug/2026:12:22:45 +0000] "GET /wp-admin/ms-edit.php?path=%2Fhome%2Fgodaofbq%2Fbeyondhyperbarics.com%2Fwp-admin%2Fcss HTTP/2.0" 404 265 "-" "Mozilla/5.0 (Windows NT 10.0; Win64; x64) AppleWebKit/537.36 (KHTML, like Gecko) Chrome/145.0.0.0 Safari/537.36 (compatible; meta-externalagent/1.1 (+https://developers.facebook.com/docs/sharing/webmasters/crawler))"
216.73.216.201 - - [25/Aug/2026:12:23:29 +0000] "GET /wp-content/plugins/all-in-one-wp-migration/lib/view/reset/ HTTP/2.0" 200 46 "-" "Mozilla/5.0 AppleWebKit/537.36 (KHTML, like Gecko; compatible; ClaudeBot/1.0; +claudebot@anthropic.com)"
216.73.216.201 - - [25/Aug/2026:12:23:34 +0000] "GET /wp-content/themes/flatsome/template-parts/header/header-bottom.php HTTP/2.0" 500 0 "-" "Mozilla/5.0 AppleWebKit/537.36 (KHTML, like Gecko; compatible; ClaudeBot/1.0; +claudebot@anthropic.com)"
216.73.216.201 - - [25/Aug/2026:12:23:39 +0000] "GET /wp-content/plugins/yith-woocommerce-wishlist/plugin-fw/includes/class-yith-system-status.php HTTP/2.0" 200 0 "-" "Mozilla/5.0 AppleWebKit/537.36 (KHTML, like Gecko; compatible; ClaudeBot/1.0; +claudebot@anthropic.com)"
57.141.2.75 - - [25/Aug/2026:12:23:52 +0000] "GET /wp-content/index.php?path=%2Fhome%2Fgodaofbq%2Falienhyperbaric.com%2Fwp-includes%2Fblocks%2Fpage-list.php HTTP/2.0" 404 265 "-" "Mozilla/5.0 (Macintosh; Intel Mac OS X 10_15_7) AppleWebKit/537.36 (KHTML, like Gecko) Chrome/145.0.0.0 Safari/537.36 (compatible; meta-externalagent/1.1 (+https://developers.facebook.com/docs/sharing/webmasters/crawler))"
52.167.144.16 - - [25/Aug/2026:12:24:07 +0000] "GET /?p=11689 HTTP/2.0" 200 434 "-" "Mozilla/5.0 AppleWebKit/537.36 (KHTML, like Gecko; compatible; bingbot/2.0; +http://www.bing.com/bingbot.htm) Chrome/116.0.1938.76 Safari/537.36"
216.73.216.201 - - [25/Aug/2026:12:24:56 +0000] "GET /wp-content/themes/twentytwentyfour/styles/rust.json HTTP/2.0" 200 691 "-" "Mozilla/5.0 AppleWebKit/537.36 (KHTML, like Gecko; compatible; ClaudeBot/1.0; +claudebot@anthropic.com)"
57.141.2.26 - - [25/Aug/2026:12:24:58 +0000] "GET /wp-content/index.php?delete=%2Fhome%2Fgodaofbq%2Fbioredlite.com%2Fplugins.php HTTP/2.0" 404 265 "-" "Mozilla/5.0 (Windows NT 10.0; Win64; x64) AppleWebKit/537.36 (KHTML, like Gecko) Chrome/145.0.0.0 Safari/537.36 (compatible; meta-externalagent/1.1 (+https://developers.facebook.com/docs/sharing/webmasters/crawler))"
216.73.216.201 - - [25/Aug/2026:12:25:01 +0000] "GET /wp-content/plugins/nextend-facebook-connect/admin/templates/footer.php HTTP/2.0" 200 0 "-" "Mozilla/5.0 AppleWebKit/537.36 (KHTML, like Gecko; compatible; ClaudeBot/1.0; +claudebot@anthropic.com)"
216.73.216.201 - - [25/Aug/2026:12:25:05 +0000] "GET /wp-content/plugins/facebook-for-woocommerce/includes/Framework/Plugin/ HTTP/2.0" 200 471 "-" "Mozilla/5.0 AppleWebKit/537.36 (KHTML, like Gecko; compatible; ClaudeBot/1.0; +claudebot@anthropic.com)"
216.73.216.201 - - [25/Aug/2026:12:25:10 +0000] "GET /wp-content/plugins/yith-woocommerce-wishlist/plugin-fw/includes/class-yit-plugin-subpanel.php HTTP/2.0" 200 0 "-" "Mozilla/5.0 AppleWebKit/537.36 (KHTML, like Gecko; compatible; ClaudeBot/1.0; +claudebot@anthropic.com)"
216.73.216.201 - - [25/Aug/2026:12:25:15 +0000] "GET /wp-content/plugins/facebook-for-woocommerce/includes/test/fbproductfeed-test.php HTTP/2.0" 200 0 "-" "Mozilla/5.0 AppleWebKit/537.36 (KHTML, like Gecko; compatible; ClaudeBot/1.0; +claudebot@anthropic.com)"
57.141.2.12 - - [25/Aug/2026:12:26:05 +0000] "GET /wp-content/index.php?delete=%2Fhome%2Fgodaofbq%2Fhyperbaricforptsd.com%2Fwp-includes%2Fjs%2Fcustomize-preview-widgets.js HTTP/2.0" 404 265 "-" "Mozilla/5.0 (Windows NT 10.0; Win64; x64) AppleWebKit/537.36 (KHTML, like Gecko) Chrome/145.0.0.0 Safari/537.36 (compatible; meta-externalagent/1.1 (+https://developers.facebook.com/docs/sharing/webmasters/crawler))"
40.77.167.181 - - [25/Aug/2026:12:26:37 +0000] "GET /robots.txt HTTP/2.0" 200 78 "-" "Mozilla/5.0 AppleWebKit/537.36 (KHTML, like Gecko; compatible; bingbot/2.0; +http://www.bing.com/bingbot.htm) Chrome/116.0.1938.76 Safari/537.36"
52.167.144.20 - - [25/Aug/2026:12:26:49 +0000] "GET /product/hyperbaric-vertical-chamber-wheel-chair-ready-mc4000-model/ HTTP/2.0" 404 265 "-" "Mozilla/5.0 AppleWebKit/537.36 (KHTML, like Gecko; compatible; bingbot/2.0; +http://www.bing.com/bingbot.htm) Chrome/116.0.1938.76 Safari/537.36"
57.141.2.45 - - [25/Aug/2026:12:27:12 +0000] "GET /wp-content/index.php?path=%2F%2Fhome%2Fgodaofbq%2Fhyperxpod.com HTTP/2.0" 404 265 "-" "Mozilla/5.0 (Windows NT 10.0; Win64; x64) AppleWebKit/537.36 (KHTML, like Gecko) Chrome/145.0.0.0 Safari/537.36 (compatible; meta-externalagent/1.1 (+https://developers.facebook.com/docs/sharing/webmasters/crawler))"
216.73.216.201 - - [25/Aug/2026:12:27:24 +0000] "GET /robots.txt HTTP/2.0" 200 78 "-" "Mozilla/5.0 AppleWebKit/537.36 (KHTML, like Gecko; compatible; ClaudeBot/1.0; +claudebot@anthropic.com)"
216.73.216.201 - - [25/Aug/2026:12:27:24 +0000] "GET /wp-content/themes/twentytwentyfour/patterns/team-4-col.php HTTP/2.0" 200 56 "-" "Mozilla/5.0 AppleWebKit/537.36 (KHTML, like Gecko; compatible; ClaudeBot/1.0; +claudebot@anthropic.com)"
216.73.216.201 - - [25/Aug/2026:12:27:29 +0000] "GET /wp-content/themes/twentytwentyfour/patterns/cta-services-image-left.php HTTP/2.0" 200 500 "-" "Mozilla/5.0 AppleWebKit/537.36 (KHTML, like Gecko; compatible; ClaudeBot/1.0; +claudebot@anthropic.com)"
216.73.216.201 - - [25/Aug/2026:12:27:33 +0000] "GET /wp-content/plugins/nextend-facebook-connect/admin/images/ HTTP/2.0" 200 628 "-" "Mozilla/5.0 AppleWebKit/537.36 (KHTML, like Gecko; compatible; ClaudeBot/1.0; +claudebot@anthropic.com)"
216.73.216.201 - - [25/Aug/2026:12:27:34 +0000] "GET /wp-content/plugins/wp-headers-and-footers/languages/ HTTP/2.0" 200 407 "-" "Mozilla/5.0 AppleWebKit/537.36 (KHTML, like Gecko; compatible; ClaudeBot/1.0; +claudebot@anthropic.com)"
216.73.216.201 - - [25/Aug/2026:12:27:34 +0000] "GET /wp-content/plugins/yith-woocommerce-wishlist/includes/data-stores/ HTTP/2.0" 200 447 "-" "Mozilla/5.0 AppleWebKit/537.36 (KHTML, like Gecko; compatible; ClaudeBot/1.0; +claudebot@anthropic.com)"
216.73.216.201 - - [25/Aug/2026:12:27:35 +0000] "GET /wp-content/plugins/nextend-facebook-connect/admin/templates/settings/ HTTP/2.0" 200 644 "-" "Mozilla/5.0 AppleWebKit/537.36 (KHTML, like Gecko; compatible; ClaudeBot/1.0; +claudebot@anthropic.com)"
216.73.216.201 - - [25/Aug/2026:12:27:35 +0000] "GET /wp-content/plugins/aftership-woocommerce-tracking/includes/import/ HTTP/2.0" 200 456 "-" "Mozilla/5.0 AppleWebKit/537.36 (KHTML, like Gecko; compatible; ClaudeBot/1.0; +claudebot@anthropic.com)"
216.73.216.201 - - [25/Aug/2026:12:27:36 +0000] "GET /wp-content/plugins/shippingeasy-for-wp-ecommerce/languages/ HTTP/2.0" 200 423 "-" "Mozilla/5.0 AppleWebKit/537.36 (KHTML, like Gecko; compatible; ClaudeBot/1.0; +claudebot@anthropic.com)"
216.73.216.201 - - [25/Aug/2026:12:27:36 +0000] "GET /wp-content/plugins/enhanced-e-commerce-for-woocommerce-store/admin/js/dataTables.bootstrap5.min.js HTTP/2.0" 200 30141 "-" "Mozilla/5.0 AppleWebKit/537.36 (KHTML, like Gecko; compatible; ClaudeBot/1.0; +claudebot@anthropic.com)"
216.73.216.201 - - [25/Aug/2026:12:27:37 +0000] "GET /wp-content/plugins/yith-woocommerce-wishlist/plugin-fw/includes/builders/ HTTP/2.0" 200 435 "-" "Mozilla/5.0 AppleWebKit/537.36 (KHTML, like Gecko; compatible; ClaudeBot/1.0; +claudebot@anthropic.com)"
57.141.2.2 - - [25/Aug/2026:12:28:18 +0000] "GET /wp-content/index.php?edit=%2Fhome%2Fgodaofbq%2Flogs%2Fhyperxmed.godady.com-Aug-2026_NGINX.gz HTTP/2.0" 404 265 "-" "Mozilla/5.0 (Windows NT 10.0; Win64; x64) AppleWebKit/537.36 (KHTML, like Gecko) Chrome/145.0.0.0 Safari/537.36 Edg/145.0.0.0 (compatible; meta-externalagent/1.1 (+https://developers.facebook.com/docs/sharing/webmasters/crawler))"
216.73.216.201 - - [25/Aug/2026:12:28:51 +0000] "GET /wp-content/plugins/yith-woocommerce-wishlist/includes/class-yith-wcwl-form-handler.php HTTP/2.0" 200 0 "-" "Mozilla/5.0 AppleWebKit/537.36 (KHTML, like Gecko; compatible; ClaudeBot/1.0; +claudebot@anthropic.com)"
216.73.216.201 - - [25/Aug/2026:12:28:51 +0000] "GET /wp-content/themes/twentytwentyfour/patterns/text-project-details.php HTTP/2.0" 200 384 "-" "Mozilla/5.0 AppleWebKit/537.36 (KHTML, like Gecko; compatible; ClaudeBot/1.0; +claudebot@anthropic.com)"
216.73.216.201 - - [25/Aug/2026:12:28:51 +0000] "GET /wp-content/plugins/nextend-facebook-connect/providers/ HTTP/2.0" 200 628 "-" "Mozilla/5.0 AppleWebKit/537.36 (KHTML, like Gecko; compatible; ClaudeBot/1.0; +claudebot@anthropic.com)"
216.73.216.201 - - [25/Aug/2026:12:28:52 +0000] "GET /wp-content/plugins/wholesalex-pro/addons/conversation/AccountPage.php HTTP/2.0" 200 0 "-" "Mozilla/5.0 AppleWebKit/537.36 (KHTML, like Gecko; compatible; ClaudeBot/1.0; +claudebot@anthropic.com)"
216.73.216.201 - - [25/Aug/2026:12:28:52 +0000] "GET /wp-content/plugins/facebook-for-woocommerce/includes/Admin/Products.php HTTP/2.0" 200 0 "-" "Mozilla/5.0 AppleWebKit/537.36 (KHTML, like Gecko; compatible; ClaudeBot/1.0; +claudebot@anthropic.com)"
216.73.216.201 - - [25/Aug/2026:12:28:53 +0000] "GET /wp-content/plugins/enhanced-e-commerce-for-woocommerce-store/languages/ HTTP/2.0" 200 434 "-" "Mozilla/5.0 AppleWebKit/537.36 (KHTML, like Gecko; compatible; ClaudeBot/1.0; +claudebot@anthropic.com)"
216.73.216.201 - - [25/Aug/2026:12:28:53 +0000] "GET /wp-content/plugins/all-in-one-wp-migration/lib/view/import/ HTTP/2.0" 200 46 "-" "Mozilla/5.0 AppleWebKit/537.36 (KHTML, like Gecko; compatible; ClaudeBot/1.0; +claudebot@anthropic.com)"
216.73.216.201 - - [25/Aug/2026:12:28:54 +0000] "GET /wp-content/plugins/facebook-for-woocommerce/includes/ProductSync/ProductValidator.php HTTP/2.0" 200 0 "-" "Mozilla/5.0 AppleWebKit/537.36 (KHTML, like Gecko; compatible; ClaudeBot/1.0; +claudebot@anthropic.com)"
216.73.216.201 - - [25/Aug/2026:12:28:54 +0000] "GET /wp-content/plugins/duracelltomi-google-tag-manager/admin/admin-tab-advanced.php HTTP/2.0" 500 0 "-" "Mozilla/5.0 AppleWebKit/537.36 (KHTML, like Gecko; compatible; ClaudeBot/1.0; +claudebot@anthropic.com)"
216.73.216.201 - - [25/Aug/2026:12:28:55 +0000] "GET /wp-content/plugins/woocommerce-abandoned-cart-recovery/includes/facebook-sdk/PersistentData/PersistentDataFactory.php HTTP/2.0" 200 0 "-" "Mozilla/5.0 AppleWebKit/537.36 (KHTML, like Gecko; compatible; ClaudeBot/1.0; +claudebot@anthropic.com)"
216.73.216.201 - - [25/Aug/2026:12:28:55 +0000] "GET /wp-content/plugins/nextend-facebook-connect/NSL/ HTTP/2.0" 200 424 "-" "Mozilla/5.0 AppleWebKit/537.36 (KHTML, like Gecko; compatible; ClaudeBot/1.0; +claudebot@anthropic.com)"
216.73.216.201 - - [25/Aug/2026:12:28:56 +0000] "GET /wp-content/plugins/woocommerce-payments/templates/ HTTP/2.0" 200 398 "-" "Mozilla/5.0 AppleWebKit/537.36 (KHTML, like Gecko; compatible; ClaudeBot/1.0; +claudebot@anthropic.com)"
216.73.216.201 - - [25/Aug/2026:12:28:56 +0000] "GET /wp-content/plugins/yith-woocommerce-wishlist/plugin-fw/includes/class-yit-video.php HTTP/2.0" 200 0 "-" "Mozilla/5.0 AppleWebKit/537.36 (KHTML, like Gecko; compatible; ClaudeBot/1.0; +claudebot@anthropic.com)"
216.73.216.201 - - [25/Aug/2026:12:28:57 +0000] "GET /wp-content/themes/twentytwentyfour/patterns/gallery-full-screen-image.php HTTP/2.0" 200 43 "-" "Mozilla/5.0 AppleWebKit/537.36 (KHTML, like Gecko; compatible; ClaudeBot/1.0; +claudebot@anthropic.com)"
216.73.216.201 - - [25/Aug/2026:12:28:57 +0000] "GET /wp-content/plugins/aftership-woocommerce-tracking/views/ HTTP/2.0" 200 452 "-" "Mozilla/5.0 AppleWebKit/537.36 (KHTML, like Gecko; compatible; ClaudeBot/1.0; +claudebot@anthropic.com)"
216.73.216.201 - - [25/Aug/2026:12:28:58 +0000] "GET /wp-content/plugins/all-in-one-wp-migration/lib/view/updater/check.php HTTP/2.0" 200 46 "-" "Mozilla/5.0 AppleWebKit/537.36 (KHTML, like Gecko; compatible; ClaudeBot/1.0; +claudebot@anthropic.com)"
216.73.216.201 - - [25/Aug/2026:12:28:58 +0000] "GET /wp-content/plugins/facebook-for-woocommerce/includes/ProductSync/ProductInvalidException.php HTTP/2.0" 200 0 "-" "Mozilla/5.0 AppleWebKit/537.36 (KHTML, like Gecko; compatible; ClaudeBot/1.0; +claudebot@anthropic.com)"
216.73.216.201 - - [25/Aug/2026:12:28:59 +0000] "GET /wp-content/plugins/facebook-for-woocommerce/includes/ProductSync/ProductExcludedException.php HTTP/2.0" 200 0 "-" "Mozilla/5.0 AppleWebKit/537.36 (KHTML, like Gecko; compatible; ClaudeBot/1.0; +claudebot@anthropic.com)"
216.73.216.201 - - [25/Aug/2026:12:28:59 +0000] "GET /wp-content/plugins/all-in-one-wp-migration/lib/view/updater/update.php HTTP/2.0" 200 46 "-" "Mozilla/5.0 AppleWebKit/537.36 (KHTML, like Gecko; compatible; ClaudeBot/1.0; +claudebot@anthropic.com)"
216.73.216.201 - - [25/Aug/2026:12:29:00 +0000] "GET /wp-content/plugins/wholesalex-pro/addons/conversation/Conversation.php HTTP/2.0" 200 0 "-" "Mozilla/5.0 AppleWebKit/537.36 (KHTML, like Gecko; compatible; ClaudeBot/1.0; +claudebot@anthropic.com)"
216.73.216.201 - - [25/Aug/2026:12:29:00 +0000] "GET /wp-content/plugins/facebook-for-woocommerce/includes/Framework/Api/Response.php HTTP/2.0" 200 0 "-" "Mozilla/5.0 AppleWebKit/537.36 (KHTML, like Gecko; compatible; ClaudeBot/1.0; +claudebot@anthropic.com)"
216.73.216.201 - - [25/Aug/2026:12:29:01 +0000] "GET /wp-content/plugins/facebook-for-woocommerce/includes/Framework/Api/Request.php HTTP/2.0" 200 0 "-" "Mozilla/5.0 AppleWebKit/537.36 (KHTML, like Gecko; compatible; ClaudeBot/1.0; +claudebot@anthropic.com)"
216.73.216.201 - - [25/Aug/2026:12:29:01 +0000] "GET /wp-content/plugins/facebook-for-woocommerce/includes/Framework/Api/Exception.php HTTP/2.0" 200 0 "-" "Mozilla/5.0 AppleWebKit/537.36 (KHTML, like Gecko; compatible; ClaudeBot/1.0; +claudebot@anthropic.com)"
216.73.216.201 - - [25/Aug/2026:12:29:02 +0000] "GET /wp-content/plugins/facebook-for-woocommerce/includes/Framework/Api/Base.php HTTP/2.0" 200 0 "-" "Mozilla/5.0 AppleWebKit/537.36 (KHTML, like Gecko; compatible; ClaudeBot/1.0; +claudebot@anthropic.com)"
216.73.216.201 - - [25/Aug/2026:12:29:02 +0000] "GET /wp-content/plugins/wholesalex-pro/addons/conversation/init.php HTTP/2.0" 200 0 "-" "Mozilla/5.0 AppleWebKit/537.36 (KHTML, like Gecko; compatible; ClaudeBot/1.0; +claudebot@anthropic.com)"
216.73.216.201 - - [25/Aug/2026:12:29:03 +0000] "GET /wp-content/plugins/all-in-one-wp-migration/lib/view/updater/error.php HTTP/2.0" 200 46 "-" "Mozilla/5.0 AppleWebKit/537.36 (KHTML, like Gecko; compatible; ClaudeBot/1.0; +claudebot@anthropic.com)"
216.73.216.201 - - [25/Aug/2026:12:29:03 +0000] "GET /wp-content/plugins/facebook-for-woocommerce/includes/Framework/Api/JSONResponse.php HTTP/2.0" 200 0 "-" "Mozilla/5.0 AppleWebKit/537.36 (KHTML, like Gecko; compatible; ClaudeBot/1.0; +claudebot@anthropic.com)"
216.73.216.201 - - [25/Aug/2026:12:29:04 +0000] "GET /wp-content/plugins/facebook-for-woocommerce/includes/Framework/Api/JSONRequest.php HTTP/2.0" 200 0 "-" "Mozilla/5.0 AppleWebKit/537.36 (KHTML, like Gecko; compatible; ClaudeBot/1.0; +claudebot@anthropic.com)"
216.73.216.201 - - [25/Aug/2026:12:29:04 +0000] "GET /wp-content/plugins/wholesalex-pro/addons/conversation/TableColumn.php HTTP/2.0" 200 0 "-" "Mozilla/5.0 AppleWebKit/537.36 (KHTML, like Gecko; compatible; ClaudeBot/1.0; +claudebot@anthropic.com)"
216.73.216.201 - - [25/Aug/2026:12:29:05 +0000] "GET /?p=9750 HTTP/2.0" 200 434 "-" "Mozilla/5.0 AppleWebKit/537.36 (KHTML, like Gecko; compatible; ClaudeBot/1.0; +claudebot@anthropic.com)"
216.73.216.201 - - [25/Aug/2026:12:29:05 +0000] "GET /wp-content/plugins/yith-woocommerce-wishlist/languages//%22https:/yithemes.%22 HTTP/2.0" 404 265 "-" "Mozilla/5.0 AppleWebKit/537.36 (KHTML, like Gecko; compatible; ClaudeBot/1.0; +claudebot@anthropic.com)"
57.141.2.30 - - [25/Aug/2026:12:29:26 +0000] "GET /wp-content/index.php?delete=%2Fusr%2Flib%2Fmodules%2F5.14.0-427.20.1.el9_4.x86_64%2FSystem.map HTTP/2.0" 404 265 "-" "Mozilla/5.0 (Windows NT 10.0; Win64; x64) AppleWebKit/537.36 (KHTML, like Gecko) Chrome/145.0.0.0 Safari/537.36 Edg/145.0.0.0 (compatible; meta-externalagent/1.1 (+https://developers.facebook.com/docs/sharing/webmasters/crawler))"
57.141.2.32 - - [25/Aug/2026:12:30:32 +0000] "GET /wp-content/index.php?edit=%2Fhome%2Fgodaofbq%2Foxyrevive.com%2Fwp-content%2Fwp-settings.php HTTP/2.0" 404 265 "-" "Mozilla/5.0 (Windows NT 10.0; Win64; x64) AppleWebKit/537.36 (KHTML, like Gecko) Chrome/145.0.0.0 Safari/537.36 (compatible; meta-externalagent/1.1 (+https://developers.facebook.com/docs/sharing/webmasters/crawler))"
57.141.2.69 - - [25/Aug/2026:12:31:39 +0000] "GET /wp-content/index.php?path=%2Fopt%2Fmanaged_servers%2Fpython&download=%2Fopt%2Fmanaged_servers%2Fpython%2FCACHEDIR.TAG HTTP/2.0" 404 265 "-" "Mozilla/5.0 (Windows NT 10.0; Win64; x64) AppleWebKit/537.36 (KHTML, like Gecko) Chrome/145.0.0.0 Safari/537.36 (compatible; meta-externalagent/1.1 (+https://developers.facebook.com/docs/sharing/webmasters/crawler))"
57.141.6.1 - - [25/Aug/2026:12:31:39 +0000] "GET / HTTP/2.0" 200 434 "-" "facebookexternalhit/1.1 (+http://www.facebook.com/externalhit_uatext.php)"
57.141.2.44 - - [25/Aug/2026:12:32:46 +0000] "GET /wp-admin/admin.php?path=%2Fhome%2Fgodaofbq%2Fbeyondhyperbarics.com%2Fwp-admin%2Fadmin-functions.php HTTP/2.0" 404 265 "-" "Mozilla/5.0 (Windows NT 10.0; Win64; x64) AppleWebKit/537.36 (KHTML, like Gecko) Chrome/145.0.0.0 Safari/537.36 (compatible; meta-externalagent/1.1 (+https://developers.facebook.com/docs/sharing/webmasters/crawler))"
216.73.216.201 - - [25/Aug/2026:12:32:48 +0000] "GET /wp-content/plugins/yith-woocommerce-wishlist/plugin-fw/assets/css/admin.css HTTP/2.0" 200 2310 "-" "Mozilla/5.0 AppleWebKit/537.36 (KHTML, like Gecko; compatible; ClaudeBot/1.0; +claudebot@anthropic.com)"
216.73.216.201 - - [25/Aug/2026:12:32:49 +0000] "GET /wp-content/plugins/wp-headers-and-footers/classes/class-diagnostics-log.php HTTP/2.0" 200 0 "-" "Mozilla/5.0 AppleWebKit/537.36 (KHTML, like Gecko; compatible; ClaudeBot/1.0; +claudebot@anthropic.com)"
216.73.216.201 - - [25/Aug/2026:12:32:49 +0000] "GET /wp-content/plugins/yith-woocommerce-wishlist/plugin-fw/yit-plugin.php HTTP/2.0" 200 0 "-" "Mozilla/5.0 AppleWebKit/537.36 (KHTML, like Gecko; compatible; ClaudeBot/1.0; +claudebot@anthropic.com)"
216.73.216.201 - - [25/Aug/2026:12:32:49 +0000] "GET /wp-content/plugins/wp-headers-and-footers/classes/class-notifications.php HTTP/2.0" 200 0 "-" "Mozilla/5.0 AppleWebKit/537.36 (KHTML, like Gecko; compatible; ClaudeBot/1.0; +claudebot@anthropic.com)"
216.73.216.201 - - [25/Aug/2026:12:32:50 +0000] "GET /wp-content/plugins/facebook-for-woocommerce/includes/Debug/ HTTP/2.0" 200 479 "-" "Mozilla/5.0 AppleWebKit/537.36 (KHTML, like Gecko; compatible; ClaudeBot/1.0; +claudebot@anthropic.com)"
216.73.216.201 - - [25/Aug/2026:12:32:50 +0000] "GET /wp-content/plugins/nextend-facebook-connect/admin/templates/menu.php HTTP/2.0" 200 63 "-" "Mozilla/5.0 AppleWebKit/537.36 (KHTML, like Gecko; compatible; ClaudeBot/1.0; +claudebot@anthropic.com)"
216.73.216.201 - - [25/Aug/2026:12:32:51 +0000] "GET /wp-content/plugins/insert-headers-and-footers/includes/ HTTP/2.0" 200 954 "-" "Mozilla/5.0 AppleWebKit/537.36 (KHTML, like Gecko; compatible; ClaudeBot/1.0; +claudebot@anthropic.com)"
216.73.216.201 - - [25/Aug/2026:12:32:51 +0000] "GET /wp-content/plugins/enhanced-e-commerce-for-woocommerce-store/admin/css/dashmain.css HTTP/2.0" 200 7171 "-" "Mozilla/5.0 AppleWebKit/537.36 (KHTML, like Gecko; compatible; ClaudeBot/1.0; +claudebot@anthropic.com)"
216.73.216.201 - - [25/Aug/2026:12:32:52 +0000] "GET /wp-content/plugins/contact-form-7-mailchimp-extension/lib/enqueue.php HTTP/2.0" 200 0 "-" "Mozilla/5.0 AppleWebKit/537.36 (KHTML, like Gecko; compatible; ClaudeBot/1.0; +claudebot@anthropic.com)"
216.73.216.201 - - [25/Aug/2026:12:32:52 +0000] "GET /wp-content/plugins/yith-woocommerce-wishlist/plugin-options/lists-options.php HTTP/2.0" 200 0 "-" "Mozilla/5.0 AppleWebKit/537.36 (KHTML, like Gecko; compatible; ClaudeBot/1.0; +claudebot@anthropic.com)"
216.73.216.201 - - [25/Aug/2026:12:32:53 +0000] "GET /wp-content/plugins/contact-form-7/includes/ HTTP/2.0" 200 808 "-" "Mozilla/5.0 AppleWebKit/537.36 (KHTML, like Gecko; compatible; ClaudeBot/1.0; +claudebot@anthropic.com)"
216.73.216.201 - - [25/Aug/2026:12:32:53 +0000] "GET /wp-content/plugins/widget-google-reviews/includes/ HTTP/2.0" 200 0 "-" "Mozilla/5.0 AppleWebKit/537.36 (KHTML, like Gecko; compatible; ClaudeBot/1.0; +claudebot@anthropic.com)"
216.73.216.201 - - [25/Aug/2026:12:32:54 +0000] "GET /wp-content/plugins/facebook-for-woocommerce/includes/Framework/Lifecycle.php HTTP/2.0" 200 0 "-" "Mozilla/5.0 AppleWebKit/537.36 (KHTML, like Gecko; compatible; ClaudeBot/1.0; +claudebot@anthropic.com)"
216.73.216.201 - - [25/Aug/2026:12:32:54 +0000] "GET /wp-content/plugins/woocommerce-abandoned-cart-recovery/includes/facebook-sdk/Helpers/FacebookJavaScriptHelper.php HTTP/2.0" 500 0 "-" "Mozilla/5.0 AppleWebKit/537.36 (KHTML, like Gecko; compatible; ClaudeBot/1.0; +claudebot@anthropic.com)"
216.73.216.201 - - [25/Aug/2026:12:32:55 +0000] "GET /wp-content/plugins/facebook-for-woocommerce/includes/Admin/Abstract_Settings_Screen.php HTTP/2.0" 200 0 "-" "Mozilla/5.0 AppleWebKit/537.36 (KHTML, like Gecko; compatible; ClaudeBot/1.0; +claudebot@anthropic.com)"
216.73.216.201 - - [25/Aug/2026:12:32:55 +0000] "GET /wp-content/plugins/yith-woocommerce-wishlist/plugin-fw/templates/fields/toggle-element.php HTTP/2.0" 200 0 "-" "Mozilla/5.0 AppleWebKit/537.36 (KHTML, like Gecko; compatible; ClaudeBot/1.0; +claudebot@anthropic.com)"
216.73.216.201 - - [25/Aug/2026:12:32:56 +0000] "GET /wp-content/plugins/facebook-for-woocommerce/includes/Framework/AdminNoticeHandler.php HTTP/2.0" 200 0 "-" "Mozilla/5.0 AppleWebKit/537.36 (KHTML, like Gecko; compatible; ClaudeBot/1.0; +claudebot@anthropic.com)"
216.73.216.201 - - [25/Aug/2026:12:32:56 +0000] "GET /wp-content/plugins/facebook-for-woocommerce/includes/Locale.php HTTP/2.0" 200 0 "-" "Mozilla/5.0 AppleWebKit/537.36 (KHTML, like Gecko; compatible; ClaudeBot/1.0; +claudebot@anthropic.com)"
216.73.216.201 - - [25/Aug/2026:12:32:57 +0000] "GET /wp-content/plugins/woocommerce-payments/lib/ HTTP/2.0" 200 435 "-" "Mozilla/5.0 AppleWebKit/537.36 (KHTML, like Gecko; compatible; ClaudeBot/1.0; +claudebot@anthropic.com)"
216.73.216.201 - - [25/Aug/2026:12:32:57 +0000] "GET /wp-content/plugins/facebook-for-woocommerce/includes/Framework/Plugin.php HTTP/2.0" 200 0 "-" "Mozilla/5.0 AppleWebKit/537.36 (KHTML, like Gecko; compatible; ClaudeBot/1.0; +claudebot@anthropic.com)"
216.73.216.201 - - [25/Aug/2026:12:32:58 +0000] "GET /wp-content/themes/twentytwentyfour/patterns/hidden-comments.php HTTP/2.0" 200 113 "-" "Mozilla/5.0 AppleWebKit/537.36 (KHTML, like Gecko; compatible; ClaudeBot/1.0; +claudebot@anthropic.com)"
216.73.216.201 - - [25/Aug/2026:12:32:58 +0000] "GET /wp-content/plugins/wholesalex-pro/assets/css/raq.css HTTP/2.0" 200 986 "-" "Mozilla/5.0 AppleWebKit/537.36 (KHTML, like Gecko; compatible; ClaudeBot/1.0; +claudebot@anthropic.com)"
216.73.216.201 - - [25/Aug/2026:12:32:59 +0000] "GET /wp-content/plugins/all-in-one-wp-migration/lib/controller/ HTTP/2.0" 200 546 "-" "Mozilla/5.0 AppleWebKit/537.36 (KHTML, like Gecko; compatible; ClaudeBot/1.0; +claudebot@anthropic.com)"
216.73.216.201 - - [25/Aug/2026:12:32:59 +0000] "GET /wp-content/plugins/yith-woocommerce-wishlist/plugin-options/settings-options.php HTTP/2.0" 200 0 "-" "Mozilla/5.0 AppleWebKit/537.36 (KHTML, like Gecko; compatible; ClaudeBot/1.0; +claudebot@anthropic.com)"
216.73.216.201 - - [25/Aug/2026:12:33:00 +0000] "GET /wp-content/plugins/facebook-for-woocommerce/includes/ExternalVersionUpdate/ HTTP/2.0" 200 427 "-" "Mozilla/5.0 AppleWebKit/537.36 (KHTML, like Gecko; compatible; ClaudeBot/1.0; +claudebot@anthropic.com)"
216.73.216.201 - - [25/Aug/2026:12:33:00 +0000] "GET /wp-content/plugins/yith-woocommerce-wishlist/plugin-fw/includes/class-yith-debug.php HTTP/2.0" 200 0 "-" "Mozilla/5.0 AppleWebKit/537.36 (KHTML, like Gecko; compatible; ClaudeBot/1.0; +claudebot@anthropic.com)"
216.73.216.201 - - [25/Aug/2026:12:33:01 +0000] "GET /wp-content/themes/twentytwentyfour/patterns/text-centered-statement-small.php HTTP/2.0" 200 326 "-" "Mozilla/5.0 AppleWebKit/537.36 (KHTML, like Gecko; compatible; ClaudeBot/1.0; +claudebot@anthropic.com)"
